[INFO] fetching crate multipart-2021 0.19.0...
[INFO] testing multipart-2021-0.19.0 against beta-2023-04-20 for beta-1.70-1
[INFO] extracting crate multipart-2021 0.19.0 into /workspace/builds/worker-5-tc2/source
[INFO] validating manifest of crates.io crate multipart-2021 0.19.0 on toolchain beta-2023-04-20
[INFO] running `Command { std: CARGO_HOME="/workspace/cargo-home" RUSTUP_HOME="/workspace/rustup-home" "/workspace/cargo-home/bin/cargo" "+beta-2023-04-20" "metadata" "--manifest-path" "Cargo.toml" "--no-deps", kill_on_drop: false }`
[INFO] started tweaking crates.io crate multipart-2021 0.19.0
[INFO] removed 0 missing examples
[INFO] finished tweaking crates.io crate multipart-2021 0.19.0
[INFO] tweaked toml for crates.io crate multipart-2021 0.19.0 written to /workspace/builds/worker-5-tc2/source/Cargo.toml
[INFO] crate crates.io crate multipart-2021 0.19.0 already has a lockfile, it will not be regenerated
[INFO] running `Command { std: CARGO_HOME="/workspace/cargo-home" RUSTUP_HOME="/workspace/rustup-home" "/workspace/cargo-home/bin/cargo" "+beta-2023-04-20" "fetch" "--manifest-path" "Cargo.toml", kill_on_drop: false }`
[INFO] [stderr]     Updating crates.io index
[INFO] [stderr]  Downloading crates ...
[INFO] [stderr]   Downloaded ascii v0.8.7
[INFO] [stderr]   Downloaded pear v0.1.5
[INFO] [stderr]   Downloaded pear_codegen v0.1.5
[INFO] [stderr]   Downloaded chunked_transfer v0.3.1
[INFO] [stderr]   Downloaded rocket v0.4.11
[INFO] [stderr]   Downloaded hyper v0.10.16
[INFO] [stderr]   Downloaded clippy v0.0.302
[INFO] [stderr]   Downloaded mime_guess v1.8.8
[INFO] [stderr]   Downloaded iron v0.6.1
[INFO] [stderr]   Downloaded unsafe-any v0.4.2
[INFO] [stderr]   Downloaded typemap v0.3.3
[INFO] [stderr]   Downloaded devise_codegen v0.2.1
[INFO] [stderr]   Downloaded plugin v0.2.6
[INFO] [stderr]   Downloaded cookie v0.11.5
[INFO] [stderr]   Downloaded crypto-mac v0.10.1
[INFO] [stderr]   Downloaded base64 v0.9.3
[INFO] [stderr]   Downloaded traitobject v0.1.0
[INFO] [stderr]   Downloaded typeable v0.1.2
[INFO] [stderr]   Downloaded tiny_http v0.6.4
[INFO] [stderr]   Downloaded groupable v0.2.0
[INFO] [stderr]   Downloaded modifier v0.1.0
[INFO] [stderr]   Downloaded mustache v0.9.0
[INFO] [stderr]   Downloaded nickel v0.11.0
[INFO] [stderr]   Downloaded devise_core v0.2.1
[INFO] [stderr]   Downloaded devise v0.2.1
[INFO] [stderr]   Downloaded rocket_codegen v0.4.11
[INFO] [stderr]   Downloaded rocket_http v0.4.11
[INFO] [stderr]   Downloaded state v0.4.2
[INFO] running `Command { std: "docker" "create" "-v" "/var/lib/crater-agent-workspace/builds/worker-5-tc2/target:/opt/rustwide/target:rw,Z" "-v" "/var/lib/crater-agent-workspace/builds/worker-5-tc2/source:/opt/rustwide/workdir:ro,Z" "-v" "/var/lib/crater-agent-workspace/cargo-home:/opt/rustwide/cargo-home:ro,Z" "-v" "/var/lib/crater-agent-workspace/rustup-home:/opt/rustwide/rustup-home:ro,Z" "-e" "SOURCE_DIR=/opt/rustwide/workdir" "-e" "CARGO_TARGET_DIR=/opt/rustwide/target" "-e" "CARGO_HOME=/opt/rustwide/cargo-home" "-e" "RUSTUP_HOME=/opt/rustwide/rustup-home" "-w" "/opt/rustwide/workdir" "-m" "1610612736" "--user" "0:0" "--network" "none" "ghcr.io/rust-lang/crates-build-env/linux@sha256:5ff2268d62e97bff2cde7d5815dd6ed5b47097566f13b8d0ca110b04b60e07ed" "/opt/rustwide/cargo-home/bin/cargo" "+beta-2023-04-20" "metadata" "--no-deps" "--format-version=1", kill_on_drop: false }`
[INFO] [stdout] cffbe26e4cac955bd2f31b01298e2afec0b1cc56f75d37831dac3c1cd5127060
[INFO] running `Command { std: "docker" "start" "-a" "cffbe26e4cac955bd2f31b01298e2afec0b1cc56f75d37831dac3c1cd5127060", kill_on_drop: false }`
[INFO] running `Command { std: "docker" "inspect" "cffbe26e4cac955bd2f31b01298e2afec0b1cc56f75d37831dac3c1cd5127060", kill_on_drop: false }`
[INFO] running `Command { std: "docker" "rm" "-f" "cffbe26e4cac955bd2f31b01298e2afec0b1cc56f75d37831dac3c1cd5127060", kill_on_drop: false }`
[INFO] [stdout] cffbe26e4cac955bd2f31b01298e2afec0b1cc56f75d37831dac3c1cd5127060
[INFO] running `Command { std: "docker" "create" "-v" "/var/lib/crater-agent-workspace/builds/worker-5-tc2/target:/opt/rustwide/target:rw,Z" "-v" "/var/lib/crater-agent-workspace/builds/worker-5-tc2/source:/opt/rustwide/workdir:ro,Z" "-v" "/var/lib/crater-agent-workspace/cargo-home:/opt/rustwide/cargo-home:ro,Z" "-v" "/var/lib/crater-agent-workspace/rustup-home:/opt/rustwide/rustup-home:ro,Z" "-e" "SOURCE_DIR=/opt/rustwide/workdir" "-e" "CARGO_TARGET_DIR=/opt/rustwide/target" "-e" "CARGO_INCREMENTAL=0" "-e" "RUST_BACKTRACE=full" "-e" "RUSTFLAGS=--cap-lints=warn" "-e" "RUSTDOCFLAGS=--cap-lints=warn" "-e" "CARGO_HOME=/opt/rustwide/cargo-home" "-e" "RUSTUP_HOME=/opt/rustwide/rustup-home" "-w" "/opt/rustwide/workdir" "-m" "1610612736" "--user" "0:0" "--network" "none" "ghcr.io/rust-lang/crates-build-env/linux@sha256:5ff2268d62e97bff2cde7d5815dd6ed5b47097566f13b8d0ca110b04b60e07ed" "/opt/rustwide/cargo-home/bin/cargo" "+beta-2023-04-20" "build" "--frozen" "--message-format=json", kill_on_drop: false }`
[INFO] [stdout] 5c21d69d4b39bc2914c2eb27be18e17e9255e0259504c44c6abf79d470f38fa0
[INFO] running `Command { std: "docker" "start" "-a" "5c21d69d4b39bc2914c2eb27be18e17e9255e0259504c44c6abf79d470f38fa0", kill_on_drop: false }`
[INFO] [stderr]     Blocking waiting for file lock on package cache
[INFO] [stderr]    Compiling libc v0.2.142
[INFO] [stderr]    Compiling autocfg v0.1.8
[INFO] [stderr]    Compiling rand_core v0.4.2
[INFO] [stderr]    Compiling version_check v0.1.5
[INFO] [stderr]    Compiling log v0.4.17
[INFO] [stderr]    Compiling tinyvec_macros v0.1.1
[INFO] [stderr]    Compiling siphasher v0.2.3
[INFO] [stderr]    Compiling memchr v2.5.0
[INFO] [stderr]    Compiling traitobject v0.1.0
[INFO] [stderr]    Compiling unicode-bidi v0.3.13
[INFO] [stderr]    Compiling matches v0.1.10
[INFO] [stderr]    Compiling safemem v0.3.3
[INFO] [stderr]    Compiling unicase v2.6.0
[INFO] [stderr]    Compiling percent-encoding v1.0.1
[INFO] [stderr]    Compiling serde v1.0.160
[INFO] [stderr]    Compiling rand_chacha v0.1.1
[INFO] [stderr]    Compiling rand_pcg v0.1.2
[INFO] [stderr]    Compiling rand v0.6.5
[INFO] [stderr]    Compiling tinyvec v1.6.0
[INFO] [stderr]    Compiling httparse v1.8.0
[INFO] [stderr]    Compiling rand_core v0.3.1
[INFO] [stderr]    Compiling rand_jitter v0.1.4
[INFO] [stderr]    Compiling unicase v1.4.2
[INFO] [stderr]    Compiling rand_hc v0.1.0
[INFO] [stderr]    Compiling rand_isaac v0.1.1
[INFO] [stderr]    Compiling rand_xorshift v0.1.1
[INFO] [stderr]    Compiling log v0.3.9
[INFO] [stderr]    Compiling unsafe-any v0.4.2
[INFO] [stderr]    Compiling io-lifetimes v1.0.10
[INFO] [stderr]    Compiling base64 v0.9.3
[INFO] [stderr]    Compiling typemap v0.3.3
[INFO] [stderr]    Compiling mime v0.2.6
[INFO] [stderr]    Compiling typeable v0.1.2
[INFO] [stderr]    Compiling rustix v0.37.14
[INFO] [stderr]    Compiling language-tags v0.2.2
[INFO] [stderr]    Compiling serde_json v1.0.96
[INFO] [stderr]    Compiling phf_shared v0.7.24
[INFO] [stderr]    Compiling mime_guess v2.0.4
[INFO] [stderr]    Compiling unicode-normalization v0.1.22
[INFO] [stderr]    Compiling aho-corasick v1.0.1
[INFO] [stderr]    Compiling plugin v0.2.6
[INFO] [stderr]    Compiling iana-time-zone v0.1.56
[INFO] [stderr]    Compiling phf v0.7.24
[INFO] [stderr]    Compiling modifier v0.1.0
[INFO] [stderr]    Compiling linux-raw-sys v0.3.4
[INFO] [stderr]    Compiling rand_os v0.1.3
[INFO] [stderr]    Compiling regex-syntax v0.7.1
[INFO] [stderr]    Compiling ppv-lite86 v0.2.17
[INFO] [stderr]    Compiling mime v0.3.17
[INFO] [stderr]    Compiling ascii v0.8.7
[INFO] [stderr]    Compiling groupable v0.2.0
[INFO] [stderr]    Compiling idna v0.1.5
[INFO] [stderr]    Compiling fastrand v1.9.0
[INFO] [stderr]    Compiling chunked_transfer v0.3.1
[INFO] [stderr]    Compiling twoway v0.1.8
[INFO] [stderr]    Compiling buf_redux v0.8.4
[INFO] [stderr]    Compiling quick-error v1.2.3
[INFO] [stderr]    Compiling time v0.1.45
[INFO] [stderr]    Compiling num_cpus v1.15.0
[INFO] [stderr]    Compiling getrandom v0.2.9
[INFO] [stderr]    Compiling url v1.7.2
[INFO] [stderr]    Compiling rand_core v0.6.4
[INFO] [stderr]    Compiling phf_generator v0.7.24
[INFO] [stderr]    Compiling chrono v0.4.24
[INFO] [stderr]    Compiling rand_chacha v0.3.1
[INFO] [stderr]    Compiling phf_codegen v0.7.24
[INFO] [stderr]    Compiling mime_guess v1.8.8
[INFO] [stderr]    Compiling rand v0.8.5
[INFO] [stderr]    Compiling hyper v0.10.16
[INFO] [stderr]    Compiling regex v1.8.1
[INFO] [stderr]    Compiling tiny_http v0.6.4
[INFO] [stderr]    Compiling mustache v0.9.0
[INFO] [stderr]    Compiling iron v0.6.1
[INFO] [stderr]    Compiling tempfile v3.5.0
[INFO] [stderr]    Compiling nickel v0.11.0
[INFO] [stderr]    Compiling multipart-2021 v0.19.0 (/opt/rustwide/workdir)
[INFO] [stderr]     Finished dev [unoptimized + debuginfo] target(s) in 11.10s
[INFO] [stderr] warning: the following packages contain code that will be rejected by a future version of Rust: buf_redux v0.8.4, traitobject v0.1.0
[INFO] [stderr] note: to see what the problems were, use the option `--future-incompat-report`, or run `cargo report future-incompatibilities --id 1`
[INFO] running `Command { std: "docker" "inspect" "5c21d69d4b39bc2914c2eb27be18e17e9255e0259504c44c6abf79d470f38fa0", kill_on_drop: false }`
[INFO] running `Command { std: "docker" "rm" "-f" "5c21d69d4b39bc2914c2eb27be18e17e9255e0259504c44c6abf79d470f38fa0", kill_on_drop: false }`
[INFO] [stdout] 5c21d69d4b39bc2914c2eb27be18e17e9255e0259504c44c6abf79d470f38fa0
[INFO] running `Command { std: "docker" "create" "-v" "/var/lib/crater-agent-workspace/builds/worker-5-tc2/target:/opt/rustwide/target:rw,Z" "-v" "/var/lib/crater-agent-workspace/builds/worker-5-tc2/source:/opt/rustwide/workdir:ro,Z" "-v" "/var/lib/crater-agent-workspace/cargo-home:/opt/rustwide/cargo-home:ro,Z" "-v" "/var/lib/crater-agent-workspace/rustup-home:/opt/rustwide/rustup-home:ro,Z" "-e" "SOURCE_DIR=/opt/rustwide/workdir" "-e" "CARGO_TARGET_DIR=/opt/rustwide/target" "-e" "CARGO_INCREMENTAL=0" "-e" "RUST_BACKTRACE=full" "-e" "RUSTFLAGS=--cap-lints=warn" "-e" "RUSTDOCFLAGS=--cap-lints=warn" "-e" "CARGO_HOME=/opt/rustwide/cargo-home" "-e" "RUSTUP_HOME=/opt/rustwide/rustup-home" "-w" "/opt/rustwide/workdir" "-m" "1610612736" "--user" "0:0" "--network" "none" "ghcr.io/rust-lang/crates-build-env/linux@sha256:5ff2268d62e97bff2cde7d5815dd6ed5b47097566f13b8d0ca110b04b60e07ed" "/opt/rustwide/cargo-home/bin/cargo" "+beta-2023-04-20" "test" "--frozen" "--no-run" "--message-format=json", kill_on_drop: false }`
[INFO] [stdout] 1e34a52b8e2b1673817cd0a8f65ee8ed908ccb09037a45979e042218bd039920
[INFO] running `Command { std: "docker" "start" "-a" "1e34a52b8e2b1673817cd0a8f65ee8ed908ccb09037a45979e042218bd039920", kill_on_drop: false }`
[INFO] [stderr]    Compiling humantime v1.3.0
[INFO] [stderr]    Compiling atty v0.2.14
[INFO] [stderr]    Compiling termcolor v1.2.0
[INFO] [stderr]    Compiling env_logger v0.5.13
[INFO] [stderr]    Compiling multipart-2021 v0.19.0 (/opt/rustwide/workdir)
[INFO] [stdout] error[E0463]: can't find crate for `multipart`
[INFO] [stdout]  --> examples/iron_intercept.rs:2:1
[INFO] [stdout]   |
[INFO] [stdout] 2 | extern crate multipart;
[INFO] [stdout]   | ^^^^^^^^^^^^^^^^^^^^^^^ can't find crate
[INFO] [stdout] 
[INFO] [stdout] 
[INFO] [stdout] error[E0463]: can't find crate for `multipart`
[INFO] [stdout]  --> examples/hyper_server.rs:2:1
[INFO] [stdout]   |
[INFO] [stdout] 2 | extern crate multipart;
[INFO] [stdout]   | ^^^^^^^^^^^^^^^^^^^^^^^ can't find crate
[INFO] [stdout] 
[INFO] [stdout] 
[INFO] [stdout] error: aborting due to previous error
[INFO] [stdout] 
[INFO] [stdout] 
[INFO] [stdout] For more information about this error, try `rustc --explain E0463`.
[INFO] [stdout] 
[INFO] [stdout] error[E0463]: can't find crate for `multipart`
[INFO] [stdout]  --> examples/hyper_client.rs:2:1
[INFO] [stdout]   |
[INFO] [stdout] 2 | extern crate multipart;
[INFO] [stdout]   | ^^^^^^^^^^^^^^^^^^^^^^^ can't find crate
[INFO] [stdout] 
[INFO] [stdout] 
[INFO] [stderr] error: could not compile `multipart-2021` (example "hyper_server") due to 2 previous errors
[INFO] [stderr] warning: build failed, waiting for other jobs to finish...
[INFO] [stdout] error[E0463]: can't find crate for `multipart`
[INFO] [stdout]  --> examples/iron.rs:1:1
[INFO] [stdout]   |
[INFO] [stdout] 1 | extern crate multipart;
[INFO] [stdout]   | ^^^^^^^^^^^^^^^^^^^^^^^ can't find crate
[INFO] [stdout] 
[INFO] [stdout] 
[INFO] [stdout] error: aborting due to previous error
[INFO] [stdout] 
[INFO] [stdout] 
[INFO] [stdout] For more information about this error, try `rustc --explain E0463`.
[INFO] [stdout] 
[INFO] [stdout] error[E0463]: can't find crate for `multipart`
[INFO] [stdout]  --> examples/tiny_http.rs:2:1
[INFO] [stdout]   |
[INFO] [stdout] 2 | extern crate multipart;
[INFO] [stdout]   | ^^^^^^^^^^^^^^^^^^^^^^^ can't find crate
[INFO] [stdout] 
[INFO] [stdout] 
[INFO] [stdout] error[E0463]: can't find crate for `multipart`
[INFO] [stdout]  --> examples/nickel.rs:1:1
[INFO] [stdout]   |
[INFO] [stdout] 1 | extern crate multipart;
[INFO] [stdout]   | ^^^^^^^^^^^^^^^^^^^^^^^ can't find crate
[INFO] [stdout] 
[INFO] [stdout] 
[INFO] [stdout] error[E0463]: can't find crate for `multipart`
[INFO] [stdout]  --> examples/hyper_reqbuilder.rs:2:1
[INFO] [stdout]   |
[INFO] [stdout] 2 | extern crate multipart;
[INFO] [stdout]   | ^^^^^^^^^^^^^^^^^^^^^^^ can't find crate
[INFO] [stdout] 
[INFO] [stdout] 
[INFO] [stderr] error: could not compile `multipart-2021` (example "iron_intercept") due to 2 previous errors
[INFO] [stdout] error: aborting due to previous error
[INFO] [stdout] 
[INFO] [stdout] 
[INFO] [stdout] For more information about this error, try `rustc --explain E0463`.
[INFO] [stdout] 
[INFO] [stderr] error: could not compile `multipart-2021` (example "hyper_reqbuilder") due to 2 previous errors
[INFO] [stdout] error: aborting due to previous error
[INFO] [stdout] 
[INFO] [stdout] 
[INFO] [stdout] For more information about this error, try `rustc --explain E0463`.
[INFO] [stdout] 
[INFO] [stdout] error: aborting due to previous error
[INFO] [stdout] 
[INFO] [stdout] 
[INFO] [stdout] For more information about this error, try `rustc --explain E0463`.
[INFO] [stdout] 
[INFO] [stderr] error: could not compile `multipart-2021` (example "tiny_http") due to 2 previous errors
[INFO] [stderr] error: could not compile `multipart-2021` (example "iron") due to 2 previous errors
[INFO] [stdout] warning: unused import: `std::io::Read`
[INFO] [stdout]   --> examples/hyper_client.rs:10:5
[INFO] [stdout]    |
[INFO] [stdout] 10 | use std::io::Read;
[INFO] [stdout]    |     ^^^^^^^^^^^^^
[INFO] [stdout]    |
[INFO] [stdout]    = note: `#[warn(unused_imports)]` on by default
[INFO] [stdout] 
[INFO] [stdout] 
[INFO] [stdout] error: aborting due to previous error; 1 warning emitted
[INFO] [stdout] 
[INFO] [stdout] 
[INFO] [stdout] For more information about this error, try `rustc --explain E0463`.
[INFO] [stdout] 
[INFO] [stderr] error: could not compile `multipart-2021` (example "hyper_client") due to 2 previous errors; 1 warning emitted
[INFO] [stdout] error[E0599]: no method named `multipart_body` found for struct `nickel::Request` in the current scope
[INFO] [stdout]   --> examples/nickel.rs:13:18
[INFO] [stdout]    |
[INFO] [stdout] 13 |     match (*req).multipart_body() {
[INFO] [stdout]    |                  ^^^^^^^^^^^^^^ method not found in `Request<'_, '_>`
[INFO] [stdout] 
[INFO] [stdout] 
[INFO] [stdout] error: aborting due to 2 previous errors
[INFO] [stdout] 
[INFO] [stdout] 
[INFO] [stdout] Some errors have detailed explanations: E0463, E0599.
[INFO] [stdout] 
[INFO] [stdout] For more information about an error, try `rustc --explain E0463`.
[INFO] [stdout] 
[INFO] [stdout] error[E0425]: cannot find crate `init_log` in the list of imported crates
[INFO] [stdout]    --> src/server/boundary.rs:281:11
[INFO] [stdout]     |
[INFO] [stdout] 281 |         ::init_log();
[INFO] [stdout]     |           ^^^^^^^^ not found in the list of imported crates
[INFO] [stdout]     |
[INFO] [stdout] help: consider importing this function
[INFO] [stdout]     |
[INFO] [stdout] 267 +     use crate::init_log;
[INFO] [stdout]     |
[INFO] [stdout] help: if you import `init_log`, refer to it directly
[INFO] [stdout]     |
[INFO] [stdout] 281 -         ::init_log();
[INFO] [stdout] 281 +         init_log();
[INFO] [stdout]     |
[INFO] [stdout] 
[INFO] [stdout] 
[INFO] [stdout] error[E0425]: cannot find crate `init_log` in the list of imported crates
[INFO] [stdout]    --> src/server/boundary.rs:327:11
[INFO] [stdout]     |
[INFO] [stdout] 327 |         ::init_log();
[INFO] [stdout]     |           ^^^^^^^^ not found in the list of imported crates
[INFO] [stdout]     |
[INFO] [stdout] help: consider importing this function
[INFO] [stdout]     |
[INFO] [stdout] 267 +     use crate::init_log;
[INFO] [stdout]     |
[INFO] [stdout] help: if you import `init_log`, refer to it directly
[INFO] [stdout]     |
[INFO] [stdout] 327 -         ::init_log();
[INFO] [stdout] 327 +         init_log();
[INFO] [stdout]     |
[INFO] [stdout] 
[INFO] [stdout] 
[INFO] [stdout] error[E0425]: cannot find crate `init_log` in the list of imported crates
[INFO] [stdout]    --> src/server/boundary.rs:377:11
[INFO] [stdout]     |
[INFO] [stdout] 377 |         ::init_log();
[INFO] [stdout]     |           ^^^^^^^^ not found in the list of imported crates
[INFO] [stdout]     |
[INFO] [stdout] help: consider importing this function
[INFO] [stdout]     |
[INFO] [stdout] 267 +     use crate::init_log;
[INFO] [stdout]     |
[INFO] [stdout] help: if you import `init_log`, refer to it directly
[INFO] [stdout]     |
[INFO] [stdout] 377 -         ::init_log();
[INFO] [stdout] 377 +         init_log();
[INFO] [stdout]     |
[INFO] [stdout] 
[INFO] [stdout] 
[INFO] [stdout] error[E0425]: cannot find crate `init_log` in the list of imported crates
[INFO] [stdout]    --> src/server/boundary.rs:399:11
[INFO] [stdout]     |
[INFO] [stdout] 399 |         ::init_log();
[INFO] [stdout]     |           ^^^^^^^^ not found in the list of imported crates
[INFO] [stdout]     |
[INFO] [stdout] help: consider importing this function
[INFO] [stdout]     |
[INFO] [stdout] 267 +     use crate::init_log;
[INFO] [stdout]     |
[INFO] [stdout] help: if you import `init_log`, refer to it directly
[INFO] [stdout]     |
[INFO] [stdout] 399 -         ::init_log();
[INFO] [stdout] 399 +         init_log();
[INFO] [stdout]     |
[INFO] [stdout] 
[INFO] [stdout] 
[INFO] [stdout] error[E0425]: cannot find crate `init_log` in the list of imported crates
[INFO] [stdout]    --> src/server/boundary.rs:427:11
[INFO] [stdout]     |
[INFO] [stdout] 427 |         ::init_log();
[INFO] [stdout]     |           ^^^^^^^^ not found in the list of imported crates
[INFO] [stdout]     |
[INFO] [stdout] help: consider importing this function
[INFO] [stdout]     |
[INFO] [stdout] 267 +     use crate::init_log;
[INFO] [stdout]     |
[INFO] [stdout] help: if you import `init_log`, refer to it directly
[INFO] [stdout]     |
[INFO] [stdout] 427 -         ::init_log();
[INFO] [stdout] 427 +         init_log();
[INFO] [stdout]     |
[INFO] [stdout] 
[INFO] [stdout] 
[INFO] [stderr] error: could not compile `multipart-2021` (example "nickel") due to 3 previous errors
[INFO] [stdout] error[E0425]: cannot find crate `init_log` in the list of imported crates
[INFO] [stdout]    --> src/server/boundary.rs:471:11
[INFO] [stdout]     |
[INFO] [stdout] 471 |         ::init_log();
[INFO] [stdout]     |           ^^^^^^^^ not found in the list of imported crates
[INFO] [stdout]     |
[INFO] [stdout] help: consider importing this function
[INFO] [stdout]     |
[INFO] [stdout] 267 +     use crate::init_log;
[INFO] [stdout]     |
[INFO] [stdout] help: if you import `init_log`, refer to it directly
[INFO] [stdout]     |
[INFO] [stdout] 471 -         ::init_log();
[INFO] [stdout] 471 +         init_log();
[INFO] [stdout]     |
[INFO] [stdout] 
[INFO] [stdout] 
[INFO] [stdout] error[E0425]: cannot find crate `init_log` in the list of imported crates
[INFO] [stdout]    --> src/server/boundary.rs:514:11
[INFO] [stdout]     |
[INFO] [stdout] 514 |         ::init_log();
[INFO] [stdout]     |           ^^^^^^^^ not found in the list of imported crates
[INFO] [stdout]     |
[INFO] [stdout] help: consider importing this function
[INFO] [stdout]     |
[INFO] [stdout] 267 +     use crate::init_log;
[INFO] [stdout]     |
[INFO] [stdout] help: if you import `init_log`, refer to it directly
[INFO] [stdout]     |
[INFO] [stdout] 514 -         ::init_log();
[INFO] [stdout] 514 +         init_log();
[INFO] [stdout]     |
[INFO] [stdout] 
[INFO] [stdout] 
[INFO] [stdout] error[E0425]: cannot find crate `init_log` in the list of imported crates
[INFO] [stdout]    --> src/server/mod.rs:203:7
[INFO] [stdout]     |
[INFO] [stdout] 203 |     ::init_log();
[INFO] [stdout]     |       ^^^^^^^^ not found in the list of imported crates
[INFO] [stdout]     |
[INFO] [stdout] help: consider importing this function
[INFO] [stdout]     |
[INFO] [stdout] 18  + use crate::init_log;
[INFO] [stdout]     |
[INFO] [stdout] help: if you import `init_log`, refer to it directly
[INFO] [stdout]     |
[INFO] [stdout] 203 -     ::init_log();
[INFO] [stdout] 203 +     init_log();
[INFO] [stdout]     |
[INFO] [stdout] 
[INFO] [stdout] 
[INFO] [stdout] error[E0425]: cannot find crate `init_log` in the list of imported crates
[INFO] [stdout]    --> src/server/mod.rs:224:7
[INFO] [stdout]     |
[INFO] [stdout] 224 |     ::init_log();
[INFO] [stdout]     |       ^^^^^^^^ not found in the list of imported crates
[INFO] [stdout]     |
[INFO] [stdout] help: consider importing this function
[INFO] [stdout]     |
[INFO] [stdout] 18  + use crate::init_log;
[INFO] [stdout]     |
[INFO] [stdout] help: if you import `init_log`, refer to it directly
[INFO] [stdout]     |
[INFO] [stdout] 224 -     ::init_log();
[INFO] [stdout] 224 +     init_log();
[INFO] [stdout]     |
[INFO] [stdout] 
[INFO] [stdout] 
[INFO] [stdout] error: aborting due to 9 previous errors
[INFO] [stdout] 
[INFO] [stdout] 
[INFO] [stdout] For more information about this error, try `rustc --explain E0425`.
[INFO] [stdout] 
[INFO] [stderr] error: could not compile `multipart-2021` (lib test) due to 10 previous errors
[INFO] running `Command { std: "docker" "inspect" "1e34a52b8e2b1673817cd0a8f65ee8ed908ccb09037a45979e042218bd039920", kill_on_drop: false }`
[INFO] running `Command { std: "docker" "rm" "-f" "1e34a52b8e2b1673817cd0a8f65ee8ed908ccb09037a45979e042218bd039920", kill_on_drop: false }`
[INFO] [stdout] 1e34a52b8e2b1673817cd0a8f65ee8ed908ccb09037a45979e042218bd039920
