[INFO] fetching crate monitor-control-win 0.1.1...
[INFO] testing monitor-control-win-0.1.1 against beta-2023-04-20 for beta-1.70-1
[INFO] extracting crate monitor-control-win 0.1.1 into /workspace/builds/worker-3-tc2/source
[INFO] validating manifest of crates.io crate monitor-control-win 0.1.1 on toolchain beta-2023-04-20
[INFO] running `Command { std: CARGO_HOME="/workspace/cargo-home" RUSTUP_HOME="/workspace/rustup-home" "/workspace/cargo-home/bin/cargo" "+beta-2023-04-20" "metadata" "--manifest-path" "Cargo.toml" "--no-deps", kill_on_drop: false }`
[INFO] started tweaking crates.io crate monitor-control-win 0.1.1
[INFO] finished tweaking crates.io crate monitor-control-win 0.1.1
[INFO] tweaked toml for crates.io crate monitor-control-win 0.1.1 written to /workspace/builds/worker-3-tc2/source/Cargo.toml
[INFO] running `Command { std: CARGO_HOME="/workspace/cargo-home" RUSTUP_HOME="/workspace/rustup-home" __CARGO_TEST_CHANNEL_OVERRIDE_DO_NOT_USE_THIS="nightly" "/workspace/cargo-home/bin/cargo" "+beta-2023-04-20" "generate-lockfile" "--manifest-path" "Cargo.toml" "-Zno-index-update", kill_on_drop: false }`
[INFO] running `Command { std: CARGO_HOME="/workspace/cargo-home" RUSTUP_HOME="/workspace/rustup-home" "/workspace/cargo-home/bin/cargo" "+beta-2023-04-20" "fetch" "--manifest-path" "Cargo.toml", kill_on_drop: false }`
[INFO] [stderr]  Downloading crates ...
[INFO] [stderr]   Downloaded xdg v2.5.0
[INFO] [stderr]   Downloaded wayland-sys v0.28.6
[INFO] [stderr]   Downloaded wayland-commons v0.28.6
[INFO] [stderr]   Downloaded wayland-cursor v0.28.6
[INFO] [stderr]   Downloaded raw-window-handle v0.3.4
[INFO] [stderr]   Downloaded cocoa-foundation v0.1.1
[INFO] [stderr]   Downloaded rusttype v0.9.3
[INFO] [stderr]   Downloaded wayland-scanner v0.28.6
[INFO] [stderr]   Downloaded wayland-client v0.28.6
[INFO] [stderr]   Downloaded smithay-client-toolkit v0.12.3
[INFO] [stderr]   Downloaded registry v1.2.3
[INFO] [stderr]   Downloaded wayland-protocols v0.28.6
[INFO] running `Command { std: "docker" "create" "-v" "/var/lib/crater-agent-workspace/builds/worker-3-tc2/target:/opt/rustwide/target:rw,Z" "-v" "/var/lib/crater-agent-workspace/builds/worker-3-tc2/source:/opt/rustwide/workdir:ro,Z" "-v" "/var/lib/crater-agent-workspace/cargo-home:/opt/rustwide/cargo-home:ro,Z" "-v" "/var/lib/crater-agent-workspace/rustup-home:/opt/rustwide/rustup-home:ro,Z" "-e" "SOURCE_DIR=/opt/rustwide/workdir" "-e" "CARGO_TARGET_DIR=/opt/rustwide/target" "-e" "CARGO_HOME=/opt/rustwide/cargo-home" "-e" "RUSTUP_HOME=/opt/rustwide/rustup-home" "-w" "/opt/rustwide/workdir" "-m" "1610612736" "--user" "0:0" "--network" "none" "ghcr.io/rust-lang/crates-build-env/linux@sha256:5ff2268d62e97bff2cde7d5815dd6ed5b47097566f13b8d0ca110b04b60e07ed" "/opt/rustwide/cargo-home/bin/cargo" "+beta-2023-04-20" "metadata" "--no-deps" "--format-version=1", kill_on_drop: false }`
[INFO] [stdout] 3d18afd0500586f9ec5aa2196b960d0a4d8bb46f3a48f2d8284f81655617d001
[INFO] running `Command { std: "docker" "start" "-a" "3d18afd0500586f9ec5aa2196b960d0a4d8bb46f3a48f2d8284f81655617d001", kill_on_drop: false }`
[INFO] running `Command { std: "docker" "inspect" "3d18afd0500586f9ec5aa2196b960d0a4d8bb46f3a48f2d8284f81655617d001", kill_on_drop: false }`
[INFO] running `Command { std: "docker" "rm" "-f" "3d18afd0500586f9ec5aa2196b960d0a4d8bb46f3a48f2d8284f81655617d001", kill_on_drop: false }`
[INFO] [stdout] 3d18afd0500586f9ec5aa2196b960d0a4d8bb46f3a48f2d8284f81655617d001
[INFO] running `Command { std: "docker" "create" "-v" "/var/lib/crater-agent-workspace/builds/worker-3-tc2/target:/opt/rustwide/target:rw,Z" "-v" "/var/lib/crater-agent-workspace/builds/worker-3-tc2/source:/opt/rustwide/workdir:ro,Z" "-v" "/var/lib/crater-agent-workspace/cargo-home:/opt/rustwide/cargo-home:ro,Z" "-v" "/var/lib/crater-agent-workspace/rustup-home:/opt/rustwide/rustup-home:ro,Z" "-e" "SOURCE_DIR=/opt/rustwide/workdir" "-e" "CARGO_TARGET_DIR=/opt/rustwide/target" "-e" "CARGO_INCREMENTAL=0" "-e" "RUST_BACKTRACE=full" "-e" "RUSTFLAGS=--cap-lints=warn" "-e" "RUSTDOCFLAGS=--cap-lints=warn" "-e" "CARGO_HOME=/opt/rustwide/cargo-home" "-e" "RUSTUP_HOME=/opt/rustwide/rustup-home" "-w" "/opt/rustwide/workdir" "-m" "1610612736" "--user" "0:0" "--network" "none" "ghcr.io/rust-lang/crates-build-env/linux@sha256:5ff2268d62e97bff2cde7d5815dd6ed5b47097566f13b8d0ca110b04b60e07ed" "/opt/rustwide/cargo-home/bin/cargo" "+beta-2023-04-20" "build" "--frozen" "--message-format=json", kill_on_drop: false }`
[INFO] [stdout] 4ef05011cc9ed7fcf9011c083d6f9c30e1262eb6325da939f4a8cc3843faeff0
[INFO] running `Command { std: "docker" "start" "-a" "4ef05011cc9ed7fcf9011c083d6f9c30e1262eb6325da939f4a8cc3843faeff0", kill_on_drop: false }`
[INFO] [stderr]    Compiling proc-macro2 v1.0.56
[INFO] [stderr]    Compiling quote v1.0.26
[INFO] [stderr]    Compiling unicode-ident v1.0.8
[INFO] [stderr]    Compiling memchr v2.5.0
[INFO] [stderr]    Compiling winapi v0.3.9
[INFO] [stderr]    Compiling cfg-if v1.0.0
[INFO] [stderr]    Compiling log v0.4.17
[INFO] [stderr]    Compiling thiserror v1.0.40
[INFO] [stderr]    Compiling once_cell v1.17.1
[INFO] [stderr]    Compiling regex-syntax v0.7.1
[INFO] [stderr]    Compiling bitflags v1.3.2
[INFO] [stderr]    Compiling utfx v0.1.0
[INFO] [stderr]    Compiling pin-project-lite v0.2.9
[INFO] [stderr]    Compiling lazy_static v1.4.0
[INFO] [stderr]    Compiling tracing-core v0.1.30
[INFO] [stderr]    Compiling aho-corasick v1.0.1
[INFO] [stderr]    Compiling syn v2.0.15
[INFO] [stderr]    Compiling regex v1.8.1
[INFO] [stderr]    Compiling thiserror-impl v1.0.40
[INFO] [stderr]    Compiling tracing-attributes v0.1.24
[INFO] [stderr]    Compiling registry v1.2.3
[INFO] [stderr]    Compiling tracing v0.1.37
[INFO] [stderr]    Compiling monitor-control-win v0.1.1 (/opt/rustwide/workdir)
[INFO] [stdout] error[E0433]: failed to resolve: could not find `shared` in `winapi`
[INFO] [stdout]   --> src/lib.rs:13:5
[INFO] [stdout]    |
[INFO] [stdout] 13 |     shared::{
[INFO] [stdout]    |     ^^^^^^ could not find `shared` in `winapi`
[INFO] [stdout] 
[INFO] [stdout] 
[INFO] [stdout] error[E0433]: failed to resolve: could not find `um` in `winapi`
[INFO] [stdout]   --> src/lib.rs:17:5
[INFO] [stdout]    |
[INFO] [stdout] 17 |     um::{
[INFO] [stdout]    |     ^^ could not find `um` in `winapi`
[INFO] [stdout] 
[INFO] [stdout] 
[INFO] [stdout] error[E0432]: unresolved imports `registry::Hive`, `registry::RegKey`, `registry::Security`
[INFO] [stdout]  --> src/lib.rs:5:16
[INFO] [stdout]   |
[INFO] [stdout] 5 | use registry::{Hive, RegKey, Security};
[INFO] [stdout]   |                ^^^^  ^^^^^^  ^^^^^^^^ no `Security` in the root
[INFO] [stdout]   |                |     |
[INFO] [stdout]   |                |     no `RegKey` in the root
[INFO] [stdout]   |                no `Hive` in the root
[INFO] [stdout] 
[INFO] [stdout] 
[INFO] [stdout] error[E0433]: failed to resolve: could not find `value` in `registry`
[INFO] [stdout]    --> src/lib.rs:186:23
[INFO] [stdout]     |
[INFO] [stdout] 186 |             registry::value::Data::Binary(bytes) => bytes,
[INFO] [stdout]     |                       ^^^^^ could not find `value` in `registry`
[INFO] [stdout] 
[INFO] [stdout] 
[INFO] [stdout] error[E0433]: failed to resolve: could not find `key` in `registry`
[INFO] [stdout]    --> src/lib.rs:207:74
[INFO] [stdout]     |
[INFO] [stdout] 207 |     fn driver_key(driver_id: &str) -> Result<registry::RegKey, registry::key::Error> {
[INFO] [stdout]     |                                                                          ^^^ could not find `key` in `registry`
[INFO] [stdout] 
[INFO] [stdout] 
[INFO] [stdout] error[E0433]: failed to resolve: could not find `key` in `registry`
[INFO] [stdout]    --> src/lib.rs:248:27
[INFO] [stdout]     |
[INFO] [stdout] 248 |     Key(#[from] registry::key::Error),
[INFO] [stdout]     |                           ^^^ could not find `key` in `registry`
[INFO] [stdout] 
[INFO] [stdout] 
[INFO] [stdout] error[E0433]: failed to resolve: could not find `value` in `registry`
[INFO] [stdout]    --> src/lib.rs:250:29
[INFO] [stdout]     |
[INFO] [stdout] 250 |     Value(#[from] registry::value::Error),
[INFO] [stdout]     |                             ^^^^^ could not find `value` in `registry`
[INFO] [stdout] 
[INFO] [stdout] 
[INFO] [stdout] error[E0433]: failed to resolve: could not find `iter` in `registry`
[INFO] [stdout]    --> src/lib.rs:252:31
[INFO] [stdout]     |
[INFO] [stdout] 252 |     KeyIter(#[from] registry::iter::keys::Error),
[INFO] [stdout]     |                               ^^^^ could not find `iter` in `registry`
[INFO] [stdout] 
[INFO] [stdout] 
[INFO] [stdout] error[E0412]: cannot find type `RegKey` in crate `registry`
[INFO] [stdout]    --> src/lib.rs:207:56
[INFO] [stdout]     |
[INFO] [stdout] 207 |     fn driver_key(driver_id: &str) -> Result<registry::RegKey, registry::key::Error> {
[INFO] [stdout]     |                                                        ^^^^^^ not found in `registry`
[INFO] [stdout] 
[INFO] [stdout] 
[INFO] [stdout] error: aborting due to 9 previous errors
[INFO] [stdout] 
[INFO] [stdout] 
[INFO] [stdout] Some errors have detailed explanations: E0412, E0432, E0433.
[INFO] [stdout] 
[INFO] [stdout] For more information about an error, try `rustc --explain E0412`.
[INFO] [stdout] 
[INFO] [stderr] error: could not compile `monitor-control-win` (lib) due to 10 previous errors
[INFO] running `Command { std: "docker" "inspect" "4ef05011cc9ed7fcf9011c083d6f9c30e1262eb6325da939f4a8cc3843faeff0", kill_on_drop: false }`
[INFO] running `Command { std: "docker" "rm" "-f" "4ef05011cc9ed7fcf9011c083d6f9c30e1262eb6325da939f4a8cc3843faeff0", kill_on_drop: false }`
[INFO] [stdout] 4ef05011cc9ed7fcf9011c083d6f9c30e1262eb6325da939f4a8cc3843faeff0
