[INFO] fetching crate mobc-forked 0.7.3...
[INFO] testing mobc-forked-0.7.3 against beta-2023-04-20 for beta-1.70-1
[INFO] extracting crate mobc-forked 0.7.3 into /workspace/builds/worker-2-tc2/source
[INFO] validating manifest of crates.io crate mobc-forked 0.7.3 on toolchain beta-2023-04-20
[INFO] running `Command { std: CARGO_HOME="/workspace/cargo-home" RUSTUP_HOME="/workspace/rustup-home" "/workspace/cargo-home/bin/cargo" "+beta-2023-04-20" "metadata" "--manifest-path" "Cargo.toml" "--no-deps", kill_on_drop: false }`
[INFO] started tweaking crates.io crate mobc-forked 0.7.3
[INFO] removed 0 missing examples
[INFO] finished tweaking crates.io crate mobc-forked 0.7.3
[INFO] tweaked toml for crates.io crate mobc-forked 0.7.3 written to /workspace/builds/worker-2-tc2/source/Cargo.toml
[INFO] crate crates.io crate mobc-forked 0.7.3 already has a lockfile, it will not be regenerated
[INFO] running `Command { std: CARGO_HOME="/workspace/cargo-home" RUSTUP_HOME="/workspace/rustup-home" "/workspace/cargo-home/bin/cargo" "+beta-2023-04-20" "fetch" "--manifest-path" "Cargo.toml", kill_on_drop: false }`
[INFO] [stderr]     Updating crates.io index
[INFO] [stderr]  Downloading crates ...
[INFO] [stderr]   Downloaded sval v1.0.0-alpha.5
[INFO] [stderr]   Downloaded unicode-bidi v0.3.11
[INFO] [stderr]   Downloaded serde_derive v1.0.154
[INFO] [stderr]   Downloaded route-recognizer v0.2.0
[INFO] [stderr]   Downloaded actix-testing v1.0.1
[INFO] [stderr]   Downloaded universal-hash v0.4.0
[INFO] [stderr]   Downloaded simple-mutex v1.1.5
[INFO] [stderr]   Downloaded actix-macros v0.2.3
[INFO] [stderr]   Downloaded pin-project v0.4.30
[INFO] [stderr]   Downloaded time v0.2.27
[INFO] [stderr]   Downloaded trust-dns-resolver v0.19.7
[INFO] [stderr]   Downloaded actix-web v3.3.3
[INFO] [stderr]   Downloaded awc v2.0.3
[INFO] [stderr]   Downloaded actix-http v2.2.2
[INFO] [stderr]   Downloaded trust-dns-proto v0.19.7
[INFO] [stderr]   Downloaded femme v2.2.1
[INFO] [stderr]   Downloaded h2 v0.2.7
[INFO] [stderr]   Downloaded async-h1 v2.3.3
[INFO] [stderr]   Downloaded http-client v6.5.3
[INFO] [stderr]   Downloaded actix-rt v2.8.0
[INFO] [stderr]   Downloaded bytestring v1.3.0
[INFO] [stderr]   Downloaded actix-router v0.2.7
[INFO] [stderr]   Downloaded actix-server v1.0.4
[INFO] [stderr]   Downloaded actix-web-codegen v0.4.0
[INFO] [stderr]   Downloaded actix-connect v2.0.0
[INFO] [stderr]   Downloaded actix-codec v0.3.0
[INFO] [stderr]   Downloaded actix-utils v2.0.0
[INFO] [stderr]   Downloaded actix-rt v1.1.1
[INFO] [stderr]   Downloaded pin-project-internal v0.4.30
[INFO] [stderr]   Downloaded actix-service v1.0.6
[INFO] [stderr]   Downloaded metrics v0.18.1
[INFO] [stderr]   Downloaded async-dup v1.2.2
[INFO] [stderr]   Downloaded async-session v2.0.1
[INFO] [stderr]   Downloaded async-sse v4.1.0
[INFO] [stderr]   Downloaded async-process v1.6.0
[INFO] [stderr]   Downloaded subtle v2.5.0
[INFO] [stderr]   Downloaded base-x v0.2.11
[INFO] [stderr]   Downloaded standback v0.2.17
[INFO] [stderr]   Downloaded hmac v0.8.1
[INFO] [stderr]   Downloaded time-macros-impl v0.1.2
[INFO] [stderr]   Downloaded cookie v0.14.4
[INFO] [stderr]   Downloaded serde v1.0.154
[INFO] [stderr]   Downloaded actix-tls v2.0.0
[INFO] [stderr]   Downloaded actix-macros v0.1.3
[INFO] [stderr]   Downloaded actix-threadpool v0.3.3
[INFO] [stderr]   Downloaded metrics-macros v0.5.1
[INFO] [stderr]   Downloaded crypto-mac v0.10.0
[INFO] [stderr]   Downloaded time-macros v0.1.1
[INFO] [stderr]   Downloaded serde_fmt v1.0.1
[INFO] [stderr]   Downloaded tide v0.16.0
[INFO] running `Command { std: "docker" "create" "-v" "/var/lib/crater-agent-workspace/builds/worker-2-tc2/target:/opt/rustwide/target:rw,Z" "-v" "/var/lib/crater-agent-workspace/builds/worker-2-tc2/source:/opt/rustwide/workdir:ro,Z" "-v" "/var/lib/crater-agent-workspace/cargo-home:/opt/rustwide/cargo-home:ro,Z" "-v" "/var/lib/crater-agent-workspace/rustup-home:/opt/rustwide/rustup-home:ro,Z" "-e" "SOURCE_DIR=/opt/rustwide/workdir" "-e" "CARGO_TARGET_DIR=/opt/rustwide/target" "-e" "CARGO_HOME=/opt/rustwide/cargo-home" "-e" "RUSTUP_HOME=/opt/rustwide/rustup-home" "-w" "/opt/rustwide/workdir" "-m" "1610612736" "--user" "0:0" "--network" "none" "ghcr.io/rust-lang/crates-build-env/linux@sha256:5ff2268d62e97bff2cde7d5815dd6ed5b47097566f13b8d0ca110b04b60e07ed" "/opt/rustwide/cargo-home/bin/cargo" "+beta-2023-04-20" "metadata" "--no-deps" "--format-version=1", kill_on_drop: false }`
[INFO] [stdout] fa56caac4d02b342c0ab621394fdad7fcaa2f69cb40e604af5d2beb19adb96a0
[INFO] running `Command { std: "docker" "start" "-a" "fa56caac4d02b342c0ab621394fdad7fcaa2f69cb40e604af5d2beb19adb96a0", kill_on_drop: false }`
[INFO] running `Command { std: "docker" "inspect" "fa56caac4d02b342c0ab621394fdad7fcaa2f69cb40e604af5d2beb19adb96a0", kill_on_drop: false }`
[INFO] running `Command { std: "docker" "rm" "-f" "fa56caac4d02b342c0ab621394fdad7fcaa2f69cb40e604af5d2beb19adb96a0", kill_on_drop: false }`
[INFO] [stdout] fa56caac4d02b342c0ab621394fdad7fcaa2f69cb40e604af5d2beb19adb96a0
[INFO] running `Command { std: "docker" "create" "-v" "/var/lib/crater-agent-workspace/builds/worker-2-tc2/target:/opt/rustwide/target:rw,Z" "-v" "/var/lib/crater-agent-workspace/builds/worker-2-tc2/source:/opt/rustwide/workdir:ro,Z" "-v" "/var/lib/crater-agent-workspace/cargo-home:/opt/rustwide/cargo-home:ro,Z" "-v" "/var/lib/crater-agent-workspace/rustup-home:/opt/rustwide/rustup-home:ro,Z" "-e" "SOURCE_DIR=/opt/rustwide/workdir" "-e" "CARGO_TARGET_DIR=/opt/rustwide/target" "-e" "CARGO_INCREMENTAL=0" "-e" "RUST_BACKTRACE=full" "-e" "RUSTFLAGS=--cap-lints=warn" "-e" "RUSTDOCFLAGS=--cap-lints=warn" "-e" "CARGO_HOME=/opt/rustwide/cargo-home" "-e" "RUSTUP_HOME=/opt/rustwide/rustup-home" "-w" "/opt/rustwide/workdir" "-m" "1610612736" "--user" "0:0" "--network" "none" "ghcr.io/rust-lang/crates-build-env/linux@sha256:5ff2268d62e97bff2cde7d5815dd6ed5b47097566f13b8d0ca110b04b60e07ed" "/opt/rustwide/cargo-home/bin/cargo" "+beta-2023-04-20" "build" "--frozen" "--message-format=json", kill_on_drop: false }`
[INFO] [stdout] 789408bbe1b5692f5de5e764f1212425266a9d0521559d58752547663c05a953
[INFO] running `Command { std: "docker" "start" "-a" "789408bbe1b5692f5de5e764f1212425266a9d0521559d58752547663c05a953", kill_on_drop: false }`
[INFO] [stderr]    Compiling proc-macro2 v1.0.51
[INFO] [stderr]    Compiling syn v1.0.109
[INFO] [stderr]    Compiling serde_derive v1.0.154
[INFO] [stderr]    Compiling serde v1.0.154
[INFO] [stderr]    Compiling libc v0.2.140
[INFO] [stderr]    Compiling erased-serde v0.3.25
[INFO] [stderr]    Compiling value-bag v1.0.0-alpha.9
[INFO] [stderr]    Compiling log v0.4.17
[INFO] [stderr]    Compiling memchr v2.5.0
[INFO] [stderr]    Compiling tracing-core v0.1.30
[INFO] [stderr]    Compiling ahash v0.7.6
[INFO] [stderr]    Compiling tokio v1.26.0
[INFO] [stderr]    Compiling thiserror v1.0.39
[INFO] [stderr]    Compiling overload v0.1.1
[INFO] [stderr]    Compiling futures-util v0.3.26
[INFO] [stderr]    Compiling quote v1.0.23
[INFO] [stderr]    Compiling async-trait v0.1.66
[INFO] [stderr]    Compiling metrics v0.18.1
[INFO] [stderr]    Compiling parking_lot_core v0.9.7
[INFO] [stderr]    Compiling getrandom v0.2.8
[INFO] [stderr]    Compiling signal-hook-registry v1.4.1
[INFO] [stderr]    Compiling num_cpus v1.15.0
[INFO] [stderr]    Compiling socket2 v0.4.9
[INFO] [stderr]    Compiling parking_lot v0.12.1
[INFO] [stderr]    Compiling nu-ansi-term v0.46.0
[INFO] [stderr]    Compiling sharded-slab v0.1.4
[INFO] [stderr]    Compiling thread_local v1.1.7
[INFO] [stderr]    Compiling futures-io v0.3.26
[INFO] [stderr]    Compiling futures-timer v3.0.2
[INFO] [stderr]    Compiling ctor v0.1.26
[INFO] [stderr]    Compiling tokio-macros v1.8.2
[INFO] [stderr]    Compiling futures-macro v0.3.26
[INFO] [stderr]    Compiling metrics-macros v0.5.1
[INFO] [stderr]    Compiling tracing-attributes v0.1.23
[INFO] [stderr]    Compiling thiserror-impl v1.0.39
[INFO] [stderr]    Compiling sval v1.0.0-alpha.5
[INFO] [stderr]    Compiling serde_fmt v1.0.1
[INFO] [stderr]    Compiling mio v0.8.6
[INFO] [stderr]    Compiling tracing-log v0.1.3
[INFO] [stderr]    Compiling tracing v0.1.37
[INFO] [stderr]    Compiling tracing-subscriber v0.3.16
[INFO] [stderr]    Compiling mobc-forked v0.7.3 (/opt/rustwide/workdir)
[INFO] [stderr]     Finished dev [unoptimized + debuginfo] target(s) in 36.99s
[INFO] running `Command { std: "docker" "inspect" "789408bbe1b5692f5de5e764f1212425266a9d0521559d58752547663c05a953", kill_on_drop: false }`
[INFO] running `Command { std: "docker" "rm" "-f" "789408bbe1b5692f5de5e764f1212425266a9d0521559d58752547663c05a953", kill_on_drop: false }`
[INFO] [stdout] 789408bbe1b5692f5de5e764f1212425266a9d0521559d58752547663c05a953
[INFO] running `Command { std: "docker" "create" "-v" "/var/lib/crater-agent-workspace/builds/worker-2-tc2/target:/opt/rustwide/target:rw,Z" "-v" "/var/lib/crater-agent-workspace/builds/worker-2-tc2/source:/opt/rustwide/workdir:ro,Z" "-v" "/var/lib/crater-agent-workspace/cargo-home:/opt/rustwide/cargo-home:ro,Z" "-v" "/var/lib/crater-agent-workspace/rustup-home:/opt/rustwide/rustup-home:ro,Z" "-e" "SOURCE_DIR=/opt/rustwide/workdir" "-e" "CARGO_TARGET_DIR=/opt/rustwide/target" "-e" "CARGO_INCREMENTAL=0" "-e" "RUST_BACKTRACE=full" "-e" "RUSTFLAGS=--cap-lints=warn" "-e" "RUSTDOCFLAGS=--cap-lints=warn" "-e" "CARGO_HOME=/opt/rustwide/cargo-home" "-e" "RUSTUP_HOME=/opt/rustwide/rustup-home" "-w" "/opt/rustwide/workdir" "-m" "1610612736" "--user" "0:0" "--network" "none" "ghcr.io/rust-lang/crates-build-env/linux@sha256:5ff2268d62e97bff2cde7d5815dd6ed5b47097566f13b8d0ca110b04b60e07ed" "/opt/rustwide/cargo-home/bin/cargo" "+beta-2023-04-20" "test" "--frozen" "--no-run" "--message-format=json", kill_on_drop: false }`
[INFO] [stdout] 94527acd5baf3ede6d5193c726d8d5c127a1943b23906d64cbc731805cb1c033
[INFO] running `Command { std: "docker" "start" "-a" "94527acd5baf3ede6d5193c726d8d5c127a1943b23906d64cbc731805cb1c033", kill_on_drop: false }`
[INFO] [stderr]    Compiling generic-array v0.14.6
[INFO] [stderr]    Compiling cfg-if v0.1.10
[INFO] [stderr]    Compiling subtle v2.5.0
[INFO] [stderr]    Compiling iovec v0.1.4
[INFO] [stderr]    Compiling getrandom v0.1.16
[INFO] [stderr]    Compiling opaque-debug v0.3.0
[INFO] [stderr]    Compiling pin-project-lite v0.1.12
[INFO] [stderr]    Compiling event-listener v2.5.3
[INFO] [stderr]    Compiling net2 v0.2.38
[INFO] [stderr]    Compiling crossbeam-utils v0.8.15
[INFO] [stderr]    Compiling bytes v0.5.6
[INFO] [stderr]    Compiling standback v0.2.17
[INFO] [stderr]    Compiling unicode-bidi v0.3.11
[INFO] [stderr]    Compiling proc-macro-hack v0.5.20+deprecated
[INFO] [stderr]    Compiling mio v0.6.23
[INFO] [stderr]    Compiling rand_core v0.5.1
[INFO] [stderr]    Compiling pin-project-internal v0.4.30
[INFO] [stderr]    Compiling fastrand v1.9.0
[INFO] [stderr]    Compiling digest v0.9.0
[INFO] [stderr]    Compiling concurrent-queue v2.1.0
[INFO] [stderr]    Compiling rand_chacha v0.2.2
[INFO] [stderr]    Compiling cipher v0.2.5
[INFO] [stderr]    Compiling parking_lot_core v0.8.6
[INFO] [stderr]    Compiling parking v2.0.0
[INFO] [stderr]    Compiling waker-fn v1.1.0
[INFO] [stderr]    Compiling rand v0.7.3
[INFO] [stderr]    Compiling block-buffer v0.9.0
[INFO] [stderr]    Compiling futures-lite v1.12.0
[INFO] [stderr]    Compiling universal-hash v0.4.0
[INFO] [stderr]    Compiling mio-uds v0.6.8
[INFO] [stderr]    Compiling idna v0.3.0
[INFO] [stderr]    Compiling async-lock v2.7.0
[INFO] [stderr]    Compiling polling v2.6.0
[INFO] [stderr]    Compiling tokio v0.2.25
[INFO] [stderr]    Compiling instant v0.1.12
[INFO] [stderr]    Compiling const_fn v0.4.9
[INFO] [stderr]    Compiling serde_json v1.0.94
[INFO] [stderr]    Compiling cpuid-bool v0.2.0
[INFO] [stderr]    Compiling polyval v0.4.5
[INFO] [stderr]    Compiling time-macros-impl v0.1.2
[INFO] [stderr]    Compiling url v2.3.1
[INFO] [stderr]    Compiling aes-soft v0.6.4
[INFO] [stderr]    Compiling crypto-mac v0.10.0
[INFO] [stderr]    Compiling rand_core v0.6.4
[INFO] [stderr]    Compiling time v0.2.27
[INFO] [stderr]    Compiling async-io v1.12.0
[INFO] [stderr]    Compiling convert_case v0.4.0
[INFO] [stderr]    Compiling aes v0.6.0
[INFO] [stderr]    Compiling rand_chacha v0.3.1
[INFO] [stderr]    Compiling time-macros v0.1.1
[INFO] [stderr]    Compiling parking_lot v0.11.2
[INFO] [stderr]    Compiling hmac v0.10.1
[INFO] [stderr]    Compiling derive_more v0.99.17
[INFO] [stderr]    Compiling ghash v0.3.1
[INFO] [stderr]    Compiling sha2 v0.9.9
[INFO] [stderr]    Compiling ctr v0.6.0
[INFO] [stderr]    Compiling aead v0.3.2
[INFO] [stderr]    Compiling threadpool v1.8.1
[INFO] [stderr]    Compiling cookie v0.14.4
[INFO] [stderr]    Compiling async-task v4.3.0
[INFO] [stderr]    Compiling signal-hook v0.3.15
[INFO] [stderr]    Compiling pin-project v0.4.30
[INFO] [stderr]    Compiling tokio-util v0.3.1
[INFO] [stderr]    Compiling aes-gcm v0.8.0
[INFO] [stderr]    Compiling hkdf v0.10.0
[INFO] [stderr]    Compiling rand v0.8.5
[INFO] [stderr]    Compiling async-channel v1.8.0
[INFO] [stderr]    Compiling actix-macros v0.1.3
[INFO] [stderr]    Compiling async-process v1.6.0
[INFO] [stderr]    Compiling copyless v0.1.5
[INFO] [stderr]    Compiling atomic-waker v1.1.0
[INFO] [stderr]    Compiling blocking v1.3.0
[INFO] [stderr]    Compiling actix-codec v0.3.0
[INFO] [stderr]    Compiling actix-service v1.0.6
[INFO] [stderr]    Compiling async-executor v1.5.0
[INFO] [stderr]    Compiling serde_urlencoded v0.7.1
[INFO] [stderr]    Compiling pin-project-internal v1.0.12
[INFO] [stderr]    Compiling anyhow v1.0.69
[INFO] [stderr]    Compiling either v1.8.1
[INFO] [stderr]    Compiling async-global-executor v2.3.1
[INFO] [stderr]    Compiling kv-log-macro v1.0.7
[INFO] [stderr]    Compiling async-attributes v1.1.2
[INFO] [stderr]    Compiling match_cfg v0.1.0
[INFO] [stderr]    Compiling matches v0.1.10
[INFO] [stderr]    Compiling hostname v0.3.1
[INFO] [stderr]    Compiling idna v0.2.3
[INFO] [stderr]    Compiling enum-as-inner v0.3.4
[INFO] [stderr]    Compiling futures v0.3.26
[INFO] [stderr]    Compiling aho-corasick v0.7.20
[INFO] [stderr]    Compiling num-traits v0.2.15
[INFO] [stderr]    Compiling indexmap v1.9.2
[INFO] [stderr]    Compiling async-std v1.12.0
[INFO] [stderr]    Compiling alloc-no-stdlib v2.0.4
[INFO] [stderr]    Compiling http-types v2.12.0
[INFO] [stderr]    Compiling alloc-stdlib v0.2.2
[INFO] [stderr]    Compiling lru-cache v0.1.2
[INFO] [stderr]    Compiling resolv-conf v0.7.0
[INFO] [stderr]    Compiling pin-project v1.0.12
[INFO] [stderr]    Compiling trust-dns-proto v0.19.7
[INFO] [stderr]    Compiling serde_qs v0.8.5
[INFO] [stderr]    Compiling infer v0.2.3
[INFO] [stderr]    Compiling actix-threadpool v0.3.3
[INFO] [stderr]    Compiling actix-rt v1.1.1
[INFO] [stderr]    Compiling regex v1.7.1
[INFO] [stderr]    Compiling blake3 v0.3.8
[INFO] [stderr]    Compiling actix-utils v2.0.0
[INFO] [stderr]    Compiling tracing-futures v0.2.5
[INFO] [stderr]    Compiling brotli-decompressor v2.3.4
[INFO] [stderr]    Compiling crypto-mac v0.8.0
[INFO] [stderr]    Compiling fxhash v0.2.1
[INFO] [stderr]    Compiling h2 v0.2.7
[INFO] [stderr]    Compiling trust-dns-resolver v0.19.7
[INFO] [stderr]    Compiling num-integer v0.1.45
[INFO] [stderr]    Compiling brotli v3.3.4
[INFO] [stderr]    Compiling actix-connect v2.0.0
[INFO] [stderr]    Compiling sha-1 v0.9.8
[INFO] [stderr]    Compiling simple-mutex v1.1.5
[INFO] [stderr]    Compiling time v0.1.45
[INFO] [stderr]    Compiling socket2 v0.3.19
[INFO] [stderr]    Compiling constant_time_eq v0.1.5
[INFO] [stderr]    Compiling arrayref v0.3.6
[INFO] [stderr]    Compiling itoa v0.4.8
[INFO] [stderr]    Compiling arrayvec v0.5.2
[INFO] [stderr]    Compiling language-tags v0.2.2
[INFO] [stderr]    Compiling chrono v0.4.23
[INFO] [stderr]    Compiling actix-server v1.0.4
[INFO] [stderr]    Compiling async-dup v1.2.2
[INFO] [stderr]    Compiling hmac v0.8.1
[INFO] [stderr]    Compiling bytestring v1.3.0
[INFO] [stderr]    Compiling bincode v1.3.3
[INFO] [stderr]    Compiling base64 v0.12.3
[INFO] [stderr]    Compiling actix-router v0.2.7
[INFO] [stderr]    Compiling async-session v2.0.1
[INFO] [stderr]    Compiling actix-testing v1.0.1
[INFO] [stderr]    Compiling async-h1 v2.3.3
[INFO] [stderr]    Compiling async-sse v4.1.0
[INFO] [stderr]    Compiling http-client v6.5.3
[INFO] [stderr]    Compiling actix-tls v2.0.0
[INFO] [stderr]    Compiling actix-http v2.2.2
[INFO] [stderr]    Compiling femme v2.2.1
[INFO] [stderr]    Compiling actix-macros v0.2.3
[INFO] [stderr]    Compiling actix-web-codegen v0.4.0
[INFO] [stderr]    Compiling atty v0.2.14
[INFO] [stderr]    Compiling route-recognizer v0.2.0
[INFO] [stderr]    Compiling termcolor v1.2.0
[INFO] [stderr]    Compiling tide v0.16.0
[INFO] [stderr]    Compiling actix-rt v2.8.0
[INFO] [stderr]    Compiling env_logger v0.8.4
[INFO] [stderr]    Compiling awc v2.0.3
[INFO] [stderr]    Compiling actix-web v3.3.3
[INFO] [stderr]    Compiling mobc-forked v0.7.3 (/opt/rustwide/workdir)
[INFO] [stdout] error[E0432]: unresolved import `mobc`
[INFO] [stdout]  --> tests/mobc.rs:3:5
[INFO] [stdout]   |
[INFO] [stdout] 3 | use mobc::async_trait;
[INFO] [stdout]   |     ^^^^ use of undeclared crate or module `mobc`
[INFO] [stdout] 
[INFO] [stdout] 
[INFO] [stdout] error[E0433]: failed to resolve: use of undeclared crate or module `mobc`
[INFO] [stdout]  --> tests/mobc.rs:5:5
[INFO] [stdout]   |
[INFO] [stdout] 5 | use mobc::runtime::Runtime;
[INFO] [stdout]   |     ^^^^ use of undeclared crate or module `mobc`
[INFO] [stdout] 
[INFO] [stdout] 
[INFO] [stdout] error[E0432]: unresolved import `mobc`
[INFO] [stdout]  --> tests/mobc.rs:4:5
[INFO] [stdout]   |
[INFO] [stdout] 4 | use mobc::delay_for;
[INFO] [stdout]   |     ^^^^ use of undeclared crate or module `mobc`
[INFO] [stdout] 
[INFO] [stdout] 
[INFO] [stdout] error[E0432]: unresolved import `mobc`
[INFO] [stdout]  --> tests/mobc.rs:6:5
[INFO] [stdout]   |
[INFO] [stdout] 6 | use mobc::Error;
[INFO] [stdout]   |     ^^^^ use of undeclared crate or module `mobc`
[INFO] [stdout] 
[INFO] [stdout] 
[INFO] [stdout] error[E0432]: unresolved import `mobc`
[INFO] [stdout]  --> tests/mobc.rs:7:5
[INFO] [stdout]   |
[INFO] [stdout] 7 | use mobc::Manager;
[INFO] [stdout]   |     ^^^^ use of undeclared crate or module `mobc`
[INFO] [stdout] 
[INFO] [stdout] 
[INFO] [stdout] error[E0432]: unresolved import `mobc`
[INFO] [stdout]  --> tests/mobc.rs:8:5
[INFO] [stdout]   |
[INFO] [stdout] 8 | use mobc::Pool;
[INFO] [stdout]   |     ^^^^ use of undeclared crate or module `mobc`
[INFO] [stdout] 
[INFO] [stdout] 
[INFO] [stdout] error: cannot determine resolution for the attribute macro `async_trait`
[INFO] [stdout]   --> tests/mobc.rs:20:3
[INFO] [stdout]    |
[INFO] [stdout] 20 | #[async_trait]
[INFO] [stdout]    |   ^^^^^^^^^^^
[INFO] [stdout]    |
[INFO] [stdout]    = note: import resolution is stuck, try simplifying macro imports
[INFO] [stdout] 
[INFO] [stdout] 
[INFO] [stdout] error: cannot determine resolution for the attribute macro `async_trait`
[INFO] [stdout]   --> tests/mobc.rs:38:3
[INFO] [stdout]    |
[INFO] [stdout] 38 | #[async_trait]
[INFO] [stdout]    |   ^^^^^^^^^^^
[INFO] [stdout]    |
[INFO] [stdout]    = note: import resolution is stuck, try simplifying macro imports
[INFO] [stdout] 
[INFO] [stdout] 
[INFO] [stdout] error: cannot determine resolution for the attribute macro `async_trait`
[INFO] [stdout]    --> tests/mobc.rs:175:7
[INFO] [stdout]     |
[INFO] [stdout] 175 |     #[async_trait]
[INFO] [stdout]     |       ^^^^^^^^^^^
[INFO] [stdout]     |
[INFO] [stdout]     = note: import resolution is stuck, try simplifying macro imports
[INFO] [stdout] 
[INFO] [stdout] 
[INFO] [stdout] error: cannot determine resolution for the attribute macro `async_trait`
[INFO] [stdout]    --> tests/mobc.rs:221:7
[INFO] [stdout]     |
[INFO] [stdout] 221 |     #[async_trait]
[INFO] [stdout]     |       ^^^^^^^^^^^
[INFO] [stdout]     |
[INFO] [stdout]     = note: import resolution is stuck, try simplifying macro imports
[INFO] [stdout] 
[INFO] [stdout] 
[INFO] [stdout] error: cannot determine resolution for the attribute macro `async_trait`
[INFO] [stdout]    --> tests/mobc.rs:270:7
[INFO] [stdout]     |
[INFO] [stdout] 270 |     #[async_trait]
[INFO] [stdout]     |       ^^^^^^^^^^^
[INFO] [stdout]     |
[INFO] [stdout]     = note: import resolution is stuck, try simplifying macro imports
[INFO] [stdout] 
[INFO] [stdout] 
[INFO] [stdout] error: cannot determine resolution for the attribute macro `async_trait`
[INFO] [stdout]    --> tests/mobc.rs:324:7
[INFO] [stdout]     |
[INFO] [stdout] 324 |     #[async_trait]
[INFO] [stdout]     |       ^^^^^^^^^^^
[INFO] [stdout]     |
[INFO] [stdout]     = note: import resolution is stuck, try simplifying macro imports
[INFO] [stdout] 
[INFO] [stdout] 
[INFO] [stdout] error: cannot determine resolution for the attribute macro `async_trait`
[INFO] [stdout]    --> tests/mobc.rs:359:7
[INFO] [stdout]     |
[INFO] [stdout] 359 |     #[async_trait]
[INFO] [stdout]     |       ^^^^^^^^^^^
[INFO] [stdout]     |
[INFO] [stdout]     = note: import resolution is stuck, try simplifying macro imports
[INFO] [stdout] 
[INFO] [stdout] 
[INFO] [stdout] error: cannot determine resolution for the attribute macro `async_trait`
[INFO] [stdout]    --> tests/mobc.rs:451:7
[INFO] [stdout]     |
[INFO] [stdout] 451 |     #[async_trait]
[INFO] [stdout]     |       ^^^^^^^^^^^
[INFO] [stdout]     |
[INFO] [stdout]     = note: import resolution is stuck, try simplifying macro imports
[INFO] [stdout] 
[INFO] [stdout] 
[INFO] [stdout] error: cannot determine resolution for the attribute macro `async_trait`
[INFO] [stdout]    --> tests/mobc.rs:507:7
[INFO] [stdout]     |
[INFO] [stdout] 507 |     #[async_trait]
[INFO] [stdout]     |       ^^^^^^^^^^^
[INFO] [stdout]     |
[INFO] [stdout]     = note: import resolution is stuck, try simplifying macro imports
[INFO] [stdout] 
[INFO] [stdout] 
[INFO] [stdout] error: cannot determine resolution for the attribute macro `async_trait`
[INFO] [stdout]    --> tests/mobc.rs:567:7
[INFO] [stdout]     |
[INFO] [stdout] 567 |     #[async_trait]
[INFO] [stdout]     |       ^^^^^^^^^^^
[INFO] [stdout]     |
[INFO] [stdout]     = note: import resolution is stuck, try simplifying macro imports
[INFO] [stdout] 
[INFO] [stdout] 
[INFO] [stdout] error: cannot determine resolution for the attribute macro `async_trait`
[INFO] [stdout]    --> tests/mobc.rs:636:7
[INFO] [stdout]     |
[INFO] [stdout] 636 |     #[async_trait]
[INFO] [stdout]     |       ^^^^^^^^^^^
[INFO] [stdout]     |
[INFO] [stdout]     = note: import resolution is stuck, try simplifying macro imports
[INFO] [stdout] 
[INFO] [stdout] 
[INFO] [stdout] error: cannot determine resolution for the attribute macro `async_trait`
[INFO] [stdout]    --> tests/mobc.rs:702:7
[INFO] [stdout]     |
[INFO] [stdout] 702 |     #[async_trait]
[INFO] [stdout]     |       ^^^^^^^^^^^
[INFO] [stdout]     |
[INFO] [stdout]     = note: import resolution is stuck, try simplifying macro imports
[INFO] [stdout] 
[INFO] [stdout] 
[INFO] [stdout] error: cannot determine resolution for the attribute macro `async_trait`
[INFO] [stdout]    --> tests/mobc.rs:772:7
[INFO] [stdout]     |
[INFO] [stdout] 772 |     #[async_trait]
[INFO] [stdout]     |       ^^^^^^^^^^^
[INFO] [stdout]     |
[INFO] [stdout]     = note: import resolution is stuck, try simplifying macro imports
[INFO] [stdout] 
[INFO] [stdout] 
[INFO] [stdout] error: cannot determine resolution for the attribute macro `async_trait`
[INFO] [stdout]    --> tests/mobc.rs:820:7
[INFO] [stdout]     |
[INFO] [stdout] 820 |     #[async_trait]
[INFO] [stdout]     |       ^^^^^^^^^^^
[INFO] [stdout]     |
[INFO] [stdout]     = note: import resolution is stuck, try simplifying macro imports
[INFO] [stdout] 
[INFO] [stdout] 
[INFO] [stdout] error: cannot determine resolution for the attribute macro `async_trait`
[INFO] [stdout]    --> tests/mobc.rs:888:7
[INFO] [stdout]     |
[INFO] [stdout] 888 |     #[async_trait]
[INFO] [stdout]     |       ^^^^^^^^^^^
[INFO] [stdout]     |
[INFO] [stdout]     = note: import resolution is stuck, try simplifying macro imports
[INFO] [stdout] 
[INFO] [stdout] 
[INFO] [stdout] error: cannot determine resolution for the attribute macro `async_trait`
[INFO] [stdout]    --> tests/mobc.rs:961:7
[INFO] [stdout]     |
[INFO] [stdout] 961 |     #[async_trait]
[INFO] [stdout]     |       ^^^^^^^^^^^
[INFO] [stdout]     |
[INFO] [stdout]     = note: import resolution is stuck, try simplifying macro imports
[INFO] [stdout] 
[INFO] [stdout] 
[INFO] [stdout] error: cannot determine resolution for the attribute macro `async_trait`
[INFO] [stdout]     --> tests/mobc.rs:1007:7
[INFO] [stdout]      |
[INFO] [stdout] 1007 |     #[async_trait]
[INFO] [stdout]      |       ^^^^^^^^^^^
[INFO] [stdout]      |
[INFO] [stdout]      = note: import resolution is stuck, try simplifying macro imports
[INFO] [stdout] 
[INFO] [stdout] 
[INFO] [stdout] error: cannot determine resolution for the attribute macro `async_trait`
[INFO] [stdout]     --> tests/mobc.rs:1046:7
[INFO] [stdout]      |
[INFO] [stdout] 1046 |     #[async_trait]
[INFO] [stdout]      |       ^^^^^^^^^^^
[INFO] [stdout]      |
[INFO] [stdout]      = note: import resolution is stuck, try simplifying macro imports
[INFO] [stdout] 
[INFO] [stdout] 
[INFO] [stdout] error[E0706]: functions in traits cannot be declared `async`
[INFO] [stdout]   --> tests/mobc.rs:25:5
[INFO] [stdout]    |
[INFO] [stdout] 25 |     async fn connect(&self) -> Result<Self::Connection, Self::Error> {
[INFO] [stdout]    |     -----^^^^^^^^^^^^^^^^^^^^^^^^^^^^^^^^^^^^^^^^^^^^^^^^^^^^^^^^^^^
[INFO] [stdout]    |     |
[INFO] [stdout]    |     `async` because of this
[INFO] [stdout]    |
[INFO] [stdout]    = note: `async` trait functions are not currently supported
[INFO] [stdout]    = note: consider using the `async-trait` crate: https://crates.io/crates/async-trait
[INFO] [stdout]    = note: see issue #91611 <https://github.com/rust-lang/rust/issues/91611> for more information
[INFO] [stdout] 
[INFO] [stdout] 
[INFO] [stdout] error[E0706]: functions in traits cannot be declared `async`
[INFO] [stdout]   --> tests/mobc.rs:29:5
[INFO] [stdout]    |
[INFO] [stdout] 29 |     async fn check(&self, conn: Self::Connection) -> Result<Self::Connection, Self::Error> {
[INFO] [stdout]    |     -----^^^^^^^^^^^^^^^^^^^^^^^^^^^^^^^^^^^^^^^^^^^^^^^^^^^^^^^^^^^^^^^^^^^^^^^^^^^^^^^^^
[INFO] [stdout]    |     |
[INFO] [stdout]    |     `async` because of this
[INFO] [stdout]    |
[INFO] [stdout]    = note: `async` trait functions are not currently supported
[INFO] [stdout]    = note: consider using the `async-trait` crate: https://crates.io/crates/async-trait
[INFO] [stdout]    = note: see issue #91611 <https://github.com/rust-lang/rust/issues/91611> for more information
[INFO] [stdout] 
[INFO] [stdout] 
[INFO] [stdout] error[E0706]: functions in traits cannot be declared `async`
[INFO] [stdout]   --> tests/mobc.rs:43:5
[INFO] [stdout]    |
[INFO] [stdout] 43 |     async fn connect(&self) -> Result<Self::Connection, Self::Error> {
[INFO] [stdout]    |     -----^^^^^^^^^^^^^^^^^^^^^^^^^^^^^^^^^^^^^^^^^^^^^^^^^^^^^^^^^^^
[INFO] [stdout]    |     |
[INFO] [stdout]    |     `async` because of this
[INFO] [stdout]    |
[INFO] [stdout]    = note: `async` trait functions are not currently supported
[INFO] [stdout]    = note: consider using the `async-trait` crate: https://crates.io/crates/async-trait
[INFO] [stdout]    = note: see issue #91611 <https://github.com/rust-lang/rust/issues/91611> for more information
[INFO] [stdout] 
[INFO] [stdout] 
[INFO] [stdout] error[E0706]: functions in traits cannot be declared `async`
[INFO] [stdout]   --> tests/mobc.rs:51:5
[INFO] [stdout]    |
[INFO] [stdout] 51 |     async fn check(&self, conn: Self::Connection) -> Result<Self::Connection, Self::Error> {
[INFO] [stdout]    |     -----^^^^^^^^^^^^^^^^^^^^^^^^^^^^^^^^^^^^^^^^^^^^^^^^^^^^^^^^^^^^^^^^^^^^^^^^^^^^^^^^^
[INFO] [stdout]    |     |
[INFO] [stdout]    |     `async` because of this
[INFO] [stdout]    |
[INFO] [stdout]    = note: `async` trait functions are not currently supported
[INFO] [stdout]    = note: consider using the `async-trait` crate: https://crates.io/crates/async-trait
[INFO] [stdout]    = note: see issue #91611 <https://github.com/rust-lang/rust/issues/91611> for more information
[INFO] [stdout] 
[INFO] [stdout] 
[INFO] [stdout] error[E0706]: functions in traits cannot be declared `async`
[INFO] [stdout]    --> tests/mobc.rs:180:9
[INFO] [stdout]     |
[INFO] [stdout] 180 |         async fn connect(&self) -> Result<Self::Connection, Self::Error> {
[INFO] [stdout]     |         -----^^^^^^^^^^^^^^^^^^^^^^^^^^^^^^^^^^^^^^^^^^^^^^^^^^^^^^^^^^^
[INFO] [stdout]     |         |
[INFO] [stdout]     |         `async` because of this
[INFO] [stdout]     |
[INFO] [stdout]     = note: `async` trait functions are not currently supported
[INFO] [stdout]     = note: consider using the `async-trait` crate: https://crates.io/crates/async-trait
[INFO] [stdout]     = note: see issue #91611 <https://github.com/rust-lang/rust/issues/91611> for more information
[INFO] [stdout] 
[INFO] [stdout] 
[INFO] [stdout] error[E0706]: functions in traits cannot be declared `async`
[INFO] [stdout]    --> tests/mobc.rs:184:9
[INFO] [stdout]     |
[INFO] [stdout] 184 |         async fn check(&self, _conn: Self::Connection) -> Result<Self::Connection, Self::Error> {
[INFO] [stdout]     |         -----^^^^^^^^^^^^^^^^^^^^^^^^^^^^^^^^^^^^^^^^^^^^^^^^^^^^^^^^^^^^^^^^^^^^^^^^^^^^^^^^^^
[INFO] [stdout]     |         |
[INFO] [stdout]     |         `async` because of this
[INFO] [stdout]     |
[INFO] [stdout]     = note: `async` trait functions are not currently supported
[INFO] [stdout]     = note: consider using the `async-trait` crate: https://crates.io/crates/async-trait
[INFO] [stdout]     = note: see issue #91611 <https://github.com/rust-lang/rust/issues/91611> for more information
[INFO] [stdout] 
[INFO] [stdout] 
[INFO] [stdout] error[E0706]: functions in traits cannot be declared `async`
[INFO] [stdout]    --> tests/mobc.rs:226:9
[INFO] [stdout]     |
[INFO] [stdout] 226 |         async fn connect(&self) -> Result<Self::Connection, Self::Error> {
[INFO] [stdout]     |         -----^^^^^^^^^^^^^^^^^^^^^^^^^^^^^^^^^^^^^^^^^^^^^^^^^^^^^^^^^^^
[INFO] [stdout]     |         |
[INFO] [stdout]     |         `async` because of this
[INFO] [stdout]     |
[INFO] [stdout]     = note: `async` trait functions are not currently supported
[INFO] [stdout]     = note: consider using the `async-trait` crate: https://crates.io/crates/async-trait
[INFO] [stdout]     = note: see issue #91611 <https://github.com/rust-lang/rust/issues/91611> for more information
[INFO] [stdout] 
[INFO] [stdout] 
[INFO] [stdout] error[E0706]: functions in traits cannot be declared `async`
[INFO] [stdout]    --> tests/mobc.rs:230:9
[INFO] [stdout]     |
[INFO] [stdout] 230 |         async fn check(&self, conn: Self::Connection) -> Result<Self::Connection, Self::Error> {
[INFO] [stdout]     |         -----^^^^^^^^^^^^^^^^^^^^^^^^^^^^^^^^^^^^^^^^^^^^^^^^^^^^^^^^^^^^^^^^^^^^^^^^^^^^^^^^^
[INFO] [stdout]     |         |
[INFO] [stdout]     |         `async` because of this
[INFO] [stdout]     |
[INFO] [stdout]     = note: `async` trait functions are not currently supported
[INFO] [stdout]     = note: consider using the `async-trait` crate: https://crates.io/crates/async-trait
[INFO] [stdout]     = note: see issue #91611 <https://github.com/rust-lang/rust/issues/91611> for more information
[INFO] [stdout] 
[INFO] [stdout] 
[INFO] [stdout] error[E0706]: functions in traits cannot be declared `async`
[INFO] [stdout]    --> tests/mobc.rs:275:9
[INFO] [stdout]     |
[INFO] [stdout] 275 |         async fn connect(&self) -> Result<Self::Connection, Self::Error> {
[INFO] [stdout]     |         -----^^^^^^^^^^^^^^^^^^^^^^^^^^^^^^^^^^^^^^^^^^^^^^^^^^^^^^^^^^^
[INFO] [stdout]     |         |
[INFO] [stdout]     |         `async` because of this
[INFO] [stdout]     |
[INFO] [stdout]     = note: `async` trait functions are not currently supported
[INFO] [stdout]     = note: consider using the `async-trait` crate: https://crates.io/crates/async-trait
[INFO] [stdout]     = note: see issue #91611 <https://github.com/rust-lang/rust/issues/91611> for more information
[INFO] [stdout] 
[INFO] [stdout] 
[INFO] [stdout] error[E0706]: functions in traits cannot be declared `async`
[INFO] [stdout]    --> tests/mobc.rs:279:9
[INFO] [stdout]     |
[INFO] [stdout] 279 |         async fn check(&self, _conn: Self::Connection) -> Result<Self::Connection, Self::Error> {
[INFO] [stdout]     |         -----^^^^^^^^^^^^^^^^^^^^^^^^^^^^^^^^^^^^^^^^^^^^^^^^^^^^^^^^^^^^^^^^^^^^^^^^^^^^^^^^^^
[INFO] [stdout]     |         |
[INFO] [stdout]     |         `async` because of this
[INFO] [stdout]     |
[INFO] [stdout]     = note: `async` trait functions are not currently supported
[INFO] [stdout]     = note: consider using the `async-trait` crate: https://crates.io/crates/async-trait
[INFO] [stdout]     = note: see issue #91611 <https://github.com/rust-lang/rust/issues/91611> for more information
[INFO] [stdout] 
[INFO] [stdout] 
[INFO] [stdout] error[E0706]: functions in traits cannot be declared `async`
[INFO] [stdout]    --> tests/mobc.rs:329:9
[INFO] [stdout]     |
[INFO] [stdout] 329 |         async fn connect(&self) -> Result<Self::Connection, Self::Error> {
[INFO] [stdout]     |         -----^^^^^^^^^^^^^^^^^^^^^^^^^^^^^^^^^^^^^^^^^^^^^^^^^^^^^^^^^^^
[INFO] [stdout]     |         |
[INFO] [stdout]     |         `async` because of this
[INFO] [stdout]     |
[INFO] [stdout]     = note: `async` trait functions are not currently supported
[INFO] [stdout]     = note: consider using the `async-trait` crate: https://crates.io/crates/async-trait
[INFO] [stdout]     = note: see issue #91611 <https://github.com/rust-lang/rust/issues/91611> for more information
[INFO] [stdout] 
[INFO] [stdout] 
[INFO] [stdout] error[E0706]: functions in traits cannot be declared `async`
[INFO] [stdout]    --> tests/mobc.rs:333:9
[INFO] [stdout]     |
[INFO] [stdout] 333 |         async fn check(&self, _conn: Self::Connection) -> Result<Self::Connection, Self::Error> {
[INFO] [stdout]     |         -----^^^^^^^^^^^^^^^^^^^^^^^^^^^^^^^^^^^^^^^^^^^^^^^^^^^^^^^^^^^^^^^^^^^^^^^^^^^^^^^^^^
[INFO] [stdout]     |         |
[INFO] [stdout]     |         `async` because of this
[INFO] [stdout]     |
[INFO] [stdout]     = note: `async` trait functions are not currently supported
[INFO] [stdout]     = note: consider using the `async-trait` crate: https://crates.io/crates/async-trait
[INFO] [stdout]     = note: see issue #91611 <https://github.com/rust-lang/rust/issues/91611> for more information
[INFO] [stdout] 
[INFO] [stdout] 
[INFO] [stdout] error[E0706]: functions in traits cannot be declared `async`
[INFO] [stdout]    --> tests/mobc.rs:364:9
[INFO] [stdout]     |
[INFO] [stdout] 364 |         async fn connect(&self) -> Result<Self::Connection, Self::Error> {
[INFO] [stdout]     |         -----^^^^^^^^^^^^^^^^^^^^^^^^^^^^^^^^^^^^^^^^^^^^^^^^^^^^^^^^^^^
[INFO] [stdout]     |         |
[INFO] [stdout]     |         `async` because of this
[INFO] [stdout]     |
[INFO] [stdout]     = note: `async` trait functions are not currently supported
[INFO] [stdout]     = note: consider using the `async-trait` crate: https://crates.io/crates/async-trait
[INFO] [stdout]     = note: see issue #91611 <https://github.com/rust-lang/rust/issues/91611> for more information
[INFO] [stdout] 
[INFO] [stdout] 
[INFO] [stdout] error[E0706]: functions in traits cannot be declared `async`
[INFO] [stdout]    --> tests/mobc.rs:368:9
[INFO] [stdout]     |
[INFO] [stdout] 368 |         async fn check(&self, conn: Self::Connection) -> Result<Self::Connection, Self::Error> {
[INFO] [stdout]     |         -----^^^^^^^^^^^^^^^^^^^^^^^^^^^^^^^^^^^^^^^^^^^^^^^^^^^^^^^^^^^^^^^^^^^^^^^^^^^^^^^^^
[INFO] [stdout]     |         |
[INFO] [stdout]     |         `async` because of this
[INFO] [stdout]     |
[INFO] [stdout]     = note: `async` trait functions are not currently supported
[INFO] [stdout]     = note: consider using the `async-trait` crate: https://crates.io/crates/async-trait
[INFO] [stdout]     = note: see issue #91611 <https://github.com/rust-lang/rust/issues/91611> for more information
[INFO] [stdout] 
[INFO] [stdout] 
[INFO] [stdout] error[E0706]: functions in traits cannot be declared `async`
[INFO] [stdout]    --> tests/mobc.rs:456:9
[INFO] [stdout]     |
[INFO] [stdout] 456 |         async fn connect(&self) -> Result<Self::Connection, Self::Error> {
[INFO] [stdout]     |         -----^^^^^^^^^^^^^^^^^^^^^^^^^^^^^^^^^^^^^^^^^^^^^^^^^^^^^^^^^^^
[INFO] [stdout]     |         |
[INFO] [stdout]     |         `async` because of this
[INFO] [stdout]     |
[INFO] [stdout]     = note: `async` trait functions are not currently supported
[INFO] [stdout]     = note: consider using the `async-trait` crate: https://crates.io/crates/async-trait
[INFO] [stdout]     = note: see issue #91611 <https://github.com/rust-lang/rust/issues/91611> for more information
[INFO] [stdout] 
[INFO] [stdout] 
[INFO] [stdout] error[E0706]: functions in traits cannot be declared `async`
[INFO] [stdout]    --> tests/mobc.rs:464:9
[INFO] [stdout]     |
[INFO] [stdout] 464 |         async fn check(&self, conn: Self::Connection) -> Result<Self::Connection, Self::Error> {
[INFO] [stdout]     |         -----^^^^^^^^^^^^^^^^^^^^^^^^^^^^^^^^^^^^^^^^^^^^^^^^^^^^^^^^^^^^^^^^^^^^^^^^^^^^^^^^^
[INFO] [stdout]     |         |
[INFO] [stdout]     |         `async` because of this
[INFO] [stdout]     |
[INFO] [stdout]     = note: `async` trait functions are not currently supported
[INFO] [stdout]     = note: consider using the `async-trait` crate: https://crates.io/crates/async-trait
[INFO] [stdout]     = note: see issue #91611 <https://github.com/rust-lang/rust/issues/91611> for more information
[INFO] [stdout] 
[INFO] [stdout] 
[INFO] [stdout] error[E0706]: functions in traits cannot be declared `async`
[INFO] [stdout]    --> tests/mobc.rs:512:9
[INFO] [stdout]     |
[INFO] [stdout] 512 |         async fn connect(&self) -> Result<Self::Connection, Self::Error> {
[INFO] [stdout]     |         -----^^^^^^^^^^^^^^^^^^^^^^^^^^^^^^^^^^^^^^^^^^^^^^^^^^^^^^^^^^^
[INFO] [stdout]     |         |
[INFO] [stdout]     |         `async` because of this
[INFO] [stdout]     |
[INFO] [stdout]     = note: `async` trait functions are not currently supported
[INFO] [stdout]     = note: consider using the `async-trait` crate: https://crates.io/crates/async-trait
[INFO] [stdout]     = note: see issue #91611 <https://github.com/rust-lang/rust/issues/91611> for more information
[INFO] [stdout] 
[INFO] [stdout] 
[INFO] [stdout] error[E0706]: functions in traits cannot be declared `async`
[INFO] [stdout]    --> tests/mobc.rs:516:9
[INFO] [stdout]     |
[INFO] [stdout] 516 |         async fn check(&self, conn: Self::Connection) -> Result<Self::Connection, Self::Error> {
[INFO] [stdout]     |         -----^^^^^^^^^^^^^^^^^^^^^^^^^^^^^^^^^^^^^^^^^^^^^^^^^^^^^^^^^^^^^^^^^^^^^^^^^^^^^^^^^
[INFO] [stdout]     |         |
[INFO] [stdout]     |         `async` because of this
[INFO] [stdout]     |
[INFO] [stdout]     = note: `async` trait functions are not currently supported
[INFO] [stdout]     = note: consider using the `async-trait` crate: https://crates.io/crates/async-trait
[INFO] [stdout]     = note: see issue #91611 <https://github.com/rust-lang/rust/issues/91611> for more information
[INFO] [stdout] 
[INFO] [stdout] 
[INFO] [stdout] error[E0706]: functions in traits cannot be declared `async`
[INFO] [stdout]    --> tests/mobc.rs:572:9
[INFO] [stdout]     |
[INFO] [stdout] 572 |         async fn connect(&self) -> Result<Self::Connection, Self::Error> {
[INFO] [stdout]     |         -----^^^^^^^^^^^^^^^^^^^^^^^^^^^^^^^^^^^^^^^^^^^^^^^^^^^^^^^^^^^
[INFO] [stdout]     |         |
[INFO] [stdout]     |         `async` because of this
[INFO] [stdout]     |
[INFO] [stdout]     = note: `async` trait functions are not currently supported
[INFO] [stdout]     = note: consider using the `async-trait` crate: https://crates.io/crates/async-trait
[INFO] [stdout]     = note: see issue #91611 <https://github.com/rust-lang/rust/issues/91611> for more information
[INFO] [stdout] 
[INFO] [stdout] 
[INFO] [stdout] error[E0706]: functions in traits cannot be declared `async`
[INFO] [stdout]    --> tests/mobc.rs:580:9
[INFO] [stdout]     |
[INFO] [stdout] 580 |         async fn check(&self, conn: Self::Connection) -> Result<Self::Connection, Self::Error> {
[INFO] [stdout]     |         -----^^^^^^^^^^^^^^^^^^^^^^^^^^^^^^^^^^^^^^^^^^^^^^^^^^^^^^^^^^^^^^^^^^^^^^^^^^^^^^^^^
[INFO] [stdout]     |         |
[INFO] [stdout]     |         `async` because of this
[INFO] [stdout]     |
[INFO] [stdout]     = note: `async` trait functions are not currently supported
[INFO] [stdout]     = note: consider using the `async-trait` crate: https://crates.io/crates/async-trait
[INFO] [stdout]     = note: see issue #91611 <https://github.com/rust-lang/rust/issues/91611> for more information
[INFO] [stdout] 
[INFO] [stdout] 
[INFO] [stdout] error[E0706]: functions in traits cannot be declared `async`
[INFO] [stdout]    --> tests/mobc.rs:641:9
[INFO] [stdout]     |
[INFO] [stdout] 641 |         async fn connect(&self) -> Result<Self::Connection, Self::Error> {
[INFO] [stdout]     |         -----^^^^^^^^^^^^^^^^^^^^^^^^^^^^^^^^^^^^^^^^^^^^^^^^^^^^^^^^^^^
[INFO] [stdout]     |         |
[INFO] [stdout]     |         `async` because of this
[INFO] [stdout]     |
[INFO] [stdout]     = note: `async` trait functions are not currently supported
[INFO] [stdout]     = note: consider using the `async-trait` crate: https://crates.io/crates/async-trait
[INFO] [stdout]     = note: see issue #91611 <https://github.com/rust-lang/rust/issues/91611> for more information
[INFO] [stdout] 
[INFO] [stdout] 
[INFO] [stdout] error[E0706]: functions in traits cannot be declared `async`
[INFO] [stdout]    --> tests/mobc.rs:645:9
[INFO] [stdout]     |
[INFO] [stdout] 645 |         async fn check(&self, conn: Self::Connection) -> Result<Self::Connection, Self::Error> {
[INFO] [stdout]     |         -----^^^^^^^^^^^^^^^^^^^^^^^^^^^^^^^^^^^^^^^^^^^^^^^^^^^^^^^^^^^^^^^^^^^^^^^^^^^^^^^^^
[INFO] [stdout]     |         |
[INFO] [stdout]     |         `async` because of this
[INFO] [stdout]     |
[INFO] [stdout]     = note: `async` trait functions are not currently supported
[INFO] [stdout]     = note: consider using the `async-trait` crate: https://crates.io/crates/async-trait
[INFO] [stdout]     = note: see issue #91611 <https://github.com/rust-lang/rust/issues/91611> for more information
[INFO] [stdout] 
[INFO] [stdout] 
[INFO] [stdout] error[E0706]: functions in traits cannot be declared `async`
[INFO] [stdout]    --> tests/mobc.rs:707:9
[INFO] [stdout]     |
[INFO] [stdout] 707 |         async fn connect(&self) -> Result<Self::Connection, Self::Error> {
[INFO] [stdout]     |         -----^^^^^^^^^^^^^^^^^^^^^^^^^^^^^^^^^^^^^^^^^^^^^^^^^^^^^^^^^^^
[INFO] [stdout]     |         |
[INFO] [stdout]     |         `async` because of this
[INFO] [stdout]     |
[INFO] [stdout]     = note: `async` trait functions are not currently supported
[INFO] [stdout]     = note: consider using the `async-trait` crate: https://crates.io/crates/async-trait
[INFO] [stdout]     = note: see issue #91611 <https://github.com/rust-lang/rust/issues/91611> for more information
[INFO] [stdout] 
[INFO] [stdout] 
[INFO] [stdout] error[E0706]: functions in traits cannot be declared `async`
[INFO] [stdout]    --> tests/mobc.rs:711:9
[INFO] [stdout]     |
[INFO] [stdout] 711 |         async fn check(&self, conn: Self::Connection) -> Result<Self::Connection, Self::Error> {
[INFO] [stdout]     |         -----^^^^^^^^^^^^^^^^^^^^^^^^^^^^^^^^^^^^^^^^^^^^^^^^^^^^^^^^^^^^^^^^^^^^^^^^^^^^^^^^^
[INFO] [stdout]     |         |
[INFO] [stdout]     |         `async` because of this
[INFO] [stdout]     |
[INFO] [stdout]     = note: `async` trait functions are not currently supported
[INFO] [stdout]     = note: consider using the `async-trait` crate: https://crates.io/crates/async-trait
[INFO] [stdout]     = note: see issue #91611 <https://github.com/rust-lang/rust/issues/91611> for more information
[INFO] [stdout] 
[INFO] [stdout] 
[INFO] [stdout] error[E0706]: functions in traits cannot be declared `async`
[INFO] [stdout]    --> tests/mobc.rs:777:9
[INFO] [stdout]     |
[INFO] [stdout] 777 |         async fn connect(&self) -> Result<Self::Connection, Self::Error> {
[INFO] [stdout]     |         -----^^^^^^^^^^^^^^^^^^^^^^^^^^^^^^^^^^^^^^^^^^^^^^^^^^^^^^^^^^^
[INFO] [stdout]     |         |
[INFO] [stdout]     |         `async` because of this
[INFO] [stdout]     |
[INFO] [stdout]     = note: `async` trait functions are not currently supported
[INFO] [stdout]     = note: consider using the `async-trait` crate: https://crates.io/crates/async-trait
[INFO] [stdout]     = note: see issue #91611 <https://github.com/rust-lang/rust/issues/91611> for more information
[INFO] [stdout] 
[INFO] [stdout] 
[INFO] [stdout] error[E0706]: functions in traits cannot be declared `async`
[INFO] [stdout]    --> tests/mobc.rs:781:9
[INFO] [stdout]     |
[INFO] [stdout] 781 |         async fn check(&self, conn: Self::Connection) -> Result<Self::Connection, Self::Error> {
[INFO] [stdout]     |         -----^^^^^^^^^^^^^^^^^^^^^^^^^^^^^^^^^^^^^^^^^^^^^^^^^^^^^^^^^^^^^^^^^^^^^^^^^^^^^^^^^
[INFO] [stdout]     |         |
[INFO] [stdout]     |         `async` because of this
[INFO] [stdout]     |
[INFO] [stdout]     = note: `async` trait functions are not currently supported
[INFO] [stdout]     = note: consider using the `async-trait` crate: https://crates.io/crates/async-trait
[INFO] [stdout]     = note: see issue #91611 <https://github.com/rust-lang/rust/issues/91611> for more information
[INFO] [stdout] 
[INFO] [stdout] 
[INFO] [stdout] error[E0706]: functions in traits cannot be declared `async`
[INFO] [stdout]    --> tests/mobc.rs:825:9
[INFO] [stdout]     |
[INFO] [stdout] 825 |         async fn connect(&self) -> Result<Self::Connection, Self::Error> {
[INFO] [stdout]     |         -----^^^^^^^^^^^^^^^^^^^^^^^^^^^^^^^^^^^^^^^^^^^^^^^^^^^^^^^^^^^
[INFO] [stdout]     |         |
[INFO] [stdout]     |         `async` because of this
[INFO] [stdout]     |
[INFO] [stdout]     = note: `async` trait functions are not currently supported
[INFO] [stdout]     = note: consider using the `async-trait` crate: https://crates.io/crates/async-trait
[INFO] [stdout]     = note: see issue #91611 <https://github.com/rust-lang/rust/issues/91611> for more information
[INFO] [stdout] 
[INFO] [stdout] 
[INFO] [stdout] error[E0706]: functions in traits cannot be declared `async`
[INFO] [stdout]    --> tests/mobc.rs:829:9
[INFO] [stdout]     |
[INFO] [stdout] 829 |         async fn check(&self, conn: Self::Connection) -> Result<Self::Connection, Self::Error> {
[INFO] [stdout]     |         -----^^^^^^^^^^^^^^^^^^^^^^^^^^^^^^^^^^^^^^^^^^^^^^^^^^^^^^^^^^^^^^^^^^^^^^^^^^^^^^^^^
[INFO] [stdout]     |         |
[INFO] [stdout]     |         `async` because of this
[INFO] [stdout]     |
[INFO] [stdout]     = note: `async` trait functions are not currently supported
[INFO] [stdout]     = note: consider using the `async-trait` crate: https://crates.io/crates/async-trait
[INFO] [stdout]     = note: see issue #91611 <https://github.com/rust-lang/rust/issues/91611> for more information
[INFO] [stdout] 
[INFO] [stdout] 
[INFO] [stdout] error[E0706]: functions in traits cannot be declared `async`
[INFO] [stdout]    --> tests/mobc.rs:893:9
[INFO] [stdout]     |
[INFO] [stdout] 893 |         async fn connect(&self) -> Result<Self::Connection, Self::Error> {
[INFO] [stdout]     |         -----^^^^^^^^^^^^^^^^^^^^^^^^^^^^^^^^^^^^^^^^^^^^^^^^^^^^^^^^^^^
[INFO] [stdout]     |         |
[INFO] [stdout]     |         `async` because of this
[INFO] [stdout]     |
[INFO] [stdout]     = note: `async` trait functions are not currently supported
[INFO] [stdout]     = note: consider using the `async-trait` crate: https://crates.io/crates/async-trait
[INFO] [stdout]     = note: see issue #91611 <https://github.com/rust-lang/rust/issues/91611> for more information
[INFO] [stdout] 
[INFO] [stdout] 
[INFO] [stdout] error[E0706]: functions in traits cannot be declared `async`
[INFO] [stdout]    --> tests/mobc.rs:897:9
[INFO] [stdout]     |
[INFO] [stdout] 897 |         async fn check(&self, conn: Self::Connection) -> Result<Self::Connection, Self::Error> {
[INFO] [stdout]     |         -----^^^^^^^^^^^^^^^^^^^^^^^^^^^^^^^^^^^^^^^^^^^^^^^^^^^^^^^^^^^^^^^^^^^^^^^^^^^^^^^^^
[INFO] [stdout]     |         |
[INFO] [stdout]     |         `async` because of this
[INFO] [stdout]     |
[INFO] [stdout]     = note: `async` trait functions are not currently supported
[INFO] [stdout]     = note: consider using the `async-trait` crate: https://crates.io/crates/async-trait
[INFO] [stdout]     = note: see issue #91611 <https://github.com/rust-lang/rust/issues/91611> for more information
[INFO] [stdout] 
[INFO] [stdout] 
[INFO] [stdout] error[E0706]: functions in traits cannot be declared `async`
[INFO] [stdout]    --> tests/mobc.rs:966:9
[INFO] [stdout]     |
[INFO] [stdout] 966 |         async fn connect(&self) -> Result<Self::Connection, Self::Error> {
[INFO] [stdout]     |         -----^^^^^^^^^^^^^^^^^^^^^^^^^^^^^^^^^^^^^^^^^^^^^^^^^^^^^^^^^^^
[INFO] [stdout]     |         |
[INFO] [stdout]     |         `async` because of this
[INFO] [stdout]     |
[INFO] [stdout]     = note: `async` trait functions are not currently supported
[INFO] [stdout]     = note: consider using the `async-trait` crate: https://crates.io/crates/async-trait
[INFO] [stdout]     = note: see issue #91611 <https://github.com/rust-lang/rust/issues/91611> for more information
[INFO] [stdout] 
[INFO] [stdout] 
[INFO] [stdout] error[E0706]: functions in traits cannot be declared `async`
[INFO] [stdout]    --> tests/mobc.rs:970:9
[INFO] [stdout]     |
[INFO] [stdout] 970 |         async fn check(&self, conn: Self::Connection) -> Result<Self::Connection, Self::Error> {
[INFO] [stdout]     |         -----^^^^^^^^^^^^^^^^^^^^^^^^^^^^^^^^^^^^^^^^^^^^^^^^^^^^^^^^^^^^^^^^^^^^^^^^^^^^^^^^^
[INFO] [stdout]     |         |
[INFO] [stdout]     |         `async` because of this
[INFO] [stdout]     |
[INFO] [stdout]     = note: `async` trait functions are not currently supported
[INFO] [stdout]     = note: consider using the `async-trait` crate: https://crates.io/crates/async-trait
[INFO] [stdout]     = note: see issue #91611 <https://github.com/rust-lang/rust/issues/91611> for more information
[INFO] [stdout] 
[INFO] [stdout] 
[INFO] [stdout] error[E0706]: functions in traits cannot be declared `async`
[INFO] [stdout]     --> tests/mobc.rs:1012:9
[INFO] [stdout]      |
[INFO] [stdout] 1012 |         async fn connect(&self) -> Result<Self::Connection, Self::Error> {
[INFO] [stdout]      |         -----^^^^^^^^^^^^^^^^^^^^^^^^^^^^^^^^^^^^^^^^^^^^^^^^^^^^^^^^^^^
[INFO] [stdout]      |         |
[INFO] [stdout]      |         `async` because of this
[INFO] [stdout]      |
[INFO] [stdout]      = note: `async` trait functions are not currently supported
[INFO] [stdout]      = note: consider using the `async-trait` crate: https://crates.io/crates/async-trait
[INFO] [stdout]      = note: see issue #91611 <https://github.com/rust-lang/rust/issues/91611> for more information
[INFO] [stdout] 
[INFO] [stdout] 
[INFO] [stdout] error[E0706]: functions in traits cannot be declared `async`
[INFO] [stdout]     --> tests/mobc.rs:1017:9
[INFO] [stdout]      |
[INFO] [stdout] 1017 |         async fn check(&self, conn: Self::Connection) -> Result<Self::Connection, Self::Error> {
[INFO] [stdout]      |         -----^^^^^^^^^^^^^^^^^^^^^^^^^^^^^^^^^^^^^^^^^^^^^^^^^^^^^^^^^^^^^^^^^^^^^^^^^^^^^^^^^
[INFO] [stdout]      |         |
[INFO] [stdout]      |         `async` because of this
[INFO] [stdout]      |
[INFO] [stdout]      = note: `async` trait functions are not currently supported
[INFO] [stdout]      = note: consider using the `async-trait` crate: https://crates.io/crates/async-trait
[INFO] [stdout]      = note: see issue #91611 <https://github.com/rust-lang/rust/issues/91611> for more information
[INFO] [stdout] 
[INFO] [stdout] 
[INFO] [stdout] error[E0706]: functions in traits cannot be declared `async`
[INFO] [stdout]     --> tests/mobc.rs:1051:9
[INFO] [stdout]      |
[INFO] [stdout] 1051 |         async fn connect(&self) -> Result<Self::Connection, Self::Error> {
[INFO] [stdout]      |         -----^^^^^^^^^^^^^^^^^^^^^^^^^^^^^^^^^^^^^^^^^^^^^^^^^^^^^^^^^^^
[INFO] [stdout]      |         |
[INFO] [stdout]      |         `async` because of this
[INFO] [stdout]      |
[INFO] [stdout]      = note: `async` trait functions are not currently supported
[INFO] [stdout]      = note: consider using the `async-trait` crate: https://crates.io/crates/async-trait
[INFO] [stdout]      = note: see issue #91611 <https://github.com/rust-lang/rust/issues/91611> for more information
[INFO] [stdout] 
[INFO] [stdout] 
[INFO] [stdout] error[E0706]: functions in traits cannot be declared `async`
[INFO] [stdout]     --> tests/mobc.rs:1060:9
[INFO] [stdout]      |
[INFO] [stdout] 1060 |         async fn check(&self, conn: Self::Connection) -> Result<Self::Connection, Self::Error> {
[INFO] [stdout]      |         -----^^^^^^^^^^^^^^^^^^^^^^^^^^^^^^^^^^^^^^^^^^^^^^^^^^^^^^^^^^^^^^^^^^^^^^^^^^^^^^^^^
[INFO] [stdout]      |         |
[INFO] [stdout]      |         `async` because of this
[INFO] [stdout]      |
[INFO] [stdout]      = note: `async` trait functions are not currently supported
[INFO] [stdout]      = note: consider using the `async-trait` crate: https://crates.io/crates/async-trait
[INFO] [stdout]      = note: see issue #91611 <https://github.com/rust-lang/rust/issues/91611> for more information
[INFO] [stdout] 
[INFO] [stdout] 
[INFO] [stdout] error[E0432]: unresolved import `mobc`
[INFO] [stdout]  --> examples/foo_db.rs:4:5
[INFO] [stdout]   |
[INFO] [stdout] 4 | use mobc::Pool;
[INFO] [stdout]   |     ^^^^ use of undeclared crate or module `mobc`
[INFO] [stdout] 
[INFO] [stdout] 
[INFO] [stdout] error[E0432]: unresolved import `mobc`
[INFO] [stdout]  --> examples/foodb/mod.rs:1:5
[INFO] [stdout]   |
[INFO] [stdout] 1 | use mobc::{async_trait, Manager};
[INFO] [stdout]   |     ^^^^ use of undeclared crate or module `mobc`
[INFO] [stdout] 
[INFO] [stdout] 
[INFO] [stdout] error: cannot determine resolution for the attribute macro `async_trait`
[INFO] [stdout]   --> examples/foodb/mod.rs:16:3
[INFO] [stdout]    |
[INFO] [stdout] 16 | #[async_trait]
[INFO] [stdout]    |   ^^^^^^^^^^^
[INFO] [stdout]    |
[INFO] [stdout]    = note: import resolution is stuck, try simplifying macro imports
[INFO] [stdout] 
[INFO] [stdout] 
[INFO] [stdout] error[E0706]: functions in traits cannot be declared `async`
[INFO] [stdout]   --> examples/foodb/mod.rs:21:5
[INFO] [stdout]    |
[INFO] [stdout] 21 |     async fn connect(&self) -> Result<Self::Connection, Self::Error> {
[INFO] [stdout]    |     -----^^^^^^^^^^^^^^^^^^^^^^^^^^^^^^^^^^^^^^^^^^^^^^^^^^^^^^^^^^^
[INFO] [stdout]    |     |
[INFO] [stdout]    |     `async` because of this
[INFO] [stdout]    |
[INFO] [stdout]    = note: `async` trait functions are not currently supported
[INFO] [stdout]    = note: consider using the `async-trait` crate: https://crates.io/crates/async-trait
[INFO] [stdout]    = note: see issue #91611 <https://github.com/rust-lang/rust/issues/91611> for more information
[INFO] [stdout] 
[INFO] [stdout] 
[INFO] [stdout] error[E0706]: functions in traits cannot be declared `async`
[INFO] [stdout]   --> examples/foodb/mod.rs:25:5
[INFO] [stdout]    |
[INFO] [stdout] 25 |     async fn check(&self, conn: Self::Connection) -> Result<Self::Connection, Self::Error> {
[INFO] [stdout]    |     -----^^^^^^^^^^^^^^^^^^^^^^^^^^^^^^^^^^^^^^^^^^^^^^^^^^^^^^^^^^^^^^^^^^^^^^^^^^^^^^^^^
[INFO] [stdout]    |     |
[INFO] [stdout]    |     `async` because of this
[INFO] [stdout]    |
[INFO] [stdout]    = note: `async` trait functions are not currently supported
[INFO] [stdout]    = note: consider using the `async-trait` crate: https://crates.io/crates/async-trait
[INFO] [stdout]    = note: see issue #91611 <https://github.com/rust-lang/rust/issues/91611> for more information
[INFO] [stdout] 
[INFO] [stdout] 
[INFO] [stdout] error: aborting due to 5 previous errors
[INFO] [stdout] 
[INFO] [stdout] 
[INFO] [stderr] error: could not compile `mobc-forked` (test "mobc") due to 61 previous errors
[INFO] [stdout] error: aborting due to 60 previous errors
[INFO] [stdout] 
[INFO] [stdout] 
[INFO] [stderr] warning: build failed, waiting for other jobs to finish...
[INFO] [stdout] Some errors have detailed explanations: E0432, E0433, E0706.
[INFO] [stdout] 
[INFO] [stdout] Some errors have detailed explanations: E0432, E0706.
[INFO] [stdout] 
[INFO] [stdout] For more information about an error, try `rustc --explain E0432`.
[INFO] [stdout] 
[INFO] [stdout] For more information about an error, try `rustc --explain E0432`.
[INFO] [stdout] 
[INFO] [stderr] error: could not compile `mobc-forked` (example "foo_db") due to 6 previous errors
[INFO] running `Command { std: "docker" "inspect" "94527acd5baf3ede6d5193c726d8d5c127a1943b23906d64cbc731805cb1c033", kill_on_drop: false }`
[INFO] running `Command { std: "docker" "rm" "-f" "94527acd5baf3ede6d5193c726d8d5c127a1943b23906d64cbc731805cb1c033", kill_on_drop: false }`
[INFO] [stdout] 94527acd5baf3ede6d5193c726d8d5c127a1943b23906d64cbc731805cb1c033
