[INFO] fetching crate minidumper 0.8.0...
[INFO] testing minidumper-0.8.0 against 1.69.0 for beta-1.70-1
[INFO] extracting crate minidumper 0.8.0 into /workspace/builds/worker-0-tc1/source
[INFO] validating manifest of crates.io crate minidumper 0.8.0 on toolchain 1.69.0
[INFO] running `Command { std: CARGO_HOME="/workspace/cargo-home" RUSTUP_HOME="/workspace/rustup-home" "/workspace/cargo-home/bin/cargo" "+1.69.0" "metadata" "--manifest-path" "Cargo.toml" "--no-deps", kill_on_drop: false }`
[INFO] started tweaking crates.io crate minidumper 0.8.0
[INFO] finished tweaking crates.io crate minidumper 0.8.0
[INFO] tweaked toml for crates.io crate minidumper 0.8.0 written to /workspace/builds/worker-0-tc1/source/Cargo.toml
[INFO] crate crates.io crate minidumper 0.8.0 already has a lockfile, it will not be regenerated
[INFO] running `Command { std: CARGO_HOME="/workspace/cargo-home" RUSTUP_HOME="/workspace/rustup-home" "/workspace/cargo-home/bin/cargo" "+1.69.0" "fetch" "--manifest-path" "Cargo.toml", kill_on_drop: false }`
[INFO] [stderr]  Downloading crates ...
[INFO] [stderr]   Downloaded debugid v0.8.0
[INFO] [stderr]   Downloaded rustix v0.37.6
[INFO] [stderr]   Downloaded crash-context v0.6.0
[INFO] [stderr]   Downloaded goblin v0.6.1
[INFO] [stderr]   Downloaded range-map v0.2.0
[INFO] [stderr]   Downloaded minidump-common v0.15.2
[INFO] [stderr]   Downloaded minidump-writer v0.8.0
[INFO] [stderr]   Downloaded polling v2.6.0
[INFO] [stderr]   Downloaded uds v0.2.6
[INFO] running `Command { std: "docker" "create" "-v" "/var/lib/crater-agent-workspace/builds/worker-0-tc1/target:/opt/rustwide/target:rw,Z" "-v" "/var/lib/crater-agent-workspace/builds/worker-0-tc1/source:/opt/rustwide/workdir:ro,Z" "-v" "/var/lib/crater-agent-workspace/cargo-home:/opt/rustwide/cargo-home:ro,Z" "-v" "/var/lib/crater-agent-workspace/rustup-home:/opt/rustwide/rustup-home:ro,Z" "-e" "SOURCE_DIR=/opt/rustwide/workdir" "-e" "CARGO_TARGET_DIR=/opt/rustwide/target" "-e" "CARGO_HOME=/opt/rustwide/cargo-home" "-e" "RUSTUP_HOME=/opt/rustwide/rustup-home" "-w" "/opt/rustwide/workdir" "-m" "1610612736" "--user" "0:0" "--network" "none" "ghcr.io/rust-lang/crates-build-env/linux@sha256:5ff2268d62e97bff2cde7d5815dd6ed5b47097566f13b8d0ca110b04b60e07ed" "/opt/rustwide/cargo-home/bin/cargo" "+1.69.0" "metadata" "--no-deps" "--format-version=1", kill_on_drop: false }`
[INFO] [stdout] cdc4cc385f438cb169e58ba3b1b678a91f2448e9a37e7f0cf58bec0f56c32f27
[INFO] running `Command { std: "docker" "start" "-a" "cdc4cc385f438cb169e58ba3b1b678a91f2448e9a37e7f0cf58bec0f56c32f27", kill_on_drop: false }`
[INFO] running `Command { std: "docker" "inspect" "cdc4cc385f438cb169e58ba3b1b678a91f2448e9a37e7f0cf58bec0f56c32f27", kill_on_drop: false }`
[INFO] running `Command { std: "docker" "rm" "-f" "cdc4cc385f438cb169e58ba3b1b678a91f2448e9a37e7f0cf58bec0f56c32f27", kill_on_drop: false }`
[INFO] [stdout] cdc4cc385f438cb169e58ba3b1b678a91f2448e9a37e7f0cf58bec0f56c32f27
[INFO] running `Command { std: "docker" "create" "-v" "/var/lib/crater-agent-workspace/builds/worker-0-tc1/target:/opt/rustwide/target:rw,Z" "-v" "/var/lib/crater-agent-workspace/builds/worker-0-tc1/source:/opt/rustwide/workdir:ro,Z" "-v" "/var/lib/crater-agent-workspace/cargo-home:/opt/rustwide/cargo-home:ro,Z" "-v" "/var/lib/crater-agent-workspace/rustup-home:/opt/rustwide/rustup-home:ro,Z" "-e" "SOURCE_DIR=/opt/rustwide/workdir" "-e" "CARGO_TARGET_DIR=/opt/rustwide/target" "-e" "CARGO_INCREMENTAL=0" "-e" "RUST_BACKTRACE=full" "-e" "RUSTFLAGS=--cap-lints=warn" "-e" "RUSTDOCFLAGS=--cap-lints=warn" "-e" "CARGO_HOME=/opt/rustwide/cargo-home" "-e" "RUSTUP_HOME=/opt/rustwide/rustup-home" "-w" "/opt/rustwide/workdir" "-m" "1610612736" "--user" "0:0" "--network" "none" "ghcr.io/rust-lang/crates-build-env/linux@sha256:5ff2268d62e97bff2cde7d5815dd6ed5b47097566f13b8d0ca110b04b60e07ed" "/opt/rustwide/cargo-home/bin/cargo" "+1.69.0" "build" "--frozen" "--message-format=json", kill_on_drop: false }`
[INFO] [stdout] cd1f3ea99e3e07e74835e51d4debd3fdde6f2ee71e5404b6395d3f1f41fbe227
[INFO] running `Command { std: "docker" "start" "-a" "cd1f3ea99e3e07e74835e51d4debd3fdde6f2ee71e5404b6395d3f1f41fbe227", kill_on_drop: false }`
[INFO] [stderr]    Compiling autocfg v1.1.0
[INFO] [stderr]    Compiling libc v0.2.140
[INFO] [stderr]    Compiling proc-macro2 v1.0.56
[INFO] [stderr]    Compiling quote v1.0.26
[INFO] [stderr]    Compiling unicode-ident v1.0.8
[INFO] [stderr]    Compiling syn v1.0.109
[INFO] [stderr]    Compiling log v0.4.17
[INFO] [stderr]    Compiling bitflags v1.3.2
[INFO] [stderr]    Compiling io-lifetimes v1.0.9
[INFO] [stderr]    Compiling rustix v0.37.6
[INFO] [stderr]    Compiling linux-raw-sys v0.3.1
[INFO] [stderr]    Compiling thiserror v1.0.40
[INFO] [stderr]    Compiling parking_lot_core v0.9.7
[INFO] [stderr]    Compiling plain v0.2.3
[INFO] [stderr]    Compiling minidump-writer v0.8.0
[INFO] [stderr]    Compiling static_assertions v1.1.0
[INFO] [stderr]    Compiling fastrand v1.9.0
[INFO] [stderr]    Compiling smallvec v1.10.0
[INFO] [stderr]    Compiling byteorder v1.4.3
[INFO] [stderr]    Compiling num-traits v0.2.15
[INFO] [stderr]    Compiling memoffset v0.8.0
[INFO] [stderr]    Compiling lock_api v0.4.9
[INFO] [stderr]    Compiling polling v2.6.0
[INFO] [stderr]    Compiling syn v2.0.13
[INFO] [stderr]    Compiling getrandom v0.2.8
[INFO] [stderr]    Compiling memmap2 v0.5.10
[INFO] [stderr]    Compiling crash-context v0.6.0
[INFO] [stderr]    Compiling nix v0.26.2
[INFO] [stderr]    Compiling uds v0.2.6
[INFO] [stderr]    Compiling uuid v1.3.0
[INFO] [stderr]    Compiling parking_lot v0.12.1
[INFO] [stderr]    Compiling range-map v0.2.0
[INFO] [stderr]    Compiling debugid v0.8.0
[INFO] [stderr]    Compiling thiserror-impl v1.0.40
[INFO] [stderr]    Compiling tempfile v3.5.0
[INFO] [stderr]    Compiling scroll_derive v0.11.0
[INFO] [stderr]    Compiling enum-primitive-derive v0.2.2
[INFO] [stderr]    Compiling smart-default v0.6.0
[INFO] [stderr]    Compiling scroll v0.11.0
[INFO] [stderr]    Compiling goblin v0.6.1
[INFO] [stderr]    Compiling minidump-common v0.15.2
[INFO] [stderr]    Compiling minidumper v0.8.0 (/opt/rustwide/workdir)
[INFO] [stderr]     Finished dev [unoptimized + debuginfo] target(s) in 14.78s
[INFO] running `Command { std: "docker" "inspect" "cd1f3ea99e3e07e74835e51d4debd3fdde6f2ee71e5404b6395d3f1f41fbe227", kill_on_drop: false }`
[INFO] running `Command { std: "docker" "rm" "-f" "cd1f3ea99e3e07e74835e51d4debd3fdde6f2ee71e5404b6395d3f1f41fbe227", kill_on_drop: false }`
[INFO] [stdout] cd1f3ea99e3e07e74835e51d4debd3fdde6f2ee71e5404b6395d3f1f41fbe227
[INFO] running `Command { std: "docker" "create" "-v" "/var/lib/crater-agent-workspace/builds/worker-0-tc1/target:/opt/rustwide/target:rw,Z" "-v" "/var/lib/crater-agent-workspace/builds/worker-0-tc1/source:/opt/rustwide/workdir:ro,Z" "-v" "/var/lib/crater-agent-workspace/cargo-home:/opt/rustwide/cargo-home:ro,Z" "-v" "/var/lib/crater-agent-workspace/rustup-home:/opt/rustwide/rustup-home:ro,Z" "-e" "SOURCE_DIR=/opt/rustwide/workdir" "-e" "CARGO_TARGET_DIR=/opt/rustwide/target" "-e" "CARGO_INCREMENTAL=0" "-e" "RUST_BACKTRACE=full" "-e" "RUSTFLAGS=--cap-lints=warn" "-e" "RUSTDOCFLAGS=--cap-lints=warn" "-e" "CARGO_HOME=/opt/rustwide/cargo-home" "-e" "RUSTUP_HOME=/opt/rustwide/rustup-home" "-w" "/opt/rustwide/workdir" "-m" "1610612736" "--user" "0:0" "--network" "none" "ghcr.io/rust-lang/crates-build-env/linux@sha256:5ff2268d62e97bff2cde7d5815dd6ed5b47097566f13b8d0ca110b04b60e07ed" "/opt/rustwide/cargo-home/bin/cargo" "+1.69.0" "test" "--frozen" "--no-run" "--message-format=json", kill_on_drop: false }`
[INFO] [stdout] ae1518d6d951f31ad6cbb4898ace397bd724f54ada2de78199dda7424673bc3c
[INFO] running `Command { std: "docker" "start" "-a" "ae1518d6d951f31ad6cbb4898ace397bd724f54ada2de78199dda7424673bc3c", kill_on_drop: false }`
[INFO] [stderr]    Compiling memchr v2.5.0
[INFO] [stderr]    Compiling regex-syntax v0.6.29
[INFO] [stderr]    Compiling quick-error v1.2.3
[INFO] [stderr]    Compiling atty v0.2.14
[INFO] [stderr]    Compiling termcolor v1.2.0
[INFO] [stderr]    Compiling humantime v1.3.0
[INFO] [stderr]    Compiling aho-corasick v0.7.20
[INFO] [stderr]    Compiling regex v1.7.3
[INFO] [stderr]    Compiling env_logger v0.7.1
[INFO] [stderr]    Compiling pretty_env_logger v0.4.0
[INFO] [stderr]    Compiling minidumper v0.8.0 (/opt/rustwide/workdir)
[INFO] [stdout] error[E0433]: failed to resolve: use of undeclared crate or module `crash_handler`
[INFO] [stdout]   --> examples/diskwrite.rs:94:19
[INFO] [stdout]    |
[INFO] [stdout] 94 |     let handler = crash_handler::CrashHandler::attach(unsafe {
[INFO] [stdout]    |                   ^^^^^^^^^^^^^ use of undeclared crate or module `crash_handler`
[INFO] [stdout] 
[INFO] [stdout] 
[INFO] [stdout] error[E0433]: failed to resolve: use of undeclared crate or module `crash_handler`
[INFO] [stdout]   --> examples/diskwrite.rs:95:63
[INFO] [stdout]    |
[INFO] [stdout] 95 |         crash_handler::make_crash_event(move |crash_context: &crash_handler::CrashContext| {
[INFO] [stdout]    |                                                               ^^^^^^^^^^^^^ use of undeclared crate or module `crash_handler`
[INFO] [stdout] 
[INFO] [stdout] 
[INFO] [stdout] error[E0433]: failed to resolve: use of undeclared crate or module `crash_handler`
[INFO] [stdout]    --> examples/diskwrite.rs:106:13
[INFO] [stdout]     |
[INFO] [stdout] 106 |             crash_handler::CrashEventResult::Handled(client.request_dump(crash_context).is_ok())
[INFO] [stdout]     |             ^^^^^^^^^^^^^ use of undeclared crate or module `crash_handler`
[INFO] [stdout] 
[INFO] [stdout] 
[INFO] [stdout] error[E0433]: failed to resolve: use of undeclared crate or module `crash_handler`
[INFO] [stdout]    --> examples/diskwrite.rs:120:37
[INFO] [stdout]     |
[INFO] [stdout] 120 |             handler.simulate_signal(crash_handler::Signal::Segv);
[INFO] [stdout]     |                                     ^^^^^^^^^^^^^ use of undeclared crate or module `crash_handler`
[INFO] [stdout] 
[INFO] [stdout] 
[INFO] [stdout] error[E0433]: failed to resolve: use of undeclared crate or module `crash_handler`
[INFO] [stdout]   --> examples/diskwrite.rs:95:9
[INFO] [stdout]    |
[INFO] [stdout] 95 |         crash_handler::make_crash_event(move |crash_context: &crash_handler::CrashContext| {
[INFO] [stdout]    |         ^^^^^^^^^^^^^ use of undeclared crate or module `crash_handler`
[INFO] [stdout] 
[INFO] [stdout] 
[INFO] [stdout] error: aborting due to 5 previous errors
[INFO] [stdout] 
[INFO] [stdout] 
[INFO] [stdout] For more information about this error, try `rustc --explain E0433`.
[INFO] [stdout] 
[INFO] [stderr] error: could not compile `minidumper` due to 6 previous errors
[INFO] [stderr] warning: build failed, waiting for other jobs to finish...
[INFO] running `Command { std: "docker" "inspect" "ae1518d6d951f31ad6cbb4898ace397bd724f54ada2de78199dda7424673bc3c", kill_on_drop: false }`
[INFO] running `Command { std: "docker" "rm" "-f" "ae1518d6d951f31ad6cbb4898ace397bd724f54ada2de78199dda7424673bc3c", kill_on_drop: false }`
[INFO] [stdout] ae1518d6d951f31ad6cbb4898ace397bd724f54ada2de78199dda7424673bc3c
