[INFO] fetching crate minetestworld 0.5.2...
[INFO] testing minetestworld-0.5.2 against beta-2023-04-20 for beta-1.70-1
[INFO] extracting crate minetestworld 0.5.2 into /workspace/builds/worker-4-tc2/source
[INFO] validating manifest of crates.io crate minetestworld 0.5.2 on toolchain beta-2023-04-20
[INFO] running `Command { std: CARGO_HOME="/workspace/cargo-home" RUSTUP_HOME="/workspace/rustup-home" "/workspace/cargo-home/bin/cargo" "+beta-2023-04-20" "metadata" "--manifest-path" "Cargo.toml" "--no-deps", kill_on_drop: false }`
[INFO] started tweaking crates.io crate minetestworld 0.5.2
[INFO] finished tweaking crates.io crate minetestworld 0.5.2
[INFO] tweaked toml for crates.io crate minetestworld 0.5.2 written to /workspace/builds/worker-4-tc2/source/Cargo.toml
[INFO] crate crates.io crate minetestworld 0.5.2 already has a lockfile, it will not be regenerated
[INFO] running `Command { std: CARGO_HOME="/workspace/cargo-home" RUSTUP_HOME="/workspace/rustup-home" "/workspace/cargo-home/bin/cargo" "+beta-2023-04-20" "fetch" "--manifest-path" "Cargo.toml", kill_on_drop: false }`
[INFO] [stderr]     Updating crates.io index
[INFO] [stderr]  Downloading crates ...
[INFO] [stderr]   Downloaded async-native-tls v0.4.0
[INFO] [stderr]   Downloaded ffi-opaque v2.0.1
[INFO] [stderr]   Downloaded sqlx-rt v0.6.2
[INFO] [stderr]   Downloaded async-process v1.5.0
[INFO] [stderr]   Downloaded sqlx-macros v0.6.2
[INFO] [stderr]   Downloaded leveldb-rs v0.0.7
[INFO] [stderr]   Downloaded futures-intrusive v0.4.0
[INFO] [stderr]   Downloaded serde_json v1.0.87
[INFO] [stderr]   Downloaded dotenvy v0.15.6
[INFO] [stderr]   Downloaded crossbeam-queue v0.3.6
[INFO] [stderr]   Downloaded sqlformat v0.2.0
[INFO] [stderr]   Downloaded leveldb-sys v2.0.9
[INFO] [stderr]   Downloaded sqlx v0.6.2
[INFO] [stderr]   Downloaded sqlx-core v0.6.2
[INFO] [stderr]   Downloaded libsqlite3-sys v0.24.2
[INFO] [stderr]   Downloaded zstd-safe v6.0.2+zstd.1.5.2
[INFO] [stderr]   Downloaded zstd v0.12.1+zstd.1.5.2
[INFO] [stderr]   Downloaded whoami v1.2.3
[INFO] [stderr]   Downloaded async-global-executor v2.3.0
[INFO] [stderr]   Downloaded redis v0.22.2
[INFO] running `Command { std: "docker" "create" "-v" "/var/lib/crater-agent-workspace/builds/worker-4-tc2/target:/opt/rustwide/target:rw,Z" "-v" "/var/lib/crater-agent-workspace/builds/worker-4-tc2/source:/opt/rustwide/workdir:ro,Z" "-v" "/var/lib/crater-agent-workspace/cargo-home:/opt/rustwide/cargo-home:ro,Z" "-v" "/var/lib/crater-agent-workspace/rustup-home:/opt/rustwide/rustup-home:ro,Z" "-e" "SOURCE_DIR=/opt/rustwide/workdir" "-e" "CARGO_TARGET_DIR=/opt/rustwide/target" "-e" "CARGO_HOME=/opt/rustwide/cargo-home" "-e" "RUSTUP_HOME=/opt/rustwide/rustup-home" "-w" "/opt/rustwide/workdir" "-m" "1610612736" "--user" "0:0" "--network" "none" "ghcr.io/rust-lang/crates-build-env/linux@sha256:5ff2268d62e97bff2cde7d5815dd6ed5b47097566f13b8d0ca110b04b60e07ed" "/opt/rustwide/cargo-home/bin/cargo" "+beta-2023-04-20" "metadata" "--no-deps" "--format-version=1", kill_on_drop: false }`
[INFO] [stdout] 1e6650f0d819f5f9923eb832145982fcf8bd8db892d41f52f3e9d2cad0d8ad1c
[INFO] running `Command { std: "docker" "start" "-a" "1e6650f0d819f5f9923eb832145982fcf8bd8db892d41f52f3e9d2cad0d8ad1c", kill_on_drop: false }`
[INFO] running `Command { std: "docker" "inspect" "1e6650f0d819f5f9923eb832145982fcf8bd8db892d41f52f3e9d2cad0d8ad1c", kill_on_drop: false }`
[INFO] running `Command { std: "docker" "rm" "-f" "1e6650f0d819f5f9923eb832145982fcf8bd8db892d41f52f3e9d2cad0d8ad1c", kill_on_drop: false }`
[INFO] [stdout] 1e6650f0d819f5f9923eb832145982fcf8bd8db892d41f52f3e9d2cad0d8ad1c
[INFO] running `Command { std: "docker" "create" "-v" "/var/lib/crater-agent-workspace/builds/worker-4-tc2/target:/opt/rustwide/target:rw,Z" "-v" "/var/lib/crater-agent-workspace/builds/worker-4-tc2/source:/opt/rustwide/workdir:ro,Z" "-v" "/var/lib/crater-agent-workspace/cargo-home:/opt/rustwide/cargo-home:ro,Z" "-v" "/var/lib/crater-agent-workspace/rustup-home:/opt/rustwide/rustup-home:ro,Z" "-e" "SOURCE_DIR=/opt/rustwide/workdir" "-e" "CARGO_TARGET_DIR=/opt/rustwide/target" "-e" "CARGO_INCREMENTAL=0" "-e" "RUST_BACKTRACE=full" "-e" "RUSTFLAGS=--cap-lints=warn" "-e" "RUSTDOCFLAGS=--cap-lints=warn" "-e" "CARGO_HOME=/opt/rustwide/cargo-home" "-e" "RUSTUP_HOME=/opt/rustwide/rustup-home" "-w" "/opt/rustwide/workdir" "-m" "1610612736" "--user" "0:0" "--network" "none" "ghcr.io/rust-lang/crates-build-env/linux@sha256:5ff2268d62e97bff2cde7d5815dd6ed5b47097566f13b8d0ca110b04b60e07ed" "/opt/rustwide/cargo-home/bin/cargo" "+beta-2023-04-20" "build" "--frozen" "--message-format=json", kill_on_drop: false }`
[INFO] [stdout] ae00ffd0696a77d92b8936e129f21da2ad48711837348d7e403a4eb2eefcbb9b
[INFO] running `Command { std: "docker" "start" "-a" "ae00ffd0696a77d92b8936e129f21da2ad48711837348d7e403a4eb2eefcbb9b", kill_on_drop: false }`
[INFO] [stderr]    Compiling autocfg v1.1.0
[INFO] [stderr]    Compiling libc v0.2.135
[INFO] [stderr]    Compiling version_check v0.9.4
[INFO] [stderr]    Compiling proc-macro2 v1.0.47
[INFO] [stderr]    Compiling unicode-ident v1.0.5
[INFO] [stderr]    Compiling quote v1.0.21
[INFO] [stderr]    Compiling syn v1.0.103
[INFO] [stderr]    Compiling cfg-if v1.0.0
[INFO] [stderr]    Compiling futures-core v0.3.25
[INFO] [stderr]    Compiling memchr v2.5.0
[INFO] [stderr]    Compiling once_cell v1.15.0
[INFO] [stderr]    Compiling pin-project-lite v0.2.9
[INFO] [stderr]    Compiling value-bag v1.0.0-alpha.9
[INFO] [stderr]    Compiling log v0.4.17
[INFO] [stderr]    Compiling slab v0.4.7
[INFO] [stderr]    Compiling typenum v1.15.0
[INFO] [stderr]    Compiling futures-io v0.3.25
[INFO] [stderr]    Compiling generic-array v0.14.6
[INFO] [stderr]    Compiling pkg-config v0.3.25
[INFO] [stderr]    Compiling pin-utils v0.1.0
[INFO] [stderr]    Compiling futures-task v0.3.25
[INFO] [stderr]    Compiling subtle v2.4.1
[INFO] [stderr]    Compiling cache-padded v1.2.0
[INFO] [stderr]    Compiling jobserver v0.1.25
[INFO] [stderr]    Compiling concurrent-queue v1.2.4
[INFO] [stderr]    Compiling socket2 v0.4.7
[INFO] [stderr]    Compiling waker-fn v1.1.0
[INFO] [stderr]    Compiling cc v1.0.73
[INFO] [stderr]    Compiling parking v2.0.0
[INFO] [stderr]    Compiling fastrand v1.8.0
[INFO] [stderr]    Compiling futures-lite v1.12.0
[INFO] [stderr]    Compiling polling v2.3.0
[INFO] [stderr]    Compiling event-listener v2.5.3
[INFO] [stderr]    Compiling tinyvec_macros v0.1.0
[INFO] [stderr]    Compiling tinyvec v1.6.0
[INFO] [stderr]    Compiling async-io v1.9.0
[INFO] [stderr]    Compiling futures-channel v0.3.25
[INFO] [stderr]    Compiling signal-hook v0.3.14
[INFO] [stderr]    Compiling async-task v4.3.0
[INFO] [stderr]    Compiling unicode-bidi v0.3.8
[INFO] [stderr]    Compiling futures-sink v0.3.25
[INFO] [stderr]    Compiling crossbeam-utils v0.8.12
[INFO] [stderr]    Compiling async-channel v1.7.1
[INFO] [stderr]    Compiling getrandom v0.2.8
[INFO] [stderr]    Compiling openssl-sys v0.9.77
[INFO] [stderr]    Compiling signal-hook-registry v1.4.0
[INFO] [stderr]    Compiling async-process v1.5.0
[INFO] [stderr]    Compiling block-buffer v0.10.3
[INFO] [stderr]    Compiling unicode-normalization v0.1.22
[INFO] [stderr]    Compiling lock_api v0.4.9
[INFO] [stderr]    Compiling foreign-types-shared v0.1.1
[INFO] [stderr]    Compiling percent-encoding v2.2.0
[INFO] [stderr]    Compiling openssl v0.10.42
[INFO] [stderr]    Compiling atomic-waker v1.0.0
[INFO] [stderr]    Compiling form_urlencoded v1.1.0
[INFO] [stderr]    Compiling blocking v1.2.0
[INFO] [stderr]    Compiling foreign-types v0.3.2
[INFO] [stderr]    Compiling async-executor v1.4.1
[INFO] [stderr]    Compiling async-lock v2.5.0
[INFO] [stderr]    Compiling idna v0.3.0
[INFO] [stderr]    Compiling thiserror v1.0.37
[INFO] [stderr]    Compiling bitflags v1.3.2
[INFO] [stderr]    Compiling scopeguard v1.1.0
[INFO] [stderr]    Compiling native-tls v0.2.10
[INFO] [stderr]    Compiling crypto-common v0.1.6
[INFO] [stderr]    Compiling ahash v0.7.6
[INFO] [stderr]    Compiling url v2.3.1
[INFO] [stderr]    Compiling futures-util v0.3.25
[INFO] [stderr]    Compiling openssl-probe v0.1.5
[INFO] [stderr]    Compiling digest v0.10.5
[INFO] [stderr]    Compiling num-traits v0.2.15
[INFO] [stderr]    Compiling serde_derive v1.0.147
[INFO] [stderr]    Compiling parking_lot_core v0.8.5
[INFO] [stderr]    Compiling bytes v1.2.1
[INFO] [stderr]    Compiling cpufeatures v0.2.5
[INFO] [stderr]    Compiling instant v0.1.12
[INFO] [stderr]    Compiling vcpkg v0.2.15
[INFO] [stderr]    Compiling serde v1.0.147
[INFO] [stderr]    Compiling smallvec v1.10.0
[INFO] [stderr]    Compiling hashbrown v0.12.3
[INFO] [stderr]    Compiling spin v0.9.4
[INFO] [stderr]    Compiling rand_core v0.6.4
[INFO] [stderr]    Compiling indexmap v1.9.1
[INFO] [stderr]    Compiling ppv-lite86 v0.2.16
[INFO] [stderr]    Compiling serde_json v1.0.87
[INFO] [stderr]    Compiling ryu v1.0.11
[INFO] [stderr]    Compiling crossbeam-queue v0.3.6
[INFO] [stderr]    Compiling either v1.8.0
[INFO] [stderr]    Compiling minimal-lexical v0.2.1
[INFO] [stderr]    Compiling libsqlite3-sys v0.24.2
[INFO] [stderr]    Compiling itoa v1.0.4
[INFO] [stderr]    Compiling rand_chacha v0.3.1
[INFO] [stderr]    Compiling itertools v0.10.5
[INFO] [stderr]    Compiling parking_lot v0.11.2
[INFO] [stderr]    Compiling nom v7.1.1
[INFO] [stderr]    Compiling zstd-sys v2.0.1+zstd.1.5.2
[INFO] [stderr]    Compiling dirs-sys v0.3.7
[INFO] [stderr]    Compiling tokio v1.21.2
[INFO] [stderr]    Compiling unicode_categories v0.1.1
[INFO] [stderr]    Compiling crc-catalog v2.1.0
[INFO] [stderr]    Compiling crc v3.0.0
[INFO] [stderr]    Compiling dirs v4.0.0
[INFO] [stderr]    Compiling atoi v1.0.0
[INFO] [stderr]    Compiling futures-intrusive v0.4.0
[INFO] [stderr]    Compiling rand v0.8.5
[INFO] [stderr]    Compiling hashlink v0.8.1
[INFO] [stderr]    Compiling ctor v0.1.26
[INFO] [stderr]    Compiling futures-macro v0.3.25
[INFO] [stderr]    Compiling openssl-macros v0.1.0
[INFO] [stderr]    Compiling thiserror-impl v1.0.37
[INFO] [stderr]    Compiling pin-project-internal v1.0.12
[INFO] [stderr]    Compiling async-attributes v1.1.2
[INFO] [stderr]    Compiling kv-log-macro v1.0.7
[INFO] [stderr]    Compiling async-global-executor v2.3.0
[INFO] [stderr]    Compiling pin-project v1.0.12
[INFO] [stderr]    Compiling async-std v1.12.0
[INFO] [stderr]    Compiling mio v0.8.5
[INFO] [stderr]    Compiling sqlformat v0.2.0
[INFO] [stderr]    Compiling hmac v0.12.1
[INFO] [stderr]    Compiling async-native-tls v0.4.0
[INFO] [stderr]    Compiling stringprep v0.1.2
[INFO] [stderr]    Compiling tracing-core v0.1.30
[INFO] [stderr]    Compiling whoami v1.2.3
[INFO] [stderr]    Compiling dotenvy v0.15.6
[INFO] [stderr]    Compiling paste v1.0.9
[INFO] [stderr]    Compiling byteorder v1.4.3
[INFO] [stderr]    Compiling base64 v0.13.1
[INFO] [stderr]    Compiling hex v0.4.3
[INFO] [stderr]    Compiling tracing v0.1.37
[INFO] [stderr]    Compiling sqlx-rt v0.6.2
[INFO] [stderr]    Compiling hkdf v0.12.3
[INFO] [stderr]    Compiling futures-executor v0.3.25
[INFO] [stderr]    Compiling flume v0.10.14
[INFO] [stderr]    Compiling sha2 v0.10.6
[INFO] [stderr]    Compiling sha1 v0.10.5
[INFO] [stderr]    Compiling md-5 v0.10.5
[INFO] [stderr]    Compiling async-trait v0.1.58
[INFO] [stderr]    Compiling zstd-safe v6.0.2+zstd.1.5.2
[INFO] [stderr]    Compiling unicode-segmentation v1.10.0
[INFO] [stderr]    Compiling num-integer v0.1.45
[INFO] [stderr]    Compiling heck v0.4.0
[INFO] [stderr]    Compiling futures v0.3.25
[INFO] [stderr]    Compiling tokio-util v0.7.4
[INFO] [stderr]    Compiling sqlx-core v0.6.2
[INFO] [stderr]    Compiling combine v4.6.6
[INFO] [stderr]    Compiling redis v0.22.2
[INFO] [stderr]    Compiling sqlx-macros v0.6.2
[INFO] [stderr]    Compiling zstd v0.12.1+zstd.1.5.2
[INFO] [stderr]    Compiling sqlx v0.6.2
[INFO] [stderr]    Compiling minetestworld v0.5.2 (/opt/rustwide/workdir)
[INFO] [stderr]     Finished dev [unoptimized + debuginfo] target(s) in 3m 14s
[INFO] running `Command { std: "docker" "inspect" "ae00ffd0696a77d92b8936e129f21da2ad48711837348d7e403a4eb2eefcbb9b", kill_on_drop: false }`
[INFO] running `Command { std: "docker" "rm" "-f" "ae00ffd0696a77d92b8936e129f21da2ad48711837348d7e403a4eb2eefcbb9b", kill_on_drop: false }`
[INFO] [stdout] ae00ffd0696a77d92b8936e129f21da2ad48711837348d7e403a4eb2eefcbb9b
[INFO] running `Command { std: "docker" "create" "-v" "/var/lib/crater-agent-workspace/builds/worker-4-tc2/target:/opt/rustwide/target:rw,Z" "-v" "/var/lib/crater-agent-workspace/builds/worker-4-tc2/source:/opt/rustwide/workdir:ro,Z" "-v" "/var/lib/crater-agent-workspace/cargo-home:/opt/rustwide/cargo-home:ro,Z" "-v" "/var/lib/crater-agent-workspace/rustup-home:/opt/rustwide/rustup-home:ro,Z" "-e" "SOURCE_DIR=/opt/rustwide/workdir" "-e" "CARGO_TARGET_DIR=/opt/rustwide/target" "-e" "CARGO_INCREMENTAL=0" "-e" "RUST_BACKTRACE=full" "-e" "RUSTFLAGS=--cap-lints=warn" "-e" "RUSTDOCFLAGS=--cap-lints=warn" "-e" "CARGO_HOME=/opt/rustwide/cargo-home" "-e" "RUSTUP_HOME=/opt/rustwide/rustup-home" "-w" "/opt/rustwide/workdir" "-m" "1610612736" "--user" "0:0" "--network" "none" "ghcr.io/rust-lang/crates-build-env/linux@sha256:5ff2268d62e97bff2cde7d5815dd6ed5b47097566f13b8d0ca110b04b60e07ed" "/opt/rustwide/cargo-home/bin/cargo" "+beta-2023-04-20" "test" "--frozen" "--no-run" "--message-format=json", kill_on_drop: false }`
[INFO] [stdout] f8fb63dded18948e63f5f411ad54bbd6556321ed9ce369f37b7bf0085f3528d2
[INFO] running `Command { std: "docker" "start" "-a" "f8fb63dded18948e63f5f411ad54bbd6556321ed9ce369f37b7bf0085f3528d2", kill_on_drop: false }`
[INFO] [stderr]     Blocking waiting for file lock on package cache
[INFO] [stderr]    Compiling minetestworld v0.5.2 (/opt/rustwide/workdir)
[INFO] [stderr] error: could not compile `minetestworld` (lib test)
[INFO] [stderr] 
[INFO] [stderr] Caused by:
[INFO] [stderr]   process didn't exit successfully: `rustc --crate-name minetestworld --edition=2021 src/lib.rs --error-format=json --json=diagnostic-rendered-ansi,artifacts,future-incompat --emit=dep-info,link -C embed-bitcode=no -C debuginfo=2 --test --cfg 'feature="default"' --cfg 'feature="postgres"' --cfg 'feature="redis"' --cfg 'feature="sqlite"' --cfg 'feature="sqlx"' --cfg 'feature="url"' -C metadata=86d1ec1d538d8c30 -C extra-filename=-86d1ec1d538d8c30 --out-dir /opt/rustwide/target/debug/deps -L dependency=/opt/rustwide/target/debug/deps --extern async_std=/opt/rustwide/target/debug/deps/libasync_std-b6845db2e0560ec9.rlib --extern futures=/opt/rustwide/target/debug/deps/libfutures-d105d33036faa233.rlib --extern log=/opt/rustwide/target/debug/deps/liblog-b235a22e4d59264b.rlib --extern num_integer=/opt/rustwide/target/debug/deps/libnum_integer-ddb4729518a41a41.rlib --extern redis=/opt/rustwide/target/debug/deps/libredis-6d20ac08fe8658c0.rlib --extern sqlx=/opt/rustwide/target/debug/deps/libsqlx-00472b64267af136.rlib --extern thiserror=/opt/rustwide/target/debug/deps/libthiserror-7e78993af8924a13.rlib --extern url=/opt/rustwide/target/debug/deps/liburl-54e6c50546bb79ad.rlib --extern zstd=/opt/rustwide/target/debug/deps/libzstd-d81b94c87ff30f7c.rlib --cap-lints=warn -L native=/opt/rustwide/target/debug/build/libsqlite3-sys-eff75c790b1547e3/out -L native=/opt/rustwide/target/debug/build/zstd-sys-bef0f1ae7913f397/out` (signal: 9, SIGKILL: kill)
[INFO] [stderr] warning: build failed, waiting for other jobs to finish...
[INFO] [stderr] error: could not compile `minetestworld` (test "change-nothing")
[INFO] [stderr] 
[INFO] [stderr] Caused by:
[INFO] [stderr]   process didn't exit successfully: `rustc --crate-name change_nothing --edition=2021 tests/change-nothing.rs --error-format=json --json=diagnostic-rendered-ansi,artifacts,future-incompat --emit=dep-info,link -C embed-bitcode=no -C debuginfo=2 --test --cfg 'feature="default"' --cfg 'feature="postgres"' --cfg 'feature="redis"' --cfg 'feature="sqlite"' --cfg 'feature="sqlx"' --cfg 'feature="url"' -C metadata=4e64b07d3c231c15 -C extra-filename=-4e64b07d3c231c15 --out-dir /opt/rustwide/target/debug/deps -L dependency=/opt/rustwide/target/debug/deps --extern async_std=/opt/rustwide/target/debug/deps/libasync_std-b6845db2e0560ec9.rlib --extern futures=/opt/rustwide/target/debug/deps/libfutures-d105d33036faa233.rlib --extern log=/opt/rustwide/target/debug/deps/liblog-b235a22e4d59264b.rlib --extern minetestworld=/opt/rustwide/target/debug/deps/libminetestworld-21b6ee95c1fd681a.rlib --extern num_integer=/opt/rustwide/target/debug/deps/libnum_integer-ddb4729518a41a41.rlib --extern redis=/opt/rustwide/target/debug/deps/libredis-6d20ac08fe8658c0.rlib --extern sqlx=/opt/rustwide/target/debug/deps/libsqlx-00472b64267af136.rlib --extern thiserror=/opt/rustwide/target/debug/deps/libthiserror-7e78993af8924a13.rlib --extern url=/opt/rustwide/target/debug/deps/liburl-54e6c50546bb79ad.rlib --extern zstd=/opt/rustwide/target/debug/deps/libzstd-d81b94c87ff30f7c.rlib --cap-lints=warn -L native=/opt/rustwide/target/debug/build/libsqlite3-sys-eff75c790b1547e3/out -L native=/opt/rustwide/target/debug/build/zstd-sys-bef0f1ae7913f397/out` (signal: 9, SIGKILL: kill)
[INFO] [stdout] error: linking with `cc` failed: exit status: 1
[INFO] [stdout]   |
[INFO] [stdout]   = note: LC_ALL="C" PATH="/opt/rustwide/rustup-home/toolchains/beta-2023-04-20-x86_64-unknown-linux-gnu/lib/rustlib/x86_64-unknown-linux-gnu/bin:/opt/rustwide/cargo-home/bin:/usr/local/sbin:/usr/local/bin:/usr/sbin:/usr/bin:/sbin:/bin" VSLANG="1033" "cc" "-m64" "/tmp/rustchJ0yHE/symbols.o" "/opt/rustwide/target/debug/examples/iter_map-62c872233f023449.iter_map.ae8df2e2-cgu.0.rcgu.o" "/opt/rustwide/target/debug/examples/iter_map-62c872233f023449.iter_map.ae8df2e2-cgu.1.rcgu.o" "/opt/rustwide/target/debug/examples/iter_map-62c872233f023449.iter_map.ae8df2e2-cgu.10.rcgu.o" "/opt/rustwide/target/debug/examples/iter_map-62c872233f023449.iter_map.ae8df2e2-cgu.11.rcgu.o" "/opt/rustwide/target/debug/examples/iter_map-62c872233f023449.iter_map.ae8df2e2-cgu.12.rcgu.o" "/opt/rustwide/target/debug/examples/iter_map-62c872233f023449.iter_map.ae8df2e2-cgu.13.rcgu.o" "/opt/rustwide/target/debug/examples/iter_map-62c872233f023449.iter_map.ae8df2e2-cgu.14.rcgu.o" "/opt/rustwide/target/debug/examples/iter_map-62c872233f023449.iter_map.ae8df2e2-cgu.15.rcgu.o" "/opt/rustwide/target/debug/examples/iter_map-62c872233f023449.iter_map.ae8df2e2-cgu.2.rcgu.o" "/opt/rustwide/target/debug/examples/iter_map-62c872233f023449.iter_map.ae8df2e2-cgu.3.rcgu.o" "/opt/rustwide/target/debug/examples/iter_map-62c872233f023449.iter_map.ae8df2e2-cgu.4.rcgu.o" "/opt/rustwide/target/debug/examples/iter_map-62c872233f023449.iter_map.ae8df2e2-cgu.5.rcgu.o" "/opt/rustwide/target/debug/examples/iter_map-62c872233f023449.iter_map.ae8df2e2-cgu.6.rcgu.o" "/opt/rustwide/target/debug/examples/iter_map-62c872233f023449.iter_map.ae8df2e2-cgu.7.rcgu.o" "/opt/rustwide/target/debug/examples/iter_map-62c872233f023449.iter_map.ae8df2e2-cgu.8.rcgu.o" "/opt/rustwide/target/debug/examples/iter_map-62c872233f023449.iter_map.ae8df2e2-cgu.9.rcgu.o" "/opt/rustwide/target/debug/examples/iter_map-62c872233f023449.2ckcokkyc01t9uma.rcgu.o" "-Wl,--as-needed" "-L" "/opt/rustwide/target/debug/deps" "-L" "/opt/rustwide/target/debug/build/libsqlite3-sys-eff75c790b1547e3/out" "-L" "/opt/rustwide/target/debug/build/zstd-sys-bef0f1ae7913f397/out" "-L" "/opt/rustwide/rustup-home/toolchains/beta-2023-04-20-x86_64-unknown-linux-gnu/lib/rustlib/x86_64-unknown-linux-gnu/lib" "-Wl,-Bstatic" "/opt/rustwide/target/debug/deps/libminetestworld-21b6ee95c1fd681a.rlib" "/opt/rustwide/target/debug/deps/libzstd-d81b94c87ff30f7c.rlib" "/opt/rustwide/target/debug/deps/libzstd_safe-3caaf893f0bbf6bb.rlib" "/opt/rustwide/target/debug/deps/libzstd_sys-731fd5e3c8e92a7b.rlib" "/opt/rustwide/target/debug/deps/libnum_integer-ddb4729518a41a41.rlib" "/opt/rustwide/target/debug/deps/libsqlx-00472b64267af136.rlib" "/opt/rustwide/target/debug/deps/libsqlx_core-26649e63af3fca00.rlib" "/opt/rustwide/target/debug/deps/libflume-923653db66e7e66b.rlib" "/opt/rustwide/target/debug/deps/libspin-3c5f3e5535327499.rlib" "/opt/rustwide/target/debug/deps/libpin_project-0e2650fc889fd697.rlib" "/opt/rustwide/target/debug/deps/libdotenvy-a90bae05e897281b.rlib" "/opt/rustwide/target/debug/deps/libcrc-de5adb051efd7e76.rlib" "/opt/rustwide/target/debug/deps/libcrc_catalog-d9970bc5427bbe3b.rlib" "/opt/rustwide/target/debug/deps/libhex-edafc8b2917f78c9.rlib" "/opt/rustwide/target/debug/deps/libwhoami-a182f7e1846883d1.rlib" "/opt/rustwide/target/debug/deps/libdirs-e0a76c246c7b4756.rlib" "/opt/rustwide/target/debug/deps/libdirs_sys-8ec84f1d7cdffc22.rlib" "/opt/rustwide/target/debug/deps/libbase64-bf29252c29b62590.rlib" "/opt/rustwide/target/debug/deps/libsqlformat-c6ea3e1ff08b44d6.rlib" "/opt/rustwide/target/debug/deps/libunicode_categories-4308e7bb4d6c97b4.rlib" "/opt/rustwide/target/debug/deps/libnom-e7bb46ca1a4f4dfb.rlib" "/opt/rustwide/target/debug/deps/libitertools-3373f86f3efba2b7.rlib" "/opt/rustwide/target/debug/deps/libindexmap-1372cfcc35a35738.rlib" "/opt/rustwide/target/debug/deps/liblibsqlite3_sys-e4980350ea1f77a6.rlib" "/opt/rustwide/target/debug/deps/libmd5-f64badc85f30e0b3.rlib" "/opt/rustwide/target/debug/deps/libbyteorder-61c6142c807e5216.rlib" "/opt/rustwide/target/debug/deps/libatoi-84d528421c71252d.rlib" "/opt/rustwide/target/debug/deps/libnum_traits-20b15c62e5e0e397.rlib" "/opt/rustwide/target/debug/deps/libstringprep-97965a4c8f0b8ffa.rlib" "/opt/rustwide/target/debug/deps/librand-5cf8cfd62724c098.rlib" "/opt/rustwide/target/debug/deps/librand_chacha-30494e1812c5e416.rlib" "/opt/rustwide/target/debug/deps/libppv_lite86-0fa3e45be755835a.rlib" "/opt/rustwide/target/debug/deps/librand_core-ebad1ef97a86cc4c.rlib" "/opt/rustwide/target/debug/deps/libhkdf-a97b5c4a34840e0f.rlib" "/opt/rustwide/target/debug/deps/libhmac-271eb4f611ab674d.rlib" "/opt/rustwide/target/debug/deps/libsha2-375ac62f41e543c6.rlib" "/opt/rustwide/target/debug/deps/libcpufeatures-a834a1d164d66bf9.rlib" "/opt/rustwide/target/debug/deps/libdigest-da26e4b4f5933fd5.rlib" "/opt/rustwide/target/debug/deps/libsubtle-0ca152887405db79.rlib" "/opt/rustwide/target/debug/deps/libblock_buffer-b093997f2a0dfe0d.rlib" "/opt/rustwide/target/debug/deps/libcrypto_common-6f5e9c871cef2683.rlib" "/opt/rustwide/target/debug/deps/libgeneric_array-428225fb55c47719.rlib" "/opt/rustwide/target/debug/deps/libtypenum-f068cdcc1d945756.rlib" "/opt/rustwide/target/debug/deps/libsqlx_rt-ceef4716533cbd47.rlib" "/opt/rustwide/target/debug/deps/libasync_native_tls-8c08fd8d7c0d2112.rlib" "/opt/rustwide/target/debug/deps/libthiserror-7e78993af8924a13.rlib" "/opt/rustwide/target/debug/deps/libnative_tls-00e2475cc2d43f41.rlib" "/opt/rustwide/target/debug/deps/libopenssl_probe-361016bdcb077fee.rlib" "/opt/rustwide/target/debug/deps/libopenssl-becb27142e13aefd.rlib" "/opt/rustwide/target/debug/deps/libbitflags-610a73087f46ba3b.rlib" "/opt/rustwide/target/debug/deps/libforeign_types-3138d685ddde873e.rlib" "/opt/rustwide/target/debug/deps/libforeign_types_shared-1df85ef0ce08cbc3.rlib" "/opt/rustwide/target/debug/deps/libopenssl_sys-ef1837782a7e0338.rlib" "/opt/rustwide/target/debug/deps/libhashlink-63b1202e8070a32a.rlib" "/opt/rustwide/target/debug/deps/libhashbrown-7d0a9a5110a399da.rlib" "/opt/rustwide/target/debug/deps/libahash-4ea9075ac38344e5.rlib" "/opt/rustwide/target/debug/deps/libgetrandom-20447d0831a2b8eb.rlib" "/opt/rustwide/target/debug/deps/libserde_json-aa9ab275c0697c61.rlib" "/opt/rustwide/target/debug/deps/libserde-0e9ddea18721338e.rlib" "/opt/rustwide/target/debug/deps/libcrossbeam_queue-7adc512482c92181.rlib" "/opt/rustwide/target/debug/deps/libfutures_intrusive-d2a4749f5851dc07.rlib" "/opt/rustwide/target/debug/deps/libparking_lot-d3b9b2f125d7da1d.rlib" "/opt/rustwide/target/debug/deps/libparking_lot_core-b41c69da9c8d0c15.rlib" "/opt/rustwide/target/debug/deps/libsmallvec-a078f506e4f080f1.rlib" "/opt/rustwide/target/debug/deps/libinstant-939f0c301cdc968a.rlib" "/opt/rustwide/target/debug/deps/liblock_api-83dbbbc23913e320.rlib" "/opt/rustwide/target/debug/deps/libscopeguard-54ff2283d814f48f.rlib" "/opt/rustwide/target/debug/deps/libeither-90c62bd6c723a5ce.rlib" "/opt/rustwide/target/debug/deps/libredis-6d20ac08fe8658c0.rlib" "/opt/rustwide/target/debug/deps/libryu-666d6b875e8a3744.rlib" "/opt/rustwide/target/debug/deps/liburl-54e6c50546bb79ad.rlib" "/opt/rustwide/target/debug/deps/libidna-59d0d2f4fea0a975.rlib" "/opt/rustwide/target/debug/deps/libunicode_normalization-6c3f1f506de52d5b.rlib" "/opt/rustwide/target/debug/deps/libtinyvec-4ebd66a73cc74e35.rlib" "/opt/rustwide/target/debug/deps/libtinyvec_macros-c8728763a1cfbcab.rlib" "/opt/rustwide/target/debug/deps/libunicode_bidi-064678f529798c53.rlib" "/opt/rustwide/target/debug/deps/libform_urlencoded-c6dce5f233f9dc81.rlib" "/opt/rustwide/target/debug/deps/libpercent_encoding-4a77b5e8a25d80c2.rlib" "/opt/rustwide/target/debug/deps/libitoa-ffd3012d614e23bc.rlib" "/opt/rustwide/target/debug/deps/libcombine-5bb35cbe9ad48abe.rlib" "/opt/rustwide/target/debug/deps/libtokio_util-c22aea502e6f897e.rlib" "/opt/rustwide/target/debug/deps/libtracing-bfaec181c6b5a4eb.rlib" "/opt/rustwide/target/debug/deps/libtracing_core-f1311b9c121f7e8c.rlib" "/opt/rustwide/target/debug/deps/libtokio-c57aad663c8ba585.rlib" "/opt/rustwide/target/debug/deps/libmio-3c3e2061058c963c.rlib" "/opt/rustwide/target/debug/deps/libbytes-c9371717a409553e.rlib" "/opt/rustwide/target/debug/deps/libfutures-d105d33036faa233.rlib" "/opt/rustwide/target/debug/deps/libfutures_executor-a5fe065a36235b8c.rlib" "/opt/rustwide/target/debug/deps/libfutures_util-6520cd76034eda54.rlib" "/opt/rustwide/target/debug/deps/libfutures_channel-ce432077cbb92867.rlib" "/opt/rustwide/target/debug/deps/libfutures_sink-8795813b1cefede0.rlib" "/opt/rustwide/target/debug/deps/libfutures_task-50aff713b3bd5ec5.rlib" "/opt/rustwide/target/debug/deps/libasync_std-b6845db2e0560ec9.rlib" "/opt/rustwide/target/debug/deps/libasync_global_executor-e972b8b4b0b2cb8e.rlib" "/opt/rustwide/target/debug/deps/libblocking-24a46fcdc88b5574.rlib" "/opt/rustwide/target/debug/deps/libatomic_waker-9d04c0322d3474cc.rlib" "/opt/rustwide/target/debug/deps/libasync_executor-77edbadb70ed295f.rlib" "/opt/rustwide/target/debug/deps/libasync_task-e588a53d3763733c.rlib" "/opt/rustwide/target/debug/deps/libcrossbeam_utils-4ba6000a293b72bc.rlib" "/opt/rustwide/target/debug/deps/libasync_process-0d7007b2b79febc0.rlib" "/opt/rustwide/target/debug/deps/libsignal_hook-d305db4eb1489641.rlib" "/opt/rustwide/target/debug/deps/libsignal_hook_registry-eab337ec8baad79a.rlib" "/opt/rustwide/target/debug/deps/libasync_io-62d479a1a5d61b9c.rlib" "/opt/rustwide/target/debug/deps/libslab-f707bf0c16d9b9e8.rlib" "/opt/rustwide/target/debug/deps/libpolling-4e0c4c2ed638529d.rlib" "/opt/rustwide/target/debug/deps/libonce_cell-4381f7e383e47f1b.rlib" "/opt/rustwide/target/debug/deps/libsocket2-be7b2086ac8c8d03.rlib" "/opt/rustwide/target/debug/deps/liblibc-44d9a2b7619ed023.rlib" "/opt/rustwide/target/debug/deps/libfutures_lite-cb0b15344b91ed2e.rlib" "/opt/rustwide/target/debug/deps/libmemchr-f4ebff342237ab92.rlib" "/opt/rustwide/target/debug/deps/libfastrand-98806cd242fe8c43.rlib" "/opt/rustwide/target/debug/deps/libwaker_fn-d84763990f78330e.rlib" "/opt/rustwide/target/debug/deps/libparking-3031ff4351ece351.rlib" "/opt/rustwide/target/debug/deps/libfutures_io-bd39a519f90aff52.rlib" "/opt/rustwide/target/debug/deps/libasync_channel-2ed96e91065252dd.rlib" "/opt/rustwide/target/debug/deps/libconcurrent_queue-ff7d5115cf3e18ef.rlib" "/opt/rustwide/target/debug/deps/libcache_padded-62a4fa632318dc94.rlib" "/opt/rustwide/target/debug/deps/libasync_lock-025c1107d5156b9a.rlib" "/opt/rustwide/target/debug/deps/libevent_listener-0579293c10c4b8db.rlib" "/opt/rustwide/target/debug/deps/libpin_project_lite-3a747526c5b5aadd.rlib" "/opt/rustwide/target/debug/deps/libpin_utils-501725f4e360d46d.rlib" "/opt/rustwide/target/debug/deps/libfutures_core-cc887ab330e320a3.rlib" "/opt/rustwide/target/debug/deps/libkv_log_macro-08f8afbbfc8a28a6.rlib" "/opt/rustwide/target/debug/deps/liblog-b235a22e4d59264b.rlib" "/opt/rustwide/target/debug/deps/libvalue_bag-f1773aa0a7606d67.rlib" "/opt/rustwide/target/debug/deps/libcfg_if-97437e183f3ae6e4.rlib" "/opt/rustwide/rustup-home/toolchains/beta-2023-04-20-x86_64-unknown-linux-gnu/lib/rustlib/x86_64-unknown-linux-gnu/lib/libstd-0e29cc23c5e02021.rlib" "/opt/rustwide/rustup-home/toolchains/beta-2023-04-20-x86_64-unknown-linux-gnu/lib/rustlib/x86_64-unknown-linux-gnu/lib/libpanic_unwind-d903621768a861d9.rlib" "/opt/rustwide/rustup-home/toolchains/beta-2023-04-20-x86_64-unknown-linux-gnu/lib/rustlib/x86_64-unknown-linux-gnu/lib/libobject-6d0225e655f31c13.rlib" "/opt/rustwide/rustup-home/toolchains/beta-2023-04-20-x86_64-unknown-linux-gnu/lib/rustlib/x86_64-unknown-linux-gnu/lib/libmemchr-9dbaf4eac7eaa079.rlib" "/opt/rustwide/rustup-home/toolchains/beta-2023-04-20-x86_64-unknown-linux-gnu/lib/rustlib/x86_64-unknown-linux-gnu/lib/libaddr2line-27f05b3d42a66dd0.rlib" "/opt/rustwide/rustup-home/toolchains/beta-2023-04-20-x86_64-unknown-linux-gnu/lib/rustlib/x86_64-unknown-linux-gnu/lib/libgimli-4d73f1030321c9a2.rlib" "/opt/rustwide/rustup-home/toolchains/beta-2023-04-20-x86_64-unknown-linux-gnu/lib/rustlib/x86_64-unknown-linux-gnu/lib/librustc_demangle-2846c9e58abd0acb.rlib" "/opt/rustwide/rustup-home/toolchains/beta-2023-04-20-x86_64-unknown-linux-gnu/lib/rustlib/x86_64-unknown-linux-gnu/lib/libstd_detect-a53d0f50415947be.rlib" "/opt/rustwide/rustup-home/toolchains/beta-2023-04-20-x86_64-unknown-linux-gnu/lib/rustlib/x86_64-unknown-linux-gnu/lib/libhashbrown-d48e4b6abc25b9dc.rlib" "/opt/rustwide/rustup-home/toolchains/beta-2023-04-20-x86_64-unknown-linux-gnu/lib/rustlib/x86_64-unknown-linux-gnu/lib/libminiz_oxide-2991859439ef1207.rlib" "/opt/rustwide/rustup-home/toolchains/beta-2023-04-20-x86_64-unknown-linux-gnu/lib/rustlib/x86_64-unknown-linux-gnu/lib/libadler-8a687517e4221bae.rlib" "/opt/rustwide/rustup-home/toolchains/beta-2023-04-20-x86_64-unknown-linux-gnu/lib/rustlib/x86_64-unknown-linux-gnu/lib/librustc_std_workspace_alloc-e07b554f6a67f5b3.rlib" "/opt/rustwide/rustup-home/toolchains/beta-2023-04-20-x86_64-unknown-linux-gnu/lib/rustlib/x86_64-unknown-linux-gnu/lib/libunwind-b68238b7c3c619dd.rlib" "/opt/rustwide/rustup-home/toolchains/beta-2023-04-20-x86_64-unknown-linux-gnu/lib/rustlib/x86_64-unknown-linux-gnu/lib/libcfg_if-d5e213e896c017e4.rlib" "/opt/rustwide/rustup-home/toolchains/beta-2023-04-20-x86_64-unknown-linux-gnu/lib/rustlib/x86_64-unknown-linux-gnu/lib/liblibc-0211a3b2e61d8689.rlib" "/opt/rustwide/rustup-home/toolchains/beta-2023-04-20-x86_64-unknown-linux-gnu/lib/rustlib/x86_64-unknown-linux-gnu/lib/liballoc-b371f055239ba51f.rlib" "/opt/rustwide/rustup-home/toolchains/beta-2023-04-20-x86_64-unknown-linux-gnu/lib/rustlib/x86_64-unknown-linux-gnu/lib/librustc_std_workspace_core-e60518d2760eb01e.rlib" "/opt/rustwide/rustup-home/toolchains/beta-2023-04-20-x86_64-unknown-linux-gnu/lib/rustlib/x86_64-unknown-linux-gnu/lib/libcore-1ad943f92a4b1081.rlib" "/opt/rustwide/rustup-home/toolchains/beta-2023-04-20-x86_64-unknown-linux-gnu/lib/rustlib/x86_64-unknown-linux-gnu/lib/libcompiler_builtins-f0d6e4d0fc1e80b4.rlib" "-Wl,-Bdynamic" "-lssl" "-lcrypto" "-lgcc_s" "-lutil" "-lrt" "-lpthread" "-lm" "-ldl" "-lc" "-Wl,--eh-frame-hdr" "-Wl,-z,noexecstack" "-L" "/opt/rustwide/rustup-home/toolchains/beta-2023-04-20-x86_64-unknown-linux-gnu/lib/rustlib/x86_64-unknown-linux-gnu/lib" "-o" "/opt/rustwide/target/debug/examples/iter_map-62c872233f023449" "-Wl,--gc-sections" "-pie" "-Wl,-z,relro,-z,now" "-nodefaultlibs"
[INFO] [stdout]   = note: collect2: fatal error: ld terminated with signal 9 [Killed]
[INFO] [stdout]           compilation terminated.
[INFO] [stdout]           
[INFO] [stdout] 
[INFO] [stdout] 
[INFO] [stdout] error: aborting due to previous error
[INFO] [stdout] 
[INFO] [stdout] 
[INFO] [stderr] error: could not compile `minetestworld` (example "iter_map") due to 2 previous errors
[INFO] [stdout] error: linking with `cc` failed: exit status: 1
[INFO] [stdout]   |
[INFO] [stdout]   = note: LC_ALL="C" PATH="/opt/rustwide/rustup-home/toolchains/beta-2023-04-20-x86_64-unknown-linux-gnu/lib/rustlib/x86_64-unknown-linux-gnu/bin:/opt/rustwide/cargo-home/bin:/usr/local/sbin:/usr/local/bin:/usr/sbin:/usr/bin:/sbin:/bin" VSLANG="1033" "cc" "-m64" "/tmp/rustcsBGLp6/symbols.o" "/opt/rustwide/target/debug/examples/list_positions-82d5aeaddd45d8e2.list_positions.c284a351-cgu.0.rcgu.o" "/opt/rustwide/target/debug/examples/list_positions-82d5aeaddd45d8e2.list_positions.c284a351-cgu.1.rcgu.o" "/opt/rustwide/target/debug/examples/list_positions-82d5aeaddd45d8e2.list_positions.c284a351-cgu.10.rcgu.o" "/opt/rustwide/target/debug/examples/list_positions-82d5aeaddd45d8e2.list_positions.c284a351-cgu.11.rcgu.o" "/opt/rustwide/target/debug/examples/list_positions-82d5aeaddd45d8e2.list_positions.c284a351-cgu.12.rcgu.o" "/opt/rustwide/target/debug/examples/list_positions-82d5aeaddd45d8e2.list_positions.c284a351-cgu.13.rcgu.o" "/opt/rustwide/target/debug/examples/list_positions-82d5aeaddd45d8e2.list_positions.c284a351-cgu.14.rcgu.o" "/opt/rustwide/target/debug/examples/list_positions-82d5aeaddd45d8e2.list_positions.c284a351-cgu.15.rcgu.o" "/opt/rustwide/target/debug/examples/list_positions-82d5aeaddd45d8e2.list_positions.c284a351-cgu.2.rcgu.o" "/opt/rustwide/target/debug/examples/list_positions-82d5aeaddd45d8e2.list_positions.c284a351-cgu.3.rcgu.o" "/opt/rustwide/target/debug/examples/list_positions-82d5aeaddd45d8e2.list_positions.c284a351-cgu.4.rcgu.o" "/opt/rustwide/target/debug/examples/list_positions-82d5aeaddd45d8e2.list_positions.c284a351-cgu.5.rcgu.o" "/opt/rustwide/target/debug/examples/list_positions-82d5aeaddd45d8e2.list_positions.c284a351-cgu.6.rcgu.o" "/opt/rustwide/target/debug/examples/list_positions-82d5aeaddd45d8e2.list_positions.c284a351-cgu.7.rcgu.o" "/opt/rustwide/target/debug/examples/list_positions-82d5aeaddd45d8e2.list_positions.c284a351-cgu.8.rcgu.o" "/opt/rustwide/target/debug/examples/list_positions-82d5aeaddd45d8e2.list_positions.c284a351-cgu.9.rcgu.o" "/opt/rustwide/target/debug/examples/list_positions-82d5aeaddd45d8e2.w9k5z5o805ccwqv.rcgu.o" "-Wl,--as-needed" "-L" "/opt/rustwide/target/debug/deps" "-L" "/opt/rustwide/target/debug/build/libsqlite3-sys-eff75c790b1547e3/out" "-L" "/opt/rustwide/target/debug/build/zstd-sys-bef0f1ae7913f397/out" "-L" "/opt/rustwide/rustup-home/toolchains/beta-2023-04-20-x86_64-unknown-linux-gnu/lib/rustlib/x86_64-unknown-linux-gnu/lib" "-Wl,-Bstatic" "/opt/rustwide/target/debug/deps/libminetestworld-21b6ee95c1fd681a.rlib" "/opt/rustwide/target/debug/deps/libzstd-d81b94c87ff30f7c.rlib" "/opt/rustwide/target/debug/deps/libzstd_safe-3caaf893f0bbf6bb.rlib" "/opt/rustwide/target/debug/deps/libzstd_sys-731fd5e3c8e92a7b.rlib" "/opt/rustwide/target/debug/deps/libnum_integer-ddb4729518a41a41.rlib" "/opt/rustwide/target/debug/deps/libsqlx-00472b64267af136.rlib" "/opt/rustwide/target/debug/deps/libsqlx_core-26649e63af3fca00.rlib" "/opt/rustwide/target/debug/deps/libflume-923653db66e7e66b.rlib" "/opt/rustwide/target/debug/deps/libspin-3c5f3e5535327499.rlib" "/opt/rustwide/target/debug/deps/libpin_project-0e2650fc889fd697.rlib" "/opt/rustwide/target/debug/deps/libdotenvy-a90bae05e897281b.rlib" "/opt/rustwide/target/debug/deps/libcrc-de5adb051efd7e76.rlib" "/opt/rustwide/target/debug/deps/libcrc_catalog-d9970bc5427bbe3b.rlib" "/opt/rustwide/target/debug/deps/libhex-edafc8b2917f78c9.rlib" "/opt/rustwide/target/debug/deps/libwhoami-a182f7e1846883d1.rlib" "/opt/rustwide/target/debug/deps/libdirs-e0a76c246c7b4756.rlib" "/opt/rustwide/target/debug/deps/libdirs_sys-8ec84f1d7cdffc22.rlib" "/opt/rustwide/target/debug/deps/libbase64-bf29252c29b62590.rlib" "/opt/rustwide/target/debug/deps/libsqlformat-c6ea3e1ff08b44d6.rlib" "/opt/rustwide/target/debug/deps/libunicode_categories-4308e7bb4d6c97b4.rlib" "/opt/rustwide/target/debug/deps/libnom-e7bb46ca1a4f4dfb.rlib" "/opt/rustwide/target/debug/deps/libitertools-3373f86f3efba2b7.rlib" "/opt/rustwide/target/debug/deps/libindexmap-1372cfcc35a35738.rlib" "/opt/rustwide/target/debug/deps/liblibsqlite3_sys-e4980350ea1f77a6.rlib" "/opt/rustwide/target/debug/deps/libmd5-f64badc85f30e0b3.rlib" "/opt/rustwide/target/debug/deps/libbyteorder-61c6142c807e5216.rlib" "/opt/rustwide/target/debug/deps/libatoi-84d528421c71252d.rlib" "/opt/rustwide/target/debug/deps/libnum_traits-20b15c62e5e0e397.rlib" "/opt/rustwide/target/debug/deps/libstringprep-97965a4c8f0b8ffa.rlib" "/opt/rustwide/target/debug/deps/librand-5cf8cfd62724c098.rlib" "/opt/rustwide/target/debug/deps/librand_chacha-30494e1812c5e416.rlib" "/opt/rustwide/target/debug/deps/libppv_lite86-0fa3e45be755835a.rlib" "/opt/rustwide/target/debug/deps/librand_core-ebad1ef97a86cc4c.rlib" "/opt/rustwide/target/debug/deps/libhkdf-a97b5c4a34840e0f.rlib" "/opt/rustwide/target/debug/deps/libhmac-271eb4f611ab674d.rlib" "/opt/rustwide/target/debug/deps/libsha2-375ac62f41e543c6.rlib" "/opt/rustwide/target/debug/deps/libcpufeatures-a834a1d164d66bf9.rlib" "/opt/rustwide/target/debug/deps/libdigest-da26e4b4f5933fd5.rlib" "/opt/rustwide/target/debug/deps/libsubtle-0ca152887405db79.rlib" "/opt/rustwide/target/debug/deps/libblock_buffer-b093997f2a0dfe0d.rlib" "/opt/rustwide/target/debug/deps/libcrypto_common-6f5e9c871cef2683.rlib" "/opt/rustwide/target/debug/deps/libgeneric_array-428225fb55c47719.rlib" "/opt/rustwide/target/debug/deps/libtypenum-f068cdcc1d945756.rlib" "/opt/rustwide/target/debug/deps/libsqlx_rt-ceef4716533cbd47.rlib" "/opt/rustwide/target/debug/deps/libasync_native_tls-8c08fd8d7c0d2112.rlib" "/opt/rustwide/target/debug/deps/libthiserror-7e78993af8924a13.rlib" "/opt/rustwide/target/debug/deps/libnative_tls-00e2475cc2d43f41.rlib" "/opt/rustwide/target/debug/deps/libopenssl_probe-361016bdcb077fee.rlib" "/opt/rustwide/target/debug/deps/libopenssl-becb27142e13aefd.rlib" "/opt/rustwide/target/debug/deps/libbitflags-610a73087f46ba3b.rlib" "/opt/rustwide/target/debug/deps/libforeign_types-3138d685ddde873e.rlib" "/opt/rustwide/target/debug/deps/libforeign_types_shared-1df85ef0ce08cbc3.rlib" "/opt/rustwide/target/debug/deps/libopenssl_sys-ef1837782a7e0338.rlib" "/opt/rustwide/target/debug/deps/libhashlink-63b1202e8070a32a.rlib" "/opt/rustwide/target/debug/deps/libhashbrown-7d0a9a5110a399da.rlib" "/opt/rustwide/target/debug/deps/libahash-4ea9075ac38344e5.rlib" "/opt/rustwide/target/debug/deps/libgetrandom-20447d0831a2b8eb.rlib" "/opt/rustwide/target/debug/deps/libserde_json-aa9ab275c0697c61.rlib" "/opt/rustwide/target/debug/deps/libserde-0e9ddea18721338e.rlib" "/opt/rustwide/target/debug/deps/libcrossbeam_queue-7adc512482c92181.rlib" "/opt/rustwide/target/debug/deps/libfutures_intrusive-d2a4749f5851dc07.rlib" "/opt/rustwide/target/debug/deps/libparking_lot-d3b9b2f125d7da1d.rlib" "/opt/rustwide/target/debug/deps/libparking_lot_core-b41c69da9c8d0c15.rlib" "/opt/rustwide/target/debug/deps/libsmallvec-a078f506e4f080f1.rlib" "/opt/rustwide/target/debug/deps/libinstant-939f0c301cdc968a.rlib" "/opt/rustwide/target/debug/deps/liblock_api-83dbbbc23913e320.rlib" "/opt/rustwide/target/debug/deps/libscopeguard-54ff2283d814f48f.rlib" "/opt/rustwide/target/debug/deps/libeither-90c62bd6c723a5ce.rlib" "/opt/rustwide/target/debug/deps/libredis-6d20ac08fe8658c0.rlib" "/opt/rustwide/target/debug/deps/libryu-666d6b875e8a3744.rlib" "/opt/rustwide/target/debug/deps/liburl-54e6c50546bb79ad.rlib" "/opt/rustwide/target/debug/deps/libidna-59d0d2f4fea0a975.rlib" "/opt/rustwide/target/debug/deps/libunicode_normalization-6c3f1f506de52d5b.rlib" "/opt/rustwide/target/debug/deps/libtinyvec-4ebd66a73cc74e35.rlib" "/opt/rustwide/target/debug/deps/libtinyvec_macros-c8728763a1cfbcab.rlib" "/opt/rustwide/target/debug/deps/libunicode_bidi-064678f529798c53.rlib" "/opt/rustwide/target/debug/deps/libform_urlencoded-c6dce5f233f9dc81.rlib" "/opt/rustwide/target/debug/deps/libpercent_encoding-4a77b5e8a25d80c2.rlib" "/opt/rustwide/target/debug/deps/libitoa-ffd3012d614e23bc.rlib" "/opt/rustwide/target/debug/deps/libcombine-5bb35cbe9ad48abe.rlib" "/opt/rustwide/target/debug/deps/libtokio_util-c22aea502e6f897e.rlib" "/opt/rustwide/target/debug/deps/libtracing-bfaec181c6b5a4eb.rlib" "/opt/rustwide/target/debug/deps/libtracing_core-f1311b9c121f7e8c.rlib" "/opt/rustwide/target/debug/deps/libtokio-c57aad663c8ba585.rlib" "/opt/rustwide/target/debug/deps/libmio-3c3e2061058c963c.rlib" "/opt/rustwide/target/debug/deps/libbytes-c9371717a409553e.rlib" "/opt/rustwide/target/debug/deps/libasync_std-b6845db2e0560ec9.rlib" "/opt/rustwide/target/debug/deps/libasync_global_executor-e972b8b4b0b2cb8e.rlib" "/opt/rustwide/target/debug/deps/libblocking-24a46fcdc88b5574.rlib" "/opt/rustwide/target/debug/deps/libatomic_waker-9d04c0322d3474cc.rlib" "/opt/rustwide/target/debug/deps/libasync_executor-77edbadb70ed295f.rlib" "/opt/rustwide/target/debug/deps/libasync_task-e588a53d3763733c.rlib" "/opt/rustwide/target/debug/deps/libcrossbeam_utils-4ba6000a293b72bc.rlib" "/opt/rustwide/target/debug/deps/libasync_process-0d7007b2b79febc0.rlib" "/opt/rustwide/target/debug/deps/libsignal_hook-d305db4eb1489641.rlib" "/opt/rustwide/target/debug/deps/libsignal_hook_registry-eab337ec8baad79a.rlib" "/opt/rustwide/target/debug/deps/libasync_io-62d479a1a5d61b9c.rlib" "/opt/rustwide/target/debug/deps/libpolling-4e0c4c2ed638529d.rlib" "/opt/rustwide/target/debug/deps/libonce_cell-4381f7e383e47f1b.rlib" "/opt/rustwide/target/debug/deps/libsocket2-be7b2086ac8c8d03.rlib" "/opt/rustwide/target/debug/deps/liblibc-44d9a2b7619ed023.rlib" "/opt/rustwide/target/debug/deps/libfutures_lite-cb0b15344b91ed2e.rlib" "/opt/rustwide/target/debug/deps/libfastrand-98806cd242fe8c43.rlib" "/opt/rustwide/target/debug/deps/libwaker_fn-d84763990f78330e.rlib" "/opt/rustwide/target/debug/deps/libparking-3031ff4351ece351.rlib" "/opt/rustwide/target/debug/deps/libasync_channel-2ed96e91065252dd.rlib" "/opt/rustwide/target/debug/deps/libconcurrent_queue-ff7d5115cf3e18ef.rlib" "/opt/rustwide/target/debug/deps/libcache_padded-62a4fa632318dc94.rlib" "/opt/rustwide/target/debug/deps/libasync_lock-025c1107d5156b9a.rlib" "/opt/rustwide/target/debug/deps/libevent_listener-0579293c10c4b8db.rlib" "/opt/rustwide/target/debug/deps/libkv_log_macro-08f8afbbfc8a28a6.rlib" "/opt/rustwide/target/debug/deps/liblog-b235a22e4d59264b.rlib" "/opt/rustwide/target/debug/deps/libvalue_bag-f1773aa0a7606d67.rlib" "/opt/rustwide/target/debug/deps/libcfg_if-97437e183f3ae6e4.rlib" "/opt/rustwide/target/debug/deps/libfutures-d105d33036faa233.rlib" "/opt/rustwide/target/debug/deps/libfutures_executor-a5fe065a36235b8c.rlib" "/opt/rustwide/target/debug/deps/libfutures_util-6520cd76034eda54.rlib" "/opt/rustwide/target/debug/deps/libmemchr-f4ebff342237ab92.rlib" "/opt/rustwide/target/debug/deps/libfutures_io-bd39a519f90aff52.rlib" "/opt/rustwide/target/debug/deps/libslab-f707bf0c16d9b9e8.rlib" "/opt/rustwide/target/debug/deps/libfutures_channel-ce432077cbb92867.rlib" "/opt/rustwide/target/debug/deps/libpin_project_lite-3a747526c5b5aadd.rlib" "/opt/rustwide/target/debug/deps/libfutures_sink-8795813b1cefede0.rlib" "/opt/rustwide/target/debug/deps/libfutures_task-50aff713b3bd5ec5.rlib" "/opt/rustwide/target/debug/deps/libpin_utils-501725f4e360d46d.rlib" "/opt/rustwide/target/debug/deps/libfutures_core-cc887ab330e320a3.rlib" "/opt/rustwide/rustup-home/toolchains/beta-2023-04-20-x86_64-unknown-linux-gnu/lib/rustlib/x86_64-unknown-linux-gnu/lib/libstd-0e29cc23c5e02021.rlib" "/opt/rustwide/rustup-home/toolchains/beta-2023-04-20-x86_64-unknown-linux-gnu/lib/rustlib/x86_64-unknown-linux-gnu/lib/libpanic_unwind-d903621768a861d9.rlib" "/opt/rustwide/rustup-home/toolchains/beta-2023-04-20-x86_64-unknown-linux-gnu/lib/rustlib/x86_64-unknown-linux-gnu/lib/libobject-6d0225e655f31c13.rlib" "/opt/rustwide/rustup-home/toolchains/beta-2023-04-20-x86_64-unknown-linux-gnu/lib/rustlib/x86_64-unknown-linux-gnu/lib/libmemchr-9dbaf4eac7eaa079.rlib" "/opt/rustwide/rustup-home/toolchains/beta-2023-04-20-x86_64-unknown-linux-gnu/lib/rustlib/x86_64-unknown-linux-gnu/lib/libaddr2line-27f05b3d42a66dd0.rlib" "/opt/rustwide/rustup-home/toolchains/beta-2023-04-20-x86_64-unknown-linux-gnu/lib/rustlib/x86_64-unknown-linux-gnu/lib/libgimli-4d73f1030321c9a2.rlib" "/opt/rustwide/rustup-home/toolchains/beta-2023-04-20-x86_64-unknown-linux-gnu/lib/rustlib/x86_64-unknown-linux-gnu/lib/librustc_demangle-2846c9e58abd0acb.rlib" "/opt/rustwide/rustup-home/toolchains/beta-2023-04-20-x86_64-unknown-linux-gnu/lib/rustlib/x86_64-unknown-linux-gnu/lib/libstd_detect-a53d0f50415947be.rlib" "/opt/rustwide/rustup-home/toolchains/beta-2023-04-20-x86_64-unknown-linux-gnu/lib/rustlib/x86_64-unknown-linux-gnu/lib/libhashbrown-d48e4b6abc25b9dc.rlib" "/opt/rustwide/rustup-home/toolchains/beta-2023-04-20-x86_64-unknown-linux-gnu/lib/rustlib/x86_64-unknown-linux-gnu/lib/libminiz_oxide-2991859439ef1207.rlib" "/opt/rustwide/rustup-home/toolchains/beta-2023-04-20-x86_64-unknown-linux-gnu/lib/rustlib/x86_64-unknown-linux-gnu/lib/libadler-8a687517e4221bae.rlib" "/opt/rustwide/rustup-home/toolchains/beta-2023-04-20-x86_64-unknown-linux-gnu/lib/rustlib/x86_64-unknown-linux-gnu/lib/librustc_std_workspace_alloc-e07b554f6a67f5b3.rlib" "/opt/rustwide/rustup-home/toolchains/beta-2023-04-20-x86_64-unknown-linux-gnu/lib/rustlib/x86_64-unknown-linux-gnu/lib/libunwind-b68238b7c3c619dd.rlib" "/opt/rustwide/rustup-home/toolchains/beta-2023-04-20-x86_64-unknown-linux-gnu/lib/rustlib/x86_64-unknown-linux-gnu/lib/libcfg_if-d5e213e896c017e4.rlib" "/opt/rustwide/rustup-home/toolchains/beta-2023-04-20-x86_64-unknown-linux-gnu/lib/rustlib/x86_64-unknown-linux-gnu/lib/liblibc-0211a3b2e61d8689.rlib" "/opt/rustwide/rustup-home/toolchains/beta-2023-04-20-x86_64-unknown-linux-gnu/lib/rustlib/x86_64-unknown-linux-gnu/lib/liballoc-b371f055239ba51f.rlib" "/opt/rustwide/rustup-home/toolchains/beta-2023-04-20-x86_64-unknown-linux-gnu/lib/rustlib/x86_64-unknown-linux-gnu/lib/librustc_std_workspace_core-e60518d2760eb01e.rlib" "/opt/rustwide/rustup-home/toolchains/beta-2023-04-20-x86_64-unknown-linux-gnu/lib/rustlib/x86_64-unknown-linux-gnu/lib/libcore-1ad943f92a4b1081.rlib" "/opt/rustwide/rustup-home/toolchains/beta-2023-04-20-x86_64-unknown-linux-gnu/lib/rustlib/x86_64-unknown-linux-gnu/lib/libcompiler_builtins-f0d6e4d0fc1e80b4.rlib" "-Wl,-Bdynamic" "-lssl" "-lcrypto" "-lgcc_s" "-lutil" "-lrt" "-lpthread" "-lm" "-ldl" "-lc" "-Wl,--eh-frame-hdr" "-Wl,-z,noexecstack" "-L" "/opt/rustwide/rustup-home/toolchains/beta-2023-04-20-x86_64-unknown-linux-gnu/lib/rustlib/x86_64-unknown-linux-gnu/lib" "-o" "/opt/rustwide/target/debug/examples/list_positions-82d5aeaddd45d8e2" "-Wl,--gc-sections" "-pie" "-Wl,-z,relro,-z,now" "-nodefaultlibs"
[INFO] [stdout]   = note: collect2: fatal error: ld terminated with signal 9 [Killed]
[INFO] [stdout]           compilation terminated.
[INFO] [stdout]           
[INFO] [stdout] 
[INFO] [stdout] 
[INFO] [stdout] error: aborting due to previous error
[INFO] [stdout] 
[INFO] [stdout] 
[INFO] [stderr] error: could not compile `minetestworld` (example "list_positions") due to 2 previous errors
[INFO] [stdout] error: linking with `cc` failed: exit status: 1
[INFO] [stdout]   |
[INFO] [stdout]   = note: LC_ALL="C" PATH="/opt/rustwide/rustup-home/toolchains/beta-2023-04-20-x86_64-unknown-linux-gnu/lib/rustlib/x86_64-unknown-linux-gnu/bin:/opt/rustwide/cargo-home/bin:/usr/local/sbin:/usr/local/bin:/usr/sbin:/usr/bin:/sbin:/bin" VSLANG="1033" "cc" "-m64" "/tmp/rustcpmpqiJ/symbols.o" "/opt/rustwide/target/debug/examples/modify_mapblocks-1389733142124283.modify_mapblocks.4ed6325e-cgu.0.rcgu.o" "/opt/rustwide/target/debug/examples/modify_mapblocks-1389733142124283.modify_mapblocks.4ed6325e-cgu.1.rcgu.o" "/opt/rustwide/target/debug/examples/modify_mapblocks-1389733142124283.modify_mapblocks.4ed6325e-cgu.10.rcgu.o" "/opt/rustwide/target/debug/examples/modify_mapblocks-1389733142124283.modify_mapblocks.4ed6325e-cgu.11.rcgu.o" "/opt/rustwide/target/debug/examples/modify_mapblocks-1389733142124283.modify_mapblocks.4ed6325e-cgu.12.rcgu.o" "/opt/rustwide/target/debug/examples/modify_mapblocks-1389733142124283.modify_mapblocks.4ed6325e-cgu.13.rcgu.o" "/opt/rustwide/target/debug/examples/modify_mapblocks-1389733142124283.modify_mapblocks.4ed6325e-cgu.14.rcgu.o" "/opt/rustwide/target/debug/examples/modify_mapblocks-1389733142124283.modify_mapblocks.4ed6325e-cgu.15.rcgu.o" "/opt/rustwide/target/debug/examples/modify_mapblocks-1389733142124283.modify_mapblocks.4ed6325e-cgu.2.rcgu.o" "/opt/rustwide/target/debug/examples/modify_mapblocks-1389733142124283.modify_mapblocks.4ed6325e-cgu.3.rcgu.o" "/opt/rustwide/target/debug/examples/modify_mapblocks-1389733142124283.modify_mapblocks.4ed6325e-cgu.4.rcgu.o" "/opt/rustwide/target/debug/examples/modify_mapblocks-1389733142124283.modify_mapblocks.4ed6325e-cgu.5.rcgu.o" "/opt/rustwide/target/debug/examples/modify_mapblocks-1389733142124283.modify_mapblocks.4ed6325e-cgu.6.rcgu.o" "/opt/rustwide/target/debug/examples/modify_mapblocks-1389733142124283.modify_mapblocks.4ed6325e-cgu.7.rcgu.o" "/opt/rustwide/target/debug/examples/modify_mapblocks-1389733142124283.modify_mapblocks.4ed6325e-cgu.8.rcgu.o" "/opt/rustwide/target/debug/examples/modify_mapblocks-1389733142124283.modify_mapblocks.4ed6325e-cgu.9.rcgu.o" "/opt/rustwide/target/debug/examples/modify_mapblocks-1389733142124283.2hfuzwdzfuynk34h.rcgu.o" "-Wl,--as-needed" "-L" "/opt/rustwide/target/debug/deps" "-L" "/opt/rustwide/target/debug/build/libsqlite3-sys-eff75c790b1547e3/out" "-L" "/opt/rustwide/target/debug/build/zstd-sys-bef0f1ae7913f397/out" "-L" "/opt/rustwide/rustup-home/toolchains/beta-2023-04-20-x86_64-unknown-linux-gnu/lib/rustlib/x86_64-unknown-linux-gnu/lib" "-Wl,-Bstatic" "/opt/rustwide/target/debug/deps/libminetestworld-21b6ee95c1fd681a.rlib" "/opt/rustwide/target/debug/deps/libzstd-d81b94c87ff30f7c.rlib" "/opt/rustwide/target/debug/deps/libzstd_safe-3caaf893f0bbf6bb.rlib" "/opt/rustwide/target/debug/deps/libzstd_sys-731fd5e3c8e92a7b.rlib" "/opt/rustwide/target/debug/deps/libnum_integer-ddb4729518a41a41.rlib" "/opt/rustwide/target/debug/deps/libsqlx-00472b64267af136.rlib" "/opt/rustwide/target/debug/deps/libsqlx_core-26649e63af3fca00.rlib" "/opt/rustwide/target/debug/deps/libflume-923653db66e7e66b.rlib" "/opt/rustwide/target/debug/deps/libspin-3c5f3e5535327499.rlib" "/opt/rustwide/target/debug/deps/libpin_project-0e2650fc889fd697.rlib" "/opt/rustwide/target/debug/deps/libdotenvy-a90bae05e897281b.rlib" "/opt/rustwide/target/debug/deps/libcrc-de5adb051efd7e76.rlib" "/opt/rustwide/target/debug/deps/libcrc_catalog-d9970bc5427bbe3b.rlib" "/opt/rustwide/target/debug/deps/libhex-edafc8b2917f78c9.rlib" "/opt/rustwide/target/debug/deps/libwhoami-a182f7e1846883d1.rlib" "/opt/rustwide/target/debug/deps/libdirs-e0a76c246c7b4756.rlib" "/opt/rustwide/target/debug/deps/libdirs_sys-8ec84f1d7cdffc22.rlib" "/opt/rustwide/target/debug/deps/libbase64-bf29252c29b62590.rlib" "/opt/rustwide/target/debug/deps/libsqlformat-c6ea3e1ff08b44d6.rlib" "/opt/rustwide/target/debug/deps/libunicode_categories-4308e7bb4d6c97b4.rlib" "/opt/rustwide/target/debug/deps/libnom-e7bb46ca1a4f4dfb.rlib" "/opt/rustwide/target/debug/deps/libitertools-3373f86f3efba2b7.rlib" "/opt/rustwide/target/debug/deps/libindexmap-1372cfcc35a35738.rlib" "/opt/rustwide/target/debug/deps/liblibsqlite3_sys-e4980350ea1f77a6.rlib" "/opt/rustwide/target/debug/deps/libmd5-f64badc85f30e0b3.rlib" "/opt/rustwide/target/debug/deps/libbyteorder-61c6142c807e5216.rlib" "/opt/rustwide/target/debug/deps/libatoi-84d528421c71252d.rlib" "/opt/rustwide/target/debug/deps/libnum_traits-20b15c62e5e0e397.rlib" "/opt/rustwide/target/debug/deps/libstringprep-97965a4c8f0b8ffa.rlib" "/opt/rustwide/target/debug/deps/librand-5cf8cfd62724c098.rlib" "/opt/rustwide/target/debug/deps/librand_chacha-30494e1812c5e416.rlib" "/opt/rustwide/target/debug/deps/libppv_lite86-0fa3e45be755835a.rlib" "/opt/rustwide/target/debug/deps/librand_core-ebad1ef97a86cc4c.rlib" "/opt/rustwide/target/debug/deps/libhkdf-a97b5c4a34840e0f.rlib" "/opt/rustwide/target/debug/deps/libhmac-271eb4f611ab674d.rlib" "/opt/rustwide/target/debug/deps/libsha2-375ac62f41e543c6.rlib" "/opt/rustwide/target/debug/deps/libcpufeatures-a834a1d164d66bf9.rlib" "/opt/rustwide/target/debug/deps/libdigest-da26e4b4f5933fd5.rlib" "/opt/rustwide/target/debug/deps/libsubtle-0ca152887405db79.rlib" "/opt/rustwide/target/debug/deps/libblock_buffer-b093997f2a0dfe0d.rlib" "/opt/rustwide/target/debug/deps/libcrypto_common-6f5e9c871cef2683.rlib" "/opt/rustwide/target/debug/deps/libgeneric_array-428225fb55c47719.rlib" "/opt/rustwide/target/debug/deps/libtypenum-f068cdcc1d945756.rlib" "/opt/rustwide/target/debug/deps/libsqlx_rt-ceef4716533cbd47.rlib" "/opt/rustwide/target/debug/deps/libasync_native_tls-8c08fd8d7c0d2112.rlib" "/opt/rustwide/target/debug/deps/libthiserror-7e78993af8924a13.rlib" "/opt/rustwide/target/debug/deps/libnative_tls-00e2475cc2d43f41.rlib" "/opt/rustwide/target/debug/deps/libopenssl_probe-361016bdcb077fee.rlib" "/opt/rustwide/target/debug/deps/libopenssl-becb27142e13aefd.rlib" "/opt/rustwide/target/debug/deps/libbitflags-610a73087f46ba3b.rlib" "/opt/rustwide/target/debug/deps/libforeign_types-3138d685ddde873e.rlib" "/opt/rustwide/target/debug/deps/libforeign_types_shared-1df85ef0ce08cbc3.rlib" "/opt/rustwide/target/debug/deps/libopenssl_sys-ef1837782a7e0338.rlib" "/opt/rustwide/target/debug/deps/libhashlink-63b1202e8070a32a.rlib" "/opt/rustwide/target/debug/deps/libhashbrown-7d0a9a5110a399da.rlib" "/opt/rustwide/target/debug/deps/libahash-4ea9075ac38344e5.rlib" "/opt/rustwide/target/debug/deps/libgetrandom-20447d0831a2b8eb.rlib" "/opt/rustwide/target/debug/deps/libserde_json-aa9ab275c0697c61.rlib" "/opt/rustwide/target/debug/deps/libserde-0e9ddea18721338e.rlib" "/opt/rustwide/target/debug/deps/libcrossbeam_queue-7adc512482c92181.rlib" "/opt/rustwide/target/debug/deps/libfutures_intrusive-d2a4749f5851dc07.rlib" "/opt/rustwide/target/debug/deps/libparking_lot-d3b9b2f125d7da1d.rlib" "/opt/rustwide/target/debug/deps/libparking_lot_core-b41c69da9c8d0c15.rlib" "/opt/rustwide/target/debug/deps/libsmallvec-a078f506e4f080f1.rlib" "/opt/rustwide/target/debug/deps/libinstant-939f0c301cdc968a.rlib" "/opt/rustwide/target/debug/deps/liblock_api-83dbbbc23913e320.rlib" "/opt/rustwide/target/debug/deps/libscopeguard-54ff2283d814f48f.rlib" "/opt/rustwide/target/debug/deps/libeither-90c62bd6c723a5ce.rlib" "/opt/rustwide/target/debug/deps/libredis-6d20ac08fe8658c0.rlib" "/opt/rustwide/target/debug/deps/libryu-666d6b875e8a3744.rlib" "/opt/rustwide/target/debug/deps/liburl-54e6c50546bb79ad.rlib" "/opt/rustwide/target/debug/deps/libidna-59d0d2f4fea0a975.rlib" "/opt/rustwide/target/debug/deps/libunicode_normalization-6c3f1f506de52d5b.rlib" "/opt/rustwide/target/debug/deps/libtinyvec-4ebd66a73cc74e35.rlib" "/opt/rustwide/target/debug/deps/libtinyvec_macros-c8728763a1cfbcab.rlib" "/opt/rustwide/target/debug/deps/libunicode_bidi-064678f529798c53.rlib" "/opt/rustwide/target/debug/deps/libform_urlencoded-c6dce5f233f9dc81.rlib" "/opt/rustwide/target/debug/deps/libpercent_encoding-4a77b5e8a25d80c2.rlib" "/opt/rustwide/target/debug/deps/libitoa-ffd3012d614e23bc.rlib" "/opt/rustwide/target/debug/deps/libcombine-5bb35cbe9ad48abe.rlib" "/opt/rustwide/target/debug/deps/libtokio_util-c22aea502e6f897e.rlib" "/opt/rustwide/target/debug/deps/libtracing-bfaec181c6b5a4eb.rlib" "/opt/rustwide/target/debug/deps/libtracing_core-f1311b9c121f7e8c.rlib" "/opt/rustwide/target/debug/deps/libtokio-c57aad663c8ba585.rlib" "/opt/rustwide/target/debug/deps/libmio-3c3e2061058c963c.rlib" "/opt/rustwide/target/debug/deps/libbytes-c9371717a409553e.rlib" "/opt/rustwide/target/debug/deps/libasync_std-b6845db2e0560ec9.rlib" "/opt/rustwide/target/debug/deps/libasync_global_executor-e972b8b4b0b2cb8e.rlib" "/opt/rustwide/target/debug/deps/libblocking-24a46fcdc88b5574.rlib" "/opt/rustwide/target/debug/deps/libatomic_waker-9d04c0322d3474cc.rlib" "/opt/rustwide/target/debug/deps/libasync_executor-77edbadb70ed295f.rlib" "/opt/rustwide/target/debug/deps/libasync_task-e588a53d3763733c.rlib" "/opt/rustwide/target/debug/deps/libcrossbeam_utils-4ba6000a293b72bc.rlib" "/opt/rustwide/target/debug/deps/libasync_process-0d7007b2b79febc0.rlib" "/opt/rustwide/target/debug/deps/libsignal_hook-d305db4eb1489641.rlib" "/opt/rustwide/target/debug/deps/libsignal_hook_registry-eab337ec8baad79a.rlib" "/opt/rustwide/target/debug/deps/libasync_io-62d479a1a5d61b9c.rlib" "/opt/rustwide/target/debug/deps/libpolling-4e0c4c2ed638529d.rlib" "/opt/rustwide/target/debug/deps/libonce_cell-4381f7e383e47f1b.rlib" "/opt/rustwide/target/debug/deps/libsocket2-be7b2086ac8c8d03.rlib" "/opt/rustwide/target/debug/deps/liblibc-44d9a2b7619ed023.rlib" "/opt/rustwide/target/debug/deps/libfutures_lite-cb0b15344b91ed2e.rlib" "/opt/rustwide/target/debug/deps/libfastrand-98806cd242fe8c43.rlib" "/opt/rustwide/target/debug/deps/libwaker_fn-d84763990f78330e.rlib" "/opt/rustwide/target/debug/deps/libparking-3031ff4351ece351.rlib" "/opt/rustwide/target/debug/deps/libasync_channel-2ed96e91065252dd.rlib" "/opt/rustwide/target/debug/deps/libconcurrent_queue-ff7d5115cf3e18ef.rlib" "/opt/rustwide/target/debug/deps/libcache_padded-62a4fa632318dc94.rlib" "/opt/rustwide/target/debug/deps/libasync_lock-025c1107d5156b9a.rlib" "/opt/rustwide/target/debug/deps/libevent_listener-0579293c10c4b8db.rlib" "/opt/rustwide/target/debug/deps/libkv_log_macro-08f8afbbfc8a28a6.rlib" "/opt/rustwide/target/debug/deps/liblog-b235a22e4d59264b.rlib" "/opt/rustwide/target/debug/deps/libvalue_bag-f1773aa0a7606d67.rlib" "/opt/rustwide/target/debug/deps/libcfg_if-97437e183f3ae6e4.rlib" "/opt/rustwide/target/debug/deps/libfutures-d105d33036faa233.rlib" "/opt/rustwide/target/debug/deps/libfutures_executor-a5fe065a36235b8c.rlib" "/opt/rustwide/target/debug/deps/libfutures_util-6520cd76034eda54.rlib" "/opt/rustwide/target/debug/deps/libmemchr-f4ebff342237ab92.rlib" "/opt/rustwide/target/debug/deps/libfutures_io-bd39a519f90aff52.rlib" "/opt/rustwide/target/debug/deps/libslab-f707bf0c16d9b9e8.rlib" "/opt/rustwide/target/debug/deps/libfutures_channel-ce432077cbb92867.rlib" "/opt/rustwide/target/debug/deps/libpin_project_lite-3a747526c5b5aadd.rlib" "/opt/rustwide/target/debug/deps/libfutures_sink-8795813b1cefede0.rlib" "/opt/rustwide/target/debug/deps/libfutures_task-50aff713b3bd5ec5.rlib" "/opt/rustwide/target/debug/deps/libpin_utils-501725f4e360d46d.rlib" "/opt/rustwide/target/debug/deps/libfutures_core-cc887ab330e320a3.rlib" "/opt/rustwide/rustup-home/toolchains/beta-2023-04-20-x86_64-unknown-linux-gnu/lib/rustlib/x86_64-unknown-linux-gnu/lib/libstd-0e29cc23c5e02021.rlib" "/opt/rustwide/rustup-home/toolchains/beta-2023-04-20-x86_64-unknown-linux-gnu/lib/rustlib/x86_64-unknown-linux-gnu/lib/libpanic_unwind-d903621768a861d9.rlib" "/opt/rustwide/rustup-home/toolchains/beta-2023-04-20-x86_64-unknown-linux-gnu/lib/rustlib/x86_64-unknown-linux-gnu/lib/libobject-6d0225e655f31c13.rlib" "/opt/rustwide/rustup-home/toolchains/beta-2023-04-20-x86_64-unknown-linux-gnu/lib/rustlib/x86_64-unknown-linux-gnu/lib/libmemchr-9dbaf4eac7eaa079.rlib" "/opt/rustwide/rustup-home/toolchains/beta-2023-04-20-x86_64-unknown-linux-gnu/lib/rustlib/x86_64-unknown-linux-gnu/lib/libaddr2line-27f05b3d42a66dd0.rlib" "/opt/rustwide/rustup-home/toolchains/beta-2023-04-20-x86_64-unknown-linux-gnu/lib/rustlib/x86_64-unknown-linux-gnu/lib/libgimli-4d73f1030321c9a2.rlib" "/opt/rustwide/rustup-home/toolchains/beta-2023-04-20-x86_64-unknown-linux-gnu/lib/rustlib/x86_64-unknown-linux-gnu/lib/librustc_demangle-2846c9e58abd0acb.rlib" "/opt/rustwide/rustup-home/toolchains/beta-2023-04-20-x86_64-unknown-linux-gnu/lib/rustlib/x86_64-unknown-linux-gnu/lib/libstd_detect-a53d0f50415947be.rlib" "/opt/rustwide/rustup-home/toolchains/beta-2023-04-20-x86_64-unknown-linux-gnu/lib/rustlib/x86_64-unknown-linux-gnu/lib/libhashbrown-d48e4b6abc25b9dc.rlib" "/opt/rustwide/rustup-home/toolchains/beta-2023-04-20-x86_64-unknown-linux-gnu/lib/rustlib/x86_64-unknown-linux-gnu/lib/libminiz_oxide-2991859439ef1207.rlib" "/opt/rustwide/rustup-home/toolchains/beta-2023-04-20-x86_64-unknown-linux-gnu/lib/rustlib/x86_64-unknown-linux-gnu/lib/libadler-8a687517e4221bae.rlib" "/opt/rustwide/rustup-home/toolchains/beta-2023-04-20-x86_64-unknown-linux-gnu/lib/rustlib/x86_64-unknown-linux-gnu/lib/librustc_std_workspace_alloc-e07b554f6a67f5b3.rlib" "/opt/rustwide/rustup-home/toolchains/beta-2023-04-20-x86_64-unknown-linux-gnu/lib/rustlib/x86_64-unknown-linux-gnu/lib/libunwind-b68238b7c3c619dd.rlib" "/opt/rustwide/rustup-home/toolchains/beta-2023-04-20-x86_64-unknown-linux-gnu/lib/rustlib/x86_64-unknown-linux-gnu/lib/libcfg_if-d5e213e896c017e4.rlib" "/opt/rustwide/rustup-home/toolchains/beta-2023-04-20-x86_64-unknown-linux-gnu/lib/rustlib/x86_64-unknown-linux-gnu/lib/liblibc-0211a3b2e61d8689.rlib" "/opt/rustwide/rustup-home/toolchains/beta-2023-04-20-x86_64-unknown-linux-gnu/lib/rustlib/x86_64-unknown-linux-gnu/lib/liballoc-b371f055239ba51f.rlib" "/opt/rustwide/rustup-home/toolchains/beta-2023-04-20-x86_64-unknown-linux-gnu/lib/rustlib/x86_64-unknown-linux-gnu/lib/librustc_std_workspace_core-e60518d2760eb01e.rlib" "/opt/rustwide/rustup-home/toolchains/beta-2023-04-20-x86_64-unknown-linux-gnu/lib/rustlib/x86_64-unknown-linux-gnu/lib/libcore-1ad943f92a4b1081.rlib" "/opt/rustwide/rustup-home/toolchains/beta-2023-04-20-x86_64-unknown-linux-gnu/lib/rustlib/x86_64-unknown-linux-gnu/lib/libcompiler_builtins-f0d6e4d0fc1e80b4.rlib" "-Wl,-Bdynamic" "-lssl" "-lcrypto" "-lgcc_s" "-lutil" "-lrt" "-lpthread" "-lm" "-ldl" "-lc" "-Wl,--eh-frame-hdr" "-Wl,-z,noexecstack" "-L" "/opt/rustwide/rustup-home/toolchains/beta-2023-04-20-x86_64-unknown-linux-gnu/lib/rustlib/x86_64-unknown-linux-gnu/lib" "-o" "/opt/rustwide/target/debug/examples/modify_mapblocks-1389733142124283" "-Wl,--gc-sections" "-pie" "-Wl,-z,relro,-z,now" "-nodefaultlibs"
[INFO] [stdout]   = note: collect2: fatal error: ld terminated with signal 9 [Killed]
[INFO] [stdout]           compilation terminated.
[INFO] [stdout]           
[INFO] [stdout] 
[INFO] [stdout] 
[INFO] [stdout] error: aborting due to previous error
[INFO] [stdout] 
[INFO] [stdout] 
[INFO] [stderr] error: could not compile `minetestworld` (example "modify_mapblocks") due to 2 previous errors
[INFO] running `Command { std: "docker" "inspect" "f8fb63dded18948e63f5f411ad54bbd6556321ed9ce369f37b7bf0085f3528d2", kill_on_drop: false }`
[INFO] running `Command { std: "docker" "rm" "-f" "f8fb63dded18948e63f5f411ad54bbd6556321ed9ce369f37b7bf0085f3528d2", kill_on_drop: false }`
[INFO] [stdout] f8fb63dded18948e63f5f411ad54bbd6556321ed9ce369f37b7bf0085f3528d2
