[INFO] fetching crate merge-struct 0.1.0...
[INFO] testing merge-struct-0.1.0 against 1.69.0 for beta-1.70-1
[INFO] extracting crate merge-struct 0.1.0 into /workspace/builds/worker-6-tc1/source
[INFO] validating manifest of crates.io crate merge-struct 0.1.0 on toolchain 1.69.0
[INFO] running `Command { std: CARGO_HOME="/workspace/cargo-home" RUSTUP_HOME="/workspace/rustup-home" "/workspace/cargo-home/bin/cargo" "+1.69.0" "metadata" "--manifest-path" "Cargo.toml" "--no-deps", kill_on_drop: false }`
[INFO] started tweaking crates.io crate merge-struct 0.1.0
[INFO] finished tweaking crates.io crate merge-struct 0.1.0
[INFO] tweaked toml for crates.io crate merge-struct 0.1.0 written to /workspace/builds/worker-6-tc1/source/Cargo.toml
[INFO] running `Command { std: CARGO_HOME="/workspace/cargo-home" RUSTUP_HOME="/workspace/rustup-home" __CARGO_TEST_CHANNEL_OVERRIDE_DO_NOT_USE_THIS="nightly" "/workspace/cargo-home/bin/cargo" "+1.69.0" "generate-lockfile" "--manifest-path" "Cargo.toml" "-Zno-index-update", kill_on_drop: false }`
[INFO] running `Command { std: CARGO_HOME="/workspace/cargo-home" RUSTUP_HOME="/workspace/rustup-home" "/workspace/cargo-home/bin/cargo" "+1.69.0" "fetch" "--manifest-path" "Cargo.toml", kill_on_drop: false }`
[INFO] [stderr]  Downloading crates ...
[INFO] [stderr]   Downloaded insta v1.18.2
[INFO] running `Command { std: "docker" "create" "-v" "/var/lib/crater-agent-workspace/builds/worker-6-tc1/target:/opt/rustwide/target:rw,Z" "-v" "/var/lib/crater-agent-workspace/builds/worker-6-tc1/source:/opt/rustwide/workdir:ro,Z" "-v" "/var/lib/crater-agent-workspace/cargo-home:/opt/rustwide/cargo-home:ro,Z" "-v" "/var/lib/crater-agent-workspace/rustup-home:/opt/rustwide/rustup-home:ro,Z" "-e" "SOURCE_DIR=/opt/rustwide/workdir" "-e" "CARGO_TARGET_DIR=/opt/rustwide/target" "-e" "CARGO_HOME=/opt/rustwide/cargo-home" "-e" "RUSTUP_HOME=/opt/rustwide/rustup-home" "-w" "/opt/rustwide/workdir" "-m" "1610612736" "--user" "0:0" "--network" "none" "ghcr.io/rust-lang/crates-build-env/linux@sha256:5ff2268d62e97bff2cde7d5815dd6ed5b47097566f13b8d0ca110b04b60e07ed" "/opt/rustwide/cargo-home/bin/cargo" "+1.69.0" "metadata" "--no-deps" "--format-version=1", kill_on_drop: false }`
[INFO] [stdout] 162fac19b53be1ea405c4365fff2d21058206ede4ca1e8a4a93e2b99525ccce0
[INFO] running `Command { std: "docker" "start" "-a" "162fac19b53be1ea405c4365fff2d21058206ede4ca1e8a4a93e2b99525ccce0", kill_on_drop: false }`
[INFO] running `Command { std: "docker" "inspect" "162fac19b53be1ea405c4365fff2d21058206ede4ca1e8a4a93e2b99525ccce0", kill_on_drop: false }`
[INFO] running `Command { std: "docker" "rm" "-f" "162fac19b53be1ea405c4365fff2d21058206ede4ca1e8a4a93e2b99525ccce0", kill_on_drop: false }`
[INFO] [stdout] 162fac19b53be1ea405c4365fff2d21058206ede4ca1e8a4a93e2b99525ccce0
[INFO] running `Command { std: "docker" "create" "-v" "/var/lib/crater-agent-workspace/builds/worker-6-tc1/target:/opt/rustwide/target:rw,Z" "-v" "/var/lib/crater-agent-workspace/builds/worker-6-tc1/source:/opt/rustwide/workdir:ro,Z" "-v" "/var/lib/crater-agent-workspace/cargo-home:/opt/rustwide/cargo-home:ro,Z" "-v" "/var/lib/crater-agent-workspace/rustup-home:/opt/rustwide/rustup-home:ro,Z" "-e" "SOURCE_DIR=/opt/rustwide/workdir" "-e" "CARGO_TARGET_DIR=/opt/rustwide/target" "-e" "CARGO_INCREMENTAL=0" "-e" "RUST_BACKTRACE=full" "-e" "RUSTFLAGS=--cap-lints=warn" "-e" "RUSTDOCFLAGS=--cap-lints=warn" "-e" "CARGO_HOME=/opt/rustwide/cargo-home" "-e" "RUSTUP_HOME=/opt/rustwide/rustup-home" "-w" "/opt/rustwide/workdir" "-m" "1610612736" "--user" "0:0" "--network" "none" "ghcr.io/rust-lang/crates-build-env/linux@sha256:5ff2268d62e97bff2cde7d5815dd6ed5b47097566f13b8d0ca110b04b60e07ed" "/opt/rustwide/cargo-home/bin/cargo" "+1.69.0" "build" "--frozen" "--message-format=json", kill_on_drop: false }`
[INFO] [stdout] 9767d0f86a9c450147cd79a07496a98a15de5a63bdac786be2d94c6310300e08
[INFO] running `Command { std: "docker" "start" "-a" "9767d0f86a9c450147cd79a07496a98a15de5a63bdac786be2d94c6310300e08", kill_on_drop: false }`
[INFO] [stderr]    Compiling merge-struct v0.1.0 (/opt/rustwide/workdir)
[INFO] [stderr]     Finished dev [unoptimized + debuginfo] target(s) in 0.28s
[INFO] running `Command { std: "docker" "inspect" "9767d0f86a9c450147cd79a07496a98a15de5a63bdac786be2d94c6310300e08", kill_on_drop: false }`
[INFO] running `Command { std: "docker" "rm" "-f" "9767d0f86a9c450147cd79a07496a98a15de5a63bdac786be2d94c6310300e08", kill_on_drop: false }`
[INFO] [stdout] 9767d0f86a9c450147cd79a07496a98a15de5a63bdac786be2d94c6310300e08
[INFO] running `Command { std: "docker" "create" "-v" "/var/lib/crater-agent-workspace/builds/worker-6-tc1/target:/opt/rustwide/target:rw,Z" "-v" "/var/lib/crater-agent-workspace/builds/worker-6-tc1/source:/opt/rustwide/workdir:ro,Z" "-v" "/var/lib/crater-agent-workspace/cargo-home:/opt/rustwide/cargo-home:ro,Z" "-v" "/var/lib/crater-agent-workspace/rustup-home:/opt/rustwide/rustup-home:ro,Z" "-e" "SOURCE_DIR=/opt/rustwide/workdir" "-e" "CARGO_TARGET_DIR=/opt/rustwide/target" "-e" "CARGO_INCREMENTAL=0" "-e" "RUST_BACKTRACE=full" "-e" "RUSTFLAGS=--cap-lints=warn" "-e" "RUSTDOCFLAGS=--cap-lints=warn" "-e" "CARGO_HOME=/opt/rustwide/cargo-home" "-e" "RUSTUP_HOME=/opt/rustwide/rustup-home" "-w" "/opt/rustwide/workdir" "-m" "1610612736" "--user" "0:0" "--network" "none" "ghcr.io/rust-lang/crates-build-env/linux@sha256:5ff2268d62e97bff2cde7d5815dd6ed5b47097566f13b8d0ca110b04b60e07ed" "/opt/rustwide/cargo-home/bin/cargo" "+1.69.0" "test" "--frozen" "--no-run" "--message-format=json", kill_on_drop: false }`
[INFO] [stdout] 6489ff5d628f9665e458a0a92173b3425d23139f93b758511e2253019adef9f9
[INFO] running `Command { std: "docker" "start" "-a" "6489ff5d628f9665e458a0a92173b3425d23139f93b758511e2253019adef9f9", kill_on_drop: false }`
[INFO] [stderr]    Compiling thiserror v1.0.40
[INFO] [stderr]    Compiling ucd-trie v0.1.5
[INFO] [stderr]    Compiling linked-hash-map v0.5.6
[INFO] [stderr]    Compiling console v0.15.5
[INFO] [stderr]    Compiling similar v2.2.1
[INFO] [stderr]    Compiling yansi v0.5.1
[INFO] [stderr]    Compiling thiserror-impl v1.0.40
[INFO] [stderr]    Compiling pretty_assertions v1.3.0
[INFO] [stderr]    Compiling yaml-rust v0.4.5
[INFO] [stderr]    Compiling pest v2.6.0
[INFO] [stderr]    Compiling pest_meta v2.6.0
[INFO] [stderr]    Compiling pest_generator v2.6.0
[INFO] [stderr]    Compiling pest_derive v2.6.0
[INFO] [stderr]    Compiling insta v1.18.2
[INFO] [stderr]    Compiling merge-struct v0.1.0 (/opt/rustwide/workdir)
[INFO] [stdout] error: cannot find derive macro `Serialize` in this scope
[INFO] [stdout]    --> src/lib.rs:129:14
[INFO] [stdout]     |
[INFO] [stdout] 129 |     #[derive(Serialize, Deserialize)]
[INFO] [stdout]     |              ^^^^^^^^^
[INFO] [stdout]     |
[INFO] [stdout] note: `Serialize` is imported here, but it is only a trait, without a derive macro
[INFO] [stdout]    --> src/lib.rs:124:30
[INFO] [stdout]     |
[INFO] [stdout] 124 |     use serde::{Deserialize, Serialize};
[INFO] [stdout]     |                              ^^^^^^^^^
[INFO] [stdout] 
[INFO] [stdout] 
[INFO] [stdout] error: cannot find derive macro `Deserialize` in this scope
[INFO] [stdout]    --> src/lib.rs:129:25
[INFO] [stdout]     |
[INFO] [stdout] 129 |     #[derive(Serialize, Deserialize)]
[INFO] [stdout]     |                         ^^^^^^^^^^^
[INFO] [stdout]     |
[INFO] [stdout] note: `Deserialize` is imported here, but it is only a trait, without a derive macro
[INFO] [stdout]    --> src/lib.rs:124:17
[INFO] [stdout]     |
[INFO] [stdout] 124 |     use serde::{Deserialize, Serialize};
[INFO] [stdout]     |                 ^^^^^^^^^^^
[INFO] [stdout] 
[INFO] [stdout] 
[INFO] [stdout] error: cannot find derive macro `Serialize` in this scope
[INFO] [stdout]    --> src/lib.rs:136:14
[INFO] [stdout]     |
[INFO] [stdout] 136 |     #[derive(Serialize, Deserialize)]
[INFO] [stdout]     |              ^^^^^^^^^
[INFO] [stdout]     |
[INFO] [stdout] note: `Serialize` is imported here, but it is only a trait, without a derive macro
[INFO] [stdout]    --> src/lib.rs:124:30
[INFO] [stdout]     |
[INFO] [stdout] 124 |     use serde::{Deserialize, Serialize};
[INFO] [stdout]     |                              ^^^^^^^^^
[INFO] [stdout] 
[INFO] [stdout] 
[INFO] [stdout] error: cannot find derive macro `Deserialize` in this scope
[INFO] [stdout]    --> src/lib.rs:136:25
[INFO] [stdout]     |
[INFO] [stdout] 136 |     #[derive(Serialize, Deserialize)]
[INFO] [stdout]     |                         ^^^^^^^^^^^
[INFO] [stdout]     |
[INFO] [stdout] note: `Deserialize` is imported here, but it is only a trait, without a derive macro
[INFO] [stdout]    --> src/lib.rs:124:17
[INFO] [stdout]     |
[INFO] [stdout] 124 |     use serde::{Deserialize, Serialize};
[INFO] [stdout]     |                 ^^^^^^^^^^^
[INFO] [stdout] 
[INFO] [stdout] 
[INFO] [stdout] error: cannot find derive macro `Serialize` in this scope
[INFO] [stdout]    --> src/lib.rs:142:14
[INFO] [stdout]     |
[INFO] [stdout] 142 |     #[derive(Serialize, Deserialize)]
[INFO] [stdout]     |              ^^^^^^^^^
[INFO] [stdout]     |
[INFO] [stdout] note: `Serialize` is imported here, but it is only a trait, without a derive macro
[INFO] [stdout]    --> src/lib.rs:124:30
[INFO] [stdout]     |
[INFO] [stdout] 124 |     use serde::{Deserialize, Serialize};
[INFO] [stdout]     |                              ^^^^^^^^^
[INFO] [stdout] 
[INFO] [stdout] 
[INFO] [stdout] error: cannot find derive macro `Deserialize` in this scope
[INFO] [stdout]    --> src/lib.rs:142:25
[INFO] [stdout]     |
[INFO] [stdout] 142 |     #[derive(Serialize, Deserialize)]
[INFO] [stdout]     |                         ^^^^^^^^^^^
[INFO] [stdout]     |
[INFO] [stdout] note: `Deserialize` is imported here, but it is only a trait, without a derive macro
[INFO] [stdout]    --> src/lib.rs:124:17
[INFO] [stdout]     |
[INFO] [stdout] 124 |     use serde::{Deserialize, Serialize};
[INFO] [stdout]     |                 ^^^^^^^^^^^
[INFO] [stdout] 
[INFO] [stdout] 
[INFO] [stdout] warning: use of deprecated macro `assert_yaml_snapshot`: assert_yaml_snapshot! will require the "yaml" feature. Add the "yaml" feature to your Cargo.toml to silence this warning.
[INFO] [stdout]    --> src/lib.rs:178:9
[INFO] [stdout]     |
[INFO] [stdout] 178 |         assert_yaml_snapshot!(merge(&left, &right).unwrap());
[INFO] [stdout]     |         ^^^^^^^^^^^^^^^^^^^^
[INFO] [stdout]     |
[INFO] [stdout]     = note: `#[warn(deprecated)]` on by default
[INFO] [stdout] 
[INFO] [stdout] 
[INFO] [stdout] warning: use of deprecated macro `assert_yaml_snapshot`: assert_yaml_snapshot! will require the "yaml" feature. Add the "yaml" feature to your Cargo.toml to silence this warning.
[INFO] [stdout]    --> src/lib.rs:211:9
[INFO] [stdout]     |
[INFO] [stdout] 211 |         assert_yaml_snapshot!(merge(&left, &right).unwrap());
[INFO] [stdout]     |         ^^^^^^^^^^^^^^^^^^^^
[INFO] [stdout] 
[INFO] [stdout] 
[INFO] [stdout] warning: use of deprecated macro `assert_yaml_snapshot`: assert_yaml_snapshot! will require the "yaml" feature. Add the "yaml" feature to your Cargo.toml to silence this warning.
[INFO] [stdout]    --> src/lib.rs:250:9
[INFO] [stdout]     |
[INFO] [stdout] 250 |         assert_yaml_snapshot!(merge(&left, &right).unwrap());
[INFO] [stdout]     |         ^^^^^^^^^^^^^^^^^^^^
[INFO] [stdout] 
[INFO] [stdout] 
[INFO] [stdout] warning: use of deprecated macro `insta::assert_yaml_snapshot`: assert_yaml_snapshot! will require the "yaml" feature. Add the "yaml" feature to your Cargo.toml to silence this warning.
[INFO] [stdout]    --> src/lib.rs:127:16
[INFO] [stdout]     |
[INFO] [stdout] 127 |     use insta::assert_yaml_snapshot;
[INFO] [stdout]     |                ^^^^^^^^^^^^^^^^^^^^
[INFO] [stdout] 
[INFO] [stdout] 
[INFO] [stdout] warning: use of deprecated function `insta::deprecated_backtrace_support::backtrace_dummy`: You are using insta with the deprecated "backtrace" feature. Remove this feature from your Cargo.toml as it will go away in future insta versions. The functionality provided by this feature is now available out of the box.
[INFO] [stdout]    --> src/lib.rs:178:9
[INFO] [stdout]     |
[INFO] [stdout] 178 |         assert_yaml_snapshot!(merge(&left, &right).unwrap());
[INFO] [stdout]     |         ^^^^^^^^^^^^^^^^^^^^^^^^^^^^^^^^^^^^^^^^^^^^^^^^^^^^
[INFO] [stdout]     |
[INFO] [stdout]     = note: this warning originates in the macro `$crate::assert_snapshot` which comes from the expansion of the macro `assert_yaml_snapshot` (in Nightly builds, run with -Z macro-backtrace for more info)
[INFO] [stdout] 
[INFO] [stdout] 
[INFO] [stdout] warning: use of deprecated module `insta::deprecated_backtrace_support`: You are using insta with the deprecated "backtrace" feature. Remove this feature from your Cargo.toml as it will go away in future insta versions. The functionality provided by this feature is now available out of the box.
[INFO] [stdout]    --> src/lib.rs:178:9
[INFO] [stdout]     |
[INFO] [stdout] 178 |         assert_yaml_snapshot!(merge(&left, &right).unwrap());
[INFO] [stdout]     |         ^^^^^^^^^^^^^^^^^^^^^^^^^^^^^^^^^^^^^^^^^^^^^^^^^^^^
[INFO] [stdout]     |
[INFO] [stdout]     = note: this warning originates in the macro `$crate::assert_snapshot` which comes from the expansion of the macro `assert_yaml_snapshot` (in Nightly builds, run with -Z macro-backtrace for more info)
[INFO] [stdout] 
[INFO] [stdout] 
[INFO] [stdout] warning: use of deprecated function `insta::deprecated_backtrace_support::backtrace_dummy`: You are using insta with the deprecated "backtrace" feature. Remove this feature from your Cargo.toml as it will go away in future insta versions. The functionality provided by this feature is now available out of the box.
[INFO] [stdout]    --> src/lib.rs:211:9
[INFO] [stdout]     |
[INFO] [stdout] 211 |         assert_yaml_snapshot!(merge(&left, &right).unwrap());
[INFO] [stdout]     |         ^^^^^^^^^^^^^^^^^^^^^^^^^^^^^^^^^^^^^^^^^^^^^^^^^^^^
[INFO] [stdout]     |
[INFO] [stdout]     = note: this warning originates in the macro `$crate::assert_snapshot` which comes from the expansion of the macro `assert_yaml_snapshot` (in Nightly builds, run with -Z macro-backtrace for more info)
[INFO] [stdout] 
[INFO] [stdout] 
[INFO] [stdout] warning: use of deprecated module `insta::deprecated_backtrace_support`: You are using insta with the deprecated "backtrace" feature. Remove this feature from your Cargo.toml as it will go away in future insta versions. The functionality provided by this feature is now available out of the box.
[INFO] [stdout]    --> src/lib.rs:211:9
[INFO] [stdout]     |
[INFO] [stdout] 211 |         assert_yaml_snapshot!(merge(&left, &right).unwrap());
[INFO] [stdout]     |         ^^^^^^^^^^^^^^^^^^^^^^^^^^^^^^^^^^^^^^^^^^^^^^^^^^^^
[INFO] [stdout]     |
[INFO] [stdout]     = note: this warning originates in the macro `$crate::assert_snapshot` which comes from the expansion of the macro `assert_yaml_snapshot` (in Nightly builds, run with -Z macro-backtrace for more info)
[INFO] [stdout] 
[INFO] [stdout] 
[INFO] [stdout] warning: use of deprecated function `insta::deprecated_backtrace_support::backtrace_dummy`: You are using insta with the deprecated "backtrace" feature. Remove this feature from your Cargo.toml as it will go away in future insta versions. The functionality provided by this feature is now available out of the box.
[INFO] [stdout]    --> src/lib.rs:250:9
[INFO] [stdout]     |
[INFO] [stdout] 250 |         assert_yaml_snapshot!(merge(&left, &right).unwrap());
[INFO] [stdout]     |         ^^^^^^^^^^^^^^^^^^^^^^^^^^^^^^^^^^^^^^^^^^^^^^^^^^^^
[INFO] [stdout]     |
[INFO] [stdout]     = note: this warning originates in the macro `$crate::assert_snapshot` which comes from the expansion of the macro `assert_yaml_snapshot` (in Nightly builds, run with -Z macro-backtrace for more info)
[INFO] [stdout] 
[INFO] [stdout] 
[INFO] [stdout] warning: use of deprecated module `insta::deprecated_backtrace_support`: You are using insta with the deprecated "backtrace" feature. Remove this feature from your Cargo.toml as it will go away in future insta versions. The functionality provided by this feature is now available out of the box.
[INFO] [stdout]    --> src/lib.rs:250:9
[INFO] [stdout]     |
[INFO] [stdout] 250 |         assert_yaml_snapshot!(merge(&left, &right).unwrap());
[INFO] [stdout]     |         ^^^^^^^^^^^^^^^^^^^^^^^^^^^^^^^^^^^^^^^^^^^^^^^^^^^^
[INFO] [stdout]     |
[INFO] [stdout]     = note: this warning originates in the macro `$crate::assert_snapshot` which comes from the expansion of the macro `assert_yaml_snapshot` (in Nightly builds, run with -Z macro-backtrace for more info)
[INFO] [stdout] 
[INFO] [stdout] 
[INFO] [stdout] error[E0277]: the trait bound `tests::Data: Deserialize<'_>` is not satisfied
[INFO] [stdout]     --> src/lib.rs:149:26
[INFO] [stdout]      |
[INFO] [stdout] 149  |         let left: Data = serde_json::from_str(
[INFO] [stdout]      |                          ^^^^^^^^^^^^^^^^^^^^ the trait `Deserialize<'_>` is not implemented for `tests::Data`
[INFO] [stdout]      |
[INFO] [stdout]      = help: the following other types implement trait `Deserialize<'de>`:
[INFO] [stdout]                &'a Path
[INFO] [stdout]                &'a [u8]
[INFO] [stdout]                &'a str
[INFO] [stdout]                ()
[INFO] [stdout]                (T0, T1)
[INFO] [stdout]                (T0, T1, T2)
[INFO] [stdout]                (T0, T1, T2, T3)
[INFO] [stdout]                (T0, T1, T2, T3, T4)
[INFO] [stdout]              and 127 others
[INFO] [stdout] note: required by a bound in `serde_json::from_str`
[INFO] [stdout]     --> /opt/rustwide/cargo-home/registry/src/github.com-1ecc6299db9ec823/serde_json-1.0.96/src/de.rs:2603:8
[INFO] [stdout]      |
[INFO] [stdout] 2603 |     T: de::Deserialize<'a>,
[INFO] [stdout]      |        ^^^^^^^^^^^^^^^^^^^ required by this bound in `from_str`
[INFO] [stdout] 
[INFO] [stdout] 
[INFO] [stdout] error[E0277]: the trait bound `tests::Data: Deserialize<'_>` is not satisfied
[INFO] [stdout]     --> src/lib.rs:158:27
[INFO] [stdout]      |
[INFO] [stdout] 158  |         let right: Data = serde_json::from_str(
[INFO] [stdout]      |                           ^^^^^^^^^^^^^^^^^^^^ the trait `Deserialize<'_>` is not implemented for `tests::Data`
[INFO] [stdout]      |
[INFO] [stdout]      = help: the following other types implement trait `Deserialize<'de>`:
[INFO] [stdout]                &'a Path
[INFO] [stdout]                &'a [u8]
[INFO] [stdout]                &'a str
[INFO] [stdout]                ()
[INFO] [stdout]                (T0, T1)
[INFO] [stdout]                (T0, T1, T2)
[INFO] [stdout]                (T0, T1, T2, T3)
[INFO] [stdout]                (T0, T1, T2, T3, T4)
[INFO] [stdout]              and 127 others
[INFO] [stdout] note: required by a bound in `serde_json::from_str`
[INFO] [stdout]     --> /opt/rustwide/cargo-home/registry/src/github.com-1ecc6299db9ec823/serde_json-1.0.96/src/de.rs:2603:8
[INFO] [stdout]      |
[INFO] [stdout] 2603 |     T: de::Deserialize<'a>,
[INFO] [stdout]      |        ^^^^^^^^^^^^^^^^^^^ required by this bound in `from_str`
[INFO] [stdout] 
[INFO] [stdout] 
[INFO] [stdout] error[E0277]: the trait bound `tests::Data: Serialize` is not satisfied
[INFO] [stdout]    --> src/lib.rs:178:31
[INFO] [stdout]     |
[INFO] [stdout] 178 |         assert_yaml_snapshot!(merge(&left, &right).unwrap());
[INFO] [stdout]     |                               ^^^^^ the trait `Serialize` is not implemented for `tests::Data`
[INFO] [stdout]     |
[INFO] [stdout]     = help: the following other types implement trait `Serialize`:
[INFO] [stdout]               &'a T
[INFO] [stdout]               &'a mut T
[INFO] [stdout]               ()
[INFO] [stdout]               (T0, T1)
[INFO] [stdout]               (T0, T1, T2)
[INFO] [stdout]               (T0, T1, T2, T3)
[INFO] [stdout]               (T0, T1, T2, T3, T4)
[INFO] [stdout]               (T0, T1, T2, T3, T4, T5)
[INFO] [stdout]             and 128 others
[INFO] [stdout] note: required by a bound in `merge`
[INFO] [stdout]    --> src/lib.rs:110:17
[INFO] [stdout]     |
[INFO] [stdout] 110 | pub fn merge<T: serde::ser::Serialize + serde::de::DeserializeOwned>(
[INFO] [stdout]     |                 ^^^^^^^^^^^^^^^^^^^^^ required by this bound in `merge`
[INFO] [stdout] 
[INFO] [stdout] 
[INFO] [stdout] error[E0277]: the trait bound `for<'de> tests::Data: Deserialize<'de>` is not satisfied
[INFO] [stdout]    --> src/lib.rs:178:31
[INFO] [stdout]     |
[INFO] [stdout] 178 |         assert_yaml_snapshot!(merge(&left, &right).unwrap());
[INFO] [stdout]     |                               ^^^^^ the trait `for<'de> Deserialize<'de>` is not implemented for `tests::Data`
[INFO] [stdout]     |
[INFO] [stdout]     = help: the following other types implement trait `Deserialize<'de>`:
[INFO] [stdout]               &'a Path
[INFO] [stdout]               &'a [u8]
[INFO] [stdout]               &'a str
[INFO] [stdout]               ()
[INFO] [stdout]               (T0, T1)
[INFO] [stdout]               (T0, T1, T2)
[INFO] [stdout]               (T0, T1, T2, T3)
[INFO] [stdout]               (T0, T1, T2, T3, T4)
[INFO] [stdout]             and 127 others
[INFO] [stdout]     = note: required for `tests::Data` to implement `DeserializeOwned`
[INFO] [stdout] note: required by a bound in `merge`
[INFO] [stdout]    --> src/lib.rs:110:41
[INFO] [stdout]     |
[INFO] [stdout] 110 | pub fn merge<T: serde::ser::Serialize + serde::de::DeserializeOwned>(
[INFO] [stdout]     |                                         ^^^^^^^^^^^^^^^^^^^^^^^^^^^ required by this bound in `merge`
[INFO] [stdout] 
[INFO] [stdout] 
[INFO] [stdout] error[E0277]: the trait bound `tests::Data: Serialize` is not satisfied
[INFO] [stdout]    --> src/lib.rs:178:9
[INFO] [stdout]     |
[INFO] [stdout] 178 |         assert_yaml_snapshot!(merge(&left, &right).unwrap());
[INFO] [stdout]     |         ^^^^^^^^^^^^^^^^^^^^^^^^^^^^^^^^^^^^^^^^^^^^^^^^^^^^
[INFO] [stdout]     |         |
[INFO] [stdout]     |         the trait `Serialize` is not implemented for `tests::Data`
[INFO] [stdout]     |         required by a bound introduced by this call
[INFO] [stdout]     |
[INFO] [stdout]     = help: the following other types implement trait `Serialize`:
[INFO] [stdout]               &'a T
[INFO] [stdout]               &'a mut T
[INFO] [stdout]               ()
[INFO] [stdout]               (T0, T1)
[INFO] [stdout]               (T0, T1, T2)
[INFO] [stdout]               (T0, T1, T2, T3)
[INFO] [stdout]               (T0, T1, T2, T3, T4)
[INFO] [stdout]               (T0, T1, T2, T3, T4, T5)
[INFO] [stdout]             and 128 others
[INFO] [stdout] note: required by a bound in `insta::_macro_support::serialize_value`
[INFO] [stdout]    --> /opt/rustwide/cargo-home/registry/src/github.com-1ecc6299db9ec823/insta-1.18.2/src/serialization.rs:98:27
[INFO] [stdout]     |
[INFO] [stdout] 98  | pub fn serialize_value<S: Serialize>(
[INFO] [stdout]     |                           ^^^^^^^^^ required by this bound in `serialize_value`
[INFO] [stdout]     = note: this error originates in the macro `$crate::_assert_serialized_snapshot` which comes from the expansion of the macro `assert_yaml_snapshot` (in Nightly builds, run with -Z macro-backtrace for more info)
[INFO] [stdout] 
[INFO] [stdout] 
[INFO] [stdout] error[E0277]: the trait bound `tests::Data: Deserialize<'_>` is not satisfied
[INFO] [stdout]     --> src/lib.rs:182:27
[INFO] [stdout]      |
[INFO] [stdout] 182  |         let right: Data = serde_json::from_str(
[INFO] [stdout]      |                           ^^^^^^^^^^^^^^^^^^^^ the trait `Deserialize<'_>` is not implemented for `tests::Data`
[INFO] [stdout]      |
[INFO] [stdout]      = help: the following other types implement trait `Deserialize<'de>`:
[INFO] [stdout]                &'a Path
[INFO] [stdout]                &'a [u8]
[INFO] [stdout]                &'a str
[INFO] [stdout]                ()
[INFO] [stdout]                (T0, T1)
[INFO] [stdout]                (T0, T1, T2)
[INFO] [stdout]                (T0, T1, T2, T3)
[INFO] [stdout]                (T0, T1, T2, T3, T4)
[INFO] [stdout]              and 127 others
[INFO] [stdout] note: required by a bound in `serde_json::from_str`
[INFO] [stdout]     --> /opt/rustwide/cargo-home/registry/src/github.com-1ecc6299db9ec823/serde_json-1.0.96/src/de.rs:2603:8
[INFO] [stdout]      |
[INFO] [stdout] 2603 |     T: de::Deserialize<'a>,
[INFO] [stdout]      |        ^^^^^^^^^^^^^^^^^^^ required by this bound in `from_str`
[INFO] [stdout] 
[INFO] [stdout] 
[INFO] [stdout] error[E0277]: the trait bound `tests::Data: Deserialize<'_>` is not satisfied
[INFO] [stdout]     --> src/lib.rs:191:26
[INFO] [stdout]      |
[INFO] [stdout] 191  |         let left: Data = serde_json::from_str(
[INFO] [stdout]      |                          ^^^^^^^^^^^^^^^^^^^^ the trait `Deserialize<'_>` is not implemented for `tests::Data`
[INFO] [stdout]      |
[INFO] [stdout]      = help: the following other types implement trait `Deserialize<'de>`:
[INFO] [stdout]                &'a Path
[INFO] [stdout]                &'a [u8]
[INFO] [stdout]                &'a str
[INFO] [stdout]                ()
[INFO] [stdout]                (T0, T1)
[INFO] [stdout]                (T0, T1, T2)
[INFO] [stdout]                (T0, T1, T2, T3)
[INFO] [stdout]                (T0, T1, T2, T3, T4)
[INFO] [stdout]              and 127 others
[INFO] [stdout] note: required by a bound in `serde_json::from_str`
[INFO] [stdout]     --> /opt/rustwide/cargo-home/registry/src/github.com-1ecc6299db9ec823/serde_json-1.0.96/src/de.rs:2603:8
[INFO] [stdout]      |
[INFO] [stdout] 2603 |     T: de::Deserialize<'a>,
[INFO] [stdout]      |        ^^^^^^^^^^^^^^^^^^^ required by this bound in `from_str`
[INFO] [stdout] 
[INFO] [stdout] 
[INFO] [stdout] error[E0277]: the trait bound `tests::Data: Serialize` is not satisfied
[INFO] [stdout]    --> src/lib.rs:211:31
[INFO] [stdout]     |
[INFO] [stdout] 211 |         assert_yaml_snapshot!(merge(&left, &right).unwrap());
[INFO] [stdout]     |                               ^^^^^ the trait `Serialize` is not implemented for `tests::Data`
[INFO] [stdout]     |
[INFO] [stdout]     = help: the following other types implement trait `Serialize`:
[INFO] [stdout]               &'a T
[INFO] [stdout]               &'a mut T
[INFO] [stdout]               ()
[INFO] [stdout]               (T0, T1)
[INFO] [stdout]               (T0, T1, T2)
[INFO] [stdout]               (T0, T1, T2, T3)
[INFO] [stdout]               (T0, T1, T2, T3, T4)
[INFO] [stdout]               (T0, T1, T2, T3, T4, T5)
[INFO] [stdout]             and 128 others
[INFO] [stdout] note: required by a bound in `merge`
[INFO] [stdout]    --> src/lib.rs:110:17
[INFO] [stdout]     |
[INFO] [stdout] 110 | pub fn merge<T: serde::ser::Serialize + serde::de::DeserializeOwned>(
[INFO] [stdout]     |                 ^^^^^^^^^^^^^^^^^^^^^ required by this bound in `merge`
[INFO] [stdout] 
[INFO] [stdout] 
[INFO] [stdout] error[E0277]: the trait bound `for<'de> tests::Data: Deserialize<'de>` is not satisfied
[INFO] [stdout]    --> src/lib.rs:211:31
[INFO] [stdout]     |
[INFO] [stdout] 211 |         assert_yaml_snapshot!(merge(&left, &right).unwrap());
[INFO] [stdout]     |                               ^^^^^ the trait `for<'de> Deserialize<'de>` is not implemented for `tests::Data`
[INFO] [stdout]     |
[INFO] [stdout]     = help: the following other types implement trait `Deserialize<'de>`:
[INFO] [stdout]               &'a Path
[INFO] [stdout]               &'a [u8]
[INFO] [stdout]               &'a str
[INFO] [stdout]               ()
[INFO] [stdout]               (T0, T1)
[INFO] [stdout]               (T0, T1, T2)
[INFO] [stdout]               (T0, T1, T2, T3)
[INFO] [stdout]               (T0, T1, T2, T3, T4)
[INFO] [stdout]             and 127 others
[INFO] [stdout]     = note: required for `tests::Data` to implement `DeserializeOwned`
[INFO] [stdout] note: required by a bound in `merge`
[INFO] [stdout]    --> src/lib.rs:110:41
[INFO] [stdout]     |
[INFO] [stdout] 110 | pub fn merge<T: serde::ser::Serialize + serde::de::DeserializeOwned>(
[INFO] [stdout]     |                                         ^^^^^^^^^^^^^^^^^^^^^^^^^^^ required by this bound in `merge`
[INFO] [stdout] 
[INFO] [stdout] 
[INFO] [stdout] error[E0277]: the trait bound `tests::Data: Serialize` is not satisfied
[INFO] [stdout]    --> src/lib.rs:211:9
[INFO] [stdout]     |
[INFO] [stdout] 211 |         assert_yaml_snapshot!(merge(&left, &right).unwrap());
[INFO] [stdout]     |         ^^^^^^^^^^^^^^^^^^^^^^^^^^^^^^^^^^^^^^^^^^^^^^^^^^^^
[INFO] [stdout]     |         |
[INFO] [stdout]     |         the trait `Serialize` is not implemented for `tests::Data`
[INFO] [stdout]     |         required by a bound introduced by this call
[INFO] [stdout]     |
[INFO] [stdout]     = help: the following other types implement trait `Serialize`:
[INFO] [stdout]               &'a T
[INFO] [stdout]               &'a mut T
[INFO] [stdout]               ()
[INFO] [stdout]               (T0, T1)
[INFO] [stdout]               (T0, T1, T2)
[INFO] [stdout]               (T0, T1, T2, T3)
[INFO] [stdout]               (T0, T1, T2, T3, T4)
[INFO] [stdout]               (T0, T1, T2, T3, T4, T5)
[INFO] [stdout]             and 128 others
[INFO] [stdout] note: required by a bound in `insta::_macro_support::serialize_value`
[INFO] [stdout]    --> /opt/rustwide/cargo-home/registry/src/github.com-1ecc6299db9ec823/insta-1.18.2/src/serialization.rs:98:27
[INFO] [stdout]     |
[INFO] [stdout] 98  | pub fn serialize_value<S: Serialize>(
[INFO] [stdout]     |                           ^^^^^^^^^ required by this bound in `serialize_value`
[INFO] [stdout]     = note: this error originates in the macro `$crate::_assert_serialized_snapshot` which comes from the expansion of the macro `assert_yaml_snapshot` (in Nightly builds, run with -Z macro-backtrace for more info)
[INFO] [stdout] 
[INFO] [stdout] 
[INFO] [stdout] error[E0277]: the trait bound `tests::Data: Deserialize<'_>` is not satisfied
[INFO] [stdout]     --> src/lib.rs:216:26
[INFO] [stdout]      |
[INFO] [stdout] 216  |         let left: Data = serde_json::from_str(
[INFO] [stdout]      |                          ^^^^^^^^^^^^^^^^^^^^ the trait `Deserialize<'_>` is not implemented for `tests::Data`
[INFO] [stdout]      |
[INFO] [stdout]      = help: the following other types implement trait `Deserialize<'de>`:
[INFO] [stdout]                &'a Path
[INFO] [stdout]                &'a [u8]
[INFO] [stdout]                &'a str
[INFO] [stdout]                ()
[INFO] [stdout]                (T0, T1)
[INFO] [stdout]                (T0, T1, T2)
[INFO] [stdout]                (T0, T1, T2, T3)
[INFO] [stdout]                (T0, T1, T2, T3, T4)
[INFO] [stdout]              and 127 others
[INFO] [stdout] note: required by a bound in `serde_json::from_str`
[INFO] [stdout]     --> /opt/rustwide/cargo-home/registry/src/github.com-1ecc6299db9ec823/serde_json-1.0.96/src/de.rs:2603:8
[INFO] [stdout]      |
[INFO] [stdout] 2603 |     T: de::Deserialize<'a>,
[INFO] [stdout]      |        ^^^^^^^^^^^^^^^^^^^ required by this bound in `from_str`
[INFO] [stdout] 
[INFO] [stdout] 
[INFO] [stdout] error[E0277]: the trait bound `tests::Data: Deserialize<'_>` is not satisfied
[INFO] [stdout]     --> src/lib.rs:236:27
[INFO] [stdout]      |
[INFO] [stdout] 236  |         let right: Data = serde_json::from_str(
[INFO] [stdout]      |                           ^^^^^^^^^^^^^^^^^^^^ the trait `Deserialize<'_>` is not implemented for `tests::Data`
[INFO] [stdout]      |
[INFO] [stdout]      = help: the following other types implement trait `Deserialize<'de>`:
[INFO] [stdout]                &'a Path
[INFO] [stdout]                &'a [u8]
[INFO] [stdout]                &'a str
[INFO] [stdout]                ()
[INFO] [stdout]                (T0, T1)
[INFO] [stdout]                (T0, T1, T2)
[INFO] [stdout]                (T0, T1, T2, T3)
[INFO] [stdout]                (T0, T1, T2, T3, T4)
[INFO] [stdout]              and 127 others
[INFO] [stdout] note: required by a bound in `serde_json::from_str`
[INFO] [stdout]     --> /opt/rustwide/cargo-home/registry/src/github.com-1ecc6299db9ec823/serde_json-1.0.96/src/de.rs:2603:8
[INFO] [stdout]      |
[INFO] [stdout] 2603 |     T: de::Deserialize<'a>,
[INFO] [stdout]      |        ^^^^^^^^^^^^^^^^^^^ required by this bound in `from_str`
[INFO] [stdout] 
[INFO] [stdout] 
[INFO] [stdout] error[E0277]: the trait bound `tests::Data: Serialize` is not satisfied
[INFO] [stdout]    --> src/lib.rs:250:31
[INFO] [stdout]     |
[INFO] [stdout] 250 |         assert_yaml_snapshot!(merge(&left, &right).unwrap());
[INFO] [stdout]     |                               ^^^^^ the trait `Serialize` is not implemented for `tests::Data`
[INFO] [stdout]     |
[INFO] [stdout]     = help: the following other types implement trait `Serialize`:
[INFO] [stdout]               &'a T
[INFO] [stdout]               &'a mut T
[INFO] [stdout]               ()
[INFO] [stdout]               (T0, T1)
[INFO] [stdout]               (T0, T1, T2)
[INFO] [stdout]               (T0, T1, T2, T3)
[INFO] [stdout]               (T0, T1, T2, T3, T4)
[INFO] [stdout]               (T0, T1, T2, T3, T4, T5)
[INFO] [stdout]             and 128 others
[INFO] [stdout] note: required by a bound in `merge`
[INFO] [stdout]    --> src/lib.rs:110:17
[INFO] [stdout]     |
[INFO] [stdout] 110 | pub fn merge<T: serde::ser::Serialize + serde::de::DeserializeOwned>(
[INFO] [stdout]     |                 ^^^^^^^^^^^^^^^^^^^^^ required by this bound in `merge`
[INFO] [stdout] 
[INFO] [stdout] 
[INFO] [stdout] error[E0277]: the trait bound `for<'de> tests::Data: Deserialize<'de>` is not satisfied
[INFO] [stdout]    --> src/lib.rs:250:31
[INFO] [stdout]     |
[INFO] [stdout] 250 |         assert_yaml_snapshot!(merge(&left, &right).unwrap());
[INFO] [stdout]     |                               ^^^^^ the trait `for<'de> Deserialize<'de>` is not implemented for `tests::Data`
[INFO] [stdout]     |
[INFO] [stdout]     = help: the following other types implement trait `Deserialize<'de>`:
[INFO] [stdout]               &'a Path
[INFO] [stdout]               &'a [u8]
[INFO] [stdout]               &'a str
[INFO] [stdout]               ()
[INFO] [stdout]               (T0, T1)
[INFO] [stdout]               (T0, T1, T2)
[INFO] [stdout]               (T0, T1, T2, T3)
[INFO] [stdout]               (T0, T1, T2, T3, T4)
[INFO] [stdout]             and 127 others
[INFO] [stdout]     = note: required for `tests::Data` to implement `DeserializeOwned`
[INFO] [stdout] note: required by a bound in `merge`
[INFO] [stdout]    --> src/lib.rs:110:41
[INFO] [stdout]     |
[INFO] [stdout] 110 | pub fn merge<T: serde::ser::Serialize + serde::de::DeserializeOwned>(
[INFO] [stdout]     |                                         ^^^^^^^^^^^^^^^^^^^^^^^^^^^ required by this bound in `merge`
[INFO] [stdout] 
[INFO] [stdout] 
[INFO] [stdout] error[E0277]: the trait bound `tests::Data: Serialize` is not satisfied
[INFO] [stdout]    --> src/lib.rs:250:9
[INFO] [stdout]     |
[INFO] [stdout] 250 |         assert_yaml_snapshot!(merge(&left, &right).unwrap());
[INFO] [stdout]     |         ^^^^^^^^^^^^^^^^^^^^^^^^^^^^^^^^^^^^^^^^^^^^^^^^^^^^
[INFO] [stdout]     |         |
[INFO] [stdout]     |         the trait `Serialize` is not implemented for `tests::Data`
[INFO] [stdout]     |         required by a bound introduced by this call
[INFO] [stdout]     |
[INFO] [stdout]     = help: the following other types implement trait `Serialize`:
[INFO] [stdout]               &'a T
[INFO] [stdout]               &'a mut T
[INFO] [stdout]               ()
[INFO] [stdout]               (T0, T1)
[INFO] [stdout]               (T0, T1, T2)
[INFO] [stdout]               (T0, T1, T2, T3)
[INFO] [stdout]               (T0, T1, T2, T3, T4)
[INFO] [stdout]               (T0, T1, T2, T3, T4, T5)
[INFO] [stdout]             and 128 others
[INFO] [stdout] note: required by a bound in `insta::_macro_support::serialize_value`
[INFO] [stdout]    --> /opt/rustwide/cargo-home/registry/src/github.com-1ecc6299db9ec823/insta-1.18.2/src/serialization.rs:98:27
[INFO] [stdout]     |
[INFO] [stdout] 98  | pub fn serialize_value<S: Serialize>(
[INFO] [stdout]     |                           ^^^^^^^^^ required by this bound in `serialize_value`
[INFO] [stdout]     = note: this error originates in the macro `$crate::_assert_serialized_snapshot` which comes from the expansion of the macro `assert_yaml_snapshot` (in Nightly builds, run with -Z macro-backtrace for more info)
[INFO] [stdout] 
[INFO] [stdout] 
[INFO] [stdout] error: aborting due to 21 previous errors; 10 warnings emitted
[INFO] [stdout] 
[INFO] [stdout] 
[INFO] [stdout] For more information about this error, try `rustc --explain E0277`.
[INFO] [stdout] 
[INFO] [stderr] error: could not compile `merge-struct` due to 22 previous errors; 10 warnings emitted
[INFO] running `Command { std: "docker" "inspect" "6489ff5d628f9665e458a0a92173b3425d23139f93b758511e2253019adef9f9", kill_on_drop: false }`
[INFO] running `Command { std: "docker" "rm" "-f" "6489ff5d628f9665e458a0a92173b3425d23139f93b758511e2253019adef9f9", kill_on_drop: false }`
[INFO] [stdout] 6489ff5d628f9665e458a0a92173b3425d23139f93b758511e2253019adef9f9
