[INFO] fetching crate meilisearch-sdk 0.23.1...
[INFO] testing meilisearch-sdk-0.23.1 against 1.69.0 for beta-1.70-1
[INFO] extracting crate meilisearch-sdk 0.23.1 into /workspace/builds/worker-2-tc1/source
[INFO] validating manifest of crates.io crate meilisearch-sdk 0.23.1 on toolchain 1.69.0
[INFO] running `Command { std: CARGO_HOME="/workspace/cargo-home" RUSTUP_HOME="/workspace/rustup-home" "/workspace/cargo-home/bin/cargo" "+1.69.0" "metadata" "--manifest-path" "Cargo.toml" "--no-deps", kill_on_drop: false }`
[INFO] started tweaking crates.io crate meilisearch-sdk 0.23.1
[INFO] finished tweaking crates.io crate meilisearch-sdk 0.23.1
[INFO] tweaked toml for crates.io crate meilisearch-sdk 0.23.1 written to /workspace/builds/worker-2-tc1/source/Cargo.toml
[INFO] crate crates.io crate meilisearch-sdk 0.23.1 already has a lockfile, it will not be regenerated
[INFO] running `Command { std: CARGO_HOME="/workspace/cargo-home" RUSTUP_HOME="/workspace/rustup-home" "/workspace/cargo-home/bin/cargo" "+1.69.0" "fetch" "--manifest-path" "Cargo.toml", kill_on_drop: false }`
[INFO] [stderr]     Blocking waiting for file lock on package cache
[INFO] [stderr]  Downloading crates ...
[INFO] [stderr]   Downloaded cfg-match v0.2.1
[INFO] [stderr]   Downloaded gloo-file v0.1.0
[INFO] [stderr]   Downloaded anymap v0.12.1
[INFO] [stderr]   Downloaded gloo-console-timer v0.1.0
[INFO] [stderr]   Downloaded gloo-events v0.1.2
[INFO] [stderr]   Downloaded yew v0.18.0
[INFO] [stderr]   Downloaded futures-await-test-macro v0.3.0
[INFO] [stderr]   Downloaded big_s v1.0.2
[INFO] [stderr]   Downloaded futures-await-test v0.3.0
[INFO] [stderr]   Downloaded meilisearch-index-setting-macro v0.23.1
[INFO] [stderr]   Downloaded iso8601 v0.6.1
[INFO] [stderr]   Downloaded yaup v0.2.1
[INFO] [stderr]   Downloaded mockito v1.0.2
[INFO] [stderr]   Downloaded gloo v0.2.1
[INFO] [stderr]   Downloaded yew-macro v0.18.0
[INFO] running `Command { std: "docker" "create" "-v" "/var/lib/crater-agent-workspace/builds/worker-2-tc1/target:/opt/rustwide/target:rw,Z" "-v" "/var/lib/crater-agent-workspace/builds/worker-2-tc1/source:/opt/rustwide/workdir:ro,Z" "-v" "/var/lib/crater-agent-workspace/cargo-home:/opt/rustwide/cargo-home:ro,Z" "-v" "/var/lib/crater-agent-workspace/rustup-home:/opt/rustwide/rustup-home:ro,Z" "-e" "SOURCE_DIR=/opt/rustwide/workdir" "-e" "CARGO_TARGET_DIR=/opt/rustwide/target" "-e" "CARGO_HOME=/opt/rustwide/cargo-home" "-e" "RUSTUP_HOME=/opt/rustwide/rustup-home" "-w" "/opt/rustwide/workdir" "-m" "1610612736" "--user" "0:0" "--network" "none" "ghcr.io/rust-lang/crates-build-env/linux@sha256:5ff2268d62e97bff2cde7d5815dd6ed5b47097566f13b8d0ca110b04b60e07ed" "/opt/rustwide/cargo-home/bin/cargo" "+1.69.0" "metadata" "--no-deps" "--format-version=1", kill_on_drop: false }`
[INFO] [stdout] 7115df89e80d2c10e950380fc7653bc0cced7242de9daab8996e0aa0d24a5cf7
[INFO] running `Command { std: "docker" "start" "-a" "7115df89e80d2c10e950380fc7653bc0cced7242de9daab8996e0aa0d24a5cf7", kill_on_drop: false }`
[INFO] running `Command { std: "docker" "inspect" "7115df89e80d2c10e950380fc7653bc0cced7242de9daab8996e0aa0d24a5cf7", kill_on_drop: false }`
[INFO] running `Command { std: "docker" "rm" "-f" "7115df89e80d2c10e950380fc7653bc0cced7242de9daab8996e0aa0d24a5cf7", kill_on_drop: false }`
[INFO] [stdout] 7115df89e80d2c10e950380fc7653bc0cced7242de9daab8996e0aa0d24a5cf7
[INFO] running `Command { std: "docker" "create" "-v" "/var/lib/crater-agent-workspace/builds/worker-2-tc1/target:/opt/rustwide/target:rw,Z" "-v" "/var/lib/crater-agent-workspace/builds/worker-2-tc1/source:/opt/rustwide/workdir:ro,Z" "-v" "/var/lib/crater-agent-workspace/cargo-home:/opt/rustwide/cargo-home:ro,Z" "-v" "/var/lib/crater-agent-workspace/rustup-home:/opt/rustwide/rustup-home:ro,Z" "-e" "SOURCE_DIR=/opt/rustwide/workdir" "-e" "CARGO_TARGET_DIR=/opt/rustwide/target" "-e" "CARGO_INCREMENTAL=0" "-e" "RUST_BACKTRACE=full" "-e" "RUSTFLAGS=--cap-lints=warn" "-e" "RUSTDOCFLAGS=--cap-lints=warn" "-e" "CARGO_HOME=/opt/rustwide/cargo-home" "-e" "RUSTUP_HOME=/opt/rustwide/rustup-home" "-w" "/opt/rustwide/workdir" "-m" "1610612736" "--user" "0:0" "--network" "none" "ghcr.io/rust-lang/crates-build-env/linux@sha256:5ff2268d62e97bff2cde7d5815dd6ed5b47097566f13b8d0ca110b04b60e07ed" "/opt/rustwide/cargo-home/bin/cargo" "+1.69.0" "build" "--frozen" "--message-format=json", kill_on_drop: false }`
[INFO] [stdout] 642637d9e8f6e70611e30ff5c926500dae1463e94e47b1becae9fa1614a475b2
[INFO] running `Command { std: "docker" "start" "-a" "642637d9e8f6e70611e30ff5c926500dae1463e94e47b1becae9fa1614a475b2", kill_on_drop: false }`
[INFO] [stderr]     Blocking waiting for file lock on package cache
[INFO] [stderr]    Compiling futures-core v0.3.28
[INFO] [stderr]    Compiling memchr v2.5.0
[INFO] [stderr]    Compiling serde v1.0.160
[INFO] [stderr]    Compiling pin-project-lite v0.2.9
[INFO] [stderr]    Compiling syn v1.0.109
[INFO] [stderr]    Compiling tinyvec_macros v0.1.1
[INFO] [stderr]    Compiling crossbeam-utils v0.8.15
[INFO] [stderr]    Compiling libz-sys v1.1.8
[INFO] [stderr]    Compiling libnghttp2-sys v0.1.7+1.45.0
[INFO] [stderr]    Compiling openssl-sys v0.9.87
[INFO] [stderr]    Compiling slab v0.4.8
[INFO] [stderr]    Compiling curl-sys v0.4.61+curl-8.0.1
[INFO] [stderr]    Compiling futures-io v0.3.28
[INFO] [stderr]    Compiling syn v2.0.15
[INFO] [stderr]    Compiling log v0.4.17
[INFO] [stderr]    Compiling futures-task v0.3.28
[INFO] [stderr]    Compiling futures-channel v0.3.28
[INFO] [stderr]    Compiling tinyvec v1.6.0
[INFO] [stderr]    Compiling futures-util v0.3.28
[INFO] [stderr]    Compiling futures-sink v0.3.28
[INFO] [stderr]    Compiling percent-encoding v2.2.0
[INFO] [stderr]    Compiling unicode-bidi v0.3.13
[INFO] [stderr]    Compiling form_urlencoded v1.1.0
[INFO] [stderr]    Compiling tracing-core v0.1.30
[INFO] [stderr]    Compiling polling v2.8.0
[INFO] [stderr]    Compiling concurrent-queue v2.2.0
[INFO] [stderr]    Compiling ring v0.16.20
[INFO] [stderr]    Compiling curl v0.4.44
[INFO] [stderr]    Compiling pin-utils v0.1.0
[INFO] [stderr]    Compiling event-listener v2.5.3
[INFO] [stderr]    Compiling socket2 v0.4.9
[INFO] [stderr]    Compiling parking v2.1.0
[INFO] [stderr]    Compiling minimal-lexical v0.2.1
[INFO] [stderr]    Compiling unicode-normalization v0.1.22
[INFO] [stderr]    Compiling async-channel v1.8.0
[INFO] [stderr]    Compiling untrusted v0.7.1
[INFO] [stderr]    Compiling bytes v1.4.0
[INFO] [stderr]    Compiling spin v0.5.2
[INFO] [stderr]    Compiling isahc v1.7.2
[INFO] [stderr]    Compiling async-trait v0.1.68
[INFO] [stderr]    Compiling unicode-segmentation v1.10.1
[INFO] [stderr]    Compiling thiserror v1.0.40
[INFO] [stderr]    Compiling waker-fn v1.1.0
[INFO] [stderr]    Compiling openssl-probe v0.1.5
[INFO] [stderr]    Compiling futures-lite v1.13.0
[INFO] [stderr]    Compiling idna v0.3.0
[INFO] [stderr]    Compiling http v0.2.9
[INFO] [stderr]    Compiling sluice v0.5.5
[INFO] [stderr]    Compiling nom v7.1.3
[INFO] [stderr]    Compiling getrandom v0.2.9
[INFO] [stderr]    Compiling encoding_rs v0.8.32
[INFO] [stderr]    Compiling convert_case v0.6.0
[INFO] [stderr]    Compiling castaway v0.1.2
[INFO] [stderr]    Compiling time-core v0.1.0
[INFO] [stderr]    Compiling base64 v0.21.0
[INFO] [stderr]    Compiling mime v0.3.17
[INFO] [stderr]    Compiling uuid v1.3.1
[INFO] [stderr]    Compiling url v2.3.1
[INFO] [stderr]    Compiling iso8601 v0.6.1
[INFO] [stderr]    Compiling serde_derive v1.0.160
[INFO] [stderr]    Compiling futures-macro v0.3.28
[INFO] [stderr]    Compiling tracing-attributes v0.1.24
[INFO] [stderr]    Compiling thiserror-impl v1.0.40
[INFO] [stderr]    Compiling pin-project-internal v1.0.12
[INFO] [stderr]    Compiling meilisearch-index-setting-macro v0.23.1
[INFO] [stderr]    Compiling tracing v0.1.38
[INFO] [stderr]    Compiling pin-project v1.0.12
[INFO] [stderr]    Compiling tracing-futures v0.2.5
[INFO] [stderr]    Compiling futures-executor v0.3.28
[INFO] [stderr]    Compiling futures v0.3.28
[INFO] [stderr]    Compiling serde_json v1.0.96
[INFO] [stderr]    Compiling yaup v0.2.1
[INFO] [stderr]    Compiling either v1.8.1
[INFO] [stderr]    Compiling time v0.3.20
[INFO] [stderr]    Compiling jsonwebtoken v8.3.0
[INFO] [stderr]    Compiling meilisearch-sdk v0.23.1 (/opt/rustwide/workdir)
[INFO] [stderr]     Finished dev [unoptimized + debuginfo] target(s) in 35.71s
[INFO] running `Command { std: "docker" "inspect" "642637d9e8f6e70611e30ff5c926500dae1463e94e47b1becae9fa1614a475b2", kill_on_drop: false }`
[INFO] running `Command { std: "docker" "rm" "-f" "642637d9e8f6e70611e30ff5c926500dae1463e94e47b1becae9fa1614a475b2", kill_on_drop: false }`
[INFO] [stdout] 642637d9e8f6e70611e30ff5c926500dae1463e94e47b1becae9fa1614a475b2
[INFO] running `Command { std: "docker" "create" "-v" "/var/lib/crater-agent-workspace/builds/worker-2-tc1/target:/opt/rustwide/target:rw,Z" "-v" "/var/lib/crater-agent-workspace/builds/worker-2-tc1/source:/opt/rustwide/workdir:ro,Z" "-v" "/var/lib/crater-agent-workspace/cargo-home:/opt/rustwide/cargo-home:ro,Z" "-v" "/var/lib/crater-agent-workspace/rustup-home:/opt/rustwide/rustup-home:ro,Z" "-e" "SOURCE_DIR=/opt/rustwide/workdir" "-e" "CARGO_TARGET_DIR=/opt/rustwide/target" "-e" "CARGO_INCREMENTAL=0" "-e" "RUST_BACKTRACE=full" "-e" "RUSTFLAGS=--cap-lints=warn" "-e" "RUSTDOCFLAGS=--cap-lints=warn" "-e" "CARGO_HOME=/opt/rustwide/cargo-home" "-e" "RUSTUP_HOME=/opt/rustwide/rustup-home" "-w" "/opt/rustwide/workdir" "-m" "1610612736" "--user" "0:0" "--network" "none" "ghcr.io/rust-lang/crates-build-env/linux@sha256:5ff2268d62e97bff2cde7d5815dd6ed5b47097566f13b8d0ca110b04b60e07ed" "/opt/rustwide/cargo-home/bin/cargo" "+1.69.0" "test" "--frozen" "--no-run" "--message-format=json", kill_on_drop: false }`
[INFO] [stdout] 68841e8c6e8209c8d9737ca77e3e0ad047e48e53db6a820621104c6a8ad7fb2e
[INFO] running `Command { std: "docker" "start" "-a" "68841e8c6e8209c8d9737ca77e3e0ad047e48e53db6a820621104c6a8ad7fb2e", kill_on_drop: false }`
[INFO] [stderr]    Compiling wasm-bindgen-shared v0.2.84
[INFO] [stderr]    Compiling bumpalo v3.12.1
[INFO] [stderr]    Compiling wasm-bindgen v0.2.84
[INFO] [stderr]    Compiling lock_api v0.4.9
[INFO] [stderr]    Compiling parking_lot_core v0.9.7
[INFO] [stderr]    Compiling smallvec v1.10.0
[INFO] [stderr]    Compiling scopeguard v1.1.0
[INFO] [stderr]    Compiling tokio v1.28.0
[INFO] [stderr]    Compiling indexmap v1.9.3
[INFO] [stderr]    Compiling tokio-macros v2.1.0
[INFO] [stderr]    Compiling num_cpus v1.15.0
[INFO] [stderr]    Compiling signal-hook-registry v1.4.1
[INFO] [stderr]    Compiling mio v0.8.6
[INFO] [stderr]    Compiling io-lifetimes v1.0.10
[INFO] [stderr]    Compiling hashbrown v0.12.3
[INFO] [stderr]    Compiling rustix v0.37.15
[INFO] [stderr]    Compiling httparse v1.8.0
[INFO] [stderr]    Compiling rand_core v0.6.4
[INFO] [stderr]    Compiling aho-corasick v1.0.1
[INFO] [stderr]    Compiling regex-syntax v0.7.1
[INFO] [stderr]    Compiling anyhow v1.0.70
[INFO] [stderr]    Compiling linux-raw-sys v0.3.4
[INFO] [stderr]    Compiling wasm-bindgen-backend v0.2.84
[INFO] [stderr]    Compiling ppv-lite86 v0.2.17
[INFO] [stderr]    Compiling try-lock v0.2.4
[INFO] [stderr]    Compiling http-body v0.4.5
[INFO] [stderr]    Compiling want v0.3.0
[INFO] [stderr]    Compiling atty v0.2.14
[INFO] [stderr]    Compiling parking_lot v0.12.1
[INFO] [stderr]    Compiling boolinator v2.4.0
[INFO] [stderr]    Compiling yew v0.18.0
[INFO] [stderr]    Compiling tower-service v0.3.2
[INFO] [stderr]    Compiling httpdate v1.0.2
[INFO] [stderr]    Compiling yew-macro v0.18.0
[INFO] [stderr]    Compiling colored v2.0.0
[INFO] [stderr]    Compiling assert-json-diff v2.0.2
[INFO] [stderr]    Compiling serde_urlencoded v0.7.1
[INFO] [stderr]    Compiling bincode v1.3.3
[INFO] [stderr]    Compiling futures-await-test-macro v0.3.0
[INFO] [stderr]    Compiling rand_chacha v0.3.1
[INFO] [stderr]    Compiling cfg-match v0.2.1
[INFO] [stderr]    Compiling humantime v2.1.0
[INFO] [stderr]    Compiling anymap v0.12.1
[INFO] [stderr]    Compiling similar v2.2.1
[INFO] [stderr]    Compiling big_s v1.0.2
[INFO] [stderr]    Compiling rand v0.8.5
[INFO] [stderr]    Compiling futures-await-test v0.3.0
[INFO] [stderr]    Compiling wasm-bindgen-macro-support v0.2.84
[INFO] [stderr]    Compiling regex v1.8.1
[INFO] [stderr]    Compiling wasm-bindgen-macro v0.2.84
[INFO] [stderr]    Compiling is-terminal v0.4.7
[INFO] [stderr]    Compiling env_logger v0.10.0
[INFO] [stderr]    Compiling js-sys v0.3.61
[INFO] [stderr]    Compiling console_error_panic_hook v0.1.7
[INFO] [stderr]    Compiling tokio-util v0.7.8
[INFO] [stderr]    Compiling web-sys v0.3.61
[INFO] [stderr]    Compiling gloo-timers v0.2.6
[INFO] [stderr]    Compiling wasm-bindgen-futures v0.4.34
[INFO] [stderr]    Compiling h2 v0.3.18
[INFO] [stderr]    Compiling hyper v0.14.26
[INFO] [stderr]    Compiling gloo-events v0.1.2
[INFO] [stderr]    Compiling gloo-console-timer v0.1.0
[INFO] [stderr]    Compiling gloo-file v0.1.0
[INFO] [stderr]    Compiling gloo v0.2.1
[INFO] [stderr]    Compiling mockito v1.0.2
[INFO] [stderr]    Compiling meilisearch-sdk v0.23.1 (/opt/rustwide/workdir)
[INFO] [stdout] error[E0432]: unresolved import `meilisearch_test_macro`
[INFO] [stdout]     --> src/client.rs:1106:9
[INFO] [stdout]      |
[INFO] [stdout] 1106 |     use meilisearch_test_macro::meilisearch_test;
[INFO] [stdout]      |         ^^^^^^^^^^^^^^^^^^^^^^ use of undeclared crate or module `meilisearch_test_macro`
[INFO] [stdout] 
[INFO] [stdout] 
[INFO] [stdout] error[E0432]: unresolved import `meilisearch_test_macro`
[INFO] [stdout]    --> src/documents.rs:309:9
[INFO] [stdout]     |
[INFO] [stdout] 309 |     use meilisearch_test_macro::meilisearch_test;
[INFO] [stdout]     |         ^^^^^^^^^^^^^^^^^^^^^^ use of undeclared crate or module `meilisearch_test_macro`
[INFO] [stdout] 
[INFO] [stdout] 
[INFO] [stdout] error[E0432]: unresolved import `meilisearch_test_macro`
[INFO] [stdout]   --> src/dumps.rs:99:9
[INFO] [stdout]    |
[INFO] [stdout] 99 |     use meilisearch_test_macro::meilisearch_test;
[INFO] [stdout]    |         ^^^^^^^^^^^^^^^^^^^^^^ use of undeclared crate or module `meilisearch_test_macro`
[INFO] [stdout] 
[INFO] [stdout] 
[INFO] [stdout] error[E0432]: unresolved import `meilisearch_test_macro`
[INFO] [stdout]     --> src/indexes.rs:1702:9
[INFO] [stdout]      |
[INFO] [stdout] 1702 |     use meilisearch_test_macro::meilisearch_test;
[INFO] [stdout]      |         ^^^^^^^^^^^^^^^^^^^^^^ use of undeclared crate or module `meilisearch_test_macro`
[INFO] [stdout] 
[INFO] [stdout] 
[INFO] [stdout] error[E0432]: unresolved import `meilisearch_test_macro`
[INFO] [stdout]    --> src/search.rs:545:9
[INFO] [stdout]     |
[INFO] [stdout] 545 |     use meilisearch_test_macro::meilisearch_test;
[INFO] [stdout]     |         ^^^^^^^^^^^^^^^^^^^^^^ use of undeclared crate or module `meilisearch_test_macro`
[INFO] [stdout] 
[INFO] [stdout] 
[INFO] [stdout] error[E0432]: unresolved import `meilisearch_test_macro`
[INFO] [stdout]     --> src/settings.rs:1406:9
[INFO] [stdout]      |
[INFO] [stdout] 1406 |     use meilisearch_test_macro::meilisearch_test;
[INFO] [stdout]      |         ^^^^^^^^^^^^^^^^^^^^^^ use of undeclared crate or module `meilisearch_test_macro`
[INFO] [stdout] 
[INFO] [stdout] 
[INFO] [stdout] error[E0432]: unresolved import `meilisearch_test_macro`
[INFO] [stdout]   --> src/task_info.rs:91:9
[INFO] [stdout]    |
[INFO] [stdout] 91 |     use meilisearch_test_macro::meilisearch_test;
[INFO] [stdout]    |         ^^^^^^^^^^^^^^^^^^^^^^ use of undeclared crate or module `meilisearch_test_macro`
[INFO] [stdout] 
[INFO] [stdout] 
[INFO] [stdout] error[E0432]: unresolved import `meilisearch_test_macro`
[INFO] [stdout]    --> src/tasks.rs:702:9
[INFO] [stdout]     |
[INFO] [stdout] 702 |     use meilisearch_test_macro::meilisearch_test;
[INFO] [stdout]     |         ^^^^^^^^^^^^^^^^^^^^^^ use of undeclared crate or module `meilisearch_test_macro`
[INFO] [stdout] 
[INFO] [stdout] 
[INFO] [stdout] error[E0432]: unresolved import `meilisearch_test_macro`
[INFO] [stdout]   --> src/utils.rs:34:9
[INFO] [stdout]    |
[INFO] [stdout] 34 |     use meilisearch_test_macro::meilisearch_test;
[INFO] [stdout]    |         ^^^^^^^^^^^^^^^^^^^^^^ use of undeclared crate or module `meilisearch_test_macro`
[INFO] [stdout] 
[INFO] [stdout] 
[INFO] [stdout] error: cannot determine resolution for the attribute macro `meilisearch_test`
[INFO] [stdout]     --> src/client.rs:1119:7
[INFO] [stdout]      |
[INFO] [stdout] 1119 |     #[meilisearch_test]
[INFO] [stdout]      |       ^^^^^^^^^^^^^^^^
[INFO] [stdout]      |
[INFO] [stdout]      = note: import resolution is stuck, try simplifying macro imports
[INFO] [stdout] 
[INFO] [stdout] 
[INFO] [stdout] error: cannot determine resolution for the attribute macro `meilisearch_test`
[INFO] [stdout]     --> src/client.rs:1167:7
[INFO] [stdout]      |
[INFO] [stdout] 1167 |     #[meilisearch_test]
[INFO] [stdout]      |       ^^^^^^^^^^^^^^^^
[INFO] [stdout]      |
[INFO] [stdout]      = note: import resolution is stuck, try simplifying macro imports
[INFO] [stdout] 
[INFO] [stdout] 
[INFO] [stdout] error: cannot determine resolution for the attribute macro `meilisearch_test`
[INFO] [stdout]     --> src/client.rs:1244:7
[INFO] [stdout]      |
[INFO] [stdout] 1244 |     #[meilisearch_test]
[INFO] [stdout]      |       ^^^^^^^^^^^^^^^^
[INFO] [stdout]      |
[INFO] [stdout]      = note: import resolution is stuck, try simplifying macro imports
[INFO] [stdout] 
[INFO] [stdout] 
[INFO] [stdout] error: cannot determine resolution for the attribute macro `meilisearch_test`
[INFO] [stdout]     --> src/client.rs:1250:7
[INFO] [stdout]      |
[INFO] [stdout] 1250 |     #[meilisearch_test]
[INFO] [stdout]      |       ^^^^^^^^^^^^^^^^
[INFO] [stdout]      |
[INFO] [stdout]      = note: import resolution is stuck, try simplifying macro imports
[INFO] [stdout] 
[INFO] [stdout] 
[INFO] [stdout] error: cannot determine resolution for the attribute macro `meilisearch_test`
[INFO] [stdout]     --> src/client.rs:1258:7
[INFO] [stdout]      |
[INFO] [stdout] 1258 |     #[meilisearch_test]
[INFO] [stdout]      |       ^^^^^^^^^^^^^^^^
[INFO] [stdout]      |
[INFO] [stdout]      = note: import resolution is stuck, try simplifying macro imports
[INFO] [stdout] 
[INFO] [stdout] 
[INFO] [stdout] error: cannot determine resolution for the attribute macro `meilisearch_test`
[INFO] [stdout]     --> src/client.rs:1265:7
[INFO] [stdout]      |
[INFO] [stdout] 1265 |     #[meilisearch_test]
[INFO] [stdout]      |       ^^^^^^^^^^^^^^^^
[INFO] [stdout]      |
[INFO] [stdout]      = note: import resolution is stuck, try simplifying macro imports
[INFO] [stdout] 
[INFO] [stdout] 
[INFO] [stdout] error: cannot determine resolution for the attribute macro `meilisearch_test`
[INFO] [stdout]     --> src/client.rs:1281:7
[INFO] [stdout]      |
[INFO] [stdout] 1281 |     #[meilisearch_test]
[INFO] [stdout]      |       ^^^^^^^^^^^^^^^^
[INFO] [stdout]      |
[INFO] [stdout]      = note: import resolution is stuck, try simplifying macro imports
[INFO] [stdout] 
[INFO] [stdout] 
[INFO] [stdout] error: cannot determine resolution for the attribute macro `meilisearch_test`
[INFO] [stdout]     --> src/client.rs:1328:7
[INFO] [stdout]      |
[INFO] [stdout] 1328 |     #[meilisearch_test]
[INFO] [stdout]      |       ^^^^^^^^^^^^^^^^
[INFO] [stdout]      |
[INFO] [stdout]      = note: import resolution is stuck, try simplifying macro imports
[INFO] [stdout] 
[INFO] [stdout] 
[INFO] [stdout] error: cannot determine resolution for the attribute macro `meilisearch_test`
[INFO] [stdout]     --> src/client.rs:1351:7
[INFO] [stdout]      |
[INFO] [stdout] 1351 |     #[meilisearch_test]
[INFO] [stdout]      |       ^^^^^^^^^^^^^^^^
[INFO] [stdout]      |
[INFO] [stdout]      = note: import resolution is stuck, try simplifying macro imports
[INFO] [stdout] 
[INFO] [stdout] 
[INFO] [stdout] error: cannot determine resolution for the attribute macro `meilisearch_test`
[INFO] [stdout]     --> src/client.rs:1398:7
[INFO] [stdout]      |
[INFO] [stdout] 1398 |     #[meilisearch_test]
[INFO] [stdout]      |       ^^^^^^^^^^^^^^^^
[INFO] [stdout]      |
[INFO] [stdout]      = note: import resolution is stuck, try simplifying macro imports
[INFO] [stdout] 
[INFO] [stdout] 
[INFO] [stdout] error: cannot determine resolution for the attribute macro `meilisearch_test`
[INFO] [stdout]     --> src/client.rs:1416:7
[INFO] [stdout]      |
[INFO] [stdout] 1416 |     #[meilisearch_test]
[INFO] [stdout]      |       ^^^^^^^^^^^^^^^^
[INFO] [stdout]      |
[INFO] [stdout]      = note: import resolution is stuck, try simplifying macro imports
[INFO] [stdout] 
[INFO] [stdout] 
[INFO] [stdout] error: cannot determine resolution for the attribute macro `meilisearch_test`
[INFO] [stdout]     --> src/client.rs:1434:7
[INFO] [stdout]      |
[INFO] [stdout] 1434 |     #[meilisearch_test]
[INFO] [stdout]      |       ^^^^^^^^^^^^^^^^
[INFO] [stdout]      |
[INFO] [stdout]      = note: import resolution is stuck, try simplifying macro imports
[INFO] [stdout] 
[INFO] [stdout] 
[INFO] [stdout] error: cannot determine resolution for the attribute macro `meilisearch_test`
[INFO] [stdout]     --> src/client.rs:1469:7
[INFO] [stdout]      |
[INFO] [stdout] 1469 |     #[meilisearch_test]
[INFO] [stdout]      |       ^^^^^^^^^^^^^^^^
[INFO] [stdout]      |
[INFO] [stdout]      = note: import resolution is stuck, try simplifying macro imports
[INFO] [stdout] 
[INFO] [stdout] 
[INFO] [stdout] error: cannot determine resolution for the attribute macro `meilisearch_test`
[INFO] [stdout]     --> src/client.rs:1477:7
[INFO] [stdout]      |
[INFO] [stdout] 1477 |     #[meilisearch_test]
[INFO] [stdout]      |       ^^^^^^^^^^^^^^^^
[INFO] [stdout]      |
[INFO] [stdout]      = note: import resolution is stuck, try simplifying macro imports
[INFO] [stdout] 
[INFO] [stdout] 
[INFO] [stdout] error: cannot determine resolution for the attribute macro `meilisearch_test`
[INFO] [stdout]     --> src/client.rs:1487:7
[INFO] [stdout]      |
[INFO] [stdout] 1487 |     #[meilisearch_test]
[INFO] [stdout]      |       ^^^^^^^^^^^^^^^^
[INFO] [stdout]      |
[INFO] [stdout]      = note: import resolution is stuck, try simplifying macro imports
[INFO] [stdout] 
[INFO] [stdout] 
[INFO] [stdout] error: cannot determine resolution for the attribute macro `meilisearch_test`
[INFO] [stdout]     --> src/client.rs:1495:7
[INFO] [stdout]      |
[INFO] [stdout] 1495 |     #[meilisearch_test]
[INFO] [stdout]      |       ^^^^^^^^^^^^^^^^
[INFO] [stdout]      |
[INFO] [stdout]      = note: import resolution is stuck, try simplifying macro imports
[INFO] [stdout] 
[INFO] [stdout] 
[INFO] [stdout] error: cannot determine resolution for the attribute macro `meilisearch_test`
[INFO] [stdout]     --> src/client.rs:1505:7
[INFO] [stdout]      |
[INFO] [stdout] 1505 |     #[meilisearch_test]
[INFO] [stdout]      |       ^^^^^^^^^^^^^^^^
[INFO] [stdout]      |
[INFO] [stdout]      = note: import resolution is stuck, try simplifying macro imports
[INFO] [stdout] 
[INFO] [stdout] 
[INFO] [stdout] error: cannot determine resolution for the attribute macro `meilisearch_test`
[INFO] [stdout]     --> src/client.rs:1513:7
[INFO] [stdout]      |
[INFO] [stdout] 1513 |     #[meilisearch_test]
[INFO] [stdout]      |       ^^^^^^^^^^^^^^^^
[INFO] [stdout]      |
[INFO] [stdout]      = note: import resolution is stuck, try simplifying macro imports
[INFO] [stdout] 
[INFO] [stdout] 
[INFO] [stdout] error: cannot determine resolution for the attribute macro `meilisearch_test`
[INFO] [stdout]    --> src/documents.rs:371:7
[INFO] [stdout]     |
[INFO] [stdout] 371 |     #[meilisearch_test]
[INFO] [stdout]     |       ^^^^^^^^^^^^^^^^
[INFO] [stdout]     |
[INFO] [stdout]     = note: import resolution is stuck, try simplifying macro imports
[INFO] [stdout] 
[INFO] [stdout] 
[INFO] [stdout] error: cannot determine resolution for the attribute macro `meilisearch_test`
[INFO] [stdout]    --> src/documents.rs:390:7
[INFO] [stdout]     |
[INFO] [stdout] 390 |     #[meilisearch_test]
[INFO] [stdout]     |       ^^^^^^^^^^^^^^^^
[INFO] [stdout]     |
[INFO] [stdout]     = note: import resolution is stuck, try simplifying macro imports
[INFO] [stdout] 
[INFO] [stdout] 
[INFO] [stdout] error: cannot determine resolution for the attribute macro `meilisearch_test`
[INFO] [stdout]    --> src/documents.rs:410:7
[INFO] [stdout]     |
[INFO] [stdout] 410 |     #[meilisearch_test]
[INFO] [stdout]     |       ^^^^^^^^^^^^^^^^
[INFO] [stdout]     |
[INFO] [stdout]     = note: import resolution is stuck, try simplifying macro imports
[INFO] [stdout] 
[INFO] [stdout] 
[INFO] [stdout] error: cannot determine resolution for the attribute macro `meilisearch_test`
[INFO] [stdout]    --> src/documents.rs:441:7
[INFO] [stdout]     |
[INFO] [stdout] 441 |     #[meilisearch_test]
[INFO] [stdout]     |       ^^^^^^^^^^^^^^^^
[INFO] [stdout]     |
[INFO] [stdout]     = note: import resolution is stuck, try simplifying macro imports
[INFO] [stdout] 
[INFO] [stdout] 
[INFO] [stdout] error: cannot determine resolution for the attribute macro `meilisearch_test`
[INFO] [stdout]    --> src/dumps.rs:102:7
[INFO] [stdout]     |
[INFO] [stdout] 102 |     #[meilisearch_test]
[INFO] [stdout]     |       ^^^^^^^^^^^^^^^^
[INFO] [stdout]     |
[INFO] [stdout]     = note: import resolution is stuck, try simplifying macro imports
[INFO] [stdout] 
[INFO] [stdout] 
[INFO] [stdout] error: cannot determine resolution for the attribute macro `meilisearch_test`
[INFO] [stdout]    --> src/dumps.rs:118:7
[INFO] [stdout]     |
[INFO] [stdout] 118 |     #[meilisearch_test]
[INFO] [stdout]     |       ^^^^^^^^^^^^^^^^
[INFO] [stdout]     |
[INFO] [stdout]     = note: import resolution is stuck, try simplifying macro imports
[INFO] [stdout] 
[INFO] [stdout] 
[INFO] [stdout] error: cannot determine resolution for the attribute macro `meilisearch_test`
[INFO] [stdout]     --> src/indexes.rs:1705:7
[INFO] [stdout]      |
[INFO] [stdout] 1705 |     #[meilisearch_test]
[INFO] [stdout]      |       ^^^^^^^^^^^^^^^^
[INFO] [stdout]      |
[INFO] [stdout]      = note: import resolution is stuck, try simplifying macro imports
[INFO] [stdout] 
[INFO] [stdout] 
[INFO] [stdout] error: cannot determine resolution for the attribute macro `meilisearch_test`
[INFO] [stdout]     --> src/indexes.rs:1737:7
[INFO] [stdout]      |
[INFO] [stdout] 1737 |     #[meilisearch_test]
[INFO] [stdout]      |       ^^^^^^^^^^^^^^^^
[INFO] [stdout]      |
[INFO] [stdout]      = note: import resolution is stuck, try simplifying macro imports
[INFO] [stdout] 
[INFO] [stdout] 
[INFO] [stdout] error: cannot determine resolution for the attribute macro `meilisearch_test`
[INFO] [stdout]     --> src/indexes.rs:1746:7
[INFO] [stdout]      |
[INFO] [stdout] 1746 |     #[meilisearch_test]
[INFO] [stdout]      |       ^^^^^^^^^^^^^^^^
[INFO] [stdout]      |
[INFO] [stdout]      = note: import resolution is stuck, try simplifying macro imports
[INFO] [stdout] 
[INFO] [stdout] 
[INFO] [stdout] error: cannot determine resolution for the attribute macro `meilisearch_test`
[INFO] [stdout]     --> src/indexes.rs:1759:7
[INFO] [stdout]      |
[INFO] [stdout] 1759 |     #[meilisearch_test]
[INFO] [stdout]      |       ^^^^^^^^^^^^^^^^
[INFO] [stdout]      |
[INFO] [stdout]      = note: import resolution is stuck, try simplifying macro imports
[INFO] [stdout] 
[INFO] [stdout] 
[INFO] [stdout] error: cannot determine resolution for the attribute macro `meilisearch_test`
[INFO] [stdout]     --> src/indexes.rs:1780:7
[INFO] [stdout]      |
[INFO] [stdout] 1780 |     #[meilisearch_test]
[INFO] [stdout]      |       ^^^^^^^^^^^^^^^^
[INFO] [stdout]      |
[INFO] [stdout]      = note: import resolution is stuck, try simplifying macro imports
[INFO] [stdout] 
[INFO] [stdout] 
[INFO] [stdout] error: cannot determine resolution for the attribute macro `meilisearch_test`
[INFO] [stdout]    --> src/search.rs:593:7
[INFO] [stdout]     |
[INFO] [stdout] 593 |     #[meilisearch_test]
[INFO] [stdout]     |       ^^^^^^^^^^^^^^^^
[INFO] [stdout]     |
[INFO] [stdout]     = note: import resolution is stuck, try simplifying macro imports
[INFO] [stdout] 
[INFO] [stdout] 
[INFO] [stdout] error: cannot determine resolution for the attribute macro `meilisearch_test`
[INFO] [stdout]    --> src/search.rs:615:7
[INFO] [stdout]     |
[INFO] [stdout] 615 |     #[meilisearch_test]
[INFO] [stdout]     |       ^^^^^^^^^^^^^^^^
[INFO] [stdout]     |
[INFO] [stdout]     = note: import resolution is stuck, try simplifying macro imports
[INFO] [stdout] 
[INFO] [stdout] 
[INFO] [stdout] error: cannot determine resolution for the attribute macro `meilisearch_test`
[INFO] [stdout]    --> src/search.rs:629:7
[INFO] [stdout]     |
[INFO] [stdout] 629 |     #[meilisearch_test]
[INFO] [stdout]     |       ^^^^^^^^^^^^^^^^
[INFO] [stdout]     |
[INFO] [stdout]     = note: import resolution is stuck, try simplifying macro imports
[INFO] [stdout] 
[INFO] [stdout] 
[INFO] [stdout] error: cannot determine resolution for the attribute macro `meilisearch_test`
[INFO] [stdout]    --> src/search.rs:645:7
[INFO] [stdout]     |
[INFO] [stdout] 645 |     #[meilisearch_test]
[INFO] [stdout]     |       ^^^^^^^^^^^^^^^^
[INFO] [stdout]     |
[INFO] [stdout]     = note: import resolution is stuck, try simplifying macro imports
[INFO] [stdout] 
[INFO] [stdout] 
[INFO] [stdout] error: cannot determine resolution for the attribute macro `meilisearch_test`
[INFO] [stdout]    --> src/search.rs:654:7
[INFO] [stdout]     |
[INFO] [stdout] 654 |     #[meilisearch_test]
[INFO] [stdout]     |       ^^^^^^^^^^^^^^^^
[INFO] [stdout]     |
[INFO] [stdout]     = note: import resolution is stuck, try simplifying macro imports
[INFO] [stdout] 
[INFO] [stdout] 
[INFO] [stdout] error: cannot determine resolution for the attribute macro `meilisearch_test`
[INFO] [stdout]    --> src/search.rs:674:7
[INFO] [stdout]     |
[INFO] [stdout] 674 |     #[meilisearch_test]
[INFO] [stdout]     |       ^^^^^^^^^^^^^^^^
[INFO] [stdout]     |
[INFO] [stdout]     = note: import resolution is stuck, try simplifying macro imports
[INFO] [stdout] 
[INFO] [stdout] 
[INFO] [stdout] error: cannot determine resolution for the attribute macro `meilisearch_test`
[INFO] [stdout]    --> src/search.rs:683:7
[INFO] [stdout]     |
[INFO] [stdout] 683 |     #[meilisearch_test]
[INFO] [stdout]     |       ^^^^^^^^^^^^^^^^
[INFO] [stdout]     |
[INFO] [stdout]     = note: import resolution is stuck, try simplifying macro imports
[INFO] [stdout] 
[INFO] [stdout] 
[INFO] [stdout] error: cannot determine resolution for the attribute macro `meilisearch_test`
[INFO] [stdout]    --> src/search.rs:693:7
[INFO] [stdout]     |
[INFO] [stdout] 693 |     #[meilisearch_test]
[INFO] [stdout]     |       ^^^^^^^^^^^^^^^^
[INFO] [stdout]     |
[INFO] [stdout]     = note: import resolution is stuck, try simplifying macro imports
[INFO] [stdout] 
[INFO] [stdout] 
[INFO] [stdout] error: cannot determine resolution for the attribute macro `meilisearch_test`
[INFO] [stdout]    --> src/search.rs:704:7
[INFO] [stdout]     |
[INFO] [stdout] 704 |     #[meilisearch_test]
[INFO] [stdout]     |       ^^^^^^^^^^^^^^^^
[INFO] [stdout]     |
[INFO] [stdout]     = note: import resolution is stuck, try simplifying macro imports
[INFO] [stdout] 
[INFO] [stdout] 
[INFO] [stdout] error: cannot determine resolution for the attribute macro `meilisearch_test`
[INFO] [stdout]    --> src/search.rs:713:7
[INFO] [stdout]     |
[INFO] [stdout] 713 |     #[meilisearch_test]
[INFO] [stdout]     |       ^^^^^^^^^^^^^^^^
[INFO] [stdout]     |
[INFO] [stdout]     = note: import resolution is stuck, try simplifying macro imports
[INFO] [stdout] 
[INFO] [stdout] 
[INFO] [stdout] error: cannot determine resolution for the attribute macro `meilisearch_test`
[INFO] [stdout]    --> src/search.rs:733:7
[INFO] [stdout]     |
[INFO] [stdout] 733 |     #[meilisearch_test]
[INFO] [stdout]     |       ^^^^^^^^^^^^^^^^
[INFO] [stdout]     |
[INFO] [stdout]     = note: import resolution is stuck, try simplifying macro imports
[INFO] [stdout] 
[INFO] [stdout] 
[INFO] [stdout] error: cannot determine resolution for the attribute macro `meilisearch_test`
[INFO] [stdout]    --> src/search.rs:750:7
[INFO] [stdout]     |
[INFO] [stdout] 750 |     #[meilisearch_test]
[INFO] [stdout]     |       ^^^^^^^^^^^^^^^^
[INFO] [stdout]     |
[INFO] [stdout]     = note: import resolution is stuck, try simplifying macro imports
[INFO] [stdout] 
[INFO] [stdout] 
[INFO] [stdout] error: cannot determine resolution for the attribute macro `meilisearch_test`
[INFO] [stdout]    --> src/search.rs:795:7
[INFO] [stdout]     |
[INFO] [stdout] 795 |     #[meilisearch_test]
[INFO] [stdout]     |       ^^^^^^^^^^^^^^^^
[INFO] [stdout]     |
[INFO] [stdout]     = note: import resolution is stuck, try simplifying macro imports
[INFO] [stdout] 
[INFO] [stdout] 
[INFO] [stdout] error: cannot determine resolution for the attribute macro `meilisearch_test`
[INFO] [stdout]    --> src/search.rs:812:7
[INFO] [stdout]     |
[INFO] [stdout] 812 |     #[meilisearch_test]
[INFO] [stdout]     |       ^^^^^^^^^^^^^^^^
[INFO] [stdout]     |
[INFO] [stdout]     = note: import resolution is stuck, try simplifying macro imports
[INFO] [stdout] 
[INFO] [stdout] 
[INFO] [stdout] error: cannot determine resolution for the attribute macro `meilisearch_test`
[INFO] [stdout]    --> src/search.rs:824:7
[INFO] [stdout]     |
[INFO] [stdout] 824 |     #[meilisearch_test]
[INFO] [stdout]     |       ^^^^^^^^^^^^^^^^
[INFO] [stdout]     |
[INFO] [stdout]     = note: import resolution is stuck, try simplifying macro imports
[INFO] [stdout] 
[INFO] [stdout] 
[INFO] [stdout] error: cannot determine resolution for the attribute macro `meilisearch_test`
[INFO] [stdout]    --> src/search.rs:858:7
[INFO] [stdout]     |
[INFO] [stdout] 858 |     #[meilisearch_test]
[INFO] [stdout]     |       ^^^^^^^^^^^^^^^^
[INFO] [stdout]     |
[INFO] [stdout]     = note: import resolution is stuck, try simplifying macro imports
[INFO] [stdout] 
[INFO] [stdout] 
[INFO] [stdout] error: cannot determine resolution for the attribute macro `meilisearch_test`
[INFO] [stdout]    --> src/search.rs:892:7
[INFO] [stdout]     |
[INFO] [stdout] 892 |     #[meilisearch_test]
[INFO] [stdout]     |       ^^^^^^^^^^^^^^^^
[INFO] [stdout]     |
[INFO] [stdout]     = note: import resolution is stuck, try simplifying macro imports
[INFO] [stdout] 
[INFO] [stdout] 
[INFO] [stdout] error: cannot determine resolution for the attribute macro `meilisearch_test`
[INFO] [stdout]    --> src/search.rs:916:7
[INFO] [stdout]     |
[INFO] [stdout] 916 |     #[meilisearch_test]
[INFO] [stdout]     |       ^^^^^^^^^^^^^^^^
[INFO] [stdout]     |
[INFO] [stdout]     = note: import resolution is stuck, try simplifying macro imports
[INFO] [stdout] 
[INFO] [stdout] 
[INFO] [stdout] error: cannot determine resolution for the attribute macro `meilisearch_test`
[INFO] [stdout]    --> src/search.rs:943:7
[INFO] [stdout]     |
[INFO] [stdout] 943 |     #[meilisearch_test]
[INFO] [stdout]     |       ^^^^^^^^^^^^^^^^
[INFO] [stdout]     |
[INFO] [stdout]     = note: import resolution is stuck, try simplifying macro imports
[INFO] [stdout] 
[INFO] [stdout] 
[INFO] [stdout] error: cannot determine resolution for the attribute macro `meilisearch_test`
[INFO] [stdout]    --> src/search.rs:977:7
[INFO] [stdout]     |
[INFO] [stdout] 977 |     #[meilisearch_test]
[INFO] [stdout]     |       ^^^^^^^^^^^^^^^^
[INFO] [stdout]     |
[INFO] [stdout]     = note: import resolution is stuck, try simplifying macro imports
[INFO] [stdout] 
[INFO] [stdout] 
[INFO] [stdout] error: cannot determine resolution for the attribute macro `meilisearch_test`
[INFO] [stdout]     --> src/search.rs:1001:7
[INFO] [stdout]      |
[INFO] [stdout] 1001 |     #[meilisearch_test]
[INFO] [stdout]      |       ^^^^^^^^^^^^^^^^
[INFO] [stdout]      |
[INFO] [stdout]      = note: import resolution is stuck, try simplifying macro imports
[INFO] [stdout] 
[INFO] [stdout] 
[INFO] [stdout] error: cannot determine resolution for the attribute macro `meilisearch_test`
[INFO] [stdout]     --> src/search.rs:1013:7
[INFO] [stdout]      |
[INFO] [stdout] 1013 |     #[meilisearch_test]
[INFO] [stdout]      |       ^^^^^^^^^^^^^^^^
[INFO] [stdout]      |
[INFO] [stdout]      = note: import resolution is stuck, try simplifying macro imports
[INFO] [stdout] 
[INFO] [stdout] 
[INFO] [stdout] error: cannot determine resolution for the attribute macro `meilisearch_test`
[INFO] [stdout]     --> src/search.rs:1028:7
[INFO] [stdout]      |
[INFO] [stdout] 1028 |     #[meilisearch_test]
[INFO] [stdout]      |       ^^^^^^^^^^^^^^^^
[INFO] [stdout]      |
[INFO] [stdout]      = note: import resolution is stuck, try simplifying macro imports
[INFO] [stdout] 
[INFO] [stdout] 
[INFO] [stdout] error: cannot determine resolution for the attribute macro `meilisearch_test`
[INFO] [stdout]     --> src/search.rs:1043:7
[INFO] [stdout]      |
[INFO] [stdout] 1043 |     #[meilisearch_test]
[INFO] [stdout]      |       ^^^^^^^^^^^^^^^^
[INFO] [stdout]      |
[INFO] [stdout]      = note: import resolution is stuck, try simplifying macro imports
[INFO] [stdout] 
[INFO] [stdout] 
[INFO] [stdout] error: cannot determine resolution for the attribute macro `meilisearch_test`
[INFO] [stdout]     --> src/settings.rs:1408:7
[INFO] [stdout]      |
[INFO] [stdout] 1408 |     #[meilisearch_test]
[INFO] [stdout]      |       ^^^^^^^^^^^^^^^^
[INFO] [stdout]      |
[INFO] [stdout]      = note: import resolution is stuck, try simplifying macro imports
[INFO] [stdout] 
[INFO] [stdout] 
[INFO] [stdout] error: cannot determine resolution for the attribute macro `meilisearch_test`
[INFO] [stdout]     --> src/settings.rs:1423:7
[INFO] [stdout]      |
[INFO] [stdout] 1423 |     #[meilisearch_test]
[INFO] [stdout]      |       ^^^^^^^^^^^^^^^^
[INFO] [stdout]      |
[INFO] [stdout]      = note: import resolution is stuck, try simplifying macro imports
[INFO] [stdout] 
[INFO] [stdout] 
[INFO] [stdout] error: cannot determine resolution for the attribute macro `meilisearch_test`
[INFO] [stdout]     --> src/settings.rs:1434:7
[INFO] [stdout]      |
[INFO] [stdout] 1434 |     #[meilisearch_test]
[INFO] [stdout]      |       ^^^^^^^^^^^^^^^^
[INFO] [stdout]      |
[INFO] [stdout]      = note: import resolution is stuck, try simplifying macro imports
[INFO] [stdout] 
[INFO] [stdout] 
[INFO] [stdout] error: cannot determine resolution for the attribute macro `meilisearch_test`
[INFO] [stdout]     --> src/settings.rs:1447:7
[INFO] [stdout]      |
[INFO] [stdout] 1447 |     #[meilisearch_test]
[INFO] [stdout]      |       ^^^^^^^^^^^^^^^^
[INFO] [stdout]      |
[INFO] [stdout]      = note: import resolution is stuck, try simplifying macro imports
[INFO] [stdout] 
[INFO] [stdout] 
[INFO] [stdout] error: cannot determine resolution for the attribute macro `meilisearch_test`
[INFO] [stdout]     --> src/settings.rs:1460:7
[INFO] [stdout]      |
[INFO] [stdout] 1460 |     #[meilisearch_test]
[INFO] [stdout]      |       ^^^^^^^^^^^^^^^^
[INFO] [stdout]      |
[INFO] [stdout]      = note: import resolution is stuck, try simplifying macro imports
[INFO] [stdout] 
[INFO] [stdout] 
[INFO] [stdout] error: cannot determine resolution for the attribute macro `meilisearch_test`
[INFO] [stdout]     --> src/settings.rs:1471:7
[INFO] [stdout]      |
[INFO] [stdout] 1471 |     #[meilisearch_test]
[INFO] [stdout]      |       ^^^^^^^^^^^^^^^^
[INFO] [stdout]      |
[INFO] [stdout]      = note: import resolution is stuck, try simplifying macro imports
[INFO] [stdout] 
[INFO] [stdout] 
[INFO] [stdout] error: cannot determine resolution for the attribute macro `meilisearch_test`
[INFO] [stdout]     --> src/settings.rs:1482:7
[INFO] [stdout]      |
[INFO] [stdout] 1482 |     #[meilisearch_test]
[INFO] [stdout]      |       ^^^^^^^^^^^^^^^^
[INFO] [stdout]      |
[INFO] [stdout]      = note: import resolution is stuck, try simplifying macro imports
[INFO] [stdout] 
[INFO] [stdout] 
[INFO] [stdout] error: cannot determine resolution for the attribute macro `meilisearch_test`
[INFO] [stdout]    --> src/task_info.rs:134:7
[INFO] [stdout]     |
[INFO] [stdout] 134 |     #[meilisearch_test]
[INFO] [stdout]     |       ^^^^^^^^^^^^^^^^
[INFO] [stdout]     |
[INFO] [stdout]     = note: import resolution is stuck, try simplifying macro imports
[INFO] [stdout] 
[INFO] [stdout] 
[INFO] [stdout] error: cannot determine resolution for the attribute macro `meilisearch_test`
[INFO] [stdout]    --> src/task_info.rs:168:7
[INFO] [stdout]     |
[INFO] [stdout] 168 |     #[meilisearch_test]
[INFO] [stdout]     |       ^^^^^^^^^^^^^^^^
[INFO] [stdout]     |
[INFO] [stdout]     = note: import resolution is stuck, try simplifying macro imports
[INFO] [stdout] 
[INFO] [stdout] 
[INFO] [stdout] error: cannot determine resolution for the attribute macro `meilisearch_test`
[INFO] [stdout]    --> src/tasks.rs:818:7
[INFO] [stdout]     |
[INFO] [stdout] 818 |     #[meilisearch_test]
[INFO] [stdout]     |       ^^^^^^^^^^^^^^^^
[INFO] [stdout]     |
[INFO] [stdout]     = note: import resolution is stuck, try simplifying macro imports
[INFO] [stdout] 
[INFO] [stdout] 
[INFO] [stdout] error: cannot determine resolution for the attribute macro `meilisearch_test`
[INFO] [stdout]    --> src/tasks.rs:848:7
[INFO] [stdout]     |
[INFO] [stdout] 848 |     #[meilisearch_test]
[INFO] [stdout]     |       ^^^^^^^^^^^^^^^^
[INFO] [stdout]     |
[INFO] [stdout]     = note: import resolution is stuck, try simplifying macro imports
[INFO] [stdout] 
[INFO] [stdout] 
[INFO] [stdout] error: cannot determine resolution for the attribute macro `meilisearch_test`
[INFO] [stdout]    --> src/tasks.rs:862:7
[INFO] [stdout]     |
[INFO] [stdout] 862 |     #[meilisearch_test]
[INFO] [stdout]     |       ^^^^^^^^^^^^^^^^
[INFO] [stdout]     |
[INFO] [stdout]     = note: import resolution is stuck, try simplifying macro imports
[INFO] [stdout] 
[INFO] [stdout] 
[INFO] [stdout] error: cannot determine resolution for the attribute macro `meilisearch_test`
[INFO] [stdout]    --> src/tasks.rs:888:7
[INFO] [stdout]     |
[INFO] [stdout] 888 |     #[meilisearch_test]
[INFO] [stdout]     |       ^^^^^^^^^^^^^^^^
[INFO] [stdout]     |
[INFO] [stdout]     = note: import resolution is stuck, try simplifying macro imports
[INFO] [stdout] 
[INFO] [stdout] 
[INFO] [stdout] error: cannot determine resolution for the attribute macro `meilisearch_test`
[INFO] [stdout]    --> src/tasks.rs:953:7
[INFO] [stdout]     |
[INFO] [stdout] 953 |     #[meilisearch_test]
[INFO] [stdout]     |       ^^^^^^^^^^^^^^^^
[INFO] [stdout]     |
[INFO] [stdout]     = note: import resolution is stuck, try simplifying macro imports
[INFO] [stdout] 
[INFO] [stdout] 
[INFO] [stdout] error: cannot determine resolution for the attribute macro `meilisearch_test`
[INFO] [stdout]    --> src/tasks.rs:977:7
[INFO] [stdout]     |
[INFO] [stdout] 977 |     #[meilisearch_test]
[INFO] [stdout]     |       ^^^^^^^^^^^^^^^^
[INFO] [stdout]     |
[INFO] [stdout]     = note: import resolution is stuck, try simplifying macro imports
[INFO] [stdout] 
[INFO] [stdout] 
[INFO] [stdout] error: cannot determine resolution for the attribute macro `meilisearch_test`
[INFO] [stdout]    --> src/tasks.rs:987:7
[INFO] [stdout]     |
[INFO] [stdout] 987 |     #[meilisearch_test]
[INFO] [stdout]     |       ^^^^^^^^^^^^^^^^
[INFO] [stdout]     |
[INFO] [stdout]     = note: import resolution is stuck, try simplifying macro imports
[INFO] [stdout] 
[INFO] [stdout] 
[INFO] [stdout] error: cannot determine resolution for the attribute macro `meilisearch_test`
[INFO] [stdout]    --> src/tasks.rs:999:7
[INFO] [stdout]     |
[INFO] [stdout] 999 |     #[meilisearch_test]
[INFO] [stdout]     |       ^^^^^^^^^^^^^^^^
[INFO] [stdout]     |
[INFO] [stdout]     = note: import resolution is stuck, try simplifying macro imports
[INFO] [stdout] 
[INFO] [stdout] 
[INFO] [stdout] error: cannot determine resolution for the attribute macro `meilisearch_test`
[INFO] [stdout]     --> src/tasks.rs:1011:7
[INFO] [stdout]      |
[INFO] [stdout] 1011 |     #[meilisearch_test]
[INFO] [stdout]      |       ^^^^^^^^^^^^^^^^
[INFO] [stdout]      |
[INFO] [stdout]      = note: import resolution is stuck, try simplifying macro imports
[INFO] [stdout] 
[INFO] [stdout] 
[INFO] [stdout] error: cannot determine resolution for the attribute macro `meilisearch_test`
[INFO] [stdout]     --> src/tasks.rs:1035:7
[INFO] [stdout]      |
[INFO] [stdout] 1035 |     #[meilisearch_test]
[INFO] [stdout]      |       ^^^^^^^^^^^^^^^^
[INFO] [stdout]      |
[INFO] [stdout]      = note: import resolution is stuck, try simplifying macro imports
[INFO] [stdout] 
[INFO] [stdout] 
[INFO] [stdout] error: cannot determine resolution for the attribute macro `meilisearch_test`
[INFO] [stdout]     --> src/tasks.rs:1059:7
[INFO] [stdout]      |
[INFO] [stdout] 1059 |     #[meilisearch_test]
[INFO] [stdout]      |       ^^^^^^^^^^^^^^^^
[INFO] [stdout]      |
[INFO] [stdout]      = note: import resolution is stuck, try simplifying macro imports
[INFO] [stdout] 
[INFO] [stdout] 
[INFO] [stdout] error: cannot determine resolution for the attribute macro `meilisearch_test`
[INFO] [stdout]     --> src/tasks.rs:1082:7
[INFO] [stdout]      |
[INFO] [stdout] 1082 |     #[meilisearch_test]
[INFO] [stdout]      |       ^^^^^^^^^^^^^^^^
[INFO] [stdout]      |
[INFO] [stdout]      = note: import resolution is stuck, try simplifying macro imports
[INFO] [stdout] 
[INFO] [stdout] 
[INFO] [stdout] error: cannot determine resolution for the attribute macro `meilisearch_test`
[INFO] [stdout]   --> src/utils.rs:36:7
[INFO] [stdout]    |
[INFO] [stdout] 36 |     #[meilisearch_test]
[INFO] [stdout]    |       ^^^^^^^^^^^^^^^^
[INFO] [stdout]    |
[INFO] [stdout]    = note: import resolution is stuck, try simplifying macro imports
[INFO] [stdout] 
[INFO] [stdout] 
[INFO] [stdout] error: aborting due to 84 previous errors
[INFO] [stdout] 
[INFO] [stdout] 
[INFO] [stdout] For more information about this error, try `rustc --explain E0432`.
[INFO] [stdout] 
[INFO] [stderr] error: could not compile `meilisearch-sdk` due to 85 previous errors
[INFO] [stderr] warning: build failed, waiting for other jobs to finish...
[INFO] running `Command { std: "docker" "inspect" "68841e8c6e8209c8d9737ca77e3e0ad047e48e53db6a820621104c6a8ad7fb2e", kill_on_drop: false }`
[INFO] running `Command { std: "docker" "rm" "-f" "68841e8c6e8209c8d9737ca77e3e0ad047e48e53db6a820621104c6a8ad7fb2e", kill_on_drop: false }`
[INFO] [stdout] 68841e8c6e8209c8d9737ca77e3e0ad047e48e53db6a820621104c6a8ad7fb2e
