[INFO] fetching crate megenginelite-derive 0.2.0...
[INFO] testing megenginelite-derive-0.2.0 against 1.69.0 for beta-1.70-1
[INFO] extracting crate megenginelite-derive 0.2.0 into /workspace/builds/worker-3-tc1/source
[INFO] validating manifest of crates.io crate megenginelite-derive 0.2.0 on toolchain 1.69.0
[INFO] running `Command { std: CARGO_HOME="/workspace/cargo-home" RUSTUP_HOME="/workspace/rustup-home" "/workspace/cargo-home/bin/cargo" "+1.69.0" "metadata" "--manifest-path" "Cargo.toml" "--no-deps", kill_on_drop: false }`
[INFO] started tweaking crates.io crate megenginelite-derive 0.2.0
[INFO] finished tweaking crates.io crate megenginelite-derive 0.2.0
[INFO] tweaked toml for crates.io crate megenginelite-derive 0.2.0 written to /workspace/builds/worker-3-tc1/source/Cargo.toml
[INFO] crate crates.io crate megenginelite-derive 0.2.0 already has a lockfile, it will not be regenerated
[INFO] running `Command { std: CARGO_HOME="/workspace/cargo-home" RUSTUP_HOME="/workspace/rustup-home" "/workspace/cargo-home/bin/cargo" "+1.69.0" "fetch" "--manifest-path" "Cargo.toml", kill_on_drop: false }`
[INFO] running `Command { std: "docker" "create" "-v" "/var/lib/crater-agent-workspace/builds/worker-3-tc1/target:/opt/rustwide/target:rw,Z" "-v" "/var/lib/crater-agent-workspace/builds/worker-3-tc1/source:/opt/rustwide/workdir:ro,Z" "-v" "/var/lib/crater-agent-workspace/cargo-home:/opt/rustwide/cargo-home:ro,Z" "-v" "/var/lib/crater-agent-workspace/rustup-home:/opt/rustwide/rustup-home:ro,Z" "-e" "SOURCE_DIR=/opt/rustwide/workdir" "-e" "CARGO_TARGET_DIR=/opt/rustwide/target" "-e" "CARGO_HOME=/opt/rustwide/cargo-home" "-e" "RUSTUP_HOME=/opt/rustwide/rustup-home" "-w" "/opt/rustwide/workdir" "-m" "1610612736" "--user" "0:0" "--network" "none" "ghcr.io/rust-lang/crates-build-env/linux@sha256:5ff2268d62e97bff2cde7d5815dd6ed5b47097566f13b8d0ca110b04b60e07ed" "/opt/rustwide/cargo-home/bin/cargo" "+1.69.0" "metadata" "--no-deps" "--format-version=1", kill_on_drop: false }`
[INFO] [stdout] 9adedd0216e9ce0eac1e1349a6af911e7a2c4a53e5f3e03732ab1e975d09a45a
[INFO] running `Command { std: "docker" "start" "-a" "9adedd0216e9ce0eac1e1349a6af911e7a2c4a53e5f3e03732ab1e975d09a45a", kill_on_drop: false }`
[INFO] running `Command { std: "docker" "inspect" "9adedd0216e9ce0eac1e1349a6af911e7a2c4a53e5f3e03732ab1e975d09a45a", kill_on_drop: false }`
[INFO] running `Command { std: "docker" "rm" "-f" "9adedd0216e9ce0eac1e1349a6af911e7a2c4a53e5f3e03732ab1e975d09a45a", kill_on_drop: false }`
[INFO] [stdout] 9adedd0216e9ce0eac1e1349a6af911e7a2c4a53e5f3e03732ab1e975d09a45a
[INFO] running `Command { std: "docker" "create" "-v" "/var/lib/crater-agent-workspace/builds/worker-3-tc1/target:/opt/rustwide/target:rw,Z" "-v" "/var/lib/crater-agent-workspace/builds/worker-3-tc1/source:/opt/rustwide/workdir:ro,Z" "-v" "/var/lib/crater-agent-workspace/cargo-home:/opt/rustwide/cargo-home:ro,Z" "-v" "/var/lib/crater-agent-workspace/rustup-home:/opt/rustwide/rustup-home:ro,Z" "-e" "SOURCE_DIR=/opt/rustwide/workdir" "-e" "CARGO_TARGET_DIR=/opt/rustwide/target" "-e" "CARGO_INCREMENTAL=0" "-e" "RUST_BACKTRACE=full" "-e" "RUSTFLAGS=--cap-lints=warn" "-e" "RUSTDOCFLAGS=--cap-lints=warn" "-e" "CARGO_HOME=/opt/rustwide/cargo-home" "-e" "RUSTUP_HOME=/opt/rustwide/rustup-home" "-w" "/opt/rustwide/workdir" "-m" "1610612736" "--user" "0:0" "--network" "none" "ghcr.io/rust-lang/crates-build-env/linux@sha256:5ff2268d62e97bff2cde7d5815dd6ed5b47097566f13b8d0ca110b04b60e07ed" "/opt/rustwide/cargo-home/bin/cargo" "+1.69.0" "build" "--frozen" "--message-format=json", kill_on_drop: false }`
[INFO] [stdout] 73d28c7255ed59aec87eac689ec5da0d2e5a8812a5757234e61e0c600bfdb4a0
[INFO] running `Command { std: "docker" "start" "-a" "73d28c7255ed59aec87eac689ec5da0d2e5a8812a5757234e61e0c600bfdb4a0", kill_on_drop: false }`
[INFO] [stderr]    Compiling proc-macro2 v1.0.36
[INFO] [stderr]    Compiling unicode-xid v0.2.2
[INFO] [stderr]    Compiling syn v1.0.89
[INFO] [stderr]    Compiling quote v1.0.16
[INFO] [stderr]    Compiling megenginelite-derive v0.2.0 (/opt/rustwide/workdir)
[INFO] [stderr]     Finished dev [unoptimized + debuginfo] target(s) in 6.16s
[INFO] running `Command { std: "docker" "inspect" "73d28c7255ed59aec87eac689ec5da0d2e5a8812a5757234e61e0c600bfdb4a0", kill_on_drop: false }`
[INFO] running `Command { std: "docker" "rm" "-f" "73d28c7255ed59aec87eac689ec5da0d2e5a8812a5757234e61e0c600bfdb4a0", kill_on_drop: false }`
[INFO] [stdout] 73d28c7255ed59aec87eac689ec5da0d2e5a8812a5757234e61e0c600bfdb4a0
[INFO] running `Command { std: "docker" "create" "-v" "/var/lib/crater-agent-workspace/builds/worker-3-tc1/target:/opt/rustwide/target:rw,Z" "-v" "/var/lib/crater-agent-workspace/builds/worker-3-tc1/source:/opt/rustwide/workdir:ro,Z" "-v" "/var/lib/crater-agent-workspace/cargo-home:/opt/rustwide/cargo-home:ro,Z" "-v" "/var/lib/crater-agent-workspace/rustup-home:/opt/rustwide/rustup-home:ro,Z" "-e" "SOURCE_DIR=/opt/rustwide/workdir" "-e" "CARGO_TARGET_DIR=/opt/rustwide/target" "-e" "CARGO_INCREMENTAL=0" "-e" "RUST_BACKTRACE=full" "-e" "RUSTFLAGS=--cap-lints=warn" "-e" "RUSTDOCFLAGS=--cap-lints=warn" "-e" "CARGO_HOME=/opt/rustwide/cargo-home" "-e" "RUSTUP_HOME=/opt/rustwide/rustup-home" "-w" "/opt/rustwide/workdir" "-m" "1610612736" "--user" "0:0" "--network" "none" "ghcr.io/rust-lang/crates-build-env/linux@sha256:5ff2268d62e97bff2cde7d5815dd6ed5b47097566f13b8d0ca110b04b60e07ed" "/opt/rustwide/cargo-home/bin/cargo" "+1.69.0" "test" "--frozen" "--no-run" "--message-format=json", kill_on_drop: false }`
[INFO] [stdout] 56a87d4592aba30e312f1042f458efe41d089b82022d377ebdd3a4983fba0b4f
[INFO] running `Command { std: "docker" "start" "-a" "56a87d4592aba30e312f1042f458efe41d089b82022d377ebdd3a4983fba0b4f", kill_on_drop: false }`
[INFO] [stderr]    Compiling proc-macro2 v1.0.36
[INFO] [stderr]    Compiling unicode-xid v0.2.2
[INFO] [stderr]    Compiling syn v1.0.89
[INFO] [stderr]    Compiling quote v1.0.16
[INFO] [stderr]    Compiling megenginelite-derive v0.2.0 (/opt/rustwide/workdir)
[INFO] [stdout] error[E0433]: failed to resolve: use of undeclared crate or module `megenginelite_rs`
[INFO] [stdout]   --> examples/basis.rs:11:8
[INFO] [stdout]    |
[INFO] [stdout] 11 |     p!(idx!(0..n, n-1, ..3;5));
[INFO] [stdout]    |        ^^^^^^^^^^^^^^^^^^^^^^ use of undeclared crate or module `megenginelite_rs`
[INFO] [stdout]    |
[INFO] [stdout]    = note: this error originates in the macro `idx` (in Nightly builds, run with -Z macro-backtrace for more info)
[INFO] [stdout] help: there is a crate or module with a similar name
[INFO] [stdout]    |
[INFO] [stdout] 11 |     p!(megenginelite_derive);
[INFO] [stdout]    |        ~~~~~~~~~~~~~~~~~~~~
[INFO] [stdout] 
[INFO] [stdout] 
[INFO] [stdout] error[E0433]: failed to resolve: use of undeclared crate or module `megenginelite_rs`
[INFO] [stdout]   --> examples/basis.rs:12:8
[INFO] [stdout]    |
[INFO] [stdout] 12 |     p!(idx!(0..1+1, 2..3;5));
[INFO] [stdout]    |        ^^^^^^^^^^^^^^^^^^^^ use of undeclared crate or module `megenginelite_rs`
[INFO] [stdout]    |
[INFO] [stdout]    = note: this error originates in the macro `idx` (in Nightly builds, run with -Z macro-backtrace for more info)
[INFO] [stdout] help: there is a crate or module with a similar name
[INFO] [stdout]    |
[INFO] [stdout] 12 |     p!(megenginelite_derive);
[INFO] [stdout]    |        ~~~~~~~~~~~~~~~~~~~~
[INFO] [stdout] 
[INFO] [stdout] 
[INFO] [stdout] error[E0433]: failed to resolve: use of undeclared crate or module `megenginelite_rs`
[INFO] [stdout]   --> examples/basis.rs:13:8
[INFO] [stdout]    |
[INFO] [stdout] 13 |     p!(idx!(0.., ..3;5, ..n+1, .., ..;n*2, 0..;n*2));
[INFO] [stdout]    |        ^^^^^^^^^^^^^^^^^^^^^^^^^^^^^^^^^^^^^^^^^^^^ use of undeclared crate or module `megenginelite_rs`
[INFO] [stdout]    |
[INFO] [stdout]    = note: this error originates in the macro `idx` (in Nightly builds, run with -Z macro-backtrace for more info)
[INFO] [stdout] help: there is a crate or module with a similar name
[INFO] [stdout]    |
[INFO] [stdout] 13 |     p!(megenginelite_derive);
[INFO] [stdout]    |        ~~~~~~~~~~~~~~~~~~~~
[INFO] [stdout] 
[INFO] [stdout] 
[INFO] [stdout] error: aborting due to 3 previous errors
[INFO] [stdout] 
[INFO] [stdout] 
[INFO] [stdout] For more information about this error, try `rustc --explain E0433`.
[INFO] [stdout] 
[INFO] [stderr] error: could not compile `megenginelite-derive` due to 4 previous errors
[INFO] running `Command { std: "docker" "inspect" "56a87d4592aba30e312f1042f458efe41d089b82022d377ebdd3a4983fba0b4f", kill_on_drop: false }`
[INFO] running `Command { std: "docker" "rm" "-f" "56a87d4592aba30e312f1042f458efe41d089b82022d377ebdd3a4983fba0b4f", kill_on_drop: false }`
[INFO] [stdout] 56a87d4592aba30e312f1042f458efe41d089b82022d377ebdd3a4983fba0b4f
