[INFO] fetching crate matrixstack 0.1.4...
[INFO] testing matrixstack-0.1.4 against 1.69.0 for beta-1.70-1
[INFO] extracting crate matrixstack 0.1.4 into /workspace/builds/worker-0-tc1/source
[INFO] validating manifest of crates.io crate matrixstack 0.1.4 on toolchain 1.69.0
[INFO] running `Command { std: CARGO_HOME="/workspace/cargo-home" RUSTUP_HOME="/workspace/rustup-home" "/workspace/cargo-home/bin/cargo" "+1.69.0" "metadata" "--manifest-path" "Cargo.toml" "--no-deps", kill_on_drop: false }`
[INFO] started tweaking crates.io crate matrixstack 0.1.4
[INFO] finished tweaking crates.io crate matrixstack 0.1.4
[INFO] tweaked toml for crates.io crate matrixstack 0.1.4 written to /workspace/builds/worker-0-tc1/source/Cargo.toml
[INFO] running `Command { std: CARGO_HOME="/workspace/cargo-home" RUSTUP_HOME="/workspace/rustup-home" __CARGO_TEST_CHANNEL_OVERRIDE_DO_NOT_USE_THIS="nightly" "/workspace/cargo-home/bin/cargo" "+1.69.0" "generate-lockfile" "--manifest-path" "Cargo.toml" "-Zno-index-update", kill_on_drop: false }`
[INFO] running `Command { std: CARGO_HOME="/workspace/cargo-home" RUSTUP_HOME="/workspace/rustup-home" "/workspace/cargo-home/bin/cargo" "+1.69.0" "fetch" "--manifest-path" "Cargo.toml", kill_on_drop: false }`
[INFO] [stderr]  Downloading crates ...
[INFO] [stderr]   Downloaded cgmath v0.10.0
[INFO] running `Command { std: "docker" "create" "-v" "/var/lib/crater-agent-workspace/builds/worker-0-tc1/target:/opt/rustwide/target:rw,Z" "-v" "/var/lib/crater-agent-workspace/builds/worker-0-tc1/source:/opt/rustwide/workdir:ro,Z" "-v" "/var/lib/crater-agent-workspace/cargo-home:/opt/rustwide/cargo-home:ro,Z" "-v" "/var/lib/crater-agent-workspace/rustup-home:/opt/rustwide/rustup-home:ro,Z" "-e" "SOURCE_DIR=/opt/rustwide/workdir" "-e" "CARGO_TARGET_DIR=/opt/rustwide/target" "-e" "CARGO_HOME=/opt/rustwide/cargo-home" "-e" "RUSTUP_HOME=/opt/rustwide/rustup-home" "-w" "/opt/rustwide/workdir" "-m" "1610612736" "--user" "0:0" "--network" "none" "ghcr.io/rust-lang/crates-build-env/linux@sha256:5ff2268d62e97bff2cde7d5815dd6ed5b47097566f13b8d0ca110b04b60e07ed" "/opt/rustwide/cargo-home/bin/cargo" "+1.69.0" "metadata" "--no-deps" "--format-version=1", kill_on_drop: false }`
[INFO] [stdout] 86f19491f2f0f7df7917fc68bce67d19fa0159d66f04b407c2e437f55a73b2f3
[INFO] running `Command { std: "docker" "start" "-a" "86f19491f2f0f7df7917fc68bce67d19fa0159d66f04b407c2e437f55a73b2f3", kill_on_drop: false }`
[INFO] running `Command { std: "docker" "inspect" "86f19491f2f0f7df7917fc68bce67d19fa0159d66f04b407c2e437f55a73b2f3", kill_on_drop: false }`
[INFO] running `Command { std: "docker" "rm" "-f" "86f19491f2f0f7df7917fc68bce67d19fa0159d66f04b407c2e437f55a73b2f3", kill_on_drop: false }`
[INFO] [stdout] 86f19491f2f0f7df7917fc68bce67d19fa0159d66f04b407c2e437f55a73b2f3
[INFO] running `Command { std: "docker" "create" "-v" "/var/lib/crater-agent-workspace/builds/worker-0-tc1/target:/opt/rustwide/target:rw,Z" "-v" "/var/lib/crater-agent-workspace/builds/worker-0-tc1/source:/opt/rustwide/workdir:ro,Z" "-v" "/var/lib/crater-agent-workspace/cargo-home:/opt/rustwide/cargo-home:ro,Z" "-v" "/var/lib/crater-agent-workspace/rustup-home:/opt/rustwide/rustup-home:ro,Z" "-e" "SOURCE_DIR=/opt/rustwide/workdir" "-e" "CARGO_TARGET_DIR=/opt/rustwide/target" "-e" "CARGO_INCREMENTAL=0" "-e" "RUST_BACKTRACE=full" "-e" "RUSTFLAGS=--cap-lints=warn" "-e" "RUSTDOCFLAGS=--cap-lints=warn" "-e" "CARGO_HOME=/opt/rustwide/cargo-home" "-e" "RUSTUP_HOME=/opt/rustwide/rustup-home" "-w" "/opt/rustwide/workdir" "-m" "1610612736" "--user" "0:0" "--network" "none" "ghcr.io/rust-lang/crates-build-env/linux@sha256:5ff2268d62e97bff2cde7d5815dd6ed5b47097566f13b8d0ca110b04b60e07ed" "/opt/rustwide/cargo-home/bin/cargo" "+1.69.0" "build" "--frozen" "--message-format=json", kill_on_drop: false }`
[INFO] [stdout] 73d8cefb582de8b4fb22ce494004d0b117414269ea8f7323810b1561c5fd453b
[INFO] running `Command { std: "docker" "start" "-a" "73d8cefb582de8b4fb22ce494004d0b117414269ea8f7323810b1561c5fd453b", kill_on_drop: false }`
[INFO] [stderr]    Compiling cgmath v0.10.0
[INFO] [stdout] error[E0277]: the trait bound `S: Copy` is not satisfied
[INFO] [stdout]    --> /opt/rustwide/cargo-home/registry/src/github.com-1ecc6299db9ec823/cgmath-0.10.0/src/rotation.rs:146:5
[INFO] [stdout]     |
[INFO] [stdout] 143 | #[cfg_attr(feature = "rustc-serialize", derive(RustcEncodable, RustcDecodable))]
[INFO] [stdout]     |                                                --------------
[INFO] [stdout]     |                                                |
[INFO] [stdout]     |                                                required by a bound introduced by this call
[INFO] [stdout]     |                                                in this derive macro expansion
[INFO] [stdout] ...
[INFO] [stdout] 146 |     mat: Matrix2<S>
[INFO] [stdout]     |     ^^^^^^^^^^^^^^^ the trait `Copy` is not implemented for `S`
[INFO] [stdout]     |
[INFO] [stdout] note: required for `Matrix2<S>` to implement `Encodable`
[INFO] [stdout]    --> /opt/rustwide/cargo-home/registry/src/github.com-1ecc6299db9ec823/cgmath-0.10.0/src/matrix.rs:39:48
[INFO] [stdout]     |
[INFO] [stdout] 39  | #[cfg_attr(feature = "rustc-serialize", derive(RustcEncodable, RustcDecodable))]
[INFO] [stdout]     |                                                ^^^^^^^^^^^^^^ unsatisfied trait bound introduced in this `derive` macro
[INFO] [stdout]     = note: 1 redundant requirement hidden
[INFO] [stdout]     = note: required for `&Matrix2<S>` to implement `Encodable`
[INFO] [stdout]     = note: this error originates in the derive macro `RustcEncodable` (in Nightly builds, run with -Z macro-backtrace for more info)
[INFO] [stdout] help: consider restricting type parameter `S`
[INFO] [stdout]     |
[INFO] [stdout] 145 | pub struct Basis2<S: std::marker::Copy> {
[INFO] [stdout]     |                    +++++++++++++++++++
[INFO] [stdout] 
[INFO] [stdout] 
[INFO] [stdout] error[E0277]: the trait bound `S: Copy` is not satisfied
[INFO] [stdout]    --> /opt/rustwide/cargo-home/registry/src/github.com-1ecc6299db9ec823/cgmath-0.10.0/src/rotation.rs:146:5
[INFO] [stdout]     |
[INFO] [stdout] 143 | #[cfg_attr(feature = "rustc-serialize", derive(RustcEncodable, RustcDecodable))]
[INFO] [stdout]     |                                                                -------------- in this derive macro expansion
[INFO] [stdout] ...
[INFO] [stdout] 146 |     mat: Matrix2<S>
[INFO] [stdout]     |     ^^^^^^^^^^^^^^^ the trait `Copy` is not implemented for `S`
[INFO] [stdout]     |
[INFO] [stdout] note: required for `Matrix2<S>` to implement `Decodable`
[INFO] [stdout]    --> /opt/rustwide/cargo-home/registry/src/github.com-1ecc6299db9ec823/cgmath-0.10.0/src/matrix.rs:39:64
[INFO] [stdout]     |
[INFO] [stdout] 39  | #[cfg_attr(feature = "rustc-serialize", derive(RustcEncodable, RustcDecodable))]
[INFO] [stdout]     |                                                                ^^^^^^^^^^^^^^ unsatisfied trait bound introduced in this `derive` macro
[INFO] [stdout]     = note: this error originates in the derive macro `RustcDecodable` (in Nightly builds, run with -Z macro-backtrace for more info)
[INFO] [stdout] help: consider restricting type parameter `S`
[INFO] [stdout]     |
[INFO] [stdout] 145 | pub struct Basis2<S: std::marker::Copy> {
[INFO] [stdout]     |                    +++++++++++++++++++
[INFO] [stdout] 
[INFO] [stdout] 
[INFO] [stdout] error[E0277]: the trait bound `S: Copy` is not satisfied
[INFO] [stdout]    --> /opt/rustwide/cargo-home/registry/src/github.com-1ecc6299db9ec823/cgmath-0.10.0/src/rotation.rs:143:64
[INFO] [stdout]     |
[INFO] [stdout] 143 | #[cfg_attr(feature = "rustc-serialize", derive(RustcEncodable, RustcDecodable))]
[INFO] [stdout]     |                                                                ^^^^^^^^^^^^^^ the trait `Copy` is not implemented for `S`
[INFO] [stdout]     |
[INFO] [stdout] note: required for `Matrix2<S>` to implement `Decodable`
[INFO] [stdout]    --> /opt/rustwide/cargo-home/registry/src/github.com-1ecc6299db9ec823/cgmath-0.10.0/src/matrix.rs:39:64
[INFO] [stdout]     |
[INFO] [stdout] 39  | #[cfg_attr(feature = "rustc-serialize", derive(RustcEncodable, RustcDecodable))]
[INFO] [stdout]     |                                                                ^^^^^^^^^^^^^^ unsatisfied trait bound introduced in this `derive` macro
[INFO] [stdout]     = note: this error originates in the derive macro `RustcDecodable` (in Nightly builds, run with -Z macro-backtrace for more info)
[INFO] [stdout] help: consider restricting type parameter `S`
[INFO] [stdout]     |
[INFO] [stdout] 145 | pub struct Basis2<S: std::marker::Copy> {
[INFO] [stdout]     |                    +++++++++++++++++++
[INFO] [stdout] 
[INFO] [stdout] 
[INFO] [stdout] error[E0369]: binary operation `==` cannot be applied to type `Matrix2<S>`
[INFO] [stdout]    --> /opt/rustwide/cargo-home/registry/src/github.com-1ecc6299db9ec823/cgmath-0.10.0/src/rotation.rs:146:5
[INFO] [stdout]     |
[INFO] [stdout] 142 | #[derive(PartialEq, Copy, Clone)]
[INFO] [stdout]     |          --------- in this derive macro expansion
[INFO] [stdout] ...
[INFO] [stdout] 146 |     mat: Matrix2<S>
[INFO] [stdout]     |     ^^^^^^^^^^^^^^^
[INFO] [stdout]     |
[INFO] [stdout]     = note: this error originates in the derive macro `PartialEq` (in Nightly builds, run with -Z macro-backtrace for more info)
[INFO] [stdout] help: consider restricting type parameter `S`
[INFO] [stdout]     |
[INFO] [stdout] 145 | pub struct Basis2<S: std::marker::Copy> {
[INFO] [stdout]     |                    +++++++++++++++++++
[INFO] [stdout] 
[INFO] [stdout] 
[INFO] [stdout] error[E0277]: the trait bound `S: Copy` is not satisfied
[INFO] [stdout]    --> /opt/rustwide/cargo-home/registry/src/github.com-1ecc6299db9ec823/cgmath-0.10.0/src/rotation.rs:146:5
[INFO] [stdout]     |
[INFO] [stdout] 142 | #[derive(PartialEq, Copy, Clone)]
[INFO] [stdout]     |                           ----- in this derive macro expansion
[INFO] [stdout] ...
[INFO] [stdout] 146 |     mat: Matrix2<S>
[INFO] [stdout]     |     ^^^^^^^^^^^^^^^ the trait `Copy` is not implemented for `S`
[INFO] [stdout]     |
[INFO] [stdout] note: required for `Matrix2<S>` to implement `Clone`
[INFO] [stdout]    --> /opt/rustwide/cargo-home/registry/src/github.com-1ecc6299db9ec823/cgmath-0.10.0/src/matrix.rs:38:16
[INFO] [stdout]     |
[INFO] [stdout] 38  | #[derive(Copy, Clone, PartialEq)]
[INFO] [stdout]     |                ^^^^^ unsatisfied trait bound introduced in this `derive` macro
[INFO] [stdout]     = note: this error originates in the derive macro `Clone` (in Nightly builds, run with -Z macro-backtrace for more info)
[INFO] [stdout] help: consider restricting type parameter `S`
[INFO] [stdout]     |
[INFO] [stdout] 145 | pub struct Basis2<S: std::marker::Copy> {
[INFO] [stdout]     |                    +++++++++++++++++++
[INFO] [stdout] 
[INFO] [stdout] 
[INFO] [stdout] error[E0277]: the trait bound `S: Copy` is not satisfied
[INFO] [stdout]    --> /opt/rustwide/cargo-home/registry/src/github.com-1ecc6299db9ec823/cgmath-0.10.0/src/rotation.rs:220:5
[INFO] [stdout]     |
[INFO] [stdout] 217 | #[cfg_attr(feature = "rustc-serialize", derive(RustcEncodable, RustcDecodable))]
[INFO] [stdout]     |                                                --------------
[INFO] [stdout]     |                                                |
[INFO] [stdout]     |                                                required by a bound introduced by this call
[INFO] [stdout]     |                                                in this derive macro expansion
[INFO] [stdout] ...
[INFO] [stdout] 220 |     mat: Matrix3<S>
[INFO] [stdout]     |     ^^^^^^^^^^^^^^^ the trait `Copy` is not implemented for `S`
[INFO] [stdout]     |
[INFO] [stdout] note: required for `Matrix3<S>` to implement `Encodable`
[INFO] [stdout]    --> /opt/rustwide/cargo-home/registry/src/github.com-1ecc6299db9ec823/cgmath-0.10.0/src/matrix.rs:53:48
[INFO] [stdout]     |
[INFO] [stdout] 53  | #[cfg_attr(feature = "rustc-serialize", derive(RustcEncodable, RustcDecodable))]
[INFO] [stdout]     |                                                ^^^^^^^^^^^^^^ unsatisfied trait bound introduced in this `derive` macro
[INFO] [stdout]     = note: 1 redundant requirement hidden
[INFO] [stdout]     = note: required for `&Matrix3<S>` to implement `Encodable`
[INFO] [stdout]     = note: this error originates in the derive macro `RustcEncodable` (in Nightly builds, run with -Z macro-backtrace for more info)
[INFO] [stdout] help: consider restricting type parameter `S`
[INFO] [stdout]     |
[INFO] [stdout] 219 | pub struct Basis3<S: std::marker::Copy> {
[INFO] [stdout]     |                    +++++++++++++++++++
[INFO] [stdout] 
[INFO] [stdout] 
[INFO] [stdout] error[E0277]: the trait bound `S: Copy` is not satisfied
[INFO] [stdout]    --> /opt/rustwide/cargo-home/registry/src/github.com-1ecc6299db9ec823/cgmath-0.10.0/src/rotation.rs:220:5
[INFO] [stdout]     |
[INFO] [stdout] 217 | #[cfg_attr(feature = "rustc-serialize", derive(RustcEncodable, RustcDecodable))]
[INFO] [stdout]     |                                                                -------------- in this derive macro expansion
[INFO] [stdout] ...
[INFO] [stdout] 220 |     mat: Matrix3<S>
[INFO] [stdout]     |     ^^^^^^^^^^^^^^^ the trait `Copy` is not implemented for `S`
[INFO] [stdout]     |
[INFO] [stdout] note: required for `Matrix3<S>` to implement `Decodable`
[INFO] [stdout]    --> /opt/rustwide/cargo-home/registry/src/github.com-1ecc6299db9ec823/cgmath-0.10.0/src/matrix.rs:53:64
[INFO] [stdout]     |
[INFO] [stdout] 53  | #[cfg_attr(feature = "rustc-serialize", derive(RustcEncodable, RustcDecodable))]
[INFO] [stdout]     |                                                                ^^^^^^^^^^^^^^ unsatisfied trait bound introduced in this `derive` macro
[INFO] [stdout]     = note: this error originates in the derive macro `RustcDecodable` (in Nightly builds, run with -Z macro-backtrace for more info)
[INFO] [stdout] help: consider restricting type parameter `S`
[INFO] [stdout]     |
[INFO] [stdout] 219 | pub struct Basis3<S: std::marker::Copy> {
[INFO] [stdout]     |                    +++++++++++++++++++
[INFO] [stdout] 
[INFO] [stdout] 
[INFO] [stdout] error[E0277]: the trait bound `S: Copy` is not satisfied
[INFO] [stdout]    --> /opt/rustwide/cargo-home/registry/src/github.com-1ecc6299db9ec823/cgmath-0.10.0/src/rotation.rs:217:64
[INFO] [stdout]     |
[INFO] [stdout] 217 | #[cfg_attr(feature = "rustc-serialize", derive(RustcEncodable, RustcDecodable))]
[INFO] [stdout]     |                                                                ^^^^^^^^^^^^^^ the trait `Copy` is not implemented for `S`
[INFO] [stdout]     |
[INFO] [stdout] note: required for `Matrix3<S>` to implement `Decodable`
[INFO] [stdout]    --> /opt/rustwide/cargo-home/registry/src/github.com-1ecc6299db9ec823/cgmath-0.10.0/src/matrix.rs:53:64
[INFO] [stdout]     |
[INFO] [stdout] 53  | #[cfg_attr(feature = "rustc-serialize", derive(RustcEncodable, RustcDecodable))]
[INFO] [stdout]     |                                                                ^^^^^^^^^^^^^^ unsatisfied trait bound introduced in this `derive` macro
[INFO] [stdout]     = note: this error originates in the derive macro `RustcDecodable` (in Nightly builds, run with -Z macro-backtrace for more info)
[INFO] [stdout] help: consider restricting type parameter `S`
[INFO] [stdout]     |
[INFO] [stdout] 219 | pub struct Basis3<S: std::marker::Copy> {
[INFO] [stdout]     |                    +++++++++++++++++++
[INFO] [stdout] 
[INFO] [stdout] 
[INFO] [stdout] error[E0369]: binary operation `==` cannot be applied to type `Matrix3<S>`
[INFO] [stdout]    --> /opt/rustwide/cargo-home/registry/src/github.com-1ecc6299db9ec823/cgmath-0.10.0/src/rotation.rs:220:5
[INFO] [stdout]     |
[INFO] [stdout] 216 | #[derive(PartialEq, Copy, Clone)]
[INFO] [stdout]     |          --------- in this derive macro expansion
[INFO] [stdout] ...
[INFO] [stdout] 220 |     mat: Matrix3<S>
[INFO] [stdout]     |     ^^^^^^^^^^^^^^^
[INFO] [stdout]     |
[INFO] [stdout]     = note: this error originates in the derive macro `PartialEq` (in Nightly builds, run with -Z macro-backtrace for more info)
[INFO] [stdout] help: consider restricting type parameter `S`
[INFO] [stdout]     |
[INFO] [stdout] 219 | pub struct Basis3<S: std::marker::Copy> {
[INFO] [stdout]     |                    +++++++++++++++++++
[INFO] [stdout] 
[INFO] [stdout] 
[INFO] [stdout] error[E0277]: the trait bound `S: Copy` is not satisfied
[INFO] [stdout]    --> /opt/rustwide/cargo-home/registry/src/github.com-1ecc6299db9ec823/cgmath-0.10.0/src/rotation.rs:220:5
[INFO] [stdout]     |
[INFO] [stdout] 216 | #[derive(PartialEq, Copy, Clone)]
[INFO] [stdout]     |                           ----- in this derive macro expansion
[INFO] [stdout] ...
[INFO] [stdout] 220 |     mat: Matrix3<S>
[INFO] [stdout]     |     ^^^^^^^^^^^^^^^ the trait `Copy` is not implemented for `S`
[INFO] [stdout]     |
[INFO] [stdout] note: required for `Matrix3<S>` to implement `Clone`
[INFO] [stdout]    --> /opt/rustwide/cargo-home/registry/src/github.com-1ecc6299db9ec823/cgmath-0.10.0/src/matrix.rs:52:16
[INFO] [stdout]     |
[INFO] [stdout] 52  | #[derive(Copy, Clone, PartialEq)]
[INFO] [stdout]     |                ^^^^^ unsatisfied trait bound introduced in this `derive` macro
[INFO] [stdout]     = note: this error originates in the derive macro `Clone` (in Nightly builds, run with -Z macro-backtrace for more info)
[INFO] [stdout] help: consider restricting type parameter `S`
[INFO] [stdout]     |
[INFO] [stdout] 219 | pub struct Basis3<S: std::marker::Copy> {
[INFO] [stdout]     |                    +++++++++++++++++++
[INFO] [stdout] 
[INFO] [stdout] 
[INFO] [stdout] error[E0277]: the trait bound `S: Copy` is not satisfied
[INFO] [stdout]   --> /opt/rustwide/cargo-home/registry/src/github.com-1ecc6299db9ec823/cgmath-0.10.0/src/projection.rs:73:5
[INFO] [stdout]    |
[INFO] [stdout] 70 | #[cfg_attr(feature = "rustc-serialize", derive(RustcEncodable, RustcDecodable))]
[INFO] [stdout]    |                                                --------------
[INFO] [stdout]    |                                                |
[INFO] [stdout]    |                                                required by a bound introduced by this call
[INFO] [stdout]    |                                                in this derive macro expansion
[INFO] [stdout] ...
[INFO] [stdout] 73 |     pub fovy:   Rad<S>,
[INFO] [stdout]    |     ^^^^^^^^^^^^^^^^^^ the trait `Copy` is not implemented for `S`
[INFO] [stdout]    |
[INFO] [stdout] note: required for `Rad<S>` to implement `Encodable`
[INFO] [stdout]   --> /opt/rustwide/cargo-home/registry/src/github.com-1ecc6299db9ec823/cgmath-0.10.0/src/angle.rs:36:48
[INFO] [stdout]    |
[INFO] [stdout] 36 | #[cfg_attr(feature = "rustc-serialize", derive(RustcEncodable, RustcDecodable))]
[INFO] [stdout]    |                                                ^^^^^^^^^^^^^^ unsatisfied trait bound introduced in this `derive` macro
[INFO] [stdout]    = note: 1 redundant requirement hidden
[INFO] [stdout]    = note: required for `&Rad<S>` to implement `Encodable`
[INFO] [stdout]    = note: this error originates in the derive macro `RustcEncodable` (in Nightly builds, run with -Z macro-backtrace for more info)
[INFO] [stdout] help: consider restricting type parameter `S`
[INFO] [stdout]    |
[INFO] [stdout] 72 | pub struct PerspectiveFov<S: std::marker::Copy> {
[INFO] [stdout]    |                            +++++++++++++++++++
[INFO] [stdout] 
[INFO] [stdout] 
[INFO] [stdout] error[E0277]: the trait bound `S: Copy` is not satisfied
[INFO] [stdout]   --> /opt/rustwide/cargo-home/registry/src/github.com-1ecc6299db9ec823/cgmath-0.10.0/src/projection.rs:73:5
[INFO] [stdout]    |
[INFO] [stdout] 70 | #[cfg_attr(feature = "rustc-serialize", derive(RustcEncodable, RustcDecodable))]
[INFO] [stdout]    |                                                                -------------- in this derive macro expansion
[INFO] [stdout] ...
[INFO] [stdout] 73 |     pub fovy:   Rad<S>,
[INFO] [stdout]    |     ^^^^^^^^^^^^^^^^^^ the trait `Copy` is not implemented for `S`
[INFO] [stdout]    |
[INFO] [stdout] note: required for `Rad<S>` to implement `Decodable`
[INFO] [stdout]   --> /opt/rustwide/cargo-home/registry/src/github.com-1ecc6299db9ec823/cgmath-0.10.0/src/angle.rs:36:64
[INFO] [stdout]    |
[INFO] [stdout] 36 | #[cfg_attr(feature = "rustc-serialize", derive(RustcEncodable, RustcDecodable))]
[INFO] [stdout]    |                                                                ^^^^^^^^^^^^^^ unsatisfied trait bound introduced in this `derive` macro
[INFO] [stdout]    = note: this error originates in the derive macro `RustcDecodable` (in Nightly builds, run with -Z macro-backtrace for more info)
[INFO] [stdout] help: consider restricting type parameter `S`
[INFO] [stdout]    |
[INFO] [stdout] 72 | pub struct PerspectiveFov<S: std::marker::Copy> {
[INFO] [stdout]    |                            +++++++++++++++++++
[INFO] [stdout] 
[INFO] [stdout] 
[INFO] [stdout] error[E0277]: the trait bound `S: Copy` is not satisfied
[INFO] [stdout]   --> /opt/rustwide/cargo-home/registry/src/github.com-1ecc6299db9ec823/cgmath-0.10.0/src/projection.rs:70:64
[INFO] [stdout]    |
[INFO] [stdout] 70 | #[cfg_attr(feature = "rustc-serialize", derive(RustcEncodable, RustcDecodable))]
[INFO] [stdout]    |                                                                ^^^^^^^^^^^^^^ the trait `Copy` is not implemented for `S`
[INFO] [stdout]    |
[INFO] [stdout] note: required for `Rad<S>` to implement `Decodable`
[INFO] [stdout]   --> /opt/rustwide/cargo-home/registry/src/github.com-1ecc6299db9ec823/cgmath-0.10.0/src/angle.rs:36:64
[INFO] [stdout]    |
[INFO] [stdout] 36 | #[cfg_attr(feature = "rustc-serialize", derive(RustcEncodable, RustcDecodable))]
[INFO] [stdout]    |                                                                ^^^^^^^^^^^^^^ unsatisfied trait bound introduced in this `derive` macro
[INFO] [stdout]    = note: this error originates in the derive macro `RustcDecodable` (in Nightly builds, run with -Z macro-backtrace for more info)
[INFO] [stdout] help: consider restricting type parameter `S`
[INFO] [stdout]    |
[INFO] [stdout] 72 | pub struct PerspectiveFov<S: std::marker::Copy> {
[INFO] [stdout]    |                            +++++++++++++++++++
[INFO] [stdout] 
[INFO] [stdout] 
[INFO] [stdout] error[E0277]: the trait bound `S: Copy` is not satisfied
[INFO] [stdout]   --> /opt/rustwide/cargo-home/registry/src/github.com-1ecc6299db9ec823/cgmath-0.10.0/src/projection.rs:73:5
[INFO] [stdout]    |
[INFO] [stdout] 69 | #[derive(Copy, Clone, Debug, PartialEq)]
[INFO] [stdout]    |                ----- in this derive macro expansion
[INFO] [stdout] ...
[INFO] [stdout] 73 |     pub fovy:   Rad<S>,
[INFO] [stdout]    |     ^^^^^^^^^^^^^^^^^^ the trait `Copy` is not implemented for `S`
[INFO] [stdout]    |
[INFO] [stdout] note: required for `Rad<S>` to implement `Clone`
[INFO] [stdout]   --> /opt/rustwide/cargo-home/registry/src/github.com-1ecc6299db9ec823/cgmath-0.10.0/src/angle.rs:35:16
[INFO] [stdout]    |
[INFO] [stdout] 35 | #[derive(Copy, Clone, PartialEq, PartialOrd)]
[INFO] [stdout]    |                ^^^^^ unsatisfied trait bound introduced in this `derive` macro
[INFO] [stdout]    = note: this error originates in the derive macro `Clone` (in Nightly builds, run with -Z macro-backtrace for more info)
[INFO] [stdout] help: consider restricting type parameter `S`
[INFO] [stdout]    |
[INFO] [stdout] 72 | pub struct PerspectiveFov<S: std::marker::Copy> {
[INFO] [stdout]    |                            +++++++++++++++++++
[INFO] [stdout] 
[INFO] [stdout] 
[INFO] [stdout] error[E0369]: binary operation `==` cannot be applied to type `Rad<S>`
[INFO] [stdout]   --> /opt/rustwide/cargo-home/registry/src/github.com-1ecc6299db9ec823/cgmath-0.10.0/src/projection.rs:73:5
[INFO] [stdout]    |
[INFO] [stdout] 69 | #[derive(Copy, Clone, Debug, PartialEq)]
[INFO] [stdout]    |                              --------- in this derive macro expansion
[INFO] [stdout] ...
[INFO] [stdout] 73 |     pub fovy:   Rad<S>,
[INFO] [stdout]    |     ^^^^^^^^^^^^^^^^^^
[INFO] [stdout]    |
[INFO] [stdout]    = note: this error originates in the derive macro `PartialEq` (in Nightly builds, run with -Z macro-backtrace for more info)
[INFO] [stdout] help: consider restricting type parameter `S`
[INFO] [stdout]    |
[INFO] [stdout] 72 | pub struct PerspectiveFov<S: std::marker::Copy> {
[INFO] [stdout]    |                            +++++++++++++++++++
[INFO] [stdout] 
[INFO] [stdout] 
[INFO] [stdout] error: aborting due to 15 previous errors
[INFO] [stdout] 
[INFO] [stdout] 
[INFO] [stdout] Some errors have detailed explanations: E0277, E0369.
[INFO] [stdout] 
[INFO] [stdout] For more information about an error, try `rustc --explain E0277`.
[INFO] [stdout] 
[INFO] [stderr] error: could not compile `cgmath` due to 16 previous errors
[INFO] running `Command { std: "docker" "inspect" "73d8cefb582de8b4fb22ce494004d0b117414269ea8f7323810b1561c5fd453b", kill_on_drop: false }`
[INFO] running `Command { std: "docker" "rm" "-f" "73d8cefb582de8b4fb22ce494004d0b117414269ea8f7323810b1561c5fd453b", kill_on_drop: false }`
[INFO] [stdout] 73d8cefb582de8b4fb22ce494004d0b117414269ea8f7323810b1561c5fd453b
