[INFO] fetching crate matchable 0.1.1...
[INFO] testing matchable-0.1.1 against 1.69.0 for beta-1.70-1
[INFO] extracting crate matchable 0.1.1 into /workspace/builds/worker-7-tc1/source
[INFO] validating manifest of crates.io crate matchable 0.1.1 on toolchain 1.69.0
[INFO] running `Command { std: CARGO_HOME="/workspace/cargo-home" RUSTUP_HOME="/workspace/rustup-home" "/workspace/cargo-home/bin/cargo" "+1.69.0" "metadata" "--manifest-path" "Cargo.toml" "--no-deps", kill_on_drop: false }`
[INFO] started tweaking crates.io crate matchable 0.1.1
[INFO] finished tweaking crates.io crate matchable 0.1.1
[INFO] tweaked toml for crates.io crate matchable 0.1.1 written to /workspace/builds/worker-7-tc1/source/Cargo.toml
[INFO] running `Command { std: CARGO_HOME="/workspace/cargo-home" RUSTUP_HOME="/workspace/rustup-home" __CARGO_TEST_CHANNEL_OVERRIDE_DO_NOT_USE_THIS="nightly" "/workspace/cargo-home/bin/cargo" "+1.69.0" "generate-lockfile" "--manifest-path" "Cargo.toml" "-Zno-index-update", kill_on_drop: false }`
[INFO] running `Command { std: CARGO_HOME="/workspace/cargo-home" RUSTUP_HOME="/workspace/rustup-home" "/workspace/cargo-home/bin/cargo" "+1.69.0" "fetch" "--manifest-path" "Cargo.toml", kill_on_drop: false }`
[INFO] running `Command { std: "docker" "create" "-v" "/var/lib/crater-agent-workspace/builds/worker-7-tc1/target:/opt/rustwide/target:rw,Z" "-v" "/var/lib/crater-agent-workspace/builds/worker-7-tc1/source:/opt/rustwide/workdir:ro,Z" "-v" "/var/lib/crater-agent-workspace/cargo-home:/opt/rustwide/cargo-home:ro,Z" "-v" "/var/lib/crater-agent-workspace/rustup-home:/opt/rustwide/rustup-home:ro,Z" "-e" "SOURCE_DIR=/opt/rustwide/workdir" "-e" "CARGO_TARGET_DIR=/opt/rustwide/target" "-e" "CARGO_HOME=/opt/rustwide/cargo-home" "-e" "RUSTUP_HOME=/opt/rustwide/rustup-home" "-w" "/opt/rustwide/workdir" "-m" "1610612736" "--user" "0:0" "--network" "none" "ghcr.io/rust-lang/crates-build-env/linux@sha256:5ff2268d62e97bff2cde7d5815dd6ed5b47097566f13b8d0ca110b04b60e07ed" "/opt/rustwide/cargo-home/bin/cargo" "+1.69.0" "metadata" "--no-deps" "--format-version=1", kill_on_drop: false }`
[INFO] [stdout] 40828615d93568b0fc129c106bf757efdabc86b8df5868fcd9cda98fbeb7ca07
[INFO] running `Command { std: "docker" "start" "-a" "40828615d93568b0fc129c106bf757efdabc86b8df5868fcd9cda98fbeb7ca07", kill_on_drop: false }`
[INFO] running `Command { std: "docker" "inspect" "40828615d93568b0fc129c106bf757efdabc86b8df5868fcd9cda98fbeb7ca07", kill_on_drop: false }`
[INFO] running `Command { std: "docker" "rm" "-f" "40828615d93568b0fc129c106bf757efdabc86b8df5868fcd9cda98fbeb7ca07", kill_on_drop: false }`
[INFO] [stdout] 40828615d93568b0fc129c106bf757efdabc86b8df5868fcd9cda98fbeb7ca07
[INFO] running `Command { std: "docker" "create" "-v" "/var/lib/crater-agent-workspace/builds/worker-7-tc1/target:/opt/rustwide/target:rw,Z" "-v" "/var/lib/crater-agent-workspace/builds/worker-7-tc1/source:/opt/rustwide/workdir:ro,Z" "-v" "/var/lib/crater-agent-workspace/cargo-home:/opt/rustwide/cargo-home:ro,Z" "-v" "/var/lib/crater-agent-workspace/rustup-home:/opt/rustwide/rustup-home:ro,Z" "-e" "SOURCE_DIR=/opt/rustwide/workdir" "-e" "CARGO_TARGET_DIR=/opt/rustwide/target" "-e" "CARGO_INCREMENTAL=0" "-e" "RUST_BACKTRACE=full" "-e" "RUSTFLAGS=--cap-lints=warn" "-e" "RUSTDOCFLAGS=--cap-lints=warn" "-e" "CARGO_HOME=/opt/rustwide/cargo-home" "-e" "RUSTUP_HOME=/opt/rustwide/rustup-home" "-w" "/opt/rustwide/workdir" "-m" "1610612736" "--user" "0:0" "--network" "none" "ghcr.io/rust-lang/crates-build-env/linux@sha256:5ff2268d62e97bff2cde7d5815dd6ed5b47097566f13b8d0ca110b04b60e07ed" "/opt/rustwide/cargo-home/bin/cargo" "+1.69.0" "build" "--frozen" "--message-format=json", kill_on_drop: false }`
[INFO] [stdout] bcc8bc18fa1337732201640479ce8cff33c2625bcb4ff81942e9df29a431fdcf
[INFO] running `Command { std: "docker" "start" "-a" "bcc8bc18fa1337732201640479ce8cff33c2625bcb4ff81942e9df29a431fdcf", kill_on_drop: false }`
[INFO] [stderr]    Compiling matchable v0.1.1 (/opt/rustwide/workdir)
[INFO] [stderr]     Finished dev [unoptimized + debuginfo] target(s) in 0.09s
[INFO] running `Command { std: "docker" "inspect" "bcc8bc18fa1337732201640479ce8cff33c2625bcb4ff81942e9df29a431fdcf", kill_on_drop: false }`
[INFO] running `Command { std: "docker" "rm" "-f" "bcc8bc18fa1337732201640479ce8cff33c2625bcb4ff81942e9df29a431fdcf", kill_on_drop: false }`
[INFO] [stdout] bcc8bc18fa1337732201640479ce8cff33c2625bcb4ff81942e9df29a431fdcf
[INFO] running `Command { std: "docker" "create" "-v" "/var/lib/crater-agent-workspace/builds/worker-7-tc1/target:/opt/rustwide/target:rw,Z" "-v" "/var/lib/crater-agent-workspace/builds/worker-7-tc1/source:/opt/rustwide/workdir:ro,Z" "-v" "/var/lib/crater-agent-workspace/cargo-home:/opt/rustwide/cargo-home:ro,Z" "-v" "/var/lib/crater-agent-workspace/rustup-home:/opt/rustwide/rustup-home:ro,Z" "-e" "SOURCE_DIR=/opt/rustwide/workdir" "-e" "CARGO_TARGET_DIR=/opt/rustwide/target" "-e" "CARGO_INCREMENTAL=0" "-e" "RUST_BACKTRACE=full" "-e" "RUSTFLAGS=--cap-lints=warn" "-e" "RUSTDOCFLAGS=--cap-lints=warn" "-e" "CARGO_HOME=/opt/rustwide/cargo-home" "-e" "RUSTUP_HOME=/opt/rustwide/rustup-home" "-w" "/opt/rustwide/workdir" "-m" "1610612736" "--user" "0:0" "--network" "none" "ghcr.io/rust-lang/crates-build-env/linux@sha256:5ff2268d62e97bff2cde7d5815dd6ed5b47097566f13b8d0ca110b04b60e07ed" "/opt/rustwide/cargo-home/bin/cargo" "+1.69.0" "test" "--frozen" "--no-run" "--message-format=json", kill_on_drop: false }`
[INFO] [stdout] ed5a5e27999a0b6d01b42c5b40af34f55e4f68dc5ea4b6c917cb6905b8c3426c
[INFO] running `Command { std: "docker" "start" "-a" "ed5a5e27999a0b6d01b42c5b40af34f55e4f68dc5ea4b6c917cb6905b8c3426c", kill_on_drop: false }`
[INFO] [stderr]    Compiling serde v1.0.160
[INFO] [stderr]    Compiling serde_json v1.0.96
[INFO] [stderr]    Compiling itoa v1.0.6
[INFO] [stderr]    Compiling ryu v1.0.13
[INFO] [stderr]    Compiling matchable v0.1.1 (/opt/rustwide/workdir)
[INFO] [stdout] error[E0277]: the trait bound `Matchable: serde::de::Deserialize<'_>` is not satisfied
[INFO] [stdout]     --> src/lib.rs:278:25
[INFO] [stdout]      |
[INFO] [stdout] 278  |         let matchable = serde_json::from_str(r#""abc""#).unwrap();
[INFO] [stdout]      |                         ^^^^^^^^^^^^^^^^^^^^ the trait `serde::de::Deserialize<'_>` is not implemented for `Matchable`
[INFO] [stdout]      |
[INFO] [stdout]      = help: the following other types implement trait `serde::de::Deserialize<'de>`:
[INFO] [stdout]                &'a [u8]
[INFO] [stdout]                &'a std::path::Path
[INFO] [stdout]                &'a str
[INFO] [stdout]                ()
[INFO] [stdout]                (T0, T1)
[INFO] [stdout]                (T0, T1, T2)
[INFO] [stdout]                (T0, T1, T2, T3)
[INFO] [stdout]                (T0, T1, T2, T3, T4)
[INFO] [stdout]              and 127 others
[INFO] [stdout] note: required by a bound in `serde_json::from_str`
[INFO] [stdout]     --> /opt/rustwide/cargo-home/registry/src/github.com-1ecc6299db9ec823/serde_json-1.0.96/src/de.rs:2603:8
[INFO] [stdout]      |
[INFO] [stdout] 2603 |     T: de::Deserialize<'a>,
[INFO] [stdout]      |        ^^^^^^^^^^^^^^^^^^^ required by this bound in `from_str`
[INFO] [stdout] 
[INFO] [stdout] 
[INFO] [stdout] error[E0277]: the trait bound `Matchable: serde::de::Deserialize<'_>` is not satisfied
[INFO] [stdout]     --> src/lib.rs:284:25
[INFO] [stdout]      |
[INFO] [stdout] 284  |         let matchable = serde_json::from_str(r#""/\\d+/""#).unwrap();
[INFO] [stdout]      |                         ^^^^^^^^^^^^^^^^^^^^ the trait `serde::de::Deserialize<'_>` is not implemented for `Matchable`
[INFO] [stdout]      |
[INFO] [stdout]      = help: the following other types implement trait `serde::de::Deserialize<'de>`:
[INFO] [stdout]                &'a [u8]
[INFO] [stdout]                &'a std::path::Path
[INFO] [stdout]                &'a str
[INFO] [stdout]                ()
[INFO] [stdout]                (T0, T1)
[INFO] [stdout]                (T0, T1, T2)
[INFO] [stdout]                (T0, T1, T2, T3)
[INFO] [stdout]                (T0, T1, T2, T3, T4)
[INFO] [stdout]              and 127 others
[INFO] [stdout] note: required by a bound in `serde_json::from_str`
[INFO] [stdout]     --> /opt/rustwide/cargo-home/registry/src/github.com-1ecc6299db9ec823/serde_json-1.0.96/src/de.rs:2603:8
[INFO] [stdout]      |
[INFO] [stdout] 2603 |     T: de::Deserialize<'a>,
[INFO] [stdout]      |        ^^^^^^^^^^^^^^^^^^^ required by this bound in `from_str`
[INFO] [stdout] 
[INFO] [stdout] 
[INFO] [stdout] error[E0277]: the trait bound `Matchable: serde::de::Deserialize<'_>` is not satisfied
[INFO] [stdout]     --> src/lib.rs:287:25
[INFO] [stdout]      |
[INFO] [stdout] 287  |         let matchable = serde_json::from_str(r#""/[ab]/i""#).unwrap();
[INFO] [stdout]      |                         ^^^^^^^^^^^^^^^^^^^^ the trait `serde::de::Deserialize<'_>` is not implemented for `Matchable`
[INFO] [stdout]      |
[INFO] [stdout]      = help: the following other types implement trait `serde::de::Deserialize<'de>`:
[INFO] [stdout]                &'a [u8]
[INFO] [stdout]                &'a std::path::Path
[INFO] [stdout]                &'a str
[INFO] [stdout]                ()
[INFO] [stdout]                (T0, T1)
[INFO] [stdout]                (T0, T1, T2)
[INFO] [stdout]                (T0, T1, T2, T3)
[INFO] [stdout]                (T0, T1, T2, T3, T4)
[INFO] [stdout]              and 127 others
[INFO] [stdout] note: required by a bound in `serde_json::from_str`
[INFO] [stdout]     --> /opt/rustwide/cargo-home/registry/src/github.com-1ecc6299db9ec823/serde_json-1.0.96/src/de.rs:2603:8
[INFO] [stdout]      |
[INFO] [stdout] 2603 |     T: de::Deserialize<'a>,
[INFO] [stdout]      |        ^^^^^^^^^^^^^^^^^^^ required by this bound in `from_str`
[INFO] [stdout] 
[INFO] [stdout] 
[INFO] [stdout] error[E0277]: the trait bound `Matchable: serde::de::Deserialize<'_>` is not satisfied
[INFO] [stdout]     --> src/lib.rs:291:25
[INFO] [stdout]      |
[INFO] [stdout] 291  |         let matchable = serde_json::from_str(r#""/./s""#).unwrap();
[INFO] [stdout]      |                         ^^^^^^^^^^^^^^^^^^^^ the trait `serde::de::Deserialize<'_>` is not implemented for `Matchable`
[INFO] [stdout]      |
[INFO] [stdout]      = help: the following other types implement trait `serde::de::Deserialize<'de>`:
[INFO] [stdout]                &'a [u8]
[INFO] [stdout]                &'a std::path::Path
[INFO] [stdout]                &'a str
[INFO] [stdout]                ()
[INFO] [stdout]                (T0, T1)
[INFO] [stdout]                (T0, T1, T2)
[INFO] [stdout]                (T0, T1, T2, T3)
[INFO] [stdout]                (T0, T1, T2, T3, T4)
[INFO] [stdout]              and 127 others
[INFO] [stdout] note: required by a bound in `serde_json::from_str`
[INFO] [stdout]     --> /opt/rustwide/cargo-home/registry/src/github.com-1ecc6299db9ec823/serde_json-1.0.96/src/de.rs:2603:8
[INFO] [stdout]      |
[INFO] [stdout] 2603 |     T: de::Deserialize<'a>,
[INFO] [stdout]      |        ^^^^^^^^^^^^^^^^^^^ required by this bound in `from_str`
[INFO] [stdout] 
[INFO] [stdout] 
[INFO] [stdout] error[E0277]: the trait bound `Matchable: serde::de::Deserialize<'_>` is not satisfied
[INFO] [stdout]     --> src/lib.rs:295:44
[INFO] [stdout]      |
[INFO] [stdout] 295  |         let error = serde_json::from_str::<Matchable>(r#""/(/""#).unwrap_err();
[INFO] [stdout]      |                                            ^^^^^^^^^ the trait `serde::de::Deserialize<'_>` is not implemented for `Matchable`
[INFO] [stdout]      |
[INFO] [stdout]      = help: the following other types implement trait `serde::de::Deserialize<'de>`:
[INFO] [stdout]                &'a [u8]
[INFO] [stdout]                &'a std::path::Path
[INFO] [stdout]                &'a str
[INFO] [stdout]                ()
[INFO] [stdout]                (T0, T1)
[INFO] [stdout]                (T0, T1, T2)
[INFO] [stdout]                (T0, T1, T2, T3)
[INFO] [stdout]                (T0, T1, T2, T3, T4)
[INFO] [stdout]              and 127 others
[INFO] [stdout] note: required by a bound in `serde_json::from_str`
[INFO] [stdout]     --> /opt/rustwide/cargo-home/registry/src/github.com-1ecc6299db9ec823/serde_json-1.0.96/src/de.rs:2603:8
[INFO] [stdout]      |
[INFO] [stdout] 2603 |     T: de::Deserialize<'a>,
[INFO] [stdout]      |        ^^^^^^^^^^^^^^^^^^^ required by this bound in `from_str`
[INFO] [stdout] 
[INFO] [stdout] 
[INFO] [stdout] error[E0277]: the trait bound `RegexOnly: serde::de::Deserialize<'_>` is not satisfied
[INFO] [stdout]     --> src/lib.rs:301:44
[INFO] [stdout]      |
[INFO] [stdout] 301  |         let regex = serde_json::from_str::<RegexOnly>(r#""\\d+""#).unwrap();
[INFO] [stdout]      |                                            ^^^^^^^^^ the trait `serde::de::Deserialize<'_>` is not implemented for `RegexOnly`
[INFO] [stdout]      |
[INFO] [stdout]      = help: the following other types implement trait `serde::de::Deserialize<'de>`:
[INFO] [stdout]                &'a [u8]
[INFO] [stdout]                &'a std::path::Path
[INFO] [stdout]                &'a str
[INFO] [stdout]                ()
[INFO] [stdout]                (T0, T1)
[INFO] [stdout]                (T0, T1, T2)
[INFO] [stdout]                (T0, T1, T2, T3)
[INFO] [stdout]                (T0, T1, T2, T3, T4)
[INFO] [stdout]              and 127 others
[INFO] [stdout] note: required by a bound in `serde_json::from_str`
[INFO] [stdout]     --> /opt/rustwide/cargo-home/registry/src/github.com-1ecc6299db9ec823/serde_json-1.0.96/src/de.rs:2603:8
[INFO] [stdout]      |
[INFO] [stdout] 2603 |     T: de::Deserialize<'a>,
[INFO] [stdout]      |        ^^^^^^^^^^^^^^^^^^^ required by this bound in `from_str`
[INFO] [stdout] 
[INFO] [stdout] 
[INFO] [stdout] error[E0277]: the trait bound `RegexOnly: serde::de::Deserialize<'_>` is not satisfied
[INFO] [stdout]     --> src/lib.rs:305:44
[INFO] [stdout]      |
[INFO] [stdout] 305  |         let regex = serde_json::from_str::<RegexOnly>(r#""/[ab]/i""#).unwrap();
[INFO] [stdout]      |                                            ^^^^^^^^^ the trait `serde::de::Deserialize<'_>` is not implemented for `RegexOnly`
[INFO] [stdout]      |
[INFO] [stdout]      = help: the following other types implement trait `serde::de::Deserialize<'de>`:
[INFO] [stdout]                &'a [u8]
[INFO] [stdout]                &'a std::path::Path
[INFO] [stdout]                &'a str
[INFO] [stdout]                ()
[INFO] [stdout]                (T0, T1)
[INFO] [stdout]                (T0, T1, T2)
[INFO] [stdout]                (T0, T1, T2, T3)
[INFO] [stdout]                (T0, T1, T2, T3, T4)
[INFO] [stdout]              and 127 others
[INFO] [stdout] note: required by a bound in `serde_json::from_str`
[INFO] [stdout]     --> /opt/rustwide/cargo-home/registry/src/github.com-1ecc6299db9ec823/serde_json-1.0.96/src/de.rs:2603:8
[INFO] [stdout]      |
[INFO] [stdout] 2603 |     T: de::Deserialize<'a>,
[INFO] [stdout]      |        ^^^^^^^^^^^^^^^^^^^ required by this bound in `from_str`
[INFO] [stdout] 
[INFO] [stdout] 
[INFO] [stdout] error[E0277]: the trait bound `RegexOnly: serde::de::Deserialize<'_>` is not satisfied
[INFO] [stdout]     --> src/lib.rs:311:44
[INFO] [stdout]      |
[INFO] [stdout] 311  |         let error = serde_json::from_str::<RegexOnly>(r#""(""#).unwrap_err();
[INFO] [stdout]      |                                            ^^^^^^^^^ the trait `serde::de::Deserialize<'_>` is not implemented for `RegexOnly`
[INFO] [stdout]      |
[INFO] [stdout]      = help: the following other types implement trait `serde::de::Deserialize<'de>`:
[INFO] [stdout]                &'a [u8]
[INFO] [stdout]                &'a std::path::Path
[INFO] [stdout]                &'a str
[INFO] [stdout]                ()
[INFO] [stdout]                (T0, T1)
[INFO] [stdout]                (T0, T1, T2)
[INFO] [stdout]                (T0, T1, T2, T3)
[INFO] [stdout]                (T0, T1, T2, T3, T4)
[INFO] [stdout]              and 127 others
[INFO] [stdout] note: required by a bound in `serde_json::from_str`
[INFO] [stdout]     --> /opt/rustwide/cargo-home/registry/src/github.com-1ecc6299db9ec823/serde_json-1.0.96/src/de.rs:2603:8
[INFO] [stdout]      |
[INFO] [stdout] 2603 |     T: de::Deserialize<'a>,
[INFO] [stdout]      |        ^^^^^^^^^^^^^^^^^^^ required by this bound in `from_str`
[INFO] [stdout] 
[INFO] [stdout] 
[INFO] [stdout] error: aborting due to 8 previous errors
[INFO] [stdout] 
[INFO] [stdout] 
[INFO] [stdout] For more information about this error, try `rustc --explain E0277`.
[INFO] [stdout] 
[INFO] [stderr] error: could not compile `matchable` due to 9 previous errors
[INFO] running `Command { std: "docker" "inspect" "ed5a5e27999a0b6d01b42c5b40af34f55e4f68dc5ea4b6c917cb6905b8c3426c", kill_on_drop: false }`
[INFO] running `Command { std: "docker" "rm" "-f" "ed5a5e27999a0b6d01b42c5b40af34f55e4f68dc5ea4b6c917cb6905b8c3426c", kill_on_drop: false }`
[INFO] [stdout] ed5a5e27999a0b6d01b42c5b40af34f55e4f68dc5ea4b6c917cb6905b8c3426c
