[INFO] fetching crate masala 0.2.1...
[INFO] testing masala-0.2.1 against 1.69.0 for beta-1.70-1
[INFO] extracting crate masala 0.2.1 into /workspace/builds/worker-4-tc1/source
[INFO] validating manifest of crates.io crate masala 0.2.1 on toolchain 1.69.0
[INFO] running `Command { std: CARGO_HOME="/workspace/cargo-home" RUSTUP_HOME="/workspace/rustup-home" "/workspace/cargo-home/bin/cargo" "+1.69.0" "metadata" "--manifest-path" "Cargo.toml" "--no-deps", kill_on_drop: false }`
[INFO] started tweaking crates.io crate masala 0.2.1
[INFO] finished tweaking crates.io crate masala 0.2.1
[INFO] tweaked toml for crates.io crate masala 0.2.1 written to /workspace/builds/worker-4-tc1/source/Cargo.toml
[INFO] running `Command { std: CARGO_HOME="/workspace/cargo-home" RUSTUP_HOME="/workspace/rustup-home" __CARGO_TEST_CHANNEL_OVERRIDE_DO_NOT_USE_THIS="nightly" "/workspace/cargo-home/bin/cargo" "+1.69.0" "generate-lockfile" "--manifest-path" "Cargo.toml" "-Zno-index-update", kill_on_drop: false }`
[INFO] running `Command { std: CARGO_HOME="/workspace/cargo-home" RUSTUP_HOME="/workspace/rustup-home" "/workspace/cargo-home/bin/cargo" "+1.69.0" "fetch" "--manifest-path" "Cargo.toml", kill_on_drop: false }`
[INFO] running `Command { std: "docker" "create" "-v" "/var/lib/crater-agent-workspace/builds/worker-4-tc1/target:/opt/rustwide/target:rw,Z" "-v" "/var/lib/crater-agent-workspace/builds/worker-4-tc1/source:/opt/rustwide/workdir:ro,Z" "-v" "/var/lib/crater-agent-workspace/cargo-home:/opt/rustwide/cargo-home:ro,Z" "-v" "/var/lib/crater-agent-workspace/rustup-home:/opt/rustwide/rustup-home:ro,Z" "-e" "SOURCE_DIR=/opt/rustwide/workdir" "-e" "CARGO_TARGET_DIR=/opt/rustwide/target" "-e" "CARGO_HOME=/opt/rustwide/cargo-home" "-e" "RUSTUP_HOME=/opt/rustwide/rustup-home" "-w" "/opt/rustwide/workdir" "-m" "1610612736" "--user" "0:0" "--network" "none" "ghcr.io/rust-lang/crates-build-env/linux@sha256:5ff2268d62e97bff2cde7d5815dd6ed5b47097566f13b8d0ca110b04b60e07ed" "/opt/rustwide/cargo-home/bin/cargo" "+1.69.0" "metadata" "--no-deps" "--format-version=1", kill_on_drop: false }`
[INFO] [stdout] 838943f5a58ec3433e10646fefcc86414210422e9d34124a3083fbf20585c1f4
[INFO] running `Command { std: "docker" "start" "-a" "838943f5a58ec3433e10646fefcc86414210422e9d34124a3083fbf20585c1f4", kill_on_drop: false }`
[INFO] running `Command { std: "docker" "inspect" "838943f5a58ec3433e10646fefcc86414210422e9d34124a3083fbf20585c1f4", kill_on_drop: false }`
[INFO] running `Command { std: "docker" "rm" "-f" "838943f5a58ec3433e10646fefcc86414210422e9d34124a3083fbf20585c1f4", kill_on_drop: false }`
[INFO] [stdout] 838943f5a58ec3433e10646fefcc86414210422e9d34124a3083fbf20585c1f4
[INFO] running `Command { std: "docker" "create" "-v" "/var/lib/crater-agent-workspace/builds/worker-4-tc1/target:/opt/rustwide/target:rw,Z" "-v" "/var/lib/crater-agent-workspace/builds/worker-4-tc1/source:/opt/rustwide/workdir:ro,Z" "-v" "/var/lib/crater-agent-workspace/cargo-home:/opt/rustwide/cargo-home:ro,Z" "-v" "/var/lib/crater-agent-workspace/rustup-home:/opt/rustwide/rustup-home:ro,Z" "-e" "SOURCE_DIR=/opt/rustwide/workdir" "-e" "CARGO_TARGET_DIR=/opt/rustwide/target" "-e" "CARGO_INCREMENTAL=0" "-e" "RUST_BACKTRACE=full" "-e" "RUSTFLAGS=--cap-lints=warn" "-e" "RUSTDOCFLAGS=--cap-lints=warn" "-e" "CARGO_HOME=/opt/rustwide/cargo-home" "-e" "RUSTUP_HOME=/opt/rustwide/rustup-home" "-w" "/opt/rustwide/workdir" "-m" "1610612736" "--user" "0:0" "--network" "none" "ghcr.io/rust-lang/crates-build-env/linux@sha256:5ff2268d62e97bff2cde7d5815dd6ed5b47097566f13b8d0ca110b04b60e07ed" "/opt/rustwide/cargo-home/bin/cargo" "+1.69.0" "build" "--frozen" "--message-format=json", kill_on_drop: false }`
[INFO] [stdout] cb9eecab71f5bfb409685d18137e22647402eeb8063b81e06e146a29807c5487
[INFO] running `Command { std: "docker" "start" "-a" "cb9eecab71f5bfb409685d18137e22647402eeb8063b81e06e146a29807c5487", kill_on_drop: false }`
[INFO] [stderr]    Compiling syn v1.0.109
[INFO] [stderr]    Compiling masala v0.2.1 (/opt/rustwide/workdir)
[INFO] [stderr]     Finished dev [unoptimized + debuginfo] target(s) in 3.31s
[INFO] running `Command { std: "docker" "inspect" "cb9eecab71f5bfb409685d18137e22647402eeb8063b81e06e146a29807c5487", kill_on_drop: false }`
[INFO] running `Command { std: "docker" "rm" "-f" "cb9eecab71f5bfb409685d18137e22647402eeb8063b81e06e146a29807c5487", kill_on_drop: false }`
[INFO] [stdout] cb9eecab71f5bfb409685d18137e22647402eeb8063b81e06e146a29807c5487
[INFO] running `Command { std: "docker" "create" "-v" "/var/lib/crater-agent-workspace/builds/worker-4-tc1/target:/opt/rustwide/target:rw,Z" "-v" "/var/lib/crater-agent-workspace/builds/worker-4-tc1/source:/opt/rustwide/workdir:ro,Z" "-v" "/var/lib/crater-agent-workspace/cargo-home:/opt/rustwide/cargo-home:ro,Z" "-v" "/var/lib/crater-agent-workspace/rustup-home:/opt/rustwide/rustup-home:ro,Z" "-e" "SOURCE_DIR=/opt/rustwide/workdir" "-e" "CARGO_TARGET_DIR=/opt/rustwide/target" "-e" "CARGO_INCREMENTAL=0" "-e" "RUST_BACKTRACE=full" "-e" "RUSTFLAGS=--cap-lints=warn" "-e" "RUSTDOCFLAGS=--cap-lints=warn" "-e" "CARGO_HOME=/opt/rustwide/cargo-home" "-e" "RUSTUP_HOME=/opt/rustwide/rustup-home" "-w" "/opt/rustwide/workdir" "-m" "1610612736" "--user" "0:0" "--network" "none" "ghcr.io/rust-lang/crates-build-env/linux@sha256:5ff2268d62e97bff2cde7d5815dd6ed5b47097566f13b8d0ca110b04b60e07ed" "/opt/rustwide/cargo-home/bin/cargo" "+1.69.0" "test" "--frozen" "--no-run" "--message-format=json", kill_on_drop: false }`
[INFO] [stdout] d80cd5a46283ef3b90e77dc79cd9189f18da2d43e16c00db3066d16ed36cbad8
[INFO] running `Command { std: "docker" "start" "-a" "d80cd5a46283ef3b90e77dc79cd9189f18da2d43e16c00db3066d16ed36cbad8", kill_on_drop: false }`
[INFO] [stderr]    Compiling proc-macro2 v1.0.56
[INFO] [stderr]    Compiling unicode-ident v1.0.8
[INFO] [stderr]    Compiling quote v1.0.26
[INFO] [stderr]    Compiling syn v1.0.109
[INFO] [stderr]    Compiling masala v0.2.1 (/opt/rustwide/workdir)
[INFO] [stdout] error[E0557]: feature has been removed
[INFO] [stdout]  --> tests/curry.rs:2:35
[INFO] [stdout]   |
[INFO] [stdout] 2 | #![feature(type_alias_impl_trait, min_type_alias_impl_trait)]
[INFO] [stdout]   |                                   ^^^^^^^^^^^^^^^^^^^^^^^^^ feature has been removed
[INFO] [stdout]   |
[INFO] [stdout]   = note: removed in favor of full type_alias_impl_trait
[INFO] [stdout] 
[INFO] [stdout] 
[INFO] [stdout] error[E0554]: `#![feature]` may not be used on the stable release channel
[INFO] [stdout]  --> tests/curry.rs:2:1
[INFO] [stdout]   |
[INFO] [stdout] 2 | #![feature(type_alias_impl_trait, min_type_alias_impl_trait)]
[INFO] [stdout]   | ^^^^^^^^^^^^^^^^^^^^^^^^^^^^^^^^^^^^^^^^^^^^^^^^^^^^^^^^^^^^^
[INFO] [stdout] 
[INFO] [stdout] 
[INFO] [stdout] error: concrete type differs from previous defining opaque type use
[INFO] [stdout]  --> tests/curry.rs:4:1
[INFO] [stdout]   |
[INFO] [stdout] 4 | #[masala::curry]
[INFO] [stdout]   | ^^^^^^^^^^^^^^^^ expected `BluebirdT1<T>`, got `[closure@tests/curry.rs:4:1: 4:17]`
[INFO] [stdout]   |
[INFO] [stdout] note: previous use here
[INFO] [stdout]  --> tests/curry.rs:4:1
[INFO] [stdout]   |
[INFO] [stdout] 4 | #[masala::curry]
[INFO] [stdout]   | ^^^^^^^^^^^^^^^^
[INFO] [stdout]   = note: this error originates in the attribute macro `masala::curry` (in Nightly builds, run with -Z macro-backtrace for more info)
[INFO] [stdout] 
[INFO] [stdout] 
[INFO] [stdout] error[E0277]: the trait bound `T: Clone` is not satisfied
[INFO] [stdout]   --> tests/curry.rs:9:1
[INFO] [stdout]    |
[INFO] [stdout] 9  | #[masala::curry]
[INFO] [stdout]    | ^^^^^^^^^^^^^^^^ the trait `Clone` is not implemented for `T`
[INFO] [stdout]    |
[INFO] [stdout] note: required by a bound in `kestrel`
[INFO] [stdout]   --> tests/curry.rs:10:15
[INFO] [stdout]    |
[INFO] [stdout] 10 | fn kestrel<T: Clone>(a: T, _b: T) -> T {
[INFO] [stdout]    |               ^^^^^ required by this bound in `kestrel`
[INFO] [stdout]    = note: this error originates in the attribute macro `masala::curry` (in Nightly builds, run with -Z macro-backtrace for more info)
[INFO] [stdout] help: consider restricting type parameter `T`
[INFO] [stdout]    |
[INFO] [stdout] 10 | fn kestrel<T: std::clone::Clone: Clone>(a: T, _b: T) -> T {
[INFO] [stdout]    |             +++++++++++++++++++
[INFO] [stdout] 
[INFO] [stdout] 
[INFO] [stdout] error: aborting due to 4 previous errors
[INFO] [stdout] 
[INFO] [stdout] 
[INFO] [stdout] Some errors have detailed explanations: E0277, E0554, E0557.
[INFO] [stdout] 
[INFO] [stdout] For more information about an error, try `rustc --explain E0277`.
[INFO] [stdout] 
[INFO] [stderr] error: could not compile `masala` due to 5 previous errors
[INFO] running `Command { std: "docker" "inspect" "d80cd5a46283ef3b90e77dc79cd9189f18da2d43e16c00db3066d16ed36cbad8", kill_on_drop: false }`
[INFO] running `Command { std: "docker" "rm" "-f" "d80cd5a46283ef3b90e77dc79cd9189f18da2d43e16c00db3066d16ed36cbad8", kill_on_drop: false }`
[INFO] [stdout] d80cd5a46283ef3b90e77dc79cd9189f18da2d43e16c00db3066d16ed36cbad8
