[INFO] fetching crate marine-sqlite-connector 0.8.1...
[INFO] testing marine-sqlite-connector-0.8.1 against beta-2023-04-20 for beta-1.70-1
[INFO] extracting crate marine-sqlite-connector 0.8.1 into /workspace/builds/worker-0-tc2/source
[INFO] validating manifest of crates.io crate marine-sqlite-connector 0.8.1 on toolchain beta-2023-04-20
[INFO] running `Command { std: CARGO_HOME="/workspace/cargo-home" RUSTUP_HOME="/workspace/rustup-home" "/workspace/cargo-home/bin/cargo" "+beta-2023-04-20" "metadata" "--manifest-path" "Cargo.toml" "--no-deps", kill_on_drop: false }`
[INFO] removed /workspace/builds/worker-0-tc2/source/.cargo/config.toml
[INFO] removed /workspace/builds/worker-0-tc2/source/rust-toolchain.toml
[INFO] started tweaking crates.io crate marine-sqlite-connector 0.8.1
[INFO] finished tweaking crates.io crate marine-sqlite-connector 0.8.1
[INFO] tweaked toml for crates.io crate marine-sqlite-connector 0.8.1 written to /workspace/builds/worker-0-tc2/source/Cargo.toml
[INFO] crate crates.io crate marine-sqlite-connector 0.8.1 already has a lockfile, it will not be regenerated
[INFO] running `Command { std: CARGO_HOME="/workspace/cargo-home" RUSTUP_HOME="/workspace/rustup-home" "/workspace/cargo-home/bin/cargo" "+beta-2023-04-20" "fetch" "--manifest-path" "Cargo.toml", kill_on_drop: false }`
[INFO] [stderr]     Updating crates.io index
[INFO] [stderr]  Downloading crates ...
[INFO] [stderr]   Downloaded wasmer-interface-types-fl v0.26.1
[INFO] [stderr]   Downloaded fluence-app-service v0.25.3
[INFO] [stderr]   Downloaded marine-module-interface v0.7.1
[INFO] [stderr]   Downloaded wiggle v6.0.1
[INFO] [stderr]   Downloaded witx v0.9.1
[INFO] [stderr]   Downloaded wiggle-macro v6.0.1
[INFO] [stderr]   Downloaded marine-it-interfaces v0.8.1
[INFO] [stderr]   Downloaded wasmparser v0.101.1
[INFO] [stderr]   Downloaded wasmtime-types v6.0.1
[INFO] [stderr]   Downloaded fs-set-times v0.19.1
[INFO] [stderr]   Downloaded marine-core v0.20.3
[INFO] [stderr]   Downloaded maybe-owned v0.3.4
[INFO] [stderr]   Downloaded cranelift-entity v0.93.1
[INFO] [stderr]   Downloaded ittapi v0.3.3
[INFO] [stderr]   Downloaded wasm-encoder v0.25.0
[INFO] [stderr]   Downloaded marine-it-parser v0.12.1
[INFO] [stderr]   Downloaded cranelift-wasm v0.93.1
[INFO] [stderr]   Downloaded marine-build-rs-generator v0.9.1
[INFO] [stderr]   Downloaded it-json-serde v0.4.1
[INFO] [stderr]   Downloaded marine-macro-impl v0.7.1
[INFO] [stderr]   Downloaded cap-std v1.0.14
[INFO] [stderr]   Downloaded wasmtime-cache v6.0.1
[INFO] [stderr]   Downloaded marine-runtime v0.26.3
[INFO] [stderr]   Downloaded serde_with v2.3.2
[INFO] [stderr]   Downloaded regalloc2 v0.5.1
[INFO] [stderr]   Downloaded wasi-common v6.0.1
[INFO] [stderr]   Downloaded wasmtime-runtime v6.0.1
[INFO] [stderr]   Downloaded walrus v0.19.0
[INFO] [stderr]   Downloaded wasmparser v0.100.0
[INFO] [stderr]   Downloaded wast v35.0.2
[INFO] [stderr]   Downloaded marine-test-macro-impl v0.9.1
[INFO] [stderr]   Downloaded rustix v0.37.14
[INFO] [stderr]   Downloaded rustix v0.36.13
[INFO] [stderr]   Downloaded wasmparser v0.77.0
[INFO] [stderr]   Downloaded cap-primitives v1.0.14
[INFO] [stderr]   Downloaded io-extras v0.17.4
[INFO] [stderr]   Downloaded cranelift-codegen-meta v0.93.1
[INFO] [stderr]   Downloaded wast v8.0.0
[INFO] [stderr]   Downloaded cranelift-isle v0.93.1
[INFO] [stderr]   Downloaded cranelift-frontend v0.93.1
[INFO] [stderr]   Downloaded marine-wasmtime-backend v0.2.2
[INFO] [stderr]   Downloaded id-arena v2.2.1
[INFO] [stderr]   Downloaded it-to-bytes v0.1.0
[INFO] [stderr]   Downloaded safe-transmute v0.11.2
[INFO] [stderr]   Downloaded temporary v0.6.4
[INFO] [stderr]   Downloaded marine-rs-sdk v0.7.1
[INFO] [stderr]   Downloaded marine-rs-sdk-main v0.7.1
[INFO] [stderr]   Downloaded serde_with_macros v2.3.2
[INFO] [stderr]   Downloaded cranelift-codegen v0.93.1
[INFO] [stderr]   Downloaded fs-set-times v0.18.1
[INFO] [stderr]   Downloaded ittapi-sys v0.3.3
[INFO] [stderr]   Downloaded linux-raw-sys v0.3.4
[INFO] [stderr]   Downloaded file-per-thread-logger v0.1.6
[INFO] [stderr]   Downloaded cranelift-native v0.93.1
[INFO] [stderr]   Downloaded cranelift-bforest v0.93.1
[INFO] [stderr]   Downloaded cranelift-codegen-shared v0.93.1
[INFO] [stderr]   Downloaded wasmtime-jit-icache-coherence v6.0.1
[INFO] [stderr]   Downloaded wasmtime-asm-macros v6.0.1
[INFO] [stderr]   Downloaded wiggle-generate v6.0.1
[INFO] [stderr]   Downloaded wasmtime-wasi v6.0.1
[INFO] [stderr]   Downloaded marine-wasm-backend-traits v0.2.1
[INFO] [stderr]   Downloaded walrus-macro v0.19.0
[INFO] [stderr]   Downloaded variant_count v1.1.0
[INFO] [stderr]   Downloaded fluence-it-types v0.4.1
[INFO] [stderr]   Downloaded it-lilo v0.5.1
[INFO] [stderr]   Downloaded it-memory-traits v0.4.0
[INFO] [stderr]   Downloaded bytesize v1.2.0
[INFO] [stderr]   Downloaded marine-it-generator v0.10.1
[INFO] [stderr]   Downloaded marine-module-info-parser v0.6.1
[INFO] [stderr]   Downloaded marine-timestamp-macro v0.7.1
[INFO] [stderr]   Downloaded marine-macro v0.7.1
[INFO] [stderr]   Downloaded marine-utils v0.5.0
[INFO] [stderr]   Downloaded cap-time-ext v1.0.14
[INFO] [stderr]   Downloaded cap-fs-ext v1.0.14
[INFO] [stderr]   Downloaded fd-lock v3.0.12
[INFO] [stderr]   Downloaded cap-rand v1.0.14
[INFO] [stderr]   Downloaded ambient-authority v0.0.2
[INFO] [stderr]   Downloaded winx v0.35.1
[INFO] [stderr]   Downloaded slice-group-by v0.3.0
[INFO] [stderr]   Downloaded wasmtime-cranelift v6.0.1
[INFO] [stderr]   Downloaded wasmtime-jit v6.0.1
[INFO] [stderr]   Downloaded marine-test-macro v0.9.1
[INFO] [stderr]   Downloaded random v0.12.2
[INFO] [stderr]   Downloaded marine-min-it-version v0.3.0
[INFO] [stderr]   Downloaded polyplets v0.3.2
[INFO] [stderr]   Downloaded system-interface v0.25.7
[INFO] [stderr]   Downloaded wasi-cap-std-sync v6.0.1
[INFO] [stderr]   Downloaded wasmtime-environ v6.0.1
[INFO] [stderr]   Downloaded wasmtime v6.0.1
[INFO] [stderr]   Downloaded marine-rs-sdk-test v0.9.1
[INFO] [stderr]   Downloaded wat v1.0.62
[INFO] [stderr]   Downloaded memfd v0.6.3
[INFO] [stderr]   Downloaded wast v56.0.0
[INFO] [stderr]   Downloaded wasmtime-jit-debug v6.0.1
[INFO] running `Command { std: "docker" "create" "-v" "/var/lib/crater-agent-workspace/builds/worker-0-tc2/target:/opt/rustwide/target:rw,Z" "-v" "/var/lib/crater-agent-workspace/builds/worker-0-tc2/source:/opt/rustwide/workdir:ro,Z" "-v" "/var/lib/crater-agent-workspace/cargo-home:/opt/rustwide/cargo-home:ro,Z" "-v" "/var/lib/crater-agent-workspace/rustup-home:/opt/rustwide/rustup-home:ro,Z" "-e" "SOURCE_DIR=/opt/rustwide/workdir" "-e" "CARGO_TARGET_DIR=/opt/rustwide/target" "-e" "CARGO_HOME=/opt/rustwide/cargo-home" "-e" "RUSTUP_HOME=/opt/rustwide/rustup-home" "-w" "/opt/rustwide/workdir" "-m" "1610612736" "--user" "0:0" "--network" "none" "ghcr.io/rust-lang/crates-build-env/linux@sha256:5ff2268d62e97bff2cde7d5815dd6ed5b47097566f13b8d0ca110b04b60e07ed" "/opt/rustwide/cargo-home/bin/cargo" "+beta-2023-04-20" "metadata" "--no-deps" "--format-version=1", kill_on_drop: false }`
[INFO] [stdout] 2fabaa502d714f177acf446a31b557ba0a8f5f8f4e9cb0b5b3bf69c4b7f15403
[INFO] running `Command { std: "docker" "start" "-a" "2fabaa502d714f177acf446a31b557ba0a8f5f8f4e9cb0b5b3bf69c4b7f15403", kill_on_drop: false }`
[INFO] running `Command { std: "docker" "inspect" "2fabaa502d714f177acf446a31b557ba0a8f5f8f4e9cb0b5b3bf69c4b7f15403", kill_on_drop: false }`
[INFO] running `Command { std: "docker" "rm" "-f" "2fabaa502d714f177acf446a31b557ba0a8f5f8f4e9cb0b5b3bf69c4b7f15403", kill_on_drop: false }`
[INFO] [stdout] 2fabaa502d714f177acf446a31b557ba0a8f5f8f4e9cb0b5b3bf69c4b7f15403
[INFO] running `Command { std: "docker" "create" "-v" "/var/lib/crater-agent-workspace/builds/worker-0-tc2/target:/opt/rustwide/target:rw,Z" "-v" "/var/lib/crater-agent-workspace/builds/worker-0-tc2/source:/opt/rustwide/workdir:ro,Z" "-v" "/var/lib/crater-agent-workspace/cargo-home:/opt/rustwide/cargo-home:ro,Z" "-v" "/var/lib/crater-agent-workspace/rustup-home:/opt/rustwide/rustup-home:ro,Z" "-e" "SOURCE_DIR=/opt/rustwide/workdir" "-e" "CARGO_TARGET_DIR=/opt/rustwide/target" "-e" "CARGO_INCREMENTAL=0" "-e" "RUST_BACKTRACE=full" "-e" "RUSTFLAGS=--cap-lints=warn" "-e" "RUSTDOCFLAGS=--cap-lints=warn" "-e" "CARGO_HOME=/opt/rustwide/cargo-home" "-e" "RUSTUP_HOME=/opt/rustwide/rustup-home" "-w" "/opt/rustwide/workdir" "-m" "1610612736" "--user" "0:0" "--network" "none" "ghcr.io/rust-lang/crates-build-env/linux@sha256:5ff2268d62e97bff2cde7d5815dd6ed5b47097566f13b8d0ca110b04b60e07ed" "/opt/rustwide/cargo-home/bin/cargo" "+beta-2023-04-20" "build" "--frozen" "--message-format=json", kill_on_drop: false }`
[INFO] [stdout] f16201964404056ec11cfd37bdcf0363143ff9c09024ef5cea1f9990923f13c1
[INFO] running `Command { std: "docker" "start" "-a" "f16201964404056ec11cfd37bdcf0363143ff9c09024ef5cea1f9990923f13c1", kill_on_drop: false }`
[INFO] [stderr]    Compiling proc-macro2 v1.0.56
[INFO] [stderr]    Compiling serde v1.0.160
[INFO] [stderr]    Compiling log v0.4.17
[INFO] [stderr]    Compiling libc v0.2.142
[INFO] [stderr]    Compiling syn v1.0.109
[INFO] [stderr]    Compiling num-traits v0.2.15
[INFO] [stderr]    Compiling serde_json v1.0.96
[INFO] [stderr]    Compiling ryu v1.0.13
[INFO] [stderr]    Compiling itoa v1.0.6
[INFO] [stderr]    Compiling num-integer v0.1.45
[INFO] [stderr]    Compiling iana-time-zone v0.1.56
[INFO] [stderr]    Compiling quote v1.0.26
[INFO] [stderr]    Compiling syn v2.0.15
[INFO] [stderr]    Compiling time v0.1.45
[INFO] [stderr]    Compiling chrono v0.4.24
[INFO] [stderr]    Compiling marine-timestamp-macro v0.7.1
[INFO] [stderr]    Compiling serde_derive v1.0.160
[INFO] [stderr]    Compiling marine-rs-sdk-main v0.7.1
[INFO] [stderr]    Compiling bytesize v1.2.0
[INFO] [stderr]    Compiling marine-macro-impl v0.7.1
[INFO] [stderr]    Compiling marine-macro v0.7.1
[INFO] [stderr]    Compiling polyplets v0.3.2
[INFO] [stderr]    Compiling marine-rs-sdk v0.7.1
[INFO] [stderr]    Compiling marine-sqlite-connector v0.8.1 (/opt/rustwide/workdir)
[INFO] [stderr]     Finished dev [unoptimized + debuginfo] target(s) in 24.80s
[INFO] running `Command { std: "docker" "inspect" "f16201964404056ec11cfd37bdcf0363143ff9c09024ef5cea1f9990923f13c1", kill_on_drop: false }`
[INFO] running `Command { std: "docker" "rm" "-f" "f16201964404056ec11cfd37bdcf0363143ff9c09024ef5cea1f9990923f13c1", kill_on_drop: false }`
[INFO] [stdout] f16201964404056ec11cfd37bdcf0363143ff9c09024ef5cea1f9990923f13c1
[INFO] running `Command { std: "docker" "create" "-v" "/var/lib/crater-agent-workspace/builds/worker-0-tc2/target:/opt/rustwide/target:rw,Z" "-v" "/var/lib/crater-agent-workspace/builds/worker-0-tc2/source:/opt/rustwide/workdir:ro,Z" "-v" "/var/lib/crater-agent-workspace/cargo-home:/opt/rustwide/cargo-home:ro,Z" "-v" "/var/lib/crater-agent-workspace/rustup-home:/opt/rustwide/rustup-home:ro,Z" "-e" "SOURCE_DIR=/opt/rustwide/workdir" "-e" "CARGO_TARGET_DIR=/opt/rustwide/target" "-e" "CARGO_INCREMENTAL=0" "-e" "RUST_BACKTRACE=full" "-e" "RUSTFLAGS=--cap-lints=warn" "-e" "RUSTDOCFLAGS=--cap-lints=warn" "-e" "CARGO_HOME=/opt/rustwide/cargo-home" "-e" "RUSTUP_HOME=/opt/rustwide/rustup-home" "-w" "/opt/rustwide/workdir" "-m" "1610612736" "--user" "0:0" "--network" "none" "ghcr.io/rust-lang/crates-build-env/linux@sha256:5ff2268d62e97bff2cde7d5815dd6ed5b47097566f13b8d0ca110b04b60e07ed" "/opt/rustwide/cargo-home/bin/cargo" "+beta-2023-04-20" "test" "--frozen" "--no-run" "--message-format=json", kill_on_drop: false }`
[INFO] [stdout] 48bd91599356a7c25e0600a1a0fc4093256288260942f66c369aea7515349e3f
[INFO] running `Command { std: "docker" "start" "-a" "48bd91599356a7c25e0600a1a0fc4093256288260942f66c369aea7515349e3f", kill_on_drop: false }`
[INFO] [stderr]    Compiling libc v0.2.142
[INFO] [stderr]    Compiling unicode-ident v1.0.8
[INFO] [stderr]    Compiling proc-macro2 v1.0.56
[INFO] [stderr]    Compiling quote v1.0.26
[INFO] [stderr]    Compiling version_check v0.9.4
[INFO] [stderr]    Compiling once_cell v1.17.1
[INFO] [stderr]    Compiling syn v1.0.109
[INFO] [stderr]    Compiling indexmap v1.9.3
[INFO] [stderr]    Compiling io-lifetimes v1.0.10
[INFO] [stderr]    Compiling leb128 v0.2.5
[INFO] [stderr]    Compiling anyhow v1.0.70
[INFO] [stderr]    Compiling bitflags v1.3.2
[INFO] [stderr]    Compiling rustix v0.37.14
[INFO] [stderr]    Compiling linux-raw-sys v0.3.4
[INFO] [stderr]    Compiling paste v1.0.12
[INFO] [stderr]    Compiling ahash v0.7.6
[INFO] [stderr]    Compiling either v1.8.1
[INFO] [stderr]    Compiling syn v2.0.15
[INFO] [stderr]    Compiling itertools v0.10.5
[INFO] [stderr]    Compiling target-lexicon v0.12.7
[INFO] [stderr]    Compiling stable_deref_trait v1.2.0
[INFO] [stderr]    Compiling fallible-iterator v0.2.0
[INFO] [stderr]    Compiling cranelift-isle v0.93.1
[INFO] [stderr]    Compiling smallvec v1.10.0
[INFO] [stderr]    Compiling cranelift-codegen-shared v0.93.1
[INFO] [stderr]    Compiling crc32fast v1.3.2
[INFO] [stderr]    Compiling typenum v1.16.0
[INFO] [stderr]    Compiling getrandom v0.2.9
[INFO] [stderr]    Compiling jobserver v0.1.26
[INFO] [stderr]    Compiling cc v1.0.79
[INFO] [stderr]    Compiling hashbrown v0.12.3
[INFO] [stderr]    Compiling cranelift-codegen-meta v0.93.1
[INFO] [stderr]    Compiling generic-array v0.14.7
[INFO] [stderr]    Compiling rustix v0.36.13
[INFO] [stderr]    Compiling pkg-config v0.3.26
[INFO] [stderr]    Compiling byteorder v1.4.3
[INFO] [stderr]    Compiling crossbeam-utils v0.8.15
[INFO] [stderr]    Compiling fxhash v0.2.1
[INFO] [stderr]    Compiling zstd-sys v2.0.8+zstd.1.5.5
[INFO] [stderr]    Compiling memoffset v0.8.0
[INFO] [stderr]    Compiling linux-raw-sys v0.1.4
[INFO] [stderr]    Compiling slice-group-by v0.3.0
[INFO] [stderr]    Compiling minimal-lexical v0.2.1
[INFO] [stderr]    Compiling scopeguard v1.1.0
[INFO] [stderr]    Compiling semver v1.0.17
[INFO] [stderr]    Compiling nom v7.1.3
[INFO] [stderr]    Compiling regalloc2 v0.5.1
[INFO] [stderr]    Compiling cranelift-codegen v0.93.1
[INFO] [stderr]    Compiling rand_core v0.6.4
[INFO] [stderr]    Compiling wast v8.0.0
[INFO] [stderr]    Compiling crossbeam-epoch v0.9.14
[INFO] [stderr]    Compiling ppv-lite86 v0.2.17
[INFO] [stderr]    Compiling bumpalo v3.12.1
[INFO] [stderr]    Compiling io-extras v0.17.4
[INFO] [stderr]    Compiling arrayvec v0.7.2
[INFO] [stderr]    Compiling it-to-bytes v0.1.0
[INFO] [stderr]    Compiling serde_derive v1.0.160
[INFO] [stderr]    Compiling thiserror-impl v1.0.40
[INFO] [stderr]    Compiling rand_chacha v0.3.1
[INFO] [stderr]    Compiling ittapi-sys v0.3.3
[INFO] [stderr]    Compiling memoffset v0.6.5
[INFO] [stderr]    Compiling zstd-safe v5.0.2+zstd.1.5.2
[INFO] [stderr]    Compiling regex-syntax v0.7.1
[INFO] [stderr]    Compiling cap-primitives v1.0.14
[INFO] [stderr]    Compiling ambient-authority v0.0.2
[INFO] [stderr]    Compiling rand v0.8.5
[INFO] [stderr]    Compiling thiserror v1.0.40
[INFO] [stderr]    Compiling it-memory-traits v0.4.0
[INFO] [stderr]    Compiling regex v1.8.1
[INFO] [stderr]    Compiling variant_count v1.1.0
[INFO] [stderr]    Compiling crypto-common v0.1.6
[INFO] [stderr]    Compiling block-buffer v0.10.4
[INFO] [stderr]    Compiling fs-set-times v0.19.1
[INFO] [stderr]    Compiling is-terminal v0.4.7
[INFO] [stderr]    Compiling wasmtime-runtime v6.0.1
[INFO] [stderr]    Compiling dirs-sys v0.3.7
[INFO] [stderr]    Compiling ipnet v2.7.2
[INFO] [stderr]    Compiling safe-transmute v0.11.2
[INFO] [stderr]    Compiling rayon-core v1.11.0
[INFO] [stderr]    Compiling maybe-owned v0.3.4
[INFO] [stderr]    Compiling humantime v2.1.0
[INFO] [stderr]    Compiling cpp_demangle v0.3.5
[INFO] [stderr]    Compiling termcolor v1.2.0
[INFO] [stderr]    Compiling env_logger v0.10.0
[INFO] [stderr]    Compiling serde v1.0.160
[INFO] [stderr]    Compiling dirs v4.0.0
[INFO] [stderr]    Compiling digest v0.10.6
[INFO] [stderr]    Compiling crossbeam-deque v0.8.3
[INFO] [stderr]    Compiling crossbeam-channel v0.5.8
[INFO] [stderr]    Compiling memfd v0.6.3
[INFO] [stderr]    Compiling psm v0.1.21
[INFO] [stderr]    Compiling dirs-sys-next v0.1.2
[INFO] [stderr]    Compiling num_cpus v1.15.0
[INFO] [stderr]    Compiling wast v35.0.2
[INFO] [stderr]    Compiling wasm-encoder v0.25.0
[INFO] [stderr]    Compiling wasmtime-asm-macros v6.0.1
[INFO] [stderr]    Compiling cap-std v1.0.14
[INFO] [stderr]    Compiling cpufeatures v0.2.7
[INFO] [stderr]    Compiling unicode-width v0.1.10
[INFO] [stderr]    Compiling wasmtime-cache v6.0.1
[INFO] [stderr]    Compiling sha2 v0.10.6
[INFO] [stderr]    Compiling wast v56.0.0
[INFO] [stderr]    Compiling witx v0.9.1
[INFO] [stderr]    Compiling directories-next v2.0.0
[INFO] [stderr]    Compiling file-per-thread-logger v0.1.6
[INFO] [stderr]    Compiling shellexpand v2.1.2
[INFO] [stderr]    Compiling time v0.1.45
[INFO] [stderr]    Compiling wasmtime-jit-icache-coherence v6.0.1
[INFO] [stderr]    Compiling async-trait v0.1.68
[INFO] [stderr]    Compiling unicode-segmentation v1.10.1
[INFO] [stderr]    Compiling wasmtime v6.0.1
[INFO] [stderr]    Compiling rustc-demangle v0.1.23
[INFO] [stderr]    Compiling heck v0.4.1
[INFO] [stderr]    Compiling heck v0.3.3
[INFO] [stderr]    Compiling wiggle-generate v6.0.1
[INFO] [stderr]    Compiling cranelift-entity v0.93.1
[INFO] [stderr]    Compiling serde_json v1.0.96
[INFO] [stderr]    Compiling fluence-it-types v0.4.1
[INFO] [stderr]    Compiling cranelift-bforest v0.93.1
[INFO] [stderr]    Compiling gimli v0.26.2
[INFO] [stderr]    Compiling wasmparser v0.100.0
[INFO] [stderr]    Compiling object v0.29.0
[INFO] [stderr]    Compiling it-lilo v0.5.1
[INFO] [stderr]    Compiling wasmer-interface-types-fl v0.26.1
[INFO] [stderr]    Compiling bincode v1.3.3
[INFO] [stderr]    Compiling marine-macro-impl v0.7.1
[INFO] [stderr]    Compiling toml v0.5.11
[INFO] [stderr]    Compiling multimap v0.8.3
[INFO] [stderr]    Compiling marine-rs-sdk-main v0.7.1
[INFO] [stderr]    Compiling chrono v0.4.24
[INFO] [stderr]    Compiling wat v1.0.62
[INFO] [stderr]    Compiling rayon v1.7.0
[INFO] [stderr]    Compiling wasmtime-types v6.0.1
[INFO] [stderr]    Compiling wasmtime-environ v6.0.1
[INFO] [stderr]    Compiling wasmtime-jit-debug v6.0.1
[INFO] [stderr]    Compiling addr2line v0.17.0
[INFO] [stderr]    Compiling tracing-attributes v0.1.24
[INFO] [stderr]    Compiling tracing-core v0.1.30
[INFO] [stderr]    Compiling pin-project-lite v0.2.9
[INFO] [stderr]    Compiling wasi-common v6.0.1
[INFO] [stderr]    Compiling wiggle-macro v6.0.1
[INFO] [stderr]    Compiling wasmparser v0.101.1
[INFO] [stderr]    Compiling tracing v0.1.37
[INFO] [stderr]    Compiling walrus-macro v0.19.0
[INFO] [stderr]    Compiling cap-fs-ext v1.0.14
[INFO] [stderr]    Compiling id-arena v2.2.1
[INFO] [stderr]    Compiling wasmparser v0.77.0
[INFO] [stderr]    Compiling system-interface v0.25.7
[INFO] [stderr]    Compiling marine-macro v0.7.1
[INFO] [stderr]    Compiling cap-rand v1.0.14
[INFO] [stderr]    Compiling ident_case v1.0.1
[INFO] [stderr]    Compiling fnv v1.0.7
[INFO] [stderr]    Compiling strsim v0.10.0
[INFO] [stderr]    Compiling darling_core v0.14.4
[INFO] [stderr]    Compiling polyplets v0.3.2
[INFO] [stderr]    Compiling marine-timestamp-macro v0.7.1
[INFO] [stderr]    Compiling marine-it-interfaces v0.8.1
[INFO] [stderr]    Compiling bytesize v1.2.0
[INFO] [stderr]    Compiling cap-time-ext v1.0.14
[INFO] [stderr]    Compiling fs-set-times v0.18.1
[INFO] [stderr]    Compiling wasmtime-wasi v6.0.1
[INFO] [stderr]    Compiling marine-rs-sdk v0.7.1
[INFO] [stderr]    Compiling lock_api v0.4.9
[INFO] [stderr]    Compiling walrus v0.19.0
[INFO] [stderr]    Compiling parking_lot_core v0.9.7
[INFO] [stderr]    Compiling marine-min-it-version v0.3.0
[INFO] [stderr]    Compiling proc-macro-error-attr v1.0.4
[INFO] [stderr]    Compiling marine-utils v0.5.0
[INFO] [stderr]    Compiling it-json-serde v0.4.1
[INFO] [stderr]    Compiling parking_lot v0.12.1
[INFO] [stderr]    Compiling proc-macro-error v1.0.4
[INFO] [stderr]    Compiling marine-wasm-backend-traits v0.2.1
[INFO] [stderr]    Compiling static_assertions v1.1.0
[INFO] [stderr]    Compiling marine-sqlite-connector v0.8.1 (/opt/rustwide/workdir)
[INFO] [stderr]    Compiling uuid v1.3.1
[INFO] [stderr]    Compiling random v0.12.2
[INFO] [stderr]    Compiling temporary v0.6.4
[INFO] [stderr]    Compiling marine-module-interface v0.7.1
[INFO] [stderr]    Compiling marine-module-info-parser v0.6.1
[INFO] [stderr]    Compiling cranelift-frontend v0.93.1
[INFO] [stderr]    Compiling cranelift-native v0.93.1
[INFO] [stderr]    Compiling marine-it-parser v0.12.1
[INFO] [stderr]    Compiling cranelift-wasm v0.93.1
[INFO] [stderr]    Compiling marine-it-generator v0.10.1
[INFO] [stderr]    Compiling darling_macro v0.14.4
[INFO] [stderr]    Compiling wasmtime-cranelift v6.0.1
[INFO] [stderr]    Compiling darling v0.14.4
[INFO] [stderr]    Compiling serde_with_macros v2.3.2
[INFO] [stderr]    Compiling ittapi v0.3.3
[INFO] [stderr]    Compiling wasmtime-jit v6.0.1
[INFO] [stderr]    Compiling serde_with v2.3.2
[INFO] [stderr]    Compiling zstd v0.11.2+zstd.1.5.2
[INFO] [stderr]    Compiling wiggle v6.0.1
[INFO] [stderr]    Compiling wasi-cap-std-sync v6.0.1
[INFO] [stderr]    Compiling marine-wasmtime-backend v0.2.2
[INFO] [stderr]    Compiling marine-core v0.20.3
[INFO] [stdout] error[E0554]: `#![feature]` may not be used on the beta release channel
[INFO] [stdout]   --> /opt/rustwide/cargo-home/registry/src/index.crates.io-6f17d22bba15001f/marine-core-0.20.3/src/lib.rs:17:1
[INFO] [stdout]    |
[INFO] [stdout] 17 | #![feature(get_mut_unchecked)]
[INFO] [stdout]    | ^^^^^^^^^^^^^^^^^^^^^^^^^^^^^^
[INFO] [stdout] 
[INFO] [stdout] 
[INFO] [stdout] error[E0554]: `#![feature]` may not be used on the beta release channel
[INFO] [stdout]   --> /opt/rustwide/cargo-home/registry/src/index.crates.io-6f17d22bba15001f/marine-core-0.20.3/src/lib.rs:18:1
[INFO] [stdout]    |
[INFO] [stdout] 18 | #![feature(new_uninit)]
[INFO] [stdout]    | ^^^^^^^^^^^^^^^^^^^^^^^
[INFO] [stdout] 
[INFO] [stdout] 
[INFO] [stdout] error[E0554]: `#![feature]` may not be used on the beta release channel
[INFO] [stdout]   --> /opt/rustwide/cargo-home/registry/src/index.crates.io-6f17d22bba15001f/marine-core-0.20.3/src/lib.rs:19:1
[INFO] [stdout]    |
[INFO] [stdout] 19 | #![feature(stmt_expr_attributes)]
[INFO] [stdout]    | ^^^^^^^^^^^^^^^^^^^^^^^^^^^^^^^^^
[INFO] [stdout] 
[INFO] [stdout] 
[INFO] [stdout] error[E0554]: `#![feature]` may not be used on the beta release channel
[INFO] [stdout]   --> /opt/rustwide/cargo-home/registry/src/index.crates.io-6f17d22bba15001f/marine-core-0.20.3/src/lib.rs:17:12
[INFO] [stdout]    |
[INFO] [stdout] 17 | #![feature(get_mut_unchecked)]
[INFO] [stdout]    |            ^^^^^^^^^^^^^^^^^
[INFO] [stdout] 
[INFO] [stdout] 
[INFO] [stdout] error[E0554]: `#![feature]` may not be used on the beta release channel
[INFO] [stdout]   --> /opt/rustwide/cargo-home/registry/src/index.crates.io-6f17d22bba15001f/marine-core-0.20.3/src/lib.rs:18:12
[INFO] [stdout]    |
[INFO] [stdout] 18 | #![feature(new_uninit)]
[INFO] [stdout]    |            ^^^^^^^^^^
[INFO] [stdout] 
[INFO] [stdout] 
[INFO] [stdout] error: aborting due to 5 previous errors
[INFO] [stdout] 
[INFO] [stdout] 
[INFO] [stdout] For more information about this error, try `rustc --explain E0554`.
[INFO] [stdout] 
[INFO] [stderr] error: could not compile `marine-core` (lib) due to 6 previous errors
[INFO] [stderr] warning: build failed, waiting for other jobs to finish...
[INFO] running `Command { std: "docker" "inspect" "48bd91599356a7c25e0600a1a0fc4093256288260942f66c369aea7515349e3f", kill_on_drop: false }`
[INFO] running `Command { std: "docker" "rm" "-f" "48bd91599356a7c25e0600a1a0fc4093256288260942f66c369aea7515349e3f", kill_on_drop: false }`
[INFO] [stdout] 48bd91599356a7c25e0600a1a0fc4093256288260942f66c369aea7515349e3f
