[INFO] fetching crate makepad-example-fractal-zoom 0.3.0...
[INFO] testing makepad-example-fractal-zoom-0.3.0 against 1.69.0 for beta-1.70-1
[INFO] extracting crate makepad-example-fractal-zoom 0.3.0 into /workspace/builds/worker-4-tc1/source
[INFO] validating manifest of crates.io crate makepad-example-fractal-zoom 0.3.0 on toolchain 1.69.0
[INFO] running `Command { std: CARGO_HOME="/workspace/cargo-home" RUSTUP_HOME="/workspace/rustup-home" "/workspace/cargo-home/bin/cargo" "+1.69.0" "metadata" "--manifest-path" "Cargo.toml" "--no-deps", kill_on_drop: false }`
[INFO] started tweaking crates.io crate makepad-example-fractal-zoom 0.3.0
[INFO] finished tweaking crates.io crate makepad-example-fractal-zoom 0.3.0
[INFO] tweaked toml for crates.io crate makepad-example-fractal-zoom 0.3.0 written to /workspace/builds/worker-4-tc1/source/Cargo.toml
[INFO] crate crates.io crate makepad-example-fractal-zoom 0.3.0 already has a lockfile, it will not be regenerated
[INFO] running `Command { std: CARGO_HOME="/workspace/cargo-home" RUSTUP_HOME="/workspace/rustup-home" "/workspace/cargo-home/bin/cargo" "+1.69.0" "fetch" "--manifest-path" "Cargo.toml", kill_on_drop: false }`
[INFO] [stderr]  Downloading crates ...
[INFO] [stderr]   Downloaded makepad-micro-serde-derive v0.3.0
[INFO] [stderr]   Downloaded makepad-live-id-macros v0.3.0
[INFO] [stderr]   Downloaded makepad-derive-live v0.3.0
[INFO] [stderr]   Downloaded makepad-live-id v0.3.0
[INFO] [stderr]   Downloaded makepad-micro-serde v0.3.0
[INFO] [stderr]   Downloaded makepad-error-log v0.3.0
[INFO] [stderr]   Downloaded makepad-derive-wasm-bridge v0.3.0
[INFO] [stderr]   Downloaded makepad-image-formats v0.3.0
[INFO] [stderr]   Downloaded makepad-live-tokenizer v0.3.0
[INFO] [stderr]   Downloaded makepad-micro-proc-macro v0.3.0
[INFO] [stderr]   Downloaded makepad-draw-2d v0.3.0
[INFO] [stderr]   Downloaded makepad-wasm-bridge v0.3.0
[INFO] [stderr]   Downloaded makepad-derive-widget v0.3.0
[INFO] [stderr]   Downloaded makepad-math v0.3.0
[INFO] [stderr]   Downloaded makepad-shader-compiler v0.3.0
[INFO] [stderr]   Downloaded makepad-objc-sys v0.3.0
[INFO] [stderr]   Downloaded makepad-vector v0.3.0
[INFO] [stderr]   Downloaded makepad-live-compiler v0.3.0
[INFO] [stderr]   Downloaded makepad-platform v0.3.0
[INFO] [stderr]   Downloaded makepad-widgets v0.3.0
[INFO] running `Command { std: "docker" "create" "-v" "/var/lib/crater-agent-workspace/builds/worker-4-tc1/target:/opt/rustwide/target:rw,Z" "-v" "/var/lib/crater-agent-workspace/builds/worker-4-tc1/source:/opt/rustwide/workdir:ro,Z" "-v" "/var/lib/crater-agent-workspace/cargo-home:/opt/rustwide/cargo-home:ro,Z" "-v" "/var/lib/crater-agent-workspace/rustup-home:/opt/rustwide/rustup-home:ro,Z" "-e" "SOURCE_DIR=/opt/rustwide/workdir" "-e" "CARGO_TARGET_DIR=/opt/rustwide/target" "-e" "CARGO_HOME=/opt/rustwide/cargo-home" "-e" "RUSTUP_HOME=/opt/rustwide/rustup-home" "-w" "/opt/rustwide/workdir" "-m" "1610612736" "--user" "0:0" "--network" "none" "ghcr.io/rust-lang/crates-build-env/linux@sha256:5ff2268d62e97bff2cde7d5815dd6ed5b47097566f13b8d0ca110b04b60e07ed" "/opt/rustwide/cargo-home/bin/cargo" "+1.69.0" "metadata" "--no-deps" "--format-version=1", kill_on_drop: false }`
[INFO] [stdout] 3ff93c07ec2db47b3cf0217cb39e9380ad4e1c681646fdc49581a164be9d5e62
[INFO] running `Command { std: "docker" "start" "-a" "3ff93c07ec2db47b3cf0217cb39e9380ad4e1c681646fdc49581a164be9d5e62", kill_on_drop: false }`
[INFO] running `Command { std: "docker" "inspect" "3ff93c07ec2db47b3cf0217cb39e9380ad4e1c681646fdc49581a164be9d5e62", kill_on_drop: false }`
[INFO] running `Command { std: "docker" "rm" "-f" "3ff93c07ec2db47b3cf0217cb39e9380ad4e1c681646fdc49581a164be9d5e62", kill_on_drop: false }`
[INFO] [stdout] 3ff93c07ec2db47b3cf0217cb39e9380ad4e1c681646fdc49581a164be9d5e62
[INFO] running `Command { std: "docker" "create" "-v" "/var/lib/crater-agent-workspace/builds/worker-4-tc1/target:/opt/rustwide/target:rw,Z" "-v" "/var/lib/crater-agent-workspace/builds/worker-4-tc1/source:/opt/rustwide/workdir:ro,Z" "-v" "/var/lib/crater-agent-workspace/cargo-home:/opt/rustwide/cargo-home:ro,Z" "-v" "/var/lib/crater-agent-workspace/rustup-home:/opt/rustwide/rustup-home:ro,Z" "-e" "SOURCE_DIR=/opt/rustwide/workdir" "-e" "CARGO_TARGET_DIR=/opt/rustwide/target" "-e" "CARGO_INCREMENTAL=0" "-e" "RUST_BACKTRACE=full" "-e" "RUSTFLAGS=--cap-lints=warn" "-e" "RUSTDOCFLAGS=--cap-lints=warn" "-e" "CARGO_HOME=/opt/rustwide/cargo-home" "-e" "RUSTUP_HOME=/opt/rustwide/rustup-home" "-w" "/opt/rustwide/workdir" "-m" "1610612736" "--user" "0:0" "--network" "none" "ghcr.io/rust-lang/crates-build-env/linux@sha256:5ff2268d62e97bff2cde7d5815dd6ed5b47097566f13b8d0ca110b04b60e07ed" "/opt/rustwide/cargo-home/bin/cargo" "+1.69.0" "build" "--frozen" "--message-format=json", kill_on_drop: false }`
[INFO] [stdout] 1346b6cd6025701f19881fc1215d146b0d9bfac075654f092fd3e6cf3c577ca6
[INFO] running `Command { std: "docker" "start" "-a" "1346b6cd6025701f19881fc1215d146b0d9bfac075654f092fd3e6cf3c577ca6", kill_on_drop: false }`
[INFO] [stderr]    Compiling makepad-micro-proc-macro v0.3.0
[INFO] [stderr]    Compiling makepad-error-log v0.3.0
[INFO] [stderr]    Compiling makepad-math v0.3.0
[INFO] [stderr]    Compiling makepad-platform v0.3.0
[INFO] [stderr]    Compiling makepad-image-formats v0.3.0
[INFO] [stderr]    Compiling makepad-vector v0.3.0
[INFO] [stderr]    Compiling makepad-live-id-macros v0.3.0
[INFO] [stderr]    Compiling makepad-micro-serde-derive v0.3.0
[INFO] [stderr]    Compiling makepad-live-id v0.3.0
[INFO] [stderr]    Compiling makepad-micro-serde v0.3.0
[INFO] [stderr]    Compiling makepad-derive-live v0.3.0
[INFO] [stderr]    Compiling makepad-derive-widget v0.3.0
[INFO] [stderr]    Compiling makepad-live-tokenizer v0.3.0
[INFO] [stderr]    Compiling makepad-live-compiler v0.3.0
[INFO] [stderr]    Compiling makepad-shader-compiler v0.3.0
[INFO] [stdout] error[E0432]: unresolved import `crate::os::CxOs`
[INFO] [stdout]   --> /opt/rustwide/cargo-home/registry/src/github.com-1ecc6299db9ec823/makepad-platform-0.3.0/src/cx.rs:23:13
[INFO] [stdout]    |
[INFO] [stdout] 23 |             CxOs,
[INFO] [stdout]    |             ^^^^ no `CxOs` in `os`
[INFO] [stdout] 
[INFO] [stdout] 
[INFO] [stdout] error[E0432]: unresolved import `crate::os::CxOsDrawShader`
[INFO] [stdout]   --> /opt/rustwide/cargo-home/registry/src/github.com-1ecc6299db9ec823/makepad-platform-0.3.0/src/cx_draw_shaders.rs:19:13
[INFO] [stdout]    |
[INFO] [stdout] 19 |             CxOsDrawShader,
[INFO] [stdout]    |             ^^^^^^^^^^^^^^ no `CxOsDrawShader` in `os`
[INFO] [stdout] 
[INFO] [stdout] 
[INFO] [stdout] error[E0432]: unresolved import `crate::os::CxOsPass`
[INFO] [stdout]   --> /opt/rustwide/cargo-home/registry/src/github.com-1ecc6299db9ec823/makepad-platform-0.3.0/src/pass.rs:20:13
[INFO] [stdout]    |
[INFO] [stdout] 20 |             CxOsPass,
[INFO] [stdout]    |             ^^^^^^^^ no `CxOsPass` in `os`
[INFO] [stdout] 
[INFO] [stdout] 
[INFO] [stdout] error[E0432]: unresolved import `crate::os::CxOsTexture`
[INFO] [stdout]   --> /opt/rustwide/cargo-home/registry/src/github.com-1ecc6299db9ec823/makepad-platform-0.3.0/src/texture.rs:17:14
[INFO] [stdout]    |
[INFO] [stdout] 17 |         os::{CxOsTexture},
[INFO] [stdout]    |              ^^^^^^^^^^^ no `CxOsTexture` in `os`
[INFO] [stdout] 
[INFO] [stdout] 
[INFO] [stdout] error[E0432]: unresolved import `crate::os::CxOsGeometry`
[INFO] [stdout]   --> /opt/rustwide/cargo-home/registry/src/github.com-1ecc6299db9ec823/makepad-platform-0.3.0/src/geometry.rs:14:9
[INFO] [stdout]    |
[INFO] [stdout] 14 |         os::CxOsGeometry,
[INFO] [stdout]    |         ^^^^^^^^^^^^^^^^ no `CxOsGeometry` in `os`
[INFO] [stdout] 
[INFO] [stdout] 
[INFO] [stdout] error[E0432]: unresolved imports `crate::os::CxOsDrawCall`, `crate::os::CxOsView`
[INFO] [stdout]   --> /opt/rustwide/cargo-home/registry/src/github.com-1ecc6299db9ec823/makepad-platform-0.3.0/src/draw_list.rs:9:13
[INFO] [stdout]    |
[INFO] [stdout] 9  |             CxOsDrawCall,
[INFO] [stdout]    |             ^^^^^^^^^^^^ no `CxOsDrawCall` in `os`
[INFO] [stdout] 10 |             CxOsView,
[INFO] [stdout]    |             ^^^^^^^^ no `CxOsView` in `os`
[INFO] [stdout] 
[INFO] [stdout] 
[INFO] [stdout] error[E0599]: no function or associated item named `post_signal` found for struct `Cx` in the current scope
[INFO] [stdout]   --> /opt/rustwide/cargo-home/registry/src/github.com-1ecc6299db9ec823/makepad-platform-0.3.0/src/thread.rs:74:13
[INFO] [stdout]    |
[INFO] [stdout] 74 |         Cx::post_signal(self.signal);
[INFO] [stdout]    |             ^^^^^^^^^^^ function or associated item not found in `Cx`
[INFO] [stdout]    |
[INFO] [stdout]   ::: /opt/rustwide/cargo-home/registry/src/github.com-1ecc6299db9ec823/makepad-platform-0.3.0/src/cx.rs:68:1
[INFO] [stdout]    |
[INFO] [stdout] 68 | pub struct Cx {
[INFO] [stdout]    | ------------- function or associated item `post_signal` not found for this struct
[INFO] [stdout]    |
[INFO] [stdout]    = help: items from traits can only be used if the trait is implemented and in scope
[INFO] [stdout] note: `cx_api::CxOsApi` defines an item `post_signal`, perhaps you need to implement it
[INFO] [stdout]   --> /opt/rustwide/cargo-home/registry/src/github.com-1ecc6299db9ec823/makepad-platform-0.3.0/src/cx_api.rs:42:1
[INFO] [stdout]    |
[INFO] [stdout] 42 | pub trait CxOsApi {
[INFO] [stdout]    | ^^^^^^^^^^^^^^^^^
[INFO] [stdout] 
[INFO] [stdout] 
[INFO] [stdout] error[E0599]: no method named `spawn_thread` found for mutable reference `&mut Cx` in the current scope
[INFO] [stdout]    --> /opt/rustwide/cargo-home/registry/src/github.com-1ecc6299db9ec823/makepad-platform-0.3.0/src/thread.rs:149:16
[INFO] [stdout]     |
[INFO] [stdout] 149 |             cx.spawn_thread(move || loop {
[INFO] [stdout]     |             ---^^^^^^^^^^^^ method not found in `&mut Cx`
[INFO] [stdout]     |
[INFO] [stdout]     = help: items from traits can only be used if the trait is implemented and in scope
[INFO] [stdout] note: `cx_api::CxOsApi` defines an item `spawn_thread`, perhaps you need to implement it
[INFO] [stdout]    --> /opt/rustwide/cargo-home/registry/src/github.com-1ecc6299db9ec823/makepad-platform-0.3.0/src/cx_api.rs:42:1
[INFO] [stdout]     |
[INFO] [stdout] 42  | pub trait CxOsApi {
[INFO] [stdout]     | ^^^^^^^^^^^^^^^^^
[INFO] [stdout] 
[INFO] [stdout] 
[INFO] [stdout] error: aborting due to 8 previous errors
[INFO] [stdout] 
[INFO] [stdout] 
[INFO] [stdout] Some errors have detailed explanations: E0432, E0599.
[INFO] [stdout] 
[INFO] [stdout] For more information about an error, try `rustc --explain E0432`.
[INFO] [stdout] 
[INFO] [stderr] error: could not compile `makepad-platform` due to 9 previous errors
[INFO] [stderr] warning: build failed, waiting for other jobs to finish...
[INFO] running `Command { std: "docker" "inspect" "1346b6cd6025701f19881fc1215d146b0d9bfac075654f092fd3e6cf3c577ca6", kill_on_drop: false }`
[INFO] running `Command { std: "docker" "rm" "-f" "1346b6cd6025701f19881fc1215d146b0d9bfac075654f092fd3e6cf3c577ca6", kill_on_drop: false }`
[INFO] [stdout] 1346b6cd6025701f19881fc1215d146b0d9bfac075654f092fd3e6cf3c577ca6
