[INFO] fetching crate mail_slot 0.1.3...
[INFO] testing mail_slot-0.1.3 against 1.69.0 for beta-1.70-1
[INFO] extracting crate mail_slot 0.1.3 into /workspace/builds/worker-1-tc1/source
[INFO] validating manifest of crates.io crate mail_slot 0.1.3 on toolchain 1.69.0
[INFO] running `Command { std: CARGO_HOME="/workspace/cargo-home" RUSTUP_HOME="/workspace/rustup-home" "/workspace/cargo-home/bin/cargo" "+1.69.0" "metadata" "--manifest-path" "Cargo.toml" "--no-deps", kill_on_drop: false }`
[INFO] started tweaking crates.io crate mail_slot 0.1.3
[INFO] finished tweaking crates.io crate mail_slot 0.1.3
[INFO] tweaked toml for crates.io crate mail_slot 0.1.3 written to /workspace/builds/worker-1-tc1/source/Cargo.toml
[INFO] crate crates.io crate mail_slot 0.1.3 already has a lockfile, it will not be regenerated
[INFO] running `Command { std: CARGO_HOME="/workspace/cargo-home" RUSTUP_HOME="/workspace/rustup-home" "/workspace/cargo-home/bin/cargo" "+1.69.0" "fetch" "--manifest-path" "Cargo.toml", kill_on_drop: false }`
[INFO] running `Command { std: "docker" "create" "-v" "/var/lib/crater-agent-workspace/builds/worker-1-tc1/target:/opt/rustwide/target:rw,Z" "-v" "/var/lib/crater-agent-workspace/builds/worker-1-tc1/source:/opt/rustwide/workdir:ro,Z" "-v" "/var/lib/crater-agent-workspace/cargo-home:/opt/rustwide/cargo-home:ro,Z" "-v" "/var/lib/crater-agent-workspace/rustup-home:/opt/rustwide/rustup-home:ro,Z" "-e" "SOURCE_DIR=/opt/rustwide/workdir" "-e" "CARGO_TARGET_DIR=/opt/rustwide/target" "-e" "CARGO_HOME=/opt/rustwide/cargo-home" "-e" "RUSTUP_HOME=/opt/rustwide/rustup-home" "-w" "/opt/rustwide/workdir" "-m" "1610612736" "--user" "0:0" "--network" "none" "ghcr.io/rust-lang/crates-build-env/linux@sha256:5ff2268d62e97bff2cde7d5815dd6ed5b47097566f13b8d0ca110b04b60e07ed" "/opt/rustwide/cargo-home/bin/cargo" "+1.69.0" "metadata" "--no-deps" "--format-version=1", kill_on_drop: false }`
[INFO] [stdout] 19c86dd95aa4a58fd66c01fb32f4ec7cfc54a3c245c501380baa34f4d4206ef7
[INFO] running `Command { std: "docker" "start" "-a" "19c86dd95aa4a58fd66c01fb32f4ec7cfc54a3c245c501380baa34f4d4206ef7", kill_on_drop: false }`
[INFO] running `Command { std: "docker" "inspect" "19c86dd95aa4a58fd66c01fb32f4ec7cfc54a3c245c501380baa34f4d4206ef7", kill_on_drop: false }`
[INFO] running `Command { std: "docker" "rm" "-f" "19c86dd95aa4a58fd66c01fb32f4ec7cfc54a3c245c501380baa34f4d4206ef7", kill_on_drop: false }`
[INFO] [stdout] 19c86dd95aa4a58fd66c01fb32f4ec7cfc54a3c245c501380baa34f4d4206ef7
[INFO] running `Command { std: "docker" "create" "-v" "/var/lib/crater-agent-workspace/builds/worker-1-tc1/target:/opt/rustwide/target:rw,Z" "-v" "/var/lib/crater-agent-workspace/builds/worker-1-tc1/source:/opt/rustwide/workdir:ro,Z" "-v" "/var/lib/crater-agent-workspace/cargo-home:/opt/rustwide/cargo-home:ro,Z" "-v" "/var/lib/crater-agent-workspace/rustup-home:/opt/rustwide/rustup-home:ro,Z" "-e" "SOURCE_DIR=/opt/rustwide/workdir" "-e" "CARGO_TARGET_DIR=/opt/rustwide/target" "-e" "CARGO_INCREMENTAL=0" "-e" "RUST_BACKTRACE=full" "-e" "RUSTFLAGS=--cap-lints=warn" "-e" "RUSTDOCFLAGS=--cap-lints=warn" "-e" "CARGO_HOME=/opt/rustwide/cargo-home" "-e" "RUSTUP_HOME=/opt/rustwide/rustup-home" "-w" "/opt/rustwide/workdir" "-m" "1610612736" "--user" "0:0" "--network" "none" "ghcr.io/rust-lang/crates-build-env/linux@sha256:5ff2268d62e97bff2cde7d5815dd6ed5b47097566f13b8d0ca110b04b60e07ed" "/opt/rustwide/cargo-home/bin/cargo" "+1.69.0" "build" "--frozen" "--message-format=json", kill_on_drop: false }`
[INFO] [stdout] 10325425611a41d9ac7c1ee2d1e26abf99b957cf1036f29fc744d431a56a2c4a
[INFO] running `Command { std: "docker" "start" "-a" "10325425611a41d9ac7c1ee2d1e26abf99b957cf1036f29fc744d431a56a2c4a", kill_on_drop: false }`
[INFO] [stderr]    Compiling winapi v0.3.8
[INFO] [stderr]    Compiling mail_slot v0.1.3 (/opt/rustwide/workdir)
[INFO] [stdout] error[E0433]: failed to resolve: could not find `windows` in `os`
[INFO] [stdout]   --> src/lib.rs:19:39
[INFO] [stdout]    |
[INFO] [stdout] 19 | use std::{ffi::OsStr, iter::once, os::windows::ffi::OsStrExt};
[INFO] [stdout]    |                                       ^^^^^^^ could not find `windows` in `os`
[INFO] [stdout] 
[INFO] [stdout] 
[INFO] [stdout] error[E0433]: failed to resolve: could not find `windows` in `os`
[INFO] [stdout]  --> src/server.rs:5:9
[INFO] [stdout]   |
[INFO] [stdout] 5 |     os::windows::io::{AsRawHandle, FromRawHandle},
[INFO] [stdout]   |         ^^^^^^^ could not find `windows` in `os`
[INFO] [stdout] 
[INFO] [stdout] 
[INFO] [stdout] error[E0433]: failed to resolve: could not find `um` in `winapi`
[INFO] [stdout]  --> src/server.rs:7:13
[INFO] [stdout]   |
[INFO] [stdout] 7 | use winapi::um::{
[INFO] [stdout]   |             ^^ could not find `um` in `winapi`
[INFO] [stdout] 
[INFO] [stdout] 
[INFO] [stdout] error[E0599]: no method named `as_raw_handle` found for struct `File` in the current scope
[INFO] [stdout]   --> src/server.rs:41:29
[INFO] [stdout]    |
[INFO] [stdout] 41 |                 self.handle.as_raw_handle() as _,
[INFO] [stdout]    |                             ^^^^^^^^^^^^^ method not found in `File`
[INFO] [stdout] 
[INFO] [stdout] 
[INFO] [stdout] error[E0599]: no function or associated item named `from_raw_handle` found for struct `File` in the current scope
[INFO] [stdout]   --> src/server.rs:69:31
[INFO] [stdout]    |
[INFO] [stdout] 69 |             Ok(std::fs::File::from_raw_handle(slot as _))
[INFO] [stdout]    |                               ^^^^^^^^^^^^^^^ function or associated item not found in `File`
[INFO] [stdout] 
[INFO] [stdout] 
[INFO] [stdout] error[E0599]: no method named `encode_wide` found for reference `&OsStr` in the current scope
[INFO] [stdout]   --> src/lib.rs:86:19
[INFO] [stdout]    |
[INFO] [stdout] 86 |     OsStr::new(s).encode_wide().chain(once(0)).collect()
[INFO] [stdout]    |                   ^^^^^^^^^^^ method not found in `&OsStr`
[INFO] [stdout] 
[INFO] [stdout] 
[INFO] [stdout] error: aborting due to 6 previous errors
[INFO] [stdout] 
[INFO] [stdout] 
[INFO] [stdout] Some errors have detailed explanations: E0433, E0599.
[INFO] [stdout] 
[INFO] [stdout] For more information about an error, try `rustc --explain E0433`.
[INFO] [stdout] 
[INFO] [stderr] error: could not compile `mail_slot` due to 7 previous errors
[INFO] running `Command { std: "docker" "inspect" "10325425611a41d9ac7c1ee2d1e26abf99b957cf1036f29fc744d431a56a2c4a", kill_on_drop: false }`
[INFO] running `Command { std: "docker" "rm" "-f" "10325425611a41d9ac7c1ee2d1e26abf99b957cf1036f29fc744d431a56a2c4a", kill_on_drop: false }`
[INFO] [stdout] 10325425611a41d9ac7c1ee2d1e26abf99b957cf1036f29fc744d431a56a2c4a
