[INFO] fetching crate mac-mouse-sys 0.0.6...
[INFO] testing mac-mouse-sys-0.0.6 against 1.69.0 for beta-1.70-1
[INFO] extracting crate mac-mouse-sys 0.0.6 into /workspace/builds/worker-1-tc1/source
[INFO] validating manifest of crates.io crate mac-mouse-sys 0.0.6 on toolchain 1.69.0
[INFO] running `Command { std: CARGO_HOME="/workspace/cargo-home" RUSTUP_HOME="/workspace/rustup-home" "/workspace/cargo-home/bin/cargo" "+1.69.0" "metadata" "--manifest-path" "Cargo.toml" "--no-deps", kill_on_drop: false }`
[INFO] started tweaking crates.io crate mac-mouse-sys 0.0.6
[INFO] finished tweaking crates.io crate mac-mouse-sys 0.0.6
[INFO] tweaked toml for crates.io crate mac-mouse-sys 0.0.6 written to /workspace/builds/worker-1-tc1/source/Cargo.toml
[INFO] running `Command { std: CARGO_HOME="/workspace/cargo-home" RUSTUP_HOME="/workspace/rustup-home" __CARGO_TEST_CHANNEL_OVERRIDE_DO_NOT_USE_THIS="nightly" "/workspace/cargo-home/bin/cargo" "+1.69.0" "generate-lockfile" "--manifest-path" "Cargo.toml" "-Zno-index-update", kill_on_drop: false }`
[INFO] running `Command { std: CARGO_HOME="/workspace/cargo-home" RUSTUP_HOME="/workspace/rustup-home" "/workspace/cargo-home/bin/cargo" "+1.69.0" "fetch" "--manifest-path" "Cargo.toml", kill_on_drop: false }`
[INFO] running `Command { std: "docker" "create" "-v" "/var/lib/crater-agent-workspace/builds/worker-1-tc1/target:/opt/rustwide/target:rw,Z" "-v" "/var/lib/crater-agent-workspace/builds/worker-1-tc1/source:/opt/rustwide/workdir:ro,Z" "-v" "/var/lib/crater-agent-workspace/cargo-home:/opt/rustwide/cargo-home:ro,Z" "-v" "/var/lib/crater-agent-workspace/rustup-home:/opt/rustwide/rustup-home:ro,Z" "-e" "SOURCE_DIR=/opt/rustwide/workdir" "-e" "CARGO_TARGET_DIR=/opt/rustwide/target" "-e" "CARGO_HOME=/opt/rustwide/cargo-home" "-e" "RUSTUP_HOME=/opt/rustwide/rustup-home" "-w" "/opt/rustwide/workdir" "-m" "1610612736" "--user" "0:0" "--network" "none" "ghcr.io/rust-lang/crates-build-env/linux@sha256:5ff2268d62e97bff2cde7d5815dd6ed5b47097566f13b8d0ca110b04b60e07ed" "/opt/rustwide/cargo-home/bin/cargo" "+1.69.0" "metadata" "--no-deps" "--format-version=1", kill_on_drop: false }`
[INFO] [stdout] 64c8b112d6e7390cde5674067bc1cebf0693ad124902bf55469e771352fdc55c
[INFO] running `Command { std: "docker" "start" "-a" "64c8b112d6e7390cde5674067bc1cebf0693ad124902bf55469e771352fdc55c", kill_on_drop: false }`
[INFO] running `Command { std: "docker" "inspect" "64c8b112d6e7390cde5674067bc1cebf0693ad124902bf55469e771352fdc55c", kill_on_drop: false }`
[INFO] running `Command { std: "docker" "rm" "-f" "64c8b112d6e7390cde5674067bc1cebf0693ad124902bf55469e771352fdc55c", kill_on_drop: false }`
[INFO] [stdout] 64c8b112d6e7390cde5674067bc1cebf0693ad124902bf55469e771352fdc55c
[INFO] running `Command { std: "docker" "create" "-v" "/var/lib/crater-agent-workspace/builds/worker-1-tc1/target:/opt/rustwide/target:rw,Z" "-v" "/var/lib/crater-agent-workspace/builds/worker-1-tc1/source:/opt/rustwide/workdir:ro,Z" "-v" "/var/lib/crater-agent-workspace/cargo-home:/opt/rustwide/cargo-home:ro,Z" "-v" "/var/lib/crater-agent-workspace/rustup-home:/opt/rustwide/rustup-home:ro,Z" "-e" "SOURCE_DIR=/opt/rustwide/workdir" "-e" "CARGO_TARGET_DIR=/opt/rustwide/target" "-e" "CARGO_INCREMENTAL=0" "-e" "RUST_BACKTRACE=full" "-e" "RUSTFLAGS=--cap-lints=warn" "-e" "RUSTDOCFLAGS=--cap-lints=warn" "-e" "CARGO_HOME=/opt/rustwide/cargo-home" "-e" "RUSTUP_HOME=/opt/rustwide/rustup-home" "-w" "/opt/rustwide/workdir" "-m" "1610612736" "--user" "0:0" "--network" "none" "ghcr.io/rust-lang/crates-build-env/linux@sha256:5ff2268d62e97bff2cde7d5815dd6ed5b47097566f13b8d0ca110b04b60e07ed" "/opt/rustwide/cargo-home/bin/cargo" "+1.69.0" "build" "--frozen" "--message-format=json", kill_on_drop: false }`
[INFO] [stdout] 4984851bd93b244db1ff918878ee0e2b552db882b8adf98d1184f3fc5878780e
[INFO] running `Command { std: "docker" "start" "-a" "4984851bd93b244db1ff918878ee0e2b552db882b8adf98d1184f3fc5878780e", kill_on_drop: false }`
[INFO] [stderr]    Compiling mac-mouse-sys v0.0.6 (/opt/rustwide/workdir)
[INFO] [stderr]     Finished dev [unoptimized + debuginfo] target(s) in 0.47s
[INFO] running `Command { std: "docker" "inspect" "4984851bd93b244db1ff918878ee0e2b552db882b8adf98d1184f3fc5878780e", kill_on_drop: false }`
[INFO] running `Command { std: "docker" "rm" "-f" "4984851bd93b244db1ff918878ee0e2b552db882b8adf98d1184f3fc5878780e", kill_on_drop: false }`
[INFO] [stdout] 4984851bd93b244db1ff918878ee0e2b552db882b8adf98d1184f3fc5878780e
[INFO] running `Command { std: "docker" "create" "-v" "/var/lib/crater-agent-workspace/builds/worker-1-tc1/target:/opt/rustwide/target:rw,Z" "-v" "/var/lib/crater-agent-workspace/builds/worker-1-tc1/source:/opt/rustwide/workdir:ro,Z" "-v" "/var/lib/crater-agent-workspace/cargo-home:/opt/rustwide/cargo-home:ro,Z" "-v" "/var/lib/crater-agent-workspace/rustup-home:/opt/rustwide/rustup-home:ro,Z" "-e" "SOURCE_DIR=/opt/rustwide/workdir" "-e" "CARGO_TARGET_DIR=/opt/rustwide/target" "-e" "CARGO_INCREMENTAL=0" "-e" "RUST_BACKTRACE=full" "-e" "RUSTFLAGS=--cap-lints=warn" "-e" "RUSTDOCFLAGS=--cap-lints=warn" "-e" "CARGO_HOME=/opt/rustwide/cargo-home" "-e" "RUSTUP_HOME=/opt/rustwide/rustup-home" "-w" "/opt/rustwide/workdir" "-m" "1610612736" "--user" "0:0" "--network" "none" "ghcr.io/rust-lang/crates-build-env/linux@sha256:5ff2268d62e97bff2cde7d5815dd6ed5b47097566f13b8d0ca110b04b60e07ed" "/opt/rustwide/cargo-home/bin/cargo" "+1.69.0" "test" "--frozen" "--no-run" "--message-format=json", kill_on_drop: false }`
[INFO] [stdout] 14717f143499eae819b1ac293bd0b0cf7b154668a102aecbe3d79b40cf5375a1
[INFO] running `Command { std: "docker" "start" "-a" "14717f143499eae819b1ac293bd0b0cf7b154668a102aecbe3d79b40cf5375a1", kill_on_drop: false }`
[INFO] [stderr]    Compiling mac-mouse-sys v0.0.6 (/opt/rustwide/workdir)
[INFO] [stdout] warning: unused import: `mac_mouse_sys::*`
[INFO] [stdout]  --> tests/basic.rs:1:5
[INFO] [stdout]   |
[INFO] [stdout] 1 | use mac_mouse_sys::*;
[INFO] [stdout]   |     ^^^^^^^^^^^^^^^^
[INFO] [stdout]   |
[INFO] [stdout]   = note: `#[warn(unused_imports)]` on by default
[INFO] [stdout] 
[INFO] [stdout] 
[INFO] [stdout] error[E0425]: cannot find function `get_pointer_resolution` in this scope
[INFO] [stdout]  --> tests/basic.rs:5:20
[INFO] [stdout]   |
[INFO] [stdout] 5 |     let prev_res = get_pointer_resolution().unwrap();
[INFO] [stdout]   |                    ^^^^^^^^^^^^^^^^^^^^^^ not found in this scope
[INFO] [stdout] 
[INFO] [stdout] 
[INFO] [stdout] error[E0425]: cannot find function `set_pointer_resolution` in this scope
[INFO] [stdout]  --> tests/basic.rs:8:5
[INFO] [stdout]   |
[INFO] [stdout] 8 |     set_pointer_resolution(res).unwrap();
[INFO] [stdout]   |     ^^^^^^^^^^^^^^^^^^^^^^ not found in this scope
[INFO] [stdout] 
[INFO] [stdout] 
[INFO] [stdout] error[E0425]: cannot find function `get_pointer_resolution` in this scope
[INFO] [stdout]   --> tests/basic.rs:10:15
[INFO] [stdout]    |
[INFO] [stdout] 10 |     let ret = get_pointer_resolution().unwrap();
[INFO] [stdout]    |               ^^^^^^^^^^^^^^^^^^^^^^ not found in this scope
[INFO] [stdout] 
[INFO] [stdout] 
[INFO] [stdout] error[E0425]: cannot find function `set_pointer_resolution` in this scope
[INFO] [stdout]   --> tests/basic.rs:14:5
[INFO] [stdout]    |
[INFO] [stdout] 14 |     set_pointer_resolution(prev_res).unwrap();
[INFO] [stdout]    |     ^^^^^^^^^^^^^^^^^^^^^^ not found in this scope
[INFO] [stdout] 
[INFO] [stdout] 
[INFO] [stdout] error[E0425]: cannot find function `get_mouse_acceleration` in this scope
[INFO] [stdout]   --> tests/basic.rs:19:20
[INFO] [stdout]    |
[INFO] [stdout] 19 |     let prev_acc = get_mouse_acceleration().unwrap();
[INFO] [stdout]    |                    ^^^^^^^^^^^^^^^^^^^^^^ not found in this scope
[INFO] [stdout] 
[INFO] [stdout] 
[INFO] [stdout] error[E0425]: cannot find function `set_mouse_acceleration` in this scope
[INFO] [stdout]   --> tests/basic.rs:22:5
[INFO] [stdout]    |
[INFO] [stdout] 22 |     set_mouse_acceleration(acc).unwrap();
[INFO] [stdout]    |     ^^^^^^^^^^^^^^^^^^^^^^ not found in this scope
[INFO] [stdout] 
[INFO] [stdout] 
[INFO] [stdout] error[E0425]: cannot find function `get_mouse_acceleration` in this scope
[INFO] [stdout]   --> tests/basic.rs:24:15
[INFO] [stdout]    |
[INFO] [stdout] 24 |     let ret = get_mouse_acceleration().unwrap();
[INFO] [stdout]    |               ^^^^^^^^^^^^^^^^^^^^^^ not found in this scope
[INFO] [stdout] 
[INFO] [stdout] 
[INFO] [stdout] error[E0425]: cannot find function `set_mouse_acceleration` in this scope
[INFO] [stdout]   --> tests/basic.rs:28:5
[INFO] [stdout]    |
[INFO] [stdout] 28 |     set_mouse_acceleration(prev_acc).unwrap();
[INFO] [stdout]    |     ^^^^^^^^^^^^^^^^^^^^^^ not found in this scope
[INFO] [stdout] 
[INFO] [stdout] 
[INFO] [stdout] error: aborting due to 8 previous errors; 1 warning emitted
[INFO] [stdout] 
[INFO] [stdout] 
[INFO] [stdout] For more information about this error, try `rustc --explain E0425`.
[INFO] [stdout] 
[INFO] [stderr] error: could not compile `mac-mouse-sys` due to 9 previous errors; 1 warning emitted
[INFO] [stderr] warning: build failed, waiting for other jobs to finish...
[INFO] running `Command { std: "docker" "inspect" "14717f143499eae819b1ac293bd0b0cf7b154668a102aecbe3d79b40cf5375a1", kill_on_drop: false }`
[INFO] running `Command { std: "docker" "rm" "-f" "14717f143499eae819b1ac293bd0b0cf7b154668a102aecbe3d79b40cf5375a1", kill_on_drop: false }`
[INFO] [stdout] 14717f143499eae819b1ac293bd0b0cf7b154668a102aecbe3d79b40cf5375a1
