[INFO] fetching crate luminvent_winit 0.27.6-alpha...
[INFO] testing luminvent_winit-0.27.6-alpha against 1.69.0 for beta-1.70-1
[INFO] extracting crate luminvent_winit 0.27.6-alpha into /workspace/builds/worker-5-tc1/source
[INFO] validating manifest of crates.io crate luminvent_winit 0.27.6-alpha on toolchain 1.69.0
[INFO] running `Command { std: CARGO_HOME="/workspace/cargo-home" RUSTUP_HOME="/workspace/rustup-home" "/workspace/cargo-home/bin/cargo" "+1.69.0" "metadata" "--manifest-path" "Cargo.toml" "--no-deps", kill_on_drop: false }`
[INFO] removed /workspace/builds/worker-5-tc1/source/.cargo/config.toml
[INFO] started tweaking crates.io crate luminvent_winit 0.27.6-alpha
[INFO] finished tweaking crates.io crate luminvent_winit 0.27.6-alpha
[INFO] tweaked toml for crates.io crate luminvent_winit 0.27.6-alpha written to /workspace/builds/worker-5-tc1/source/Cargo.toml
[INFO] crate crates.io crate luminvent_winit 0.27.6-alpha already has a lockfile, it will not be regenerated
[INFO] running `Command { std: CARGO_HOME="/workspace/cargo-home" RUSTUP_HOME="/workspace/rustup-home" "/workspace/cargo-home/bin/cargo" "+1.69.0" "fetch" "--manifest-path" "Cargo.toml", kill_on_drop: false }`
[INFO] running `Command { std: "docker" "create" "-v" "/var/lib/crater-agent-workspace/builds/worker-5-tc1/target:/opt/rustwide/target:rw,Z" "-v" "/var/lib/crater-agent-workspace/builds/worker-5-tc1/source:/opt/rustwide/workdir:ro,Z" "-v" "/var/lib/crater-agent-workspace/cargo-home:/opt/rustwide/cargo-home:ro,Z" "-v" "/var/lib/crater-agent-workspace/rustup-home:/opt/rustwide/rustup-home:ro,Z" "-e" "SOURCE_DIR=/opt/rustwide/workdir" "-e" "CARGO_TARGET_DIR=/opt/rustwide/target" "-e" "CARGO_HOME=/opt/rustwide/cargo-home" "-e" "RUSTUP_HOME=/opt/rustwide/rustup-home" "-w" "/opt/rustwide/workdir" "-m" "1610612736" "--user" "0:0" "--network" "none" "ghcr.io/rust-lang/crates-build-env/linux@sha256:5ff2268d62e97bff2cde7d5815dd6ed5b47097566f13b8d0ca110b04b60e07ed" "/opt/rustwide/cargo-home/bin/cargo" "+1.69.0" "metadata" "--no-deps" "--format-version=1", kill_on_drop: false }`
[INFO] [stdout] 8f4c5adf0319726ab2ac5c3f782cfc9cc3c0891948a356a12c3cf03643c98ba0
[INFO] running `Command { std: "docker" "start" "-a" "8f4c5adf0319726ab2ac5c3f782cfc9cc3c0891948a356a12c3cf03643c98ba0", kill_on_drop: false }`
[INFO] running `Command { std: "docker" "inspect" "8f4c5adf0319726ab2ac5c3f782cfc9cc3c0891948a356a12c3cf03643c98ba0", kill_on_drop: false }`
[INFO] running `Command { std: "docker" "rm" "-f" "8f4c5adf0319726ab2ac5c3f782cfc9cc3c0891948a356a12c3cf03643c98ba0", kill_on_drop: false }`
[INFO] [stdout] 8f4c5adf0319726ab2ac5c3f782cfc9cc3c0891948a356a12c3cf03643c98ba0
[INFO] running `Command { std: "docker" "create" "-v" "/var/lib/crater-agent-workspace/builds/worker-5-tc1/target:/opt/rustwide/target:rw,Z" "-v" "/var/lib/crater-agent-workspace/builds/worker-5-tc1/source:/opt/rustwide/workdir:ro,Z" "-v" "/var/lib/crater-agent-workspace/cargo-home:/opt/rustwide/cargo-home:ro,Z" "-v" "/var/lib/crater-agent-workspace/rustup-home:/opt/rustwide/rustup-home:ro,Z" "-e" "SOURCE_DIR=/opt/rustwide/workdir" "-e" "CARGO_TARGET_DIR=/opt/rustwide/target" "-e" "CARGO_INCREMENTAL=0" "-e" "RUST_BACKTRACE=full" "-e" "RUSTFLAGS=--cap-lints=warn" "-e" "RUSTDOCFLAGS=--cap-lints=warn" "-e" "CARGO_HOME=/opt/rustwide/cargo-home" "-e" "RUSTUP_HOME=/opt/rustwide/rustup-home" "-w" "/opt/rustwide/workdir" "-m" "1610612736" "--user" "0:0" "--network" "none" "ghcr.io/rust-lang/crates-build-env/linux@sha256:5ff2268d62e97bff2cde7d5815dd6ed5b47097566f13b8d0ca110b04b60e07ed" "/opt/rustwide/cargo-home/bin/cargo" "+1.69.0" "build" "--frozen" "--message-format=json", kill_on_drop: false }`
[INFO] [stdout] d3fbdace7f0c212d53670c7679970f2b9c405a4a97f286b0772809b1ba2894aa
[INFO] running `Command { std: "docker" "start" "-a" "d3fbdace7f0c212d53670c7679970f2b9c405a4a97f286b0772809b1ba2894aa", kill_on_drop: false }`
[INFO] [stderr]    Compiling cfg-if v1.0.0
[INFO] [stderr]    Compiling libc v0.2.141
[INFO] [stderr]    Compiling xml-rs v0.8.4
[INFO] [stderr]    Compiling memchr v2.5.0
[INFO] [stderr]    Compiling once_cell v1.17.1
[INFO] [stderr]    Compiling lazy_static v1.4.0
[INFO] [stderr]    Compiling log v0.4.17
[INFO] [stderr]    Compiling crc32fast v1.3.2
[INFO] [stderr]    Compiling smallvec v1.10.0
[INFO] [stderr]    Compiling adler v1.0.2
[INFO] [stderr]    Compiling memoffset v0.6.5
[INFO] [stderr]    Compiling wayland-sys v0.29.5
[INFO] [stderr]    Compiling version_check v0.9.4
[INFO] [stderr]    Compiling scoped-tls v1.0.1
[INFO] [stderr]    Compiling thiserror v1.0.40
[INFO] [stderr]    Compiling syn v2.0.15
[INFO] [stderr]    Compiling libloading v0.7.4
[INFO] [stderr]    Compiling simd-adler32 v0.3.5
[INFO] [stderr]    Compiling downcast-rs v1.2.0
[INFO] [stderr]    Compiling minimal-lexical v0.2.1
[INFO] [stderr]    Compiling miniz_oxide v0.6.2
[INFO] [stderr]    Compiling smithay-client-toolkit v0.16.0
[INFO] [stderr]    Compiling dlib v0.5.0
[INFO] [stderr]    Compiling miniz_oxide v0.7.1
[INFO] [stderr]    Compiling fdeflate v0.3.0
[INFO] [stderr]    Compiling ttf-parser v0.18.1
[INFO] [stderr]    Compiling slotmap v1.0.6
[INFO] [stderr]    Compiling strict-num v0.1.0
[INFO] [stderr]    Compiling arrayref v0.3.7
[INFO] [stderr]    Compiling vec_map v0.8.2
[INFO] [stderr]    Compiling bytemuck v1.13.1
[INFO] [stderr]    Compiling x11-dl v2.21.0
[INFO] [stderr]    Compiling wayland-scanner v0.29.5
[INFO] [stderr]    Compiling flate2 v1.0.25
[INFO] [stderr]    Compiling arrayvec v0.7.2
[INFO] [stderr]    Compiling ab_glyph_rasterizer v0.1.8
[INFO] [stderr]    Compiling tiny-skia-path v0.8.3
[INFO] [stderr]    Compiling nom v7.1.3
[INFO] [stderr]    Compiling cty v0.2.2
[INFO] [stderr]    Compiling instant v0.1.12
[INFO] [stderr]    Compiling percent-encoding v2.2.0
[INFO] [stderr]    Compiling raw-window-handle v0.4.3
[INFO] [stderr]    Compiling raw-window-handle v0.5.2
[INFO] [stderr]    Compiling png v0.17.8
[INFO] [stderr]    Compiling nix v0.24.3
[INFO] [stderr]    Compiling nix v0.25.1
[INFO] [stderr]    Compiling memmap2 v0.5.10
[INFO] [stderr]    Compiling mio v0.8.6
[INFO] [stderr]    Compiling wayland-client v0.29.5
[INFO] [stderr]    Compiling wayland-protocols v0.29.5
[INFO] [stderr]    Compiling thiserror-impl v1.0.40
[INFO] [stderr]    Compiling tiny-skia v0.8.3
[INFO] [stderr]    Compiling owned_ttf_parser v0.18.1
[INFO] [stderr]    Compiling ab_glyph v0.2.20
[INFO] [stderr]    Compiling xcursor v0.3.4
[INFO] [stderr]    Compiling wayland-commons v0.29.5
[INFO] [stderr]    Compiling calloop v0.10.5
[INFO] [stderr]    Compiling wayland-cursor v0.29.5
[INFO] [stderr]    Compiling sctk-adwaita v0.5.4
[INFO] [stderr]    Compiling luminvent_winit v0.27.6-alpha (/opt/rustwide/workdir)
[INFO] [stderr]     Finished dev [unoptimized + debuginfo] target(s) in 1m 14s
[INFO] running `Command { std: "docker" "inspect" "d3fbdace7f0c212d53670c7679970f2b9c405a4a97f286b0772809b1ba2894aa", kill_on_drop: false }`
[INFO] running `Command { std: "docker" "rm" "-f" "d3fbdace7f0c212d53670c7679970f2b9c405a4a97f286b0772809b1ba2894aa", kill_on_drop: false }`
[INFO] [stdout] d3fbdace7f0c212d53670c7679970f2b9c405a4a97f286b0772809b1ba2894aa
[INFO] running `Command { std: "docker" "create" "-v" "/var/lib/crater-agent-workspace/builds/worker-5-tc1/target:/opt/rustwide/target:rw,Z" "-v" "/var/lib/crater-agent-workspace/builds/worker-5-tc1/source:/opt/rustwide/workdir:ro,Z" "-v" "/var/lib/crater-agent-workspace/cargo-home:/opt/rustwide/cargo-home:ro,Z" "-v" "/var/lib/crater-agent-workspace/rustup-home:/opt/rustwide/rustup-home:ro,Z" "-e" "SOURCE_DIR=/opt/rustwide/workdir" "-e" "CARGO_TARGET_DIR=/opt/rustwide/target" "-e" "CARGO_INCREMENTAL=0" "-e" "RUST_BACKTRACE=full" "-e" "RUSTFLAGS=--cap-lints=warn" "-e" "RUSTDOCFLAGS=--cap-lints=warn" "-e" "CARGO_HOME=/opt/rustwide/cargo-home" "-e" "RUSTUP_HOME=/opt/rustwide/rustup-home" "-w" "/opt/rustwide/workdir" "-m" "1610612736" "--user" "0:0" "--network" "none" "ghcr.io/rust-lang/crates-build-env/linux@sha256:5ff2268d62e97bff2cde7d5815dd6ed5b47097566f13b8d0ca110b04b60e07ed" "/opt/rustwide/cargo-home/bin/cargo" "+1.69.0" "test" "--frozen" "--no-run" "--message-format=json", kill_on_drop: false }`
[INFO] [stdout] b1a9785b9a63ec6700396e7f7d0c910d06d92fcc6d930981257b88277435ec42
[INFO] running `Command { std: "docker" "start" "-a" "b1a9785b9a63ec6700396e7f7d0c910d06d92fcc6d930981257b88277435ec42", kill_on_drop: false }`
[INFO] [stderr]    Compiling log v0.4.17
[INFO] [stderr]    Compiling num-traits v0.2.15
[INFO] [stderr]    Compiling bytemuck v1.13.1
[INFO] [stderr]    Compiling num-integer v0.1.45
[INFO] [stderr]    Compiling num-rational v0.4.1
[INFO] [stderr]    Compiling color_quant v1.1.0
[INFO] [stderr]    Compiling tiny-skia-path v0.8.3
[INFO] [stderr]    Compiling calloop v0.10.5
[INFO] [stderr]    Compiling mio v0.8.6
[INFO] [stderr]    Compiling simple_logger v2.3.0
[INFO] [stderr]    Compiling tiny-skia v0.8.3
[INFO] [stderr]    Compiling smithay-client-toolkit v0.16.0
[INFO] [stderr]    Compiling sctk-adwaita v0.5.4
[INFO] [stderr]    Compiling luminvent_winit v0.27.6-alpha (/opt/rustwide/workdir)
[INFO] [stderr]    Compiling image v0.24.6
[INFO] [stdout] error[E0433]: failed to resolve: use of undeclared crate or module `winit`
[INFO] [stdout]  --> examples/handling_close.rs:4:5
[INFO] [stdout]   |
[INFO] [stdout] 4 | use winit::{
[INFO] [stdout]   |     ^^^^^ use of undeclared crate or module `winit`
[INFO] [stdout] 
[INFO] [stdout] 
[INFO] [stdout] error[E0433]: failed to resolve: use of undeclared crate or module `winit`
[INFO] [stdout]   --> examples/handling_close.rs:22:13
[INFO] [stdout]    |
[INFO] [stdout] 22 |         use winit::event::{
[INFO] [stdout]    |             ^^^^^ use of undeclared crate or module `winit`
[INFO] [stdout] 
[INFO] [stdout] 
[INFO] [stdout] error: aborting due to 2 previous errors
[INFO] [stdout] 
[INFO] [stdout] 
[INFO] [stdout] For more information about this error, try `rustc --explain E0433`.
[INFO] [stdout] 
[INFO] [stderr] error: could not compile `luminvent_winit` due to 3 previous errors
[INFO] [stderr] warning: build failed, waiting for other jobs to finish...
[INFO] [stdout] error[E0433]: failed to resolve: use of undeclared crate or module `winit`
[INFO] [stdout]  --> examples/mouse_wheel.rs:4:5
[INFO] [stdout]   |
[INFO] [stdout] 4 | use winit::{
[INFO] [stdout]   |     ^^^^^ use of undeclared crate or module `winit`
[INFO] [stdout] 
[INFO] [stdout] 
[INFO] [stdout] error[E0433]: failed to resolve: use of undeclared crate or module `winit`
[INFO] [stdout]   --> examples/mouse_wheel.rs:41:21
[INFO] [stdout]    |
[INFO] [stdout] 41 |                     winit::event::MouseScrollDelta::LineDelta(x, y) => {
[INFO] [stdout]    |                     ^^^^^ use of undeclared crate or module `winit`
[INFO] [stdout] 
[INFO] [stdout] 
[INFO] [stdout] error[E0433]: failed to resolve: use of undeclared crate or module `winit`
[INFO] [stdout]   --> examples/mouse_wheel.rs:49:21
[INFO] [stdout]    |
[INFO] [stdout] 49 |                     winit::event::MouseScrollDelta::PixelDelta(p) => {
[INFO] [stdout]    |                     ^^^^^ use of undeclared crate or module `winit`
[INFO] [stdout] 
[INFO] [stdout] 
[INFO] [stdout] error: aborting due to 3 previous errors
[INFO] [stdout] 
[INFO] [stdout] 
[INFO] [stdout] For more information about this error, try `rustc --explain E0433`.
[INFO] [stdout] 
[INFO] [stdout] error[E0433]: failed to resolve: use of undeclared crate or module `winit`
[INFO] [stdout]  --> examples/window_icon.rs:6:5
[INFO] [stdout]   |
[INFO] [stdout] 6 | use winit::{
[INFO] [stdout]   |     ^^^^^ use of undeclared crate or module `winit`
[INFO] [stdout] 
[INFO] [stdout] 
[INFO] [stdout] error[E0433]: failed to resolve: use of undeclared crate or module `winit`
[INFO] [stdout]   --> examples/window_icon.rs:37:17
[INFO] [stdout]    |
[INFO] [stdout] 37 |             use winit::event::WindowEvent::*;
[INFO] [stdout]    |                 ^^^^^ use of undeclared crate or module `winit`
[INFO] [stdout] 
[INFO] [stdout] 
[INFO] [stderr] error: could not compile `luminvent_winit` due to 4 previous errors
[INFO] [stdout] error[E0433]: failed to resolve: use of undeclared crate or module `winit`
[INFO] [stdout]  --> examples/timer.rs:7:5
[INFO] [stdout]   |
[INFO] [stdout] 7 | use winit::{
[INFO] [stdout]   |     ^^^^^ use of undeclared crate or module `winit`
[INFO] [stdout] 
[INFO] [stdout] 
[INFO] [stdout] error[E0433]: failed to resolve: use of undeclared crate or module `winit`
[INFO] [stdout]  --> examples/window_debug.rs:6:5
[INFO] [stdout]   |
[INFO] [stdout] 6 | use winit::{
[INFO] [stdout]   |     ^^^^^ use of undeclared crate or module `winit`
[INFO] [stdout] 
[INFO] [stdout] 
[INFO] [stdout] error[E0433]: failed to resolve: use of undeclared crate or module `winit`
[INFO] [stdout]  --> examples/video_modes.rs:4:5
[INFO] [stdout]   |
[INFO] [stdout] 4 | use winit::event_loop::EventLoop;
[INFO] [stdout]   |     ^^^^^ use of undeclared crate or module `winit`
[INFO] [stdout] 
[INFO] [stdout] 
[INFO] [stdout] error: aborting due to previous error
[INFO] [stdout] 
[INFO] [stdout] 
[INFO] [stdout] For more information about this error, try `rustc --explain E0433`.
[INFO] [stdout] 
[INFO] [stdout] error[E0433]: failed to resolve: use of undeclared crate or module `winit`
[INFO] [stdout]  --> examples/web.rs:3:5
[INFO] [stdout]   |
[INFO] [stdout] 3 | use winit::{
[INFO] [stdout]   |     ^^^^^ use of undeclared crate or module `winit`
[INFO] [stdout] 
[INFO] [stdout] 
[INFO] [stderr] error: could not compile `luminvent_winit` due to 2 previous errors
[INFO] [stdout] error[E0433]: failed to resolve: use of undeclared crate or module `winit`
[INFO] [stdout]  --> examples/window.rs:4:5
[INFO] [stdout]   |
[INFO] [stdout] 4 | use winit::{
[INFO] [stdout]   |     ^^^^^ use of undeclared crate or module `winit`
[INFO] [stdout] 
[INFO] [stdout] 
[INFO] [stdout] error: aborting due to previous error
[INFO] [stdout] 
[INFO] [stdout] 
[INFO] [stdout] For more information about this error, try `rustc --explain E0433`.
[INFO] [stdout] 
[INFO] [stdout] error: aborting due to previous error
[INFO] [stdout] 
[INFO] [stdout] 
[INFO] [stdout] For more information about this error, try `rustc --explain E0433`.
[INFO] [stdout] 
[INFO] [stderr] error: could not compile `luminvent_winit` due to 2 previous errors
[INFO] [stderr] error: could not compile `luminvent_winit` due to 2 previous errors
[INFO] [stdout] error: aborting due to previous error
[INFO] [stdout] 
[INFO] [stdout] 
[INFO] [stdout] For more information about this error, try `rustc --explain E0433`.
[INFO] [stdout] 
[INFO] [stdout] error[E0433]: failed to resolve: use of undeclared crate or module `winit`
[INFO] [stdout]  --> examples/cursor_grab.rs:4:5
[INFO] [stdout]   |
[INFO] [stdout] 4 | use winit::{
[INFO] [stdout]   |     ^^^^^ use of undeclared crate or module `winit`
[INFO] [stdout] 
[INFO] [stdout] 
[INFO] [stdout] error[E0433]: failed to resolve: use of undeclared crate or module `winit`
[INFO] [stdout]   --> examples/cursor_grab.rs:36:25
[INFO] [stdout]    |
[INFO] [stdout] 36 |                     use winit::event::VirtualKeyCode::*;
[INFO] [stdout]    |                         ^^^^^ use of undeclared crate or module `winit`
[INFO] [stdout] 
[INFO] [stdout] 
[INFO] [stderr] error: could not compile `luminvent_winit` due to 2 previous errors
[INFO] [stdout] error[E0531]: cannot find tuple struct or tuple variant `DroppedFile` in this scope
[INFO] [stdout]   --> examples/window_icon.rs:40:17
[INFO] [stdout]    |
[INFO] [stdout] 40 |                 DroppedFile(path) => {
[INFO] [stdout]    |                 ^^^^^^^^^^^ not found in this scope
[INFO] [stdout]    |
[INFO] [stdout] help: consider importing this tuple variant
[INFO] [stdout]    |
[INFO] [stdout] 3  | use luminvent_winit::event::WindowEvent::DroppedFile;
[INFO] [stdout]    |
[INFO] [stdout] 
[INFO] [stdout] 
[INFO] [stdout] error: aborting due to 3 previous errors
[INFO] [stdout] 
[INFO] [stdout] 
[INFO] [stdout] Some errors have detailed explanations: E0433, E0531.
[INFO] [stdout] 
[INFO] [stdout] For more information about an error, try `rustc --explain E0433`.
[INFO] [stdout] 
[INFO] [stdout] error: aborting due to 2 previous errors
[INFO] [stdout] 
[INFO] [stdout] 
[INFO] [stdout] For more information about this error, try `rustc --explain E0433`.
[INFO] [stdout] 
[INFO] [stderr] error: could not compile `luminvent_winit` due to 4 previous errors
[INFO] [stderr] error: could not compile `luminvent_winit` due to 3 previous errors
[INFO] [stdout] error[E0433]: failed to resolve: use of undeclared crate or module `winit`
[INFO] [stdout]  --> examples/drag_window.rs:4:5
[INFO] [stdout]   |
[INFO] [stdout] 4 | use winit::{
[INFO] [stdout]   |     ^^^^^ use of undeclared crate or module `winit`
[INFO] [stdout] 
[INFO] [stdout] 
[INFO] [stdout] error[E0433]: failed to resolve: use of undeclared crate or module `winit`
[INFO] [stdout]  --> examples/touchpad_gestures.rs:2:5
[INFO] [stdout]   |
[INFO] [stdout] 2 | use winit::{
[INFO] [stdout]   |     ^^^^^ use of undeclared crate or module `winit`
[INFO] [stdout] 
[INFO] [stdout] 
[INFO] [stdout] error: aborting due to previous error
[INFO] [stdout] 
[INFO] [stdout] 
[INFO] [stdout] error[E0433]: failed to resolve: use of undeclared crate or module `winit`
[INFO] [stdout]  --> examples/window_resize_increments.rs:3:5
[INFO] [stdout]   |
[INFO] [stdout] 3 | use winit::{
[INFO] [stdout]   |     ^^^^^ use of undeclared crate or module `winit`
[INFO] [stdout] 
[INFO] [stdout] 
[INFO] [stdout] For more information about this error, try `rustc --explain E0433`.
[INFO] [stdout] 
[INFO] [stderr] error: could not compile `luminvent_winit` due to 2 previous errors
[INFO] [stdout] error[E0433]: failed to resolve: use of undeclared crate or module `winit`
[INFO] [stdout]  --> examples/child_window.rs:5:5
[INFO] [stdout]   |
[INFO] [stdout] 5 | use winit::{
[INFO] [stdout]   |     ^^^^^ use of undeclared crate or module `winit`
[INFO] [stdout] 
[INFO] [stdout] 
[INFO] [stdout] error: aborting due to previous error
[INFO] [stdout] 
[INFO] [stdout] 
[INFO] [stderr] error: could not compile `luminvent_winit` due to 2 previous errors
[INFO] [stdout] For more information about this error, try `rustc --explain E0433`.
[INFO] [stdout] 
[INFO] [stderr] error: could not compile `luminvent_winit` due to 2 previous errors
[INFO] [stdout] error: aborting due to previous error
[INFO] [stdout] 
[INFO] [stdout] 
[INFO] [stdout] For more information about this error, try `rustc --explain E0433`.
[INFO] [stdout] 
[INFO] [stdout] error: aborting due to previous error
[INFO] [stdout] 
[INFO] [stdout] 
[INFO] [stderr] error: could not compile `luminvent_winit` due to 2 previous errors
[INFO] [stdout] For more information about this error, try `rustc --explain E0433`.
[INFO] [stdout] 
[INFO] [stdout] error[E0433]: failed to resolve: use of undeclared crate or module `winit`
[INFO] [stdout]   --> examples/window.rs:16:26
[INFO] [stdout]    |
[INFO] [stdout] 16 |         .with_inner_size(winit::dpi::LogicalSize::new(128.0, 128.0))
[INFO] [stdout]    |                          ^^^^^ use of undeclared crate or module `winit`
[INFO] [stdout]    |
[INFO] [stdout] help: consider importing this struct
[INFO] [stdout]    |
[INFO] [stdout] 3  | use luminvent_winit::dpi::LogicalSize;
[INFO] [stdout]    |
[INFO] [stdout] help: if you import `LogicalSize`, refer to it directly
[INFO] [stdout]    |
[INFO] [stdout] 16 -         .with_inner_size(winit::dpi::LogicalSize::new(128.0, 128.0))
[INFO] [stdout] 16 +         .with_inner_size(LogicalSize::new(128.0, 128.0))
[INFO] [stdout]    |
[INFO] [stdout] 
[INFO] [stdout] 
[INFO] [stdout] error[E0433]: failed to resolve: use of undeclared crate or module `winit`
[INFO] [stdout]  --> examples/monitor_list.rs:4:5
[INFO] [stdout]   |
[INFO] [stdout] 4 | use winit::{event_loop::EventLoop, window::WindowBuilder};
[INFO] [stdout]   |     ^^^^^ use of undeclared crate or module `winit`
[INFO] [stdout] 
[INFO] [stdout] 
[INFO] [stdout] error: aborting due to previous error
[INFO] [stdout] 
[INFO] [stdout] 
[INFO] [stdout] For more information about this error, try `rustc --explain E0433`.
[INFO] [stdout] 
[INFO] [stdout] error: aborting due to 2 previous errors
[INFO] [stdout] 
[INFO] [stdout] 
[INFO] [stdout] For more information about this error, try `rustc --explain E0433`.
[INFO] [stdout] 
[INFO] [stderr] error: could not compile `luminvent_winit` due to 3 previous errors
[INFO] [stderr] error: could not compile `luminvent_winit` due to 2 previous errors
[INFO] running `Command { std: "docker" "inspect" "b1a9785b9a63ec6700396e7f7d0c910d06d92fcc6d930981257b88277435ec42", kill_on_drop: false }`
[INFO] running `Command { std: "docker" "rm" "-f" "b1a9785b9a63ec6700396e7f7d0c910d06d92fcc6d930981257b88277435ec42", kill_on_drop: false }`
[INFO] [stdout] b1a9785b9a63ec6700396e7f7d0c910d06d92fcc6d930981257b88277435ec42
