[INFO] fetching crate lucifer 0.1.0...
[INFO] testing lucifer-0.1.0 against 1.69.0 for beta-1.70-1
[INFO] extracting crate lucifer 0.1.0 into /workspace/builds/worker-2-tc1/source
[INFO] validating manifest of crates.io crate lucifer 0.1.0 on toolchain 1.69.0
[INFO] running `Command { std: CARGO_HOME="/workspace/cargo-home" RUSTUP_HOME="/workspace/rustup-home" "/workspace/cargo-home/bin/cargo" "+1.69.0" "metadata" "--manifest-path" "Cargo.toml" "--no-deps", kill_on_drop: false }`
[INFO] started tweaking crates.io crate lucifer 0.1.0
[INFO] finished tweaking crates.io crate lucifer 0.1.0
[INFO] tweaked toml for crates.io crate lucifer 0.1.0 written to /workspace/builds/worker-2-tc1/source/Cargo.toml
[INFO] running `Command { std: CARGO_HOME="/workspace/cargo-home" RUSTUP_HOME="/workspace/rustup-home" __CARGO_TEST_CHANNEL_OVERRIDE_DO_NOT_USE_THIS="nightly" "/workspace/cargo-home/bin/cargo" "+1.69.0" "generate-lockfile" "--manifest-path" "Cargo.toml" "-Zno-index-update", kill_on_drop: false }`
[INFO] running `Command { std: CARGO_HOME="/workspace/cargo-home" RUSTUP_HOME="/workspace/rustup-home" "/workspace/cargo-home/bin/cargo" "+1.69.0" "fetch" "--manifest-path" "Cargo.toml", kill_on_drop: false }`
[INFO] running `Command { std: "docker" "create" "-v" "/var/lib/crater-agent-workspace/builds/worker-2-tc1/target:/opt/rustwide/target:rw,Z" "-v" "/var/lib/crater-agent-workspace/builds/worker-2-tc1/source:/opt/rustwide/workdir:ro,Z" "-v" "/var/lib/crater-agent-workspace/cargo-home:/opt/rustwide/cargo-home:ro,Z" "-v" "/var/lib/crater-agent-workspace/rustup-home:/opt/rustwide/rustup-home:ro,Z" "-e" "SOURCE_DIR=/opt/rustwide/workdir" "-e" "CARGO_TARGET_DIR=/opt/rustwide/target" "-e" "CARGO_HOME=/opt/rustwide/cargo-home" "-e" "RUSTUP_HOME=/opt/rustwide/rustup-home" "-w" "/opt/rustwide/workdir" "-m" "1610612736" "--user" "0:0" "--network" "none" "ghcr.io/rust-lang/crates-build-env/linux@sha256:5ff2268d62e97bff2cde7d5815dd6ed5b47097566f13b8d0ca110b04b60e07ed" "/opt/rustwide/cargo-home/bin/cargo" "+1.69.0" "metadata" "--no-deps" "--format-version=1", kill_on_drop: false }`
[INFO] [stdout] 696bba42ca61878ded3fa7a57c1c915e96ee5a5bef4be792ba34ef6b7fea2143
[INFO] running `Command { std: "docker" "start" "-a" "696bba42ca61878ded3fa7a57c1c915e96ee5a5bef4be792ba34ef6b7fea2143", kill_on_drop: false }`
[INFO] running `Command { std: "docker" "inspect" "696bba42ca61878ded3fa7a57c1c915e96ee5a5bef4be792ba34ef6b7fea2143", kill_on_drop: false }`
[INFO] running `Command { std: "docker" "rm" "-f" "696bba42ca61878ded3fa7a57c1c915e96ee5a5bef4be792ba34ef6b7fea2143", kill_on_drop: false }`
[INFO] [stdout] 696bba42ca61878ded3fa7a57c1c915e96ee5a5bef4be792ba34ef6b7fea2143
[INFO] running `Command { std: "docker" "create" "-v" "/var/lib/crater-agent-workspace/builds/worker-2-tc1/target:/opt/rustwide/target:rw,Z" "-v" "/var/lib/crater-agent-workspace/builds/worker-2-tc1/source:/opt/rustwide/workdir:ro,Z" "-v" "/var/lib/crater-agent-workspace/cargo-home:/opt/rustwide/cargo-home:ro,Z" "-v" "/var/lib/crater-agent-workspace/rustup-home:/opt/rustwide/rustup-home:ro,Z" "-e" "SOURCE_DIR=/opt/rustwide/workdir" "-e" "CARGO_TARGET_DIR=/opt/rustwide/target" "-e" "CARGO_INCREMENTAL=0" "-e" "RUST_BACKTRACE=full" "-e" "RUSTFLAGS=--cap-lints=warn" "-e" "RUSTDOCFLAGS=--cap-lints=warn" "-e" "CARGO_HOME=/opt/rustwide/cargo-home" "-e" "RUSTUP_HOME=/opt/rustwide/rustup-home" "-w" "/opt/rustwide/workdir" "-m" "1610612736" "--user" "0:0" "--network" "none" "ghcr.io/rust-lang/crates-build-env/linux@sha256:5ff2268d62e97bff2cde7d5815dd6ed5b47097566f13b8d0ca110b04b60e07ed" "/opt/rustwide/cargo-home/bin/cargo" "+1.69.0" "build" "--frozen" "--message-format=json", kill_on_drop: false }`
[INFO] [stdout] 5648fe57368653c448d8ca400e53cb393986cb6eb9b20513c3725cf162dcf459
[INFO] running `Command { std: "docker" "start" "-a" "5648fe57368653c448d8ca400e53cb393986cb6eb9b20513c3725cf162dcf459", kill_on_drop: false }`
[INFO] [stderr]    Compiling lucifer v0.1.0 (/opt/rustwide/workdir)
[INFO] [stdout] warning: unnecessary trailing semicolon
[INFO] [stdout]   --> src/http/request.rs:66:39
[INFO] [stdout]    |
[INFO] [stdout] 66 |                 return &buffer[..i+1];;
[INFO] [stdout]    |                                       ^ help: remove this semicolon
[INFO] [stdout]    |
[INFO] [stdout]    = note: `#[warn(redundant_semicolons)]` on by default
[INFO] [stdout] 
[INFO] [stdout] 
[INFO] [stdout] warning: trait objects without an explicit `dyn` are deprecated
[INFO] [stdout]  --> src/middleware.rs:9:25
[INFO] [stdout]   |
[INFO] [stdout] 9 |     middleware: Vec<Box<Middleware+Sync+Send>>
[INFO] [stdout]   |                         ^^^^^^^^^^^^^^^^^^^^
[INFO] [stdout]   |
[INFO] [stdout]   = warning: this is accepted in the current edition (Rust 2015) but is a hard error in Rust 2021!
[INFO] [stdout]   = note: for more information, see <https://doc.rust-lang.org/nightly/edition-guide/rust-2021/warnings-promoted-to-error.html>
[INFO] [stdout]   = note: `#[warn(bare_trait_objects)]` on by default
[INFO] [stdout] help: use `dyn`
[INFO] [stdout]   |
[INFO] [stdout] 9 |     middleware: Vec<Box<dyn Middleware+Sync+Send>>
[INFO] [stdout]   |                         +++
[INFO] [stdout] 
[INFO] [stdout] 
[INFO] [stdout] warning: trait objects without an explicit `dyn` are deprecated
[INFO] [stdout]   --> src/middleware.rs:32:17
[INFO] [stdout]    |
[INFO] [stdout] 32 |     router: &'b Fn(Request, Args) -> Response
[INFO] [stdout]    |                 ^^^^^^^^^^^^^^^^^^^^^^^^^^^^^
[INFO] [stdout]    |
[INFO] [stdout]    = warning: this is accepted in the current edition (Rust 2015) but is a hard error in Rust 2021!
[INFO] [stdout]    = note: for more information, see <https://doc.rust-lang.org/nightly/edition-guide/rust-2021/warnings-promoted-to-error.html>
[INFO] [stdout] help: use `dyn`
[INFO] [stdout]    |
[INFO] [stdout] 32 |     router: &'b dyn Fn(Request, Args) -> Response
[INFO] [stdout]    |                 +++
[INFO] [stdout] 
[INFO] [stdout] 
[INFO] [stdout] warning: trait objects without an explicit `dyn` are deprecated
[INFO] [stdout]   --> src/middleware.rs:20:35
[INFO] [stdout]    |
[INFO] [stdout] 20 |     pub fn add(&mut self, mw: Box<Middleware+Sync+Send>) {
[INFO] [stdout]    |                                   ^^^^^^^^^^^^^^^^^^^^
[INFO] [stdout]    |
[INFO] [stdout]    = warning: this is accepted in the current edition (Rust 2015) but is a hard error in Rust 2021!
[INFO] [stdout]    = note: for more information, see <https://doc.rust-lang.org/nightly/edition-guide/rust-2021/warnings-promoted-to-error.html>
[INFO] [stdout] help: use `dyn`
[INFO] [stdout]    |
[INFO] [stdout] 20 |     pub fn add(&mut self, mw: Box<dyn Middleware+Sync+Send>) {
[INFO] [stdout]    |                                   +++
[INFO] [stdout] 
[INFO] [stdout] 
[INFO] [stdout] warning: trait objects without an explicit `dyn` are deprecated
[INFO] [stdout]   --> src/middleware.rs:24:45
[INFO] [stdout]    |
[INFO] [stdout] 24 |     pub fn get_handle(&'a self, router: &'b Fn(Request, Args) -> Response)-> MiddlewareHandle<'a, 'b> {
[INFO] [stdout]    |                                             ^^^^^^^^^^^^^^^^^^^^^^^^^^^^^
[INFO] [stdout]    |
[INFO] [stdout]    = warning: this is accepted in the current edition (Rust 2015) but is a hard error in Rust 2021!
[INFO] [stdout]    = note: for more information, see <https://doc.rust-lang.org/nightly/edition-guide/rust-2021/warnings-promoted-to-error.html>
[INFO] [stdout] help: use `dyn`
[INFO] [stdout]    |
[INFO] [stdout] 24 |     pub fn get_handle(&'a self, router: &'b dyn Fn(Request, Args) -> Response)-> MiddlewareHandle<'a, 'b> {
[INFO] [stdout]    |                                             +++
[INFO] [stdout] 
[INFO] [stdout] 
[INFO] [stdout] warning: trait objects without an explicit `dyn` are deprecated
[INFO] [stdout]   --> src/middleware.rs:36:56
[INFO] [stdout]    |
[INFO] [stdout] 36 |     pub fn new(store: &'a MiddlewareStore, router: &'b Fn(Request, Args) -> Response) -> MiddlewareHandle<'a, 'b> {
[INFO] [stdout]    |                                                        ^^^^^^^^^^^^^^^^^^^^^^^^^^^^^
[INFO] [stdout]    |
[INFO] [stdout]    = warning: this is accepted in the current edition (Rust 2015) but is a hard error in Rust 2021!
[INFO] [stdout]    = note: for more information, see <https://doc.rust-lang.org/nightly/edition-guide/rust-2021/warnings-promoted-to-error.html>
[INFO] [stdout] help: use `dyn`
[INFO] [stdout]    |
[INFO] [stdout] 36 |     pub fn new(store: &'a MiddlewareStore, router: &'b dyn Fn(Request, Args) -> Response) -> MiddlewareHandle<'a, 'b> {
[INFO] [stdout]    |                                                        +++
[INFO] [stdout] 
[INFO] [stdout] 
[INFO] [stdout] warning: 6 warnings emitted
[INFO] [stdout] 
[INFO] [stdout] 
[INFO] [stderr]     Finished dev [unoptimized + debuginfo] target(s) in 0.74s
[INFO] running `Command { std: "docker" "inspect" "5648fe57368653c448d8ca400e53cb393986cb6eb9b20513c3725cf162dcf459", kill_on_drop: false }`
[INFO] running `Command { std: "docker" "rm" "-f" "5648fe57368653c448d8ca400e53cb393986cb6eb9b20513c3725cf162dcf459", kill_on_drop: false }`
[INFO] [stdout] 5648fe57368653c448d8ca400e53cb393986cb6eb9b20513c3725cf162dcf459
[INFO] running `Command { std: "docker" "create" "-v" "/var/lib/crater-agent-workspace/builds/worker-2-tc1/target:/opt/rustwide/target:rw,Z" "-v" "/var/lib/crater-agent-workspace/builds/worker-2-tc1/source:/opt/rustwide/workdir:ro,Z" "-v" "/var/lib/crater-agent-workspace/cargo-home:/opt/rustwide/cargo-home:ro,Z" "-v" "/var/lib/crater-agent-workspace/rustup-home:/opt/rustwide/rustup-home:ro,Z" "-e" "SOURCE_DIR=/opt/rustwide/workdir" "-e" "CARGO_TARGET_DIR=/opt/rustwide/target" "-e" "CARGO_INCREMENTAL=0" "-e" "RUST_BACKTRACE=full" "-e" "RUSTFLAGS=--cap-lints=warn" "-e" "RUSTDOCFLAGS=--cap-lints=warn" "-e" "CARGO_HOME=/opt/rustwide/cargo-home" "-e" "RUSTUP_HOME=/opt/rustwide/rustup-home" "-w" "/opt/rustwide/workdir" "-m" "1610612736" "--user" "0:0" "--network" "none" "ghcr.io/rust-lang/crates-build-env/linux@sha256:5ff2268d62e97bff2cde7d5815dd6ed5b47097566f13b8d0ca110b04b60e07ed" "/opt/rustwide/cargo-home/bin/cargo" "+1.69.0" "test" "--frozen" "--no-run" "--message-format=json", kill_on_drop: false }`
[INFO] [stdout] f1f91f24d022fd653cf3b8d9441876544b37f64984f9433d6271bedd2b7306c1
[INFO] running `Command { std: "docker" "start" "-a" "f1f91f24d022fd653cf3b8d9441876544b37f64984f9433d6271bedd2b7306c1", kill_on_drop: false }`
[INFO] [stderr]     Blocking waiting for file lock on package cache
[INFO] [stderr]    Compiling lucifer v0.1.0 (/opt/rustwide/workdir)
[INFO] [stdout] warning: unnecessary trailing semicolon
[INFO] [stdout]   --> src/http/request.rs:66:39
[INFO] [stdout]    |
[INFO] [stdout] 66 |                 return &buffer[..i+1];;
[INFO] [stdout]    |                                       ^ help: remove this semicolon
[INFO] [stdout]    |
[INFO] [stdout]    = note: `#[warn(redundant_semicolons)]` on by default
[INFO] [stdout] 
[INFO] [stdout] 
[INFO] [stdout] warning: trait objects without an explicit `dyn` are deprecated
[INFO] [stdout]  --> src/middleware.rs:9:25
[INFO] [stdout]   |
[INFO] [stdout] 9 |     middleware: Vec<Box<Middleware+Sync+Send>>
[INFO] [stdout]   |                         ^^^^^^^^^^^^^^^^^^^^
[INFO] [stdout]   |
[INFO] [stdout]   = warning: this is accepted in the current edition (Rust 2015) but is a hard error in Rust 2021!
[INFO] [stdout]   = note: for more information, see <https://doc.rust-lang.org/nightly/edition-guide/rust-2021/warnings-promoted-to-error.html>
[INFO] [stdout]   = note: `#[warn(bare_trait_objects)]` on by default
[INFO] [stdout] help: use `dyn`
[INFO] [stdout]   |
[INFO] [stdout] 9 |     middleware: Vec<Box<dyn Middleware+Sync+Send>>
[INFO] [stdout]   |                         +++
[INFO] [stdout] 
[INFO] [stdout] 
[INFO] [stdout] warning: trait objects without an explicit `dyn` are deprecated
[INFO] [stdout]   --> src/middleware.rs:32:17
[INFO] [stdout]    |
[INFO] [stdout] 32 |     router: &'b Fn(Request, Args) -> Response
[INFO] [stdout]    |                 ^^^^^^^^^^^^^^^^^^^^^^^^^^^^^
[INFO] [stdout]    |
[INFO] [stdout]    = warning: this is accepted in the current edition (Rust 2015) but is a hard error in Rust 2021!
[INFO] [stdout]    = note: for more information, see <https://doc.rust-lang.org/nightly/edition-guide/rust-2021/warnings-promoted-to-error.html>
[INFO] [stdout] help: use `dyn`
[INFO] [stdout]    |
[INFO] [stdout] 32 |     router: &'b dyn Fn(Request, Args) -> Response
[INFO] [stdout]    |                 +++
[INFO] [stdout] 
[INFO] [stdout] 
[INFO] [stdout] warning: trait objects without an explicit `dyn` are deprecated
[INFO] [stdout]   --> src/middleware.rs:20:35
[INFO] [stdout]    |
[INFO] [stdout] 20 |     pub fn add(&mut self, mw: Box<Middleware+Sync+Send>) {
[INFO] [stdout]    |                                   ^^^^^^^^^^^^^^^^^^^^
[INFO] [stdout]    |
[INFO] [stdout]    = warning: this is accepted in the current edition (Rust 2015) but is a hard error in Rust 2021!
[INFO] [stdout]    = note: for more information, see <https://doc.rust-lang.org/nightly/edition-guide/rust-2021/warnings-promoted-to-error.html>
[INFO] [stdout] help: use `dyn`
[INFO] [stdout]    |
[INFO] [stdout] 20 |     pub fn add(&mut self, mw: Box<dyn Middleware+Sync+Send>) {
[INFO] [stdout]    |                                   +++
[INFO] [stdout] 
[INFO] [stdout] 
[INFO] [stdout] warning: trait objects without an explicit `dyn` are deprecated
[INFO] [stdout]   --> src/middleware.rs:24:45
[INFO] [stdout]    |
[INFO] [stdout] 24 |     pub fn get_handle(&'a self, router: &'b Fn(Request, Args) -> Response)-> MiddlewareHandle<'a, 'b> {
[INFO] [stdout]    |                                             ^^^^^^^^^^^^^^^^^^^^^^^^^^^^^
[INFO] [stdout]    |
[INFO] [stdout]    = warning: this is accepted in the current edition (Rust 2015) but is a hard error in Rust 2021!
[INFO] [stdout]    = note: for more information, see <https://doc.rust-lang.org/nightly/edition-guide/rust-2021/warnings-promoted-to-error.html>
[INFO] [stdout] help: use `dyn`
[INFO] [stdout]    |
[INFO] [stdout] 24 |     pub fn get_handle(&'a self, router: &'b dyn Fn(Request, Args) -> Response)-> MiddlewareHandle<'a, 'b> {
[INFO] [stdout]    |                                             +++
[INFO] [stdout] 
[INFO] [stdout] 
[INFO] [stdout] warning: trait objects without an explicit `dyn` are deprecated
[INFO] [stdout]   --> src/middleware.rs:36:56
[INFO] [stdout]    |
[INFO] [stdout] 36 |     pub fn new(store: &'a MiddlewareStore, router: &'b Fn(Request, Args) -> Response) -> MiddlewareHandle<'a, 'b> {
[INFO] [stdout]    |                                                        ^^^^^^^^^^^^^^^^^^^^^^^^^^^^^
[INFO] [stdout]    |
[INFO] [stdout]    = warning: this is accepted in the current edition (Rust 2015) but is a hard error in Rust 2021!
[INFO] [stdout]    = note: for more information, see <https://doc.rust-lang.org/nightly/edition-guide/rust-2021/warnings-promoted-to-error.html>
[INFO] [stdout] help: use `dyn`
[INFO] [stdout]    |
[INFO] [stdout] 36 |     pub fn new(store: &'a MiddlewareStore, router: &'b dyn Fn(Request, Args) -> Response) -> MiddlewareHandle<'a, 'b> {
[INFO] [stdout]    |                                                        +++
[INFO] [stdout] 
[INFO] [stdout] 
[INFO] [stdout] warning: 6 warnings emitted
[INFO] [stdout] 
[INFO] [stdout] 
[INFO] [stdout] warning: unnecessary trailing semicolon
[INFO] [stdout]   --> src/http/request.rs:66:39
[INFO] [stdout]    |
[INFO] [stdout] 66 |                 return &buffer[..i+1];;
[INFO] [stdout]    |                                       ^ help: remove this semicolon
[INFO] [stdout]    |
[INFO] [stdout]    = note: `#[warn(redundant_semicolons)]` on by default
[INFO] [stdout] 
[INFO] [stdout] 
[INFO] [stdout] warning: trait objects without an explicit `dyn` are deprecated
[INFO] [stdout]  --> src/middleware.rs:9:25
[INFO] [stdout]   |
[INFO] [stdout] 9 |     middleware: Vec<Box<Middleware+Sync+Send>>
[INFO] [stdout]   |                         ^^^^^^^^^^^^^^^^^^^^
[INFO] [stdout]   |
[INFO] [stdout]   = warning: this is accepted in the current edition (Rust 2015) but is a hard error in Rust 2021!
[INFO] [stdout]   = note: for more information, see <https://doc.rust-lang.org/nightly/edition-guide/rust-2021/warnings-promoted-to-error.html>
[INFO] [stdout]   = note: `#[warn(bare_trait_objects)]` on by default
[INFO] [stdout] help: use `dyn`
[INFO] [stdout]   |
[INFO] [stdout] 9 |     middleware: Vec<Box<dyn Middleware+Sync+Send>>
[INFO] [stdout]   |                         +++
[INFO] [stdout] 
[INFO] [stdout] 
[INFO] [stdout] warning: trait objects without an explicit `dyn` are deprecated
[INFO] [stdout]   --> src/middleware.rs:32:17
[INFO] [stdout]    |
[INFO] [stdout] 32 |     router: &'b Fn(Request, Args) -> Response
[INFO] [stdout]    |                 ^^^^^^^^^^^^^^^^^^^^^^^^^^^^^
[INFO] [stdout]    |
[INFO] [stdout]    = warning: this is accepted in the current edition (Rust 2015) but is a hard error in Rust 2021!
[INFO] [stdout]    = note: for more information, see <https://doc.rust-lang.org/nightly/edition-guide/rust-2021/warnings-promoted-to-error.html>
[INFO] [stdout] help: use `dyn`
[INFO] [stdout]    |
[INFO] [stdout] 32 |     router: &'b dyn Fn(Request, Args) -> Response
[INFO] [stdout]    |                 +++
[INFO] [stdout] 
[INFO] [stdout] 
[INFO] [stdout] warning: trait objects without an explicit `dyn` are deprecated
[INFO] [stdout]   --> src/middleware.rs:20:35
[INFO] [stdout]    |
[INFO] [stdout] 20 |     pub fn add(&mut self, mw: Box<Middleware+Sync+Send>) {
[INFO] [stdout]    |                                   ^^^^^^^^^^^^^^^^^^^^
[INFO] [stdout]    |
[INFO] [stdout]    = warning: this is accepted in the current edition (Rust 2015) but is a hard error in Rust 2021!
[INFO] [stdout]    = note: for more information, see <https://doc.rust-lang.org/nightly/edition-guide/rust-2021/warnings-promoted-to-error.html>
[INFO] [stdout] help: use `dyn`
[INFO] [stdout]    |
[INFO] [stdout] 20 |     pub fn add(&mut self, mw: Box<dyn Middleware+Sync+Send>) {
[INFO] [stdout]    |                                   +++
[INFO] [stdout] 
[INFO] [stdout] 
[INFO] [stdout] warning: trait objects without an explicit `dyn` are deprecated
[INFO] [stdout]   --> src/middleware.rs:24:45
[INFO] [stdout]    |
[INFO] [stdout] 24 |     pub fn get_handle(&'a self, router: &'b Fn(Request, Args) -> Response)-> MiddlewareHandle<'a, 'b> {
[INFO] [stdout]    |                                             ^^^^^^^^^^^^^^^^^^^^^^^^^^^^^
[INFO] [stdout]    |
[INFO] [stdout]    = warning: this is accepted in the current edition (Rust 2015) but is a hard error in Rust 2021!
[INFO] [stdout]    = note: for more information, see <https://doc.rust-lang.org/nightly/edition-guide/rust-2021/warnings-promoted-to-error.html>
[INFO] [stdout] help: use `dyn`
[INFO] [stdout]    |
[INFO] [stdout] 24 |     pub fn get_handle(&'a self, router: &'b dyn Fn(Request, Args) -> Response)-> MiddlewareHandle<'a, 'b> {
[INFO] [stdout]    |                                             +++
[INFO] [stdout] 
[INFO] [stdout] 
[INFO] [stdout] warning: trait objects without an explicit `dyn` are deprecated
[INFO] [stdout]   --> src/middleware.rs:36:56
[INFO] [stdout]    |
[INFO] [stdout] 36 |     pub fn new(store: &'a MiddlewareStore, router: &'b Fn(Request, Args) -> Response) -> MiddlewareHandle<'a, 'b> {
[INFO] [stdout]    |                                                        ^^^^^^^^^^^^^^^^^^^^^^^^^^^^^
[INFO] [stdout]    |
[INFO] [stdout]    = warning: this is accepted in the current edition (Rust 2015) but is a hard error in Rust 2021!
[INFO] [stdout]    = note: for more information, see <https://doc.rust-lang.org/nightly/edition-guide/rust-2021/warnings-promoted-to-error.html>
[INFO] [stdout] help: use `dyn`
[INFO] [stdout]    |
[INFO] [stdout] 36 |     pub fn new(store: &'a MiddlewareStore, router: &'b dyn Fn(Request, Args) -> Response) -> MiddlewareHandle<'a, 'b> {
[INFO] [stdout]    |                                                        +++
[INFO] [stdout] 
[INFO] [stdout] 
[INFO] [stdout] error[E0308]: mismatched types
[INFO] [stdout]    --> src/router/paths.rs:253:13
[INFO] [stdout]     |
[INFO] [stdout] 252 |         match test {
[INFO] [stdout]     |               ---- this expression has type `(Option<fn(http::Request, std::collections::HashMap<String, String>) -> http::Response>, std::collections::HashMap<String, String>)`
[INFO] [stdout] 253 |             Some((func, _args)) => {if func != test1 {panic!("wrong return value")}},
[INFO] [stdout]     |             ^^^^^^^^^^^^^^^^^^^ expected `(Option<fn(..., ...) -> ...>, ...)`, found `Option<_>`
[INFO] [stdout]     |
[INFO] [stdout]     = note: expected tuple `(Option<fn(http::Request, std::collections::HashMap<String, String>) -> http::Response>, std::collections::HashMap<String, String>)`
[INFO] [stdout]                 found enum `Option<_>`
[INFO] [stdout] 
[INFO] [stdout] 
[INFO] [stdout] error[E0308]: mismatched types
[INFO] [stdout]    --> src/router/paths.rs:254:13
[INFO] [stdout]     |
[INFO] [stdout] 252 |         match test {
[INFO] [stdout]     |               ---- this expression has type `(Option<fn(http::Request, std::collections::HashMap<String, String>) -> http::Response>, std::collections::HashMap<String, String>)`
[INFO] [stdout] 253 |             Some((func, _args)) => {if func != test1 {panic!("wrong return value")}},
[INFO] [stdout] 254 |             None => panic!("Router fn does not return Some.")
[INFO] [stdout]     |             ^^^^ expected `(Option<fn(..., ...) -> ...>, ...)`, found `Option<_>`
[INFO] [stdout]     |
[INFO] [stdout]     = note: expected tuple `(Option<fn(http::Request, std::collections::HashMap<String, String>) -> http::Response>, std::collections::HashMap<String, String>)`
[INFO] [stdout]                 found enum `Option<_>`
[INFO] [stdout] 
[INFO] [stdout] 
[INFO] [stdout] error[E0308]: mismatched types
[INFO] [stdout]    --> src/router/paths.rs:258:13
[INFO] [stdout]     |
[INFO] [stdout] 257 |         match test {
[INFO] [stdout]     |               ---- this expression has type `(Option<fn(http::Request, std::collections::HashMap<String, String>) -> http::Response>, std::collections::HashMap<String, String>)`
[INFO] [stdout] 258 |             Some((func, _args)) => {if func != test1 {panic!("wrong return value 2nd visit")}},
[INFO] [stdout]     |             ^^^^^^^^^^^^^^^^^^^ expected `(Option<fn(..., ...) -> ...>, ...)`, found `Option<_>`
[INFO] [stdout]     |
[INFO] [stdout]     = note: expected tuple `(Option<fn(http::Request, std::collections::HashMap<String, String>) -> http::Response>, std::collections::HashMap<String, String>)`
[INFO] [stdout]                 found enum `Option<_>`
[INFO] [stdout] 
[INFO] [stdout] 
[INFO] [stdout] error[E0308]: mismatched types
[INFO] [stdout]    --> src/router/paths.rs:259:13
[INFO] [stdout]     |
[INFO] [stdout] 257 |         match test {
[INFO] [stdout]     |               ---- this expression has type `(Option<fn(http::Request, std::collections::HashMap<String, String>) -> http::Response>, std::collections::HashMap<String, String>)`
[INFO] [stdout] 258 |             Some((func, _args)) => {if func != test1 {panic!("wrong return value 2nd visit")}},
[INFO] [stdout] 259 |             None => panic!("Router fn does not return Some at 2nd visit.")
[INFO] [stdout]     |             ^^^^ expected `(Option<fn(..., ...) -> ...>, ...)`, found `Option<_>`
[INFO] [stdout]     |
[INFO] [stdout]     = note: expected tuple `(Option<fn(http::Request, std::collections::HashMap<String, String>) -> http::Response>, std::collections::HashMap<String, String>)`
[INFO] [stdout]                 found enum `Option<_>`
[INFO] [stdout] 
[INFO] [stdout] 
[INFO] [stdout] error[E0308]: mismatched types
[INFO] [stdout]    --> src/router/paths.rs:263:13
[INFO] [stdout]     |
[INFO] [stdout] 262 |         match test {
[INFO] [stdout]     |               ---- this expression has type `(Option<fn(http::Request, std::collections::HashMap<String, String>) -> http::Response>, std::collections::HashMap<String, String>)`
[INFO] [stdout] 263 |             Some((func, _args)) => {if func != empty {panic!("wrong return value")}},
[INFO] [stdout]     |             ^^^^^^^^^^^^^^^^^^^ expected `(Option<fn(..., ...) -> ...>, ...)`, found `Option<_>`
[INFO] [stdout]     |
[INFO] [stdout]     = note: expected tuple `(Option<fn(http::Request, std::collections::HashMap<String, String>) -> http::Response>, std::collections::HashMap<String, String>)`
[INFO] [stdout]                 found enum `Option<_>`
[INFO] [stdout] 
[INFO] [stdout] 
[INFO] [stdout] error[E0308]: mismatched types
[INFO] [stdout]    --> src/router/paths.rs:264:13
[INFO] [stdout]     |
[INFO] [stdout] 262 |         match test {
[INFO] [stdout]     |               ---- this expression has type `(Option<fn(http::Request, std::collections::HashMap<String, String>) -> http::Response>, std::collections::HashMap<String, String>)`
[INFO] [stdout] 263 |             Some((func, _args)) => {if func != empty {panic!("wrong return value")}},
[INFO] [stdout] 264 |             None => panic!("Router fn does not return Some.")
[INFO] [stdout]     |             ^^^^ expected `(Option<fn(..., ...) -> ...>, ...)`, found `Option<_>`
[INFO] [stdout]     |
[INFO] [stdout]     = note: expected tuple `(Option<fn(http::Request, std::collections::HashMap<String, String>) -> http::Response>, std::collections::HashMap<String, String>)`
[INFO] [stdout]                 found enum `Option<_>`
[INFO] [stdout] 
[INFO] [stdout] 
[INFO] [stdout] error[E0308]: mismatched types
[INFO] [stdout]    --> src/router/paths.rs:269:13
[INFO] [stdout]     |
[INFO] [stdout] 268 |         match test {
[INFO] [stdout]     |               ---- this expression has type `(Option<fn(http::Request, std::collections::HashMap<String, String>) -> http::Response>, std::collections::HashMap<String, String>)`
[INFO] [stdout] 269 |             Some((func, args)) => {if func != empty {panic!("wrong return value")}},
[INFO] [stdout]     |             ^^^^^^^^^^^^^^^^^^ expected `(Option<fn(..., ...) -> ...>, ...)`, found `Option<_>`
[INFO] [stdout]     |
[INFO] [stdout]     = note: expected tuple `(Option<fn(http::Request, std::collections::HashMap<String, String>) -> http::Response>, std::collections::HashMap<String, String>)`
[INFO] [stdout]                 found enum `Option<_>`
[INFO] [stdout] 
[INFO] [stdout] 
[INFO] [stdout] error[E0308]: mismatched types
[INFO] [stdout]    --> src/router/paths.rs:270:13
[INFO] [stdout]     |
[INFO] [stdout] 268 |         match test {
[INFO] [stdout]     |               ---- this expression has type `(Option<fn(http::Request, std::collections::HashMap<String, String>) -> http::Response>, std::collections::HashMap<String, String>)`
[INFO] [stdout] 269 |             Some((func, args)) => {if func != empty {panic!("wrong return value")}},
[INFO] [stdout] 270 |             None => panic!("Router fn does not return Some at /.")
[INFO] [stdout]     |             ^^^^ expected `(Option<fn(..., ...) -> ...>, ...)`, found `Option<_>`
[INFO] [stdout]     |
[INFO] [stdout]     = note: expected tuple `(Option<fn(http::Request, std::collections::HashMap<String, String>) -> http::Response>, std::collections::HashMap<String, String>)`
[INFO] [stdout]                 found enum `Option<_>`
[INFO] [stdout] 
[INFO] [stdout] 
[INFO] [stdout] error[E0308]: mismatched types
[INFO] [stdout]    --> src/router/paths.rs:281:13
[INFO] [stdout]     |
[INFO] [stdout] 280 |         match test {
[INFO] [stdout]     |               ---- this expression has type `(Option<fn(http::Request, std::collections::HashMap<String, String>) -> http::Response>, std::collections::HashMap<String, String>)`
[INFO] [stdout] 281 |             Some((_func, args)) => {
[INFO] [stdout]     |             ^^^^^^^^^^^^^^^^^^^ expected `(Option<fn(..., ...) -> ...>, ...)`, found `Option<_>`
[INFO] [stdout]     |
[INFO] [stdout]     = note: expected tuple `(Option<fn(http::Request, std::collections::HashMap<String, String>) -> http::Response>, std::collections::HashMap<String, String>)`
[INFO] [stdout]                 found enum `Option<_>`
[INFO] [stdout] 
[INFO] [stdout] 
[INFO] [stdout] error[E0308]: mismatched types
[INFO] [stdout]    --> src/router/paths.rs:287:13
[INFO] [stdout]     |
[INFO] [stdout] 280 |         match test {
[INFO] [stdout]     |               ---- this expression has type `(Option<fn(http::Request, std::collections::HashMap<String, String>) -> http::Response>, std::collections::HashMap<String, String>)`
[INFO] [stdout] ...
[INFO] [stdout] 287 |             None => panic!("Router fn does not return Some with variables.")
[INFO] [stdout]     |             ^^^^ expected `(Option<fn(..., ...) -> ...>, ...)`, found `Option<_>`
[INFO] [stdout]     |
[INFO] [stdout]     = note: expected tuple `(Option<fn(http::Request, std::collections::HashMap<String, String>) -> http::Response>, std::collections::HashMap<String, String>)`
[INFO] [stdout]                 found enum `Option<_>`
[INFO] [stdout] 
[INFO] [stdout] 
[INFO] [stdout] error[E0308]: mismatched types
[INFO] [stdout]    --> src/router/paths.rs:298:13
[INFO] [stdout]     |
[INFO] [stdout] 297 |         match test {
[INFO] [stdout]     |               ---- this expression has type `(Option<fn(http::Request, std::collections::HashMap<String, String>) -> http::Response>, std::collections::HashMap<String, String>)`
[INFO] [stdout] 298 |             Some((_func, args)) => {
[INFO] [stdout]     |             ^^^^^^^^^^^^^^^^^^^ expected `(Option<fn(..., ...) -> ...>, ...)`, found `Option<_>`
[INFO] [stdout]     |
[INFO] [stdout]     = note: expected tuple `(Option<fn(http::Request, std::collections::HashMap<String, String>) -> http::Response>, std::collections::HashMap<String, String>)`
[INFO] [stdout]                 found enum `Option<_>`
[INFO] [stdout] 
[INFO] [stdout] 
[INFO] [stdout] error[E0308]: mismatched types
[INFO] [stdout]    --> src/router/paths.rs:304:13
[INFO] [stdout]     |
[INFO] [stdout] 297 |         match test {
[INFO] [stdout]     |               ---- this expression has type `(Option<fn(http::Request, std::collections::HashMap<String, String>) -> http::Response>, std::collections::HashMap<String, String>)`
[INFO] [stdout] ...
[INFO] [stdout] 304 |             None => panic!("Router fn does not return Some with wildcard route.")
[INFO] [stdout]     |             ^^^^ expected `(Option<fn(..., ...) -> ...>, ...)`, found `Option<_>`
[INFO] [stdout]     |
[INFO] [stdout]     = note: expected tuple `(Option<fn(http::Request, std::collections::HashMap<String, String>) -> http::Response>, std::collections::HashMap<String, String>)`
[INFO] [stdout]                 found enum `Option<_>`
[INFO] [stdout] 
[INFO] [stdout] 
[INFO] [stdout] error[E0308]: mismatched types
[INFO] [stdout]   --> src/router/route_handler.rs:72:13
[INFO] [stdout]    |
[INFO] [stdout] 71 |         match routes.get_route(Method::GET, "/some") {
[INFO] [stdout]    |               -------------------------------------- this expression has type `(Option<fn(http::Request, std::collections::HashMap<String, String>) -> http::Response>, std::collections::HashMap<String, String>)`
[INFO] [stdout] 72 |             Some(_) => {},
[INFO] [stdout]    |             ^^^^^^^ expected `(Option<fn(..., ...) -> ...>, ...)`, found `Option<_>`
[INFO] [stdout]    |
[INFO] [stdout]    = note: expected tuple `(Option<fn(http::Request, std::collections::HashMap<String, String>) -> http::Response>, std::collections::HashMap<String, String>)`
[INFO] [stdout]                found enum `Option<_>`
[INFO] [stdout] 
[INFO] [stdout] 
[INFO] [stdout] error[E0308]: mismatched types
[INFO] [stdout]   --> src/router/route_handler.rs:73:13
[INFO] [stdout]    |
[INFO] [stdout] 71 |         match routes.get_route(Method::GET, "/some") {
[INFO] [stdout]    |               -------------------------------------- this expression has type `(Option<fn(http::Request, std::collections::HashMap<String, String>) -> http::Response>, std::collections::HashMap<String, String>)`
[INFO] [stdout] 72 |             Some(_) => {},
[INFO] [stdout] 73 |             None => panic!("Server routing error")
[INFO] [stdout]    |             ^^^^ expected `(Option<fn(..., ...) -> ...>, ...)`, found `Option<_>`
[INFO] [stdout]    |
[INFO] [stdout]    = note: expected tuple `(Option<fn(http::Request, std::collections::HashMap<String, String>) -> http::Response>, std::collections::HashMap<String, String>)`
[INFO] [stdout]                found enum `Option<_>`
[INFO] [stdout] 
[INFO] [stdout] 
[INFO] [stdout] error: aborting due to 14 previous errors; 6 warnings emitted
[INFO] [stdout] 
[INFO] [stdout] 
[INFO] [stdout] For more information about this error, try `rustc --explain E0308`.
[INFO] [stdout] 
[INFO] [stderr] error: could not compile `lucifer` due to 15 previous errors; 6 warnings emitted
[INFO] running `Command { std: "docker" "inspect" "f1f91f24d022fd653cf3b8d9441876544b37f64984f9433d6271bedd2b7306c1", kill_on_drop: false }`
[INFO] running `Command { std: "docker" "rm" "-f" "f1f91f24d022fd653cf3b8d9441876544b37f64984f9433d6271bedd2b7306c1", kill_on_drop: false }`
[INFO] [stdout] f1f91f24d022fd653cf3b8d9441876544b37f64984f9433d6271bedd2b7306c1
