[INFO] fetching crate lru-cache-macros 0.3.1...
[INFO] testing lru-cache-macros-0.3.1 against beta-2023-04-20 for beta-1.70-1
[INFO] extracting crate lru-cache-macros 0.3.1 into /workspace/builds/worker-7-tc2/source
[INFO] validating manifest of crates.io crate lru-cache-macros 0.3.1 on toolchain beta-2023-04-20
[INFO] running `Command { std: CARGO_HOME="/workspace/cargo-home" RUSTUP_HOME="/workspace/rustup-home" "/workspace/cargo-home/bin/cargo" "+beta-2023-04-20" "metadata" "--manifest-path" "Cargo.toml" "--no-deps", kill_on_drop: false }`
[INFO] started tweaking crates.io crate lru-cache-macros 0.3.1
[INFO] finished tweaking crates.io crate lru-cache-macros 0.3.1
[INFO] tweaked toml for crates.io crate lru-cache-macros 0.3.1 written to /workspace/builds/worker-7-tc2/source/Cargo.toml
[INFO] running `Command { std: CARGO_HOME="/workspace/cargo-home" RUSTUP_HOME="/workspace/rustup-home" __CARGO_TEST_CHANNEL_OVERRIDE_DO_NOT_USE_THIS="nightly" "/workspace/cargo-home/bin/cargo" "+beta-2023-04-20" "generate-lockfile" "--manifest-path" "Cargo.toml" "-Zno-index-update", kill_on_drop: false }`
[INFO] running `Command { std: CARGO_HOME="/workspace/cargo-home" RUSTUP_HOME="/workspace/rustup-home" "/workspace/cargo-home/bin/cargo" "+beta-2023-04-20" "fetch" "--manifest-path" "Cargo.toml", kill_on_drop: false }`
[INFO] running `Command { std: "docker" "create" "-v" "/var/lib/crater-agent-workspace/builds/worker-7-tc2/target:/opt/rustwide/target:rw,Z" "-v" "/var/lib/crater-agent-workspace/builds/worker-7-tc2/source:/opt/rustwide/workdir:ro,Z" "-v" "/var/lib/crater-agent-workspace/cargo-home:/opt/rustwide/cargo-home:ro,Z" "-v" "/var/lib/crater-agent-workspace/rustup-home:/opt/rustwide/rustup-home:ro,Z" "-e" "SOURCE_DIR=/opt/rustwide/workdir" "-e" "CARGO_TARGET_DIR=/opt/rustwide/target" "-e" "CARGO_HOME=/opt/rustwide/cargo-home" "-e" "RUSTUP_HOME=/opt/rustwide/rustup-home" "-w" "/opt/rustwide/workdir" "-m" "1610612736" "--user" "0:0" "--network" "none" "ghcr.io/rust-lang/crates-build-env/linux@sha256:5ff2268d62e97bff2cde7d5815dd6ed5b47097566f13b8d0ca110b04b60e07ed" "/opt/rustwide/cargo-home/bin/cargo" "+beta-2023-04-20" "metadata" "--no-deps" "--format-version=1", kill_on_drop: false }`
[INFO] [stdout] e6effa394b077ef555eaf805848d91fa96584dbf5977439410367fe95030fa75
[INFO] running `Command { std: "docker" "start" "-a" "e6effa394b077ef555eaf805848d91fa96584dbf5977439410367fe95030fa75", kill_on_drop: false }`
[INFO] running `Command { std: "docker" "inspect" "e6effa394b077ef555eaf805848d91fa96584dbf5977439410367fe95030fa75", kill_on_drop: false }`
[INFO] running `Command { std: "docker" "rm" "-f" "e6effa394b077ef555eaf805848d91fa96584dbf5977439410367fe95030fa75", kill_on_drop: false }`
[INFO] [stdout] e6effa394b077ef555eaf805848d91fa96584dbf5977439410367fe95030fa75
[INFO] running `Command { std: "docker" "create" "-v" "/var/lib/crater-agent-workspace/builds/worker-7-tc2/target:/opt/rustwide/target:rw,Z" "-v" "/var/lib/crater-agent-workspace/builds/worker-7-tc2/source:/opt/rustwide/workdir:ro,Z" "-v" "/var/lib/crater-agent-workspace/cargo-home:/opt/rustwide/cargo-home:ro,Z" "-v" "/var/lib/crater-agent-workspace/rustup-home:/opt/rustwide/rustup-home:ro,Z" "-e" "SOURCE_DIR=/opt/rustwide/workdir" "-e" "CARGO_TARGET_DIR=/opt/rustwide/target" "-e" "CARGO_INCREMENTAL=0" "-e" "RUST_BACKTRACE=full" "-e" "RUSTFLAGS=--cap-lints=warn" "-e" "RUSTDOCFLAGS=--cap-lints=warn" "-e" "CARGO_HOME=/opt/rustwide/cargo-home" "-e" "RUSTUP_HOME=/opt/rustwide/rustup-home" "-w" "/opt/rustwide/workdir" "-m" "1610612736" "--user" "0:0" "--network" "none" "ghcr.io/rust-lang/crates-build-env/linux@sha256:5ff2268d62e97bff2cde7d5815dd6ed5b47097566f13b8d0ca110b04b60e07ed" "/opt/rustwide/cargo-home/bin/cargo" "+beta-2023-04-20" "build" "--frozen" "--message-format=json", kill_on_drop: false }`
[INFO] [stdout] 838165dd4e0d3e48dfdf1485a509901260b442c8a17924ba5dd7ada1bed79af6
[INFO] running `Command { std: "docker" "start" "-a" "838165dd4e0d3e48dfdf1485a509901260b442c8a17924ba5dd7ada1bed79af6", kill_on_drop: false }`
[INFO] [stderr]    Compiling proc-macro2 v0.4.30
[INFO] [stderr]    Compiling unicode-xid v0.1.0
[INFO] [stderr]    Compiling syn v0.15.44
[INFO] [stderr]    Compiling quote v0.6.13
[INFO] [stderr]    Compiling lru-cache-macros v0.3.1 (/opt/rustwide/workdir)
[INFO] [stdout] error[E0554]: `#![feature]` may not be used on the beta release channel
[INFO] [stdout]    --> src/lib.rs:178:1
[INFO] [stdout]     |
[INFO] [stdout] 178 | #![feature(extern_crate_item_prelude)]
[INFO] [stdout]     | ^^^^^^^^^^^^^^^^^^^^^^^^^^^^^^^^^^^^^^ help: remove the attribute
[INFO] [stdout]     |
[INFO] [stdout]     = help: the feature `extern_crate_item_prelude` has been stable since `1.31.0` and no longer requires an attribute to enable
[INFO] [stdout] 
[INFO] [stdout] 
[INFO] [stdout] error[E0554]: `#![feature]` may not be used on the beta release channel
[INFO] [stdout]    --> src/lib.rs:179:1
[INFO] [stdout]     |
[INFO] [stdout] 179 | #![feature(proc_macro_diagnostic)]
[INFO] [stdout]     | ^^^^^^^^^^^^^^^^^^^^^^^^^^^^^^^^^^
[INFO] [stdout] 
[INFO] [stdout] 
[INFO] [stdout] warning: the feature `extern_crate_item_prelude` has been stable since 1.31.0 and no longer requires an attribute to enable
[INFO] [stdout]    --> src/lib.rs:178:12
[INFO] [stdout]     |
[INFO] [stdout] 178 | #![feature(extern_crate_item_prelude)]
[INFO] [stdout]     |            ^^^^^^^^^^^^^^^^^^^^^^^^^
[INFO] [stdout]     |
[INFO] [stdout]     = note: `#[warn(stable_features)]` on by default
[INFO] [stdout] 
[INFO] [stdout] 
[INFO] [stdout] error[E0554]: `#![feature]` may not be used on the beta release channel
[INFO] [stdout]    --> src/lib.rs:179:12
[INFO] [stdout]     |
[INFO] [stdout] 179 | #![feature(proc_macro_diagnostic)]
[INFO] [stdout]     |            ^^^^^^^^^^^^^^^^^^^^^
[INFO] [stdout] 
[INFO] [stdout] 
[INFO] [stdout] error: aborting due to 3 previous errors; 1 warning emitted
[INFO] [stdout] 
[INFO] [stdout] 
[INFO] [stdout] For more information about this error, try `rustc --explain E0554`.
[INFO] [stdout] 
[INFO] [stderr] error: could not compile `lru-cache-macros` (lib) due to 4 previous errors; 1 warning emitted
[INFO] running `Command { std: "docker" "inspect" "838165dd4e0d3e48dfdf1485a509901260b442c8a17924ba5dd7ada1bed79af6", kill_on_drop: false }`
[INFO] running `Command { std: "docker" "rm" "-f" "838165dd4e0d3e48dfdf1485a509901260b442c8a17924ba5dd7ada1bed79af6", kill_on_drop: false }`
[INFO] [stdout] 838165dd4e0d3e48dfdf1485a509901260b442c8a17924ba5dd7ada1bed79af6
