[INFO] fetching crate lpc55-rtic 0.5.7...
[INFO] testing lpc55-rtic-0.5.7 against 1.69.0 for beta-1.70-1
[INFO] extracting crate lpc55-rtic 0.5.7 into /workspace/builds/worker-6-tc1/source
[INFO] validating manifest of crates.io crate lpc55-rtic 0.5.7 on toolchain 1.69.0
[INFO] running `Command { std: CARGO_HOME="/workspace/cargo-home" RUSTUP_HOME="/workspace/rustup-home" "/workspace/cargo-home/bin/cargo" "+1.69.0" "metadata" "--manifest-path" "Cargo.toml" "--no-deps", kill_on_drop: false }`
[INFO] removed /workspace/builds/worker-6-tc1/source/.cargo/config
[INFO] started tweaking crates.io crate lpc55-rtic 0.5.7
[INFO] removed 0 missing examples
[INFO] finished tweaking crates.io crate lpc55-rtic 0.5.7
[INFO] tweaked toml for crates.io crate lpc55-rtic 0.5.7 written to /workspace/builds/worker-6-tc1/source/Cargo.toml
[INFO] crate crates.io crate lpc55-rtic 0.5.7 already has a lockfile, it will not be regenerated
[INFO] running `Command { std: CARGO_HOME="/workspace/cargo-home" RUSTUP_HOME="/workspace/rustup-home" "/workspace/cargo-home/bin/cargo" "+1.69.0" "fetch" "--manifest-path" "Cargo.toml", kill_on_drop: false }`
[INFO] [stderr]  Downloading crates ...
[INFO] [stderr]   Downloaded embedded-hal v0.2.5
[INFO] [stderr]   Downloaded lpc55-rtic-macros v0.5.3
[INFO] [stderr]   Downloaded serde_derive v1.0.125
[INFO] [stderr]   Downloaded trybuild v1.0.42
[INFO] [stderr]   Downloaded lm3s6965 v0.1.3
[INFO] [stderr]   Downloaded microamp v0.1.0-alpha.6
[INFO] [stderr]   Downloaded microamp-macros v0.1.0-alpha.5
[INFO] running `Command { std: "docker" "create" "-v" "/var/lib/crater-agent-workspace/builds/worker-6-tc1/target:/opt/rustwide/target:rw,Z" "-v" "/var/lib/crater-agent-workspace/builds/worker-6-tc1/source:/opt/rustwide/workdir:ro,Z" "-v" "/var/lib/crater-agent-workspace/cargo-home:/opt/rustwide/cargo-home:ro,Z" "-v" "/var/lib/crater-agent-workspace/rustup-home:/opt/rustwide/rustup-home:ro,Z" "-e" "SOURCE_DIR=/opt/rustwide/workdir" "-e" "CARGO_TARGET_DIR=/opt/rustwide/target" "-e" "CARGO_HOME=/opt/rustwide/cargo-home" "-e" "RUSTUP_HOME=/opt/rustwide/rustup-home" "-w" "/opt/rustwide/workdir" "-m" "1610612736" "--user" "0:0" "--network" "none" "ghcr.io/rust-lang/crates-build-env/linux@sha256:5ff2268d62e97bff2cde7d5815dd6ed5b47097566f13b8d0ca110b04b60e07ed" "/opt/rustwide/cargo-home/bin/cargo" "+1.69.0" "metadata" "--no-deps" "--format-version=1", kill_on_drop: false }`
[INFO] [stdout] ebb413601a33e97cb6d1875647fb6adca9048b3d05ba2a5d5ed5c7d8914dc111
[INFO] running `Command { std: "docker" "start" "-a" "ebb413601a33e97cb6d1875647fb6adca9048b3d05ba2a5d5ed5c7d8914dc111", kill_on_drop: false }`
[INFO] running `Command { std: "docker" "inspect" "ebb413601a33e97cb6d1875647fb6adca9048b3d05ba2a5d5ed5c7d8914dc111", kill_on_drop: false }`
[INFO] running `Command { std: "docker" "rm" "-f" "ebb413601a33e97cb6d1875647fb6adca9048b3d05ba2a5d5ed5c7d8914dc111", kill_on_drop: false }`
[INFO] [stdout] ebb413601a33e97cb6d1875647fb6adca9048b3d05ba2a5d5ed5c7d8914dc111
[INFO] running `Command { std: "docker" "create" "-v" "/var/lib/crater-agent-workspace/builds/worker-6-tc1/target:/opt/rustwide/target:rw,Z" "-v" "/var/lib/crater-agent-workspace/builds/worker-6-tc1/source:/opt/rustwide/workdir:ro,Z" "-v" "/var/lib/crater-agent-workspace/cargo-home:/opt/rustwide/cargo-home:ro,Z" "-v" "/var/lib/crater-agent-workspace/rustup-home:/opt/rustwide/rustup-home:ro,Z" "-e" "SOURCE_DIR=/opt/rustwide/workdir" "-e" "CARGO_TARGET_DIR=/opt/rustwide/target" "-e" "CARGO_INCREMENTAL=0" "-e" "RUST_BACKTRACE=full" "-e" "RUSTFLAGS=--cap-lints=warn" "-e" "RUSTDOCFLAGS=--cap-lints=warn" "-e" "CARGO_HOME=/opt/rustwide/cargo-home" "-e" "RUSTUP_HOME=/opt/rustwide/rustup-home" "-w" "/opt/rustwide/workdir" "-m" "1610612736" "--user" "0:0" "--network" "none" "ghcr.io/rust-lang/crates-build-env/linux@sha256:5ff2268d62e97bff2cde7d5815dd6ed5b47097566f13b8d0ca110b04b60e07ed" "/opt/rustwide/cargo-home/bin/cargo" "+1.69.0" "build" "--frozen" "--message-format=json", kill_on_drop: false }`
[INFO] [stdout] f8231a5c8297c42f460a58d8a7aa2d779c2fd63e7916ee91208158bbe46408f8
[INFO] running `Command { std: "docker" "start" "-a" "f8231a5c8297c42f460a58d8a7aa2d779c2fd63e7916ee91208158bbe46408f8", kill_on_drop: false }`
[INFO] [stderr]    Compiling proc-macro2 v1.0.26
[INFO] [stderr]    Compiling typenum v1.13.0
[INFO] [stderr]    Compiling unicode-xid v0.2.2
[INFO] [stderr]    Compiling version_check v0.9.3
[INFO] [stderr]    Compiling syn v1.0.71
[INFO] [stderr]    Compiling semver-parser v0.7.0
[INFO] [stderr]    Compiling autocfg v1.0.1
[INFO] [stderr]    Compiling cortex-m v0.7.2
[INFO] [stderr]    Compiling hashbrown v0.9.1
[INFO] [stderr]    Compiling semver v0.9.0
[INFO] [stderr]    Compiling generic-array v0.14.4
[INFO] [stderr]    Compiling nb v1.0.0
[INFO] [stderr]    Compiling heapless v0.6.1
[INFO] [stderr]    Compiling indexmap v1.6.2
[INFO] [stderr]    Compiling nb v0.1.3
[INFO] [stderr]    Compiling void v1.0.2
[INFO] [stderr]    Compiling rustc_version v0.2.3
[INFO] [stderr]    Compiling cortex-m-rt v0.6.13
[INFO] [stderr]    Compiling byteorder v1.4.3
[INFO] [stderr]    Compiling stable_deref_trait v1.2.0
[INFO] [stderr]    Compiling vcell v0.1.3
[INFO] [stderr]    Compiling embedded-hal v0.2.5
[INFO] [stderr]    Compiling volatile-register v0.2.0
[INFO] [stderr]    Compiling bare-metal v0.2.5
[INFO] [stderr]    Compiling quote v1.0.9
[INFO] [stderr]    Compiling hash32 v0.1.1
[INFO] [stderr]    Compiling lpc55-rtic v0.5.7 (/opt/rustwide/workdir)
[INFO] [stderr]    Compiling bitfield v0.13.2
[INFO] [stderr]    Compiling r0 v0.2.2
[INFO] [stderr]    Compiling rtic-core v0.3.1
[INFO] [stderr]    Compiling generic-array v0.13.3
[INFO] [stderr]    Compiling generic-array v0.12.4
[INFO] [stderr]    Compiling as-slice v0.1.5
[INFO] [stderr]    Compiling rtic-syntax v0.4.0
[INFO] [stderr]    Compiling cortex-m-rt-macros v0.1.8
[INFO] [stderr]    Compiling lpc55-rtic-macros v0.5.3
[INFO] [stderr]     Finished dev [unoptimized + debuginfo] target(s) in 26.29s
[INFO] running `Command { std: "docker" "inspect" "f8231a5c8297c42f460a58d8a7aa2d779c2fd63e7916ee91208158bbe46408f8", kill_on_drop: false }`
[INFO] running `Command { std: "docker" "rm" "-f" "f8231a5c8297c42f460a58d8a7aa2d779c2fd63e7916ee91208158bbe46408f8", kill_on_drop: false }`
[INFO] [stdout] f8231a5c8297c42f460a58d8a7aa2d779c2fd63e7916ee91208158bbe46408f8
[INFO] running `Command { std: "docker" "create" "-v" "/var/lib/crater-agent-workspace/builds/worker-6-tc1/target:/opt/rustwide/target:rw,Z" "-v" "/var/lib/crater-agent-workspace/builds/worker-6-tc1/source:/opt/rustwide/workdir:ro,Z" "-v" "/var/lib/crater-agent-workspace/cargo-home:/opt/rustwide/cargo-home:ro,Z" "-v" "/var/lib/crater-agent-workspace/rustup-home:/opt/rustwide/rustup-home:ro,Z" "-e" "SOURCE_DIR=/opt/rustwide/workdir" "-e" "CARGO_TARGET_DIR=/opt/rustwide/target" "-e" "CARGO_INCREMENTAL=0" "-e" "RUST_BACKTRACE=full" "-e" "RUSTFLAGS=--cap-lints=warn" "-e" "RUSTDOCFLAGS=--cap-lints=warn" "-e" "CARGO_HOME=/opt/rustwide/cargo-home" "-e" "RUSTUP_HOME=/opt/rustwide/rustup-home" "-w" "/opt/rustwide/workdir" "-m" "1610612736" "--user" "0:0" "--network" "none" "ghcr.io/rust-lang/crates-build-env/linux@sha256:5ff2268d62e97bff2cde7d5815dd6ed5b47097566f13b8d0ca110b04b60e07ed" "/opt/rustwide/cargo-home/bin/cargo" "+1.69.0" "test" "--frozen" "--no-run" "--message-format=json", kill_on_drop: false }`
[INFO] [stdout] fa5ee19d09f2a0563fbbd9a0c8d1e2e258ad334cdf744e0eead14babf557c5fa
[INFO] running `Command { std: "docker" "start" "-a" "fa5ee19d09f2a0563fbbd9a0c8d1e2e258ad334cdf744e0eead14babf557c5fa", kill_on_drop: false }`
[INFO] [stderr]    Compiling serde_derive v1.0.125
[INFO] [stderr]    Compiling serde v1.0.125
[INFO] [stderr]    Compiling ryu v1.0.5
[INFO] [stderr]    Compiling serde_json v1.0.64
[INFO] [stderr]    Compiling cortex-m-semihosting v0.3.7
[INFO] [stderr]    Compiling itoa v0.4.7
[INFO] [stderr]    Compiling lm3s6965 v0.1.3
[INFO] [stderr]    Compiling trybuild v1.0.42
[INFO] [stderr]    Compiling glob v0.3.0
[INFO] [stderr]    Compiling termcolor v1.1.2
[INFO] [stderr]    Compiling panic-semihosting v0.5.6
[INFO] [stderr]    Compiling panic-halt v0.2.0
[INFO] [stderr]    Compiling toml v0.5.8
[INFO] [stderr]    Compiling lpc55-rtic v0.5.7 (/opt/rustwide/workdir)
[INFO] [stdout] warning: declaration of a function with `link_section`
[INFO] [stdout]   --> examples/ramfunc.rs:28:5
[INFO] [stdout]    |
[INFO] [stdout] 28 |     #[link_section = ".data.bar"]
[INFO] [stdout]    |     ^^^^^^^^^^^^^^^^^^^^^^^^^^^^^
[INFO] [stdout]    |
[INFO] [stdout]    = note: the program's behavior with overridden link sections on items is unpredictable and Rust cannot provide guarantees when you manually override them
[INFO] [stdout] note: the lint level is defined here
[INFO] [stdout]   --> examples/ramfunc.rs:3:9
[INFO] [stdout]    |
[INFO] [stdout] 3  | #![deny(unsafe_code)]
[INFO] [stdout]    |         ^^^^^^^^^^^
[INFO] [stdout] 
[INFO] [stdout] 
[INFO] [stdout] error: language item required, but not found: `eh_personality`
[INFO] [stdout]   |
[INFO] [stdout]   = note: this can occur when a binary crate with `#![no_std]` is compiled for a target where `eh_personality` is defined in the standard library
[INFO] [stdout]   = help: you may be able to compile for a target that doesn't need `eh_personality`, specify a target with `--target` or in `.cargo/config`
[INFO] [stdout] 
[INFO] [stdout] 
[INFO] [stderr] error: could not compile `lpc55-rtic` due to 2 previous errors
[INFO] [stdout] error: aborting due to previous error
[INFO] [stdout] 
[INFO] [stdout] 
[INFO] [stderr] warning: build failed, waiting for other jobs to finish...
[INFO] [stderr] error: could not compile `lpc55-rtic` due to 2 previous errors
[INFO] [stdout] error: language item required, but not found: `eh_personality`
[INFO] [stdout]   |
[INFO] [stdout]   = note: this can occur when a binary crate with `#![no_std]` is compiled for a target where `eh_personality` is defined in the standard library
[INFO] [stdout]   = help: you may be able to compile for a target that doesn't need `eh_personality`, specify a target with `--target` or in `.cargo/config`
[INFO] [stdout] 
[INFO] [stdout] 
[INFO] [stdout] error: aborting due to previous error
[INFO] [stdout] 
[INFO] [stdout] 
[INFO] [stdout] error: language item required, but not found: `eh_personality`
[INFO] [stdout]   |
[INFO] [stdout]   = note: this can occur when a binary crate with `#![no_std]` is compiled for a target where `eh_personality` is defined in the standard library
[INFO] [stdout]   = help: you may be able to compile for a target that doesn't need `eh_personality`, specify a target with `--target` or in `.cargo/config`
[INFO] [stdout] 
[INFO] [stdout] 
[INFO] [stdout] error[E0277]: the trait bound `Interrupt: core::marker::Copy` is not satisfied
[INFO] [stdout]    --> examples/hardware.rs:18:20
[INFO] [stdout]     |
[INFO] [stdout] 18  |         rtic::pend(Interrupt::UART0); // equivalent to NVIC::pend
[INFO] [stdout]     |         ---------- ^^^^^^^^^^^^^^^^ the trait `core::marker::Copy` is not implemented for `Interrupt`
[INFO] [stdout]     |         |
[INFO] [stdout]     |         required by a bound introduced by this call
[INFO] [stdout]     |
[INFO] [stdout]     = note: required for `Interrupt` to implement `InterruptNumber`
[INFO] [stdout] note: required by a bound in `pend`
[INFO] [stdout]    --> /opt/rustwide/workdir/src/lib.rs:173:8
[INFO] [stdout]     |
[INFO] [stdout] 173 |     I: InterruptNumber
[INFO] [stdout]     |        ^^^^^^^^^^^^^^^ required by this bound in `pend`
[INFO] [stdout] 
[INFO] [stdout] 
[INFO] [stdout] error[E0277]: the trait bound `Interrupt: core::marker::Copy` is not satisfied
[INFO] [stdout]    --> examples/hardware.rs:29:20
[INFO] [stdout]     |
[INFO] [stdout] 29  |         rtic::pend(Interrupt::UART0);
[INFO] [stdout]     |         ---------- ^^^^^^^^^^^^^^^^ the trait `core::marker::Copy` is not implemented for `Interrupt`
[INFO] [stdout]     |         |
[INFO] [stdout]     |         required by a bound introduced by this call
[INFO] [stdout]     |
[INFO] [stdout]     = note: required for `Interrupt` to implement `InterruptNumber`
[INFO] [stdout] note: required by a bound in `pend`
[INFO] [stdout]    --> /opt/rustwide/workdir/src/lib.rs:173:8
[INFO] [stdout]     |
[INFO] [stdout] 173 |     I: InterruptNumber
[INFO] [stdout]     |        ^^^^^^^^^^^^^^^ required by this bound in `pend`
[INFO] [stdout] 
[INFO] [stdout] 
[INFO] [stdout] error: aborting due to previous error
[INFO] [stdout] 
[INFO] [stdout] 
[INFO] [stdout] error[E0277]: the trait bound `Interrupt: core::marker::Copy` is not satisfied
[INFO] [stdout]    --> examples/t-htask-main.rs:13:20
[INFO] [stdout]     |
[INFO] [stdout] 13  |         rtic::pend(lm3s6965::Interrupt::UART0)
[INFO] [stdout]     |         ---------- ^^^^^^^^^^^^^^^^^^^^^^^^^^ the trait `core::marker::Copy` is not implemented for `Interrupt`
[INFO] [stdout]     |         |
[INFO] [stdout]     |         required by a bound introduced by this call
[INFO] [stdout]     |
[INFO] [stdout]     = note: required for `Interrupt` to implement `InterruptNumber`
[INFO] [stdout] note: required by a bound in `pend`
[INFO] [stdout]    --> /opt/rustwide/workdir/src/lib.rs:173:8
[INFO] [stdout]     |
[INFO] [stdout] 173 |     I: InterruptNumber
[INFO] [stdout]     |        ^^^^^^^^^^^^^^^ required by this bound in `pend`
[INFO] [stdout] 
[INFO] [stdout] 
[INFO] [stderr] error: could not compile `lpc55-rtic` due to 2 previous errors
[INFO] [stdout] error[E0277]: the trait bound `Interrupt: core::marker::Copy` is not satisfied
[INFO] [stdout]    --> examples/hardware.rs:12:22
[INFO] [stdout]     |
[INFO] [stdout] 12  |   #[rtic::app(device = lm3s6965)]
[INFO] [stdout]     |  _---------------------^---------
[INFO] [stdout]     | | |
[INFO] [stdout]     | | required by a bound introduced by this call
[INFO] [stdout] 13  | | const APP: () = {
[INFO] [stdout] 14  | |     #[init]
[INFO] [stdout] 15  | |     fn init(_: init::Context) {
[INFO] [stdout] ...   |
[INFO] [stdout] 35  | |
[INFO] [stdout] 36  | |     #[task(binds = UART0)]
[INFO] [stdout]     | |________________________^ the trait `core::marker::Copy` is not implemented for `Interrupt`
[INFO] [stdout]     |
[INFO] [stdout]     = note: required for `Interrupt` to implement `InterruptNumber`
[INFO] [stdout] note: required by a bound in `cortex_m::peripheral::nvic::<impl NVIC>::set_priority`
[INFO] [stdout]    --> /opt/rustwide/cargo-home/registry/src/github.com-1ecc6299db9ec823/cortex-m-0.7.2/src/peripheral/nvic.rs:217:12
[INFO] [stdout]     |
[INFO] [stdout] 217 |         I: InterruptNumber,
[INFO] [stdout]     |            ^^^^^^^^^^^^^^^ required by this bound in `cortex_m::peripheral::nvic::<impl NVIC>::set_priority`
[INFO] [stdout] 
[INFO] [stdout] 
[INFO] [stdout] error[E0277]: the trait bound `Interrupt: core::marker::Copy` is not satisfied
[INFO] [stdout]    --> examples/cfg.rs:13:22
[INFO] [stdout]     |
[INFO] [stdout] 13  |   #[rtic::app(device = lm3s6965)]
[INFO] [stdout]     |  _---------------------^---------
[INFO] [stdout]     | | |
[INFO] [stdout]     | | required by a bound introduced by this call
[INFO] [stdout] 14  | | const APP: () = {
[INFO] [stdout] 15  | |     struct Resources {
[INFO] [stdout] 16  | |         #[cfg(debug_assertions)] // <- `true` when using the `dev` profile
[INFO] [stdout] ...   |
[INFO] [stdout] 63  | |     extern "C" {
[INFO] [stdout] 64  | |         fn SSI0();
[INFO] [stdout]     | |_______________^ the trait `core::marker::Copy` is not implemented for `Interrupt`
[INFO] [stdout]     |
[INFO] [stdout]     = note: required for `Interrupt` to implement `InterruptNumber`
[INFO] [stdout] note: required by a bound in `pend`
[INFO] [stdout]    --> /opt/rustwide/workdir/src/lib.rs:173:8
[INFO] [stdout]     |
[INFO] [stdout] 173 |     I: InterruptNumber
[INFO] [stdout]     |        ^^^^^^^^^^^^^^^ required by this bound in `pend`
[INFO] [stdout] 
[INFO] [stdout] 
[INFO] [stdout] error: aborting due to 3 previous errors
[INFO] [stdout] 
[INFO] [stdout] 
[INFO] [stdout] For more information about this error, try `rustc --explain E0277`.
[INFO] [stdout] 
[INFO] [stderr] error: could not compile `lpc55-rtic` due to 4 previous errors
[INFO] [stdout] error[E0277]: the trait bound `Interrupt: core::marker::Copy` is not satisfied
[INFO] [stdout]    --> examples/t-htask-main.rs:9:22
[INFO] [stdout]     |
[INFO] [stdout] 9   |   #[rtic::app(device = lm3s6965)]
[INFO] [stdout]     |  _---------------------^---------
[INFO] [stdout]     | | |
[INFO] [stdout]     | | required by a bound introduced by this call
[INFO] [stdout] 10  | | const APP: () = {
[INFO] [stdout] 11  | |     #[init]
[INFO] [stdout] 12  | |     fn init(_: init::Context) {
[INFO] [stdout] ...   |
[INFO] [stdout] 15  | |
[INFO] [stdout] 16  | |     #[task(binds = UART0)]
[INFO] [stdout]     | |________________________^ the trait `core::marker::Copy` is not implemented for `Interrupt`
[INFO] [stdout]     |
[INFO] [stdout]     = note: required for `Interrupt` to implement `InterruptNumber`
[INFO] [stdout] note: required by a bound in `cortex_m::peripheral::nvic::<impl NVIC>::set_priority`
[INFO] [stdout]    --> /opt/rustwide/cargo-home/registry/src/github.com-1ecc6299db9ec823/cortex-m-0.7.2/src/peripheral/nvic.rs:217:12
[INFO] [stdout]     |
[INFO] [stdout] 217 |         I: InterruptNumber,
[INFO] [stdout]     |            ^^^^^^^^^^^^^^^ required by this bound in `cortex_m::peripheral::nvic::<impl NVIC>::set_priority`
[INFO] [stdout] 
[INFO] [stdout] 
[INFO] [stdout] error[E0277]: the trait bound `Interrupt: core::marker::Copy` is not satisfied
[INFO] [stdout]    --> examples/cfg.rs:13:22
[INFO] [stdout]     |
[INFO] [stdout] 13  |   #[rtic::app(device = lm3s6965)]
[INFO] [stdout]     |  _---------------------^---------
[INFO] [stdout]     | | |
[INFO] [stdout]     | | required by a bound introduced by this call
[INFO] [stdout] 14  | | const APP: () = {
[INFO] [stdout] 15  | |     struct Resources {
[INFO] [stdout] 16  | |         #[cfg(debug_assertions)] // <- `true` when using the `dev` profile
[INFO] [stdout] ...   |
[INFO] [stdout] 63  | |     extern "C" {
[INFO] [stdout] 64  | |         fn SSI0();
[INFO] [stdout]     | |_______________^ the trait `core::marker::Copy` is not implemented for `Interrupt`
[INFO] [stdout]     |
[INFO] [stdout]     = note: required for `Interrupt` to implement `InterruptNumber`
[INFO] [stdout] note: required by a bound in `cortex_m::peripheral::nvic::<impl NVIC>::set_priority`
[INFO] [stdout]    --> /opt/rustwide/cargo-home/registry/src/github.com-1ecc6299db9ec823/cortex-m-0.7.2/src/peripheral/nvic.rs:217:12
[INFO] [stdout]     |
[INFO] [stdout] 217 |         I: InterruptNumber,
[INFO] [stdout]     |            ^^^^^^^^^^^^^^^ required by this bound in `cortex_m::peripheral::nvic::<impl NVIC>::set_priority`
[INFO] [stdout] 
[INFO] [stdout] 
[INFO] [stdout] error[E0277]: the trait bound `Interrupt: core::marker::Copy` is not satisfied
[INFO] [stdout]    --> examples/ramfunc.rs:11:22
[INFO] [stdout]     |
[INFO] [stdout] 11  |   #[rtic::app(device = lm3s6965)]
[INFO] [stdout]     |  _---------------------^---------
[INFO] [stdout]     | | |
[INFO] [stdout]     | | required by a bound introduced by this call
[INFO] [stdout] 12  | | const APP: () = {
[INFO] [stdout] 13  | |     #[init(spawn = [bar])]
[INFO] [stdout] 14  | |     fn init(c: init::Context) {
[INFO] [stdout] ...   |
[INFO] [stdout] 34  | |     extern "C" {
[INFO] [stdout] 35  | |         fn UART0();
[INFO] [stdout]     | |________________^ the trait `core::marker::Copy` is not implemented for `Interrupt`
[INFO] [stdout]     |
[INFO] [stdout]     = note: required for `Interrupt` to implement `InterruptNumber`
[INFO] [stdout] note: required by a bound in `pend`
[INFO] [stdout]    --> /opt/rustwide/workdir/src/lib.rs:173:8
[INFO] [stdout]     |
[INFO] [stdout] 173 |     I: InterruptNumber
[INFO] [stdout]     |        ^^^^^^^^^^^^^^^ required by this bound in `pend`
[INFO] [stdout] 
[INFO] [stdout] 
[INFO] [stdout] error: aborting due to 2 previous errors
[INFO] [stdout] 
[INFO] [stdout] 
[INFO] [stdout] For more information about this error, try `rustc --explain E0277`.
[INFO] [stdout] 
[INFO] [stdout] error: aborting due to 2 previous errors
[INFO] [stdout] 
[INFO] [stdout] 
[INFO] [stdout] For more information about this error, try `rustc --explain E0277`.
[INFO] [stdout] 
[INFO] [stderr] error: could not compile `lpc55-rtic` due to 3 previous errors
[INFO] [stderr] error: could not compile `lpc55-rtic` due to 3 previous errors
[INFO] [stdout] error[E0277]: the trait bound `Interrupt: core::marker::Copy` is not satisfied
[INFO] [stdout]    --> examples/ramfunc.rs:11:22
[INFO] [stdout]     |
[INFO] [stdout] 11  |   #[rtic::app(device = lm3s6965)]
[INFO] [stdout]     |  _---------------------^---------
[INFO] [stdout]     | | |
[INFO] [stdout]     | | required by a bound introduced by this call
[INFO] [stdout] 12  | | const APP: () = {
[INFO] [stdout] 13  | |     #[init(spawn = [bar])]
[INFO] [stdout] 14  | |     fn init(c: init::Context) {
[INFO] [stdout] ...   |
[INFO] [stdout] 38  | |         #[link_section = ".data.UART1"]
[INFO] [stdout] 39  | |         fn UART1();
[INFO] [stdout]     | |________________^ the trait `core::marker::Copy` is not implemented for `Interrupt`
[INFO] [stdout]     |
[INFO] [stdout]     = note: required for `Interrupt` to implement `InterruptNumber`
[INFO] [stdout] note: required by a bound in `pend`
[INFO] [stdout]    --> /opt/rustwide/workdir/src/lib.rs:173:8
[INFO] [stdout]     |
[INFO] [stdout] 173 |     I: InterruptNumber
[INFO] [stdout]     |        ^^^^^^^^^^^^^^^ required by this bound in `pend`
[INFO] [stdout] 
[INFO] [stdout] 
[INFO] [stdout] error[E0277]: the trait bound `Interrupt: core::marker::Copy` is not satisfied
[INFO] [stdout]    --> examples/ramfunc.rs:11:22
[INFO] [stdout]     |
[INFO] [stdout] 11  |   #[rtic::app(device = lm3s6965)]
[INFO] [stdout]     |  _---------------------^---------
[INFO] [stdout]     | | |
[INFO] [stdout]     | | required by a bound introduced by this call
[INFO] [stdout] 12  | | const APP: () = {
[INFO] [stdout] 13  | |     #[init(spawn = [bar])]
[INFO] [stdout] 14  | |     fn init(c: init::Context) {
[INFO] [stdout] ...   |
[INFO] [stdout] 38  | |         #[link_section = ".data.UART1"]
[INFO] [stdout] 39  | |         fn UART1();
[INFO] [stdout]     | |________________^ the trait `core::marker::Copy` is not implemented for `Interrupt`
[INFO] [stdout]     |
[INFO] [stdout]     = note: required for `Interrupt` to implement `InterruptNumber`
[INFO] [stdout] note: required by a bound in `cortex_m::peripheral::nvic::<impl NVIC>::set_priority`
[INFO] [stdout]    --> /opt/rustwide/cargo-home/registry/src/github.com-1ecc6299db9ec823/cortex-m-0.7.2/src/peripheral/nvic.rs:217:12
[INFO] [stdout]     |
[INFO] [stdout] 217 |         I: InterruptNumber,
[INFO] [stdout]     |            ^^^^^^^^^^^^^^^ required by this bound in `cortex_m::peripheral::nvic::<impl NVIC>::set_priority`
[INFO] [stdout] 
[INFO] [stdout] 
[INFO] [stdout] error[E0277]: the trait bound `Interrupt: core::marker::Copy` is not satisfied
[INFO] [stdout]    --> examples/ramfunc.rs:11:22
[INFO] [stdout]     |
[INFO] [stdout] 11  |   #[rtic::app(device = lm3s6965)]
[INFO] [stdout]     |  _---------------------^---------
[INFO] [stdout]     | | |
[INFO] [stdout]     | | required by a bound introduced by this call
[INFO] [stdout] 12  | | const APP: () = {
[INFO] [stdout] 13  | |     #[init(spawn = [bar])]
[INFO] [stdout] 14  | |     fn init(c: init::Context) {
[INFO] [stdout] ...   |
[INFO] [stdout] 34  | |     extern "C" {
[INFO] [stdout] 35  | |         fn UART0();
[INFO] [stdout]     | |________________^ the trait `core::marker::Copy` is not implemented for `Interrupt`
[INFO] [stdout]     |
[INFO] [stdout]     = note: required for `Interrupt` to implement `InterruptNumber`
[INFO] [stdout] note: required by a bound in `cortex_m::peripheral::nvic::<impl NVIC>::set_priority`
[INFO] [stdout]    --> /opt/rustwide/cargo-home/registry/src/github.com-1ecc6299db9ec823/cortex-m-0.7.2/src/peripheral/nvic.rs:217:12
[INFO] [stdout]     |
[INFO] [stdout] 217 |         I: InterruptNumber,
[INFO] [stdout]     |            ^^^^^^^^^^^^^^^ required by this bound in `cortex_m::peripheral::nvic::<impl NVIC>::set_priority`
[INFO] [stdout] 
[INFO] [stdout] 
[INFO] [stdout] error: aborting due to 4 previous errors; 1 warning emitted
[INFO] [stdout] 
[INFO] [stdout] 
[INFO] [stdout] For more information about this error, try `rustc --explain E0277`.
[INFO] [stdout] 
[INFO] [stderr] error: could not compile `lpc55-rtic` due to 5 previous errors; 1 warning emitted
[INFO] running `Command { std: "docker" "inspect" "fa5ee19d09f2a0563fbbd9a0c8d1e2e258ad334cdf744e0eead14babf557c5fa", kill_on_drop: false }`
[INFO] running `Command { std: "docker" "rm" "-f" "fa5ee19d09f2a0563fbbd9a0c8d1e2e258ad334cdf744e0eead14babf557c5fa", kill_on_drop: false }`
[INFO] [stdout] fa5ee19d09f2a0563fbbd9a0c8d1e2e258ad334cdf744e0eead14babf557c5fa
