[INFO] fetching crate logging 0.1.0...
[INFO] testing logging-0.1.0 against 1.69.0 for beta-1.70-1
[INFO] extracting crate logging 0.1.0 into /workspace/builds/worker-6-tc1/source
[INFO] validating manifest of crates.io crate logging 0.1.0 on toolchain 1.69.0
[INFO] running `Command { std: CARGO_HOME="/workspace/cargo-home" RUSTUP_HOME="/workspace/rustup-home" "/workspace/cargo-home/bin/cargo" "+1.69.0" "metadata" "--manifest-path" "Cargo.toml" "--no-deps", kill_on_drop: false }`
[INFO] started tweaking crates.io crate logging 0.1.0
[INFO] finished tweaking crates.io crate logging 0.1.0
[INFO] tweaked toml for crates.io crate logging 0.1.0 written to /workspace/builds/worker-6-tc1/source/Cargo.toml
[INFO] running `Command { std: CARGO_HOME="/workspace/cargo-home" RUSTUP_HOME="/workspace/rustup-home" __CARGO_TEST_CHANNEL_OVERRIDE_DO_NOT_USE_THIS="nightly" "/workspace/cargo-home/bin/cargo" "+1.69.0" "generate-lockfile" "--manifest-path" "Cargo.toml" "-Zno-index-update", kill_on_drop: false }`
[INFO] running `Command { std: CARGO_HOME="/workspace/cargo-home" RUSTUP_HOME="/workspace/rustup-home" "/workspace/cargo-home/bin/cargo" "+1.69.0" "fetch" "--manifest-path" "Cargo.toml", kill_on_drop: false }`
[INFO] [stderr]  Downloading crates ...
[INFO] [stderr]   Downloaded ansi_term v0.10.2
[INFO] running `Command { std: "docker" "create" "-v" "/var/lib/crater-agent-workspace/builds/worker-6-tc1/target:/opt/rustwide/target:rw,Z" "-v" "/var/lib/crater-agent-workspace/builds/worker-6-tc1/source:/opt/rustwide/workdir:ro,Z" "-v" "/var/lib/crater-agent-workspace/cargo-home:/opt/rustwide/cargo-home:ro,Z" "-v" "/var/lib/crater-agent-workspace/rustup-home:/opt/rustwide/rustup-home:ro,Z" "-e" "SOURCE_DIR=/opt/rustwide/workdir" "-e" "CARGO_TARGET_DIR=/opt/rustwide/target" "-e" "CARGO_HOME=/opt/rustwide/cargo-home" "-e" "RUSTUP_HOME=/opt/rustwide/rustup-home" "-w" "/opt/rustwide/workdir" "-m" "1610612736" "--user" "0:0" "--network" "none" "ghcr.io/rust-lang/crates-build-env/linux@sha256:5ff2268d62e97bff2cde7d5815dd6ed5b47097566f13b8d0ca110b04b60e07ed" "/opt/rustwide/cargo-home/bin/cargo" "+1.69.0" "metadata" "--no-deps" "--format-version=1", kill_on_drop: false }`
[INFO] [stdout] accb1df6060160f28aa0eede3683a45b89cd09b281e328694a976665a6e5d252
[INFO] running `Command { std: "docker" "start" "-a" "accb1df6060160f28aa0eede3683a45b89cd09b281e328694a976665a6e5d252", kill_on_drop: false }`
[INFO] running `Command { std: "docker" "inspect" "accb1df6060160f28aa0eede3683a45b89cd09b281e328694a976665a6e5d252", kill_on_drop: false }`
[INFO] running `Command { std: "docker" "rm" "-f" "accb1df6060160f28aa0eede3683a45b89cd09b281e328694a976665a6e5d252", kill_on_drop: false }`
[INFO] [stdout] accb1df6060160f28aa0eede3683a45b89cd09b281e328694a976665a6e5d252
[INFO] running `Command { std: "docker" "create" "-v" "/var/lib/crater-agent-workspace/builds/worker-6-tc1/target:/opt/rustwide/target:rw,Z" "-v" "/var/lib/crater-agent-workspace/builds/worker-6-tc1/source:/opt/rustwide/workdir:ro,Z" "-v" "/var/lib/crater-agent-workspace/cargo-home:/opt/rustwide/cargo-home:ro,Z" "-v" "/var/lib/crater-agent-workspace/rustup-home:/opt/rustwide/rustup-home:ro,Z" "-e" "SOURCE_DIR=/opt/rustwide/workdir" "-e" "CARGO_TARGET_DIR=/opt/rustwide/target" "-e" "CARGO_INCREMENTAL=0" "-e" "RUST_BACKTRACE=full" "-e" "RUSTFLAGS=--cap-lints=warn" "-e" "RUSTDOCFLAGS=--cap-lints=warn" "-e" "CARGO_HOME=/opt/rustwide/cargo-home" "-e" "RUSTUP_HOME=/opt/rustwide/rustup-home" "-w" "/opt/rustwide/workdir" "-m" "1610612736" "--user" "0:0" "--network" "none" "ghcr.io/rust-lang/crates-build-env/linux@sha256:5ff2268d62e97bff2cde7d5815dd6ed5b47097566f13b8d0ca110b04b60e07ed" "/opt/rustwide/cargo-home/bin/cargo" "+1.69.0" "build" "--frozen" "--message-format=json", kill_on_drop: false }`
[INFO] [stdout] 381ed1417af85cc8baaba10ebbb788f2b8385b02cf284c74ae6a7a10fd31e460
[INFO] running `Command { std: "docker" "start" "-a" "381ed1417af85cc8baaba10ebbb788f2b8385b02cf284c74ae6a7a10fd31e460", kill_on_drop: false }`
[INFO] [stderr]    Compiling ansi_term v0.10.2
[INFO] [stderr]    Compiling logging v0.1.0 (/opt/rustwide/workdir)
[INFO] [stdout] warning: trait objects without an explicit `dyn` are deprecated
[INFO] [stdout]    --> src/lib.rs:242:39
[INFO] [stdout]     |
[INFO] [stdout] 242 |     _handlers: Arc<RwLock<Vec<Arc<Box<Handler>>>>>,
[INFO] [stdout]     |                                       ^^^^^^^
[INFO] [stdout]     |
[INFO] [stdout]     = warning: this is accepted in the current edition (Rust 2015) but is a hard error in Rust 2021!
[INFO] [stdout]     = note: for more information, see <https://doc.rust-lang.org/nightly/edition-guide/rust-2021/warnings-promoted-to-error.html>
[INFO] [stdout]     = note: `#[warn(bare_trait_objects)]` on by default
[INFO] [stdout] help: use `dyn`
[INFO] [stdout]     |
[INFO] [stdout] 242 |     _handlers: Arc<RwLock<Vec<Arc<Box<dyn Handler>>>>>,
[INFO] [stdout]     |                                       +++
[INFO] [stdout] 
[INFO] [stdout] 
[INFO] [stdout] warning: trait objects without an explicit `dyn` are deprecated
[INFO] [stdout]    --> src/lib.rs:120:29
[INFO] [stdout]     |
[INFO] [stdout] 120 |     pub fn new() -> Arc<Box<Handler>> {
[INFO] [stdout]     |                             ^^^^^^^
[INFO] [stdout]     |
[INFO] [stdout]     = warning: this is accepted in the current edition (Rust 2015) but is a hard error in Rust 2021!
[INFO] [stdout]     = note: for more information, see <https://doc.rust-lang.org/nightly/edition-guide/rust-2021/warnings-promoted-to-error.html>
[INFO] [stdout] help: use `dyn`
[INFO] [stdout]     |
[INFO] [stdout] 120 |     pub fn new() -> Arc<Box<dyn Handler>> {
[INFO] [stdout]     |                             +++
[INFO] [stdout] 
[INFO] [stdout] 
[INFO] [stdout] warning: trait objects without an explicit `dyn` are deprecated
[INFO] [stdout]    --> src/lib.rs:163:43
[INFO] [stdout]     |
[INFO] [stdout] 163 |     pub fn new(filename: &str) -> Arc<Box<Handler>> {
[INFO] [stdout]     |                                           ^^^^^^^
[INFO] [stdout]     |
[INFO] [stdout]     = warning: this is accepted in the current edition (Rust 2015) but is a hard error in Rust 2021!
[INFO] [stdout]     = note: for more information, see <https://doc.rust-lang.org/nightly/edition-guide/rust-2021/warnings-promoted-to-error.html>
[INFO] [stdout] help: use `dyn`
[INFO] [stdout]     |
[INFO] [stdout] 163 |     pub fn new(filename: &str) -> Arc<Box<dyn Handler>> {
[INFO] [stdout]     |                                           +++
[INFO] [stdout] 
[INFO] [stdout] 
[INFO] [stdout] warning: trait objects without an explicit `dyn` are deprecated
[INFO] [stdout]    --> src/lib.rs:251:48
[INFO] [stdout]     |
[INFO] [stdout] 251 |     pub fn add_handler(&self, handler: Arc<Box<Handler>>) {
[INFO] [stdout]     |                                                ^^^^^^^
[INFO] [stdout]     |
[INFO] [stdout]     = warning: this is accepted in the current edition (Rust 2015) but is a hard error in Rust 2021!
[INFO] [stdout]     = note: for more information, see <https://doc.rust-lang.org/nightly/edition-guide/rust-2021/warnings-promoted-to-error.html>
[INFO] [stdout] help: use `dyn`
[INFO] [stdout]     |
[INFO] [stdout] 251 |     pub fn add_handler(&self, handler: Arc<Box<dyn Handler>>) {
[INFO] [stdout]     |                                                +++
[INFO] [stdout] 
[INFO] [stdout] 
[INFO] [stdout] warning: 4 warnings emitted
[INFO] [stdout] 
[INFO] [stdout] 
[INFO] [stderr]     Finished dev [unoptimized + debuginfo] target(s) in 0.37s
[INFO] running `Command { std: "docker" "inspect" "381ed1417af85cc8baaba10ebbb788f2b8385b02cf284c74ae6a7a10fd31e460", kill_on_drop: false }`
[INFO] running `Command { std: "docker" "rm" "-f" "381ed1417af85cc8baaba10ebbb788f2b8385b02cf284c74ae6a7a10fd31e460", kill_on_drop: false }`
[INFO] [stdout] 381ed1417af85cc8baaba10ebbb788f2b8385b02cf284c74ae6a7a10fd31e460
[INFO] running `Command { std: "docker" "create" "-v" "/var/lib/crater-agent-workspace/builds/worker-6-tc1/target:/opt/rustwide/target:rw,Z" "-v" "/var/lib/crater-agent-workspace/builds/worker-6-tc1/source:/opt/rustwide/workdir:ro,Z" "-v" "/var/lib/crater-agent-workspace/cargo-home:/opt/rustwide/cargo-home:ro,Z" "-v" "/var/lib/crater-agent-workspace/rustup-home:/opt/rustwide/rustup-home:ro,Z" "-e" "SOURCE_DIR=/opt/rustwide/workdir" "-e" "CARGO_TARGET_DIR=/opt/rustwide/target" "-e" "CARGO_INCREMENTAL=0" "-e" "RUST_BACKTRACE=full" "-e" "RUSTFLAGS=--cap-lints=warn" "-e" "RUSTDOCFLAGS=--cap-lints=warn" "-e" "CARGO_HOME=/opt/rustwide/cargo-home" "-e" "RUSTUP_HOME=/opt/rustwide/rustup-home" "-w" "/opt/rustwide/workdir" "-m" "1610612736" "--user" "0:0" "--network" "none" "ghcr.io/rust-lang/crates-build-env/linux@sha256:5ff2268d62e97bff2cde7d5815dd6ed5b47097566f13b8d0ca110b04b60e07ed" "/opt/rustwide/cargo-home/bin/cargo" "+1.69.0" "test" "--frozen" "--no-run" "--message-format=json", kill_on_drop: false }`
[INFO] [stdout] f06210e937496feb96504fca1a4cac15dcde3abf52d51699202c69462a1e588a
[INFO] running `Command { std: "docker" "start" "-a" "f06210e937496feb96504fca1a4cac15dcde3abf52d51699202c69462a1e588a", kill_on_drop: false }`
[INFO] [stdout] warning: trait objects without an explicit `dyn` are deprecated
[INFO] [stdout]    --> src/lib.rs:242:39
[INFO] [stdout]     |
[INFO] [stdout] 242 |     _handlers: Arc<RwLock<Vec<Arc<Box<Handler>>>>>,
[INFO] [stdout]     |                                       ^^^^^^^
[INFO] [stdout]     |
[INFO] [stdout]     = warning: this is accepted in the current edition (Rust 2015) but is a hard error in Rust 2021!
[INFO] [stdout]     = note: for more information, see <https://doc.rust-lang.org/nightly/edition-guide/rust-2021/warnings-promoted-to-error.html>
[INFO] [stdout]     = note: `#[warn(bare_trait_objects)]` on by default
[INFO] [stdout] help: use `dyn`
[INFO] [stdout]     |
[INFO] [stdout] 242 |     _handlers: Arc<RwLock<Vec<Arc<Box<dyn Handler>>>>>,
[INFO] [stdout]     |                                       +++
[INFO] [stdout] 
[INFO] [stdout] 
[INFO] [stdout] warning: trait objects without an explicit `dyn` are deprecated
[INFO] [stdout]    --> src/lib.rs:120:29
[INFO] [stdout]     |
[INFO] [stdout] 120 |     pub fn new() -> Arc<Box<Handler>> {
[INFO] [stdout]     |                             ^^^^^^^
[INFO] [stdout]     |
[INFO] [stdout]     = warning: this is accepted in the current edition (Rust 2015) but is a hard error in Rust 2021!
[INFO] [stdout]     = note: for more information, see <https://doc.rust-lang.org/nightly/edition-guide/rust-2021/warnings-promoted-to-error.html>
[INFO] [stdout] help: use `dyn`
[INFO] [stdout]     |
[INFO] [stdout] 120 |     pub fn new() -> Arc<Box<dyn Handler>> {
[INFO] [stdout]     |                             +++
[INFO] [stdout] 
[INFO] [stdout] 
[INFO] [stdout] warning: trait objects without an explicit `dyn` are deprecated
[INFO] [stdout]    --> src/lib.rs:163:43
[INFO] [stdout]     |
[INFO] [stdout] 163 |     pub fn new(filename: &str) -> Arc<Box<Handler>> {
[INFO] [stdout]     |                                           ^^^^^^^
[INFO] [stdout]     |
[INFO] [stdout]     = warning: this is accepted in the current edition (Rust 2015) but is a hard error in Rust 2021!
[INFO] [stdout]     = note: for more information, see <https://doc.rust-lang.org/nightly/edition-guide/rust-2021/warnings-promoted-to-error.html>
[INFO] [stdout] help: use `dyn`
[INFO] [stdout]     |
[INFO] [stdout] 163 |     pub fn new(filename: &str) -> Arc<Box<dyn Handler>> {
[INFO] [stdout]     |                                           +++
[INFO] [stdout] 
[INFO] [stdout] 
[INFO] [stdout] warning: trait objects without an explicit `dyn` are deprecated
[INFO] [stdout]    --> src/lib.rs:251:48
[INFO] [stdout]     |
[INFO] [stdout] 251 |     pub fn add_handler(&self, handler: Arc<Box<Handler>>) {
[INFO] [stdout]     |                                                ^^^^^^^
[INFO] [stdout]     |
[INFO] [stdout]     = warning: this is accepted in the current edition (Rust 2015) but is a hard error in Rust 2021!
[INFO] [stdout]     = note: for more information, see <https://doc.rust-lang.org/nightly/edition-guide/rust-2021/warnings-promoted-to-error.html>
[INFO] [stdout] help: use `dyn`
[INFO] [stdout]     |
[INFO] [stdout] 251 |     pub fn add_handler(&self, handler: Arc<Box<dyn Handler>>) {
[INFO] [stdout]     |                                                +++
[INFO] [stdout] 
[INFO] [stdout] 
[INFO] [stderr]    Compiling logging v0.1.0 (/opt/rustwide/workdir)
[INFO] [stdout] warning: 4 warnings emitted
[INFO] [stdout] 
[INFO] [stdout] 
[INFO] [stdout] warning: trait objects without an explicit `dyn` are deprecated
[INFO] [stdout]    --> src/lib.rs:242:39
[INFO] [stdout]     |
[INFO] [stdout] 242 |     _handlers: Arc<RwLock<Vec<Arc<Box<Handler>>>>>,
[INFO] [stdout]     |                                       ^^^^^^^
[INFO] [stdout]     |
[INFO] [stdout]     = warning: this is accepted in the current edition (Rust 2015) but is a hard error in Rust 2021!
[INFO] [stdout]     = note: for more information, see <https://doc.rust-lang.org/nightly/edition-guide/rust-2021/warnings-promoted-to-error.html>
[INFO] [stdout]     = note: `#[warn(bare_trait_objects)]` on by default
[INFO] [stdout] help: use `dyn`
[INFO] [stdout]     |
[INFO] [stdout] 242 |     _handlers: Arc<RwLock<Vec<Arc<Box<dyn Handler>>>>>,
[INFO] [stdout]     |                                       +++
[INFO] [stdout] 
[INFO] [stdout] 
[INFO] [stdout] warning: trait objects without an explicit `dyn` are deprecated
[INFO] [stdout]    --> src/lib.rs:120:29
[INFO] [stdout]     |
[INFO] [stdout] 120 |     pub fn new() -> Arc<Box<Handler>> {
[INFO] [stdout]     |                             ^^^^^^^
[INFO] [stdout]     |
[INFO] [stdout]     = warning: this is accepted in the current edition (Rust 2015) but is a hard error in Rust 2021!
[INFO] [stdout]     = note: for more information, see <https://doc.rust-lang.org/nightly/edition-guide/rust-2021/warnings-promoted-to-error.html>
[INFO] [stdout] help: use `dyn`
[INFO] [stdout]     |
[INFO] [stdout] 120 |     pub fn new() -> Arc<Box<dyn Handler>> {
[INFO] [stdout]     |                             +++
[INFO] [stdout] 
[INFO] [stdout] 
[INFO] [stdout] warning: trait objects without an explicit `dyn` are deprecated
[INFO] [stdout]    --> src/lib.rs:163:43
[INFO] [stdout]     |
[INFO] [stdout] 163 |     pub fn new(filename: &str) -> Arc<Box<Handler>> {
[INFO] [stdout]     |                                           ^^^^^^^
[INFO] [stdout]     |
[INFO] [stdout]     = warning: this is accepted in the current edition (Rust 2015) but is a hard error in Rust 2021!
[INFO] [stdout]     = note: for more information, see <https://doc.rust-lang.org/nightly/edition-guide/rust-2021/warnings-promoted-to-error.html>
[INFO] [stdout] help: use `dyn`
[INFO] [stdout]     |
[INFO] [stdout] 163 |     pub fn new(filename: &str) -> Arc<Box<dyn Handler>> {
[INFO] [stdout]     |                                           +++
[INFO] [stdout] 
[INFO] [stdout] 
[INFO] [stdout] warning: trait objects without an explicit `dyn` are deprecated
[INFO] [stdout]    --> src/lib.rs:251:48
[INFO] [stdout]     |
[INFO] [stdout] 251 |     pub fn add_handler(&self, handler: Arc<Box<Handler>>) {
[INFO] [stdout]     |                                                ^^^^^^^
[INFO] [stdout]     |
[INFO] [stdout]     = warning: this is accepted in the current edition (Rust 2015) but is a hard error in Rust 2021!
[INFO] [stdout]     = note: for more information, see <https://doc.rust-lang.org/nightly/edition-guide/rust-2021/warnings-promoted-to-error.html>
[INFO] [stdout] help: use `dyn`
[INFO] [stdout]     |
[INFO] [stdout] 251 |     pub fn add_handler(&self, handler: Arc<Box<dyn Handler>>) {
[INFO] [stdout]     |                                                +++
[INFO] [stdout] 
[INFO] [stdout] 
[INFO] [stdout] error[E0308]: mismatched types
[INFO] [stdout]    --> tests/basics.rs:5:29
[INFO] [stdout]     |
[INFO] [stdout] 5   |     let log1 = logging::get("main".to_owned());
[INFO] [stdout]     |                ------------ ^^^^^^^^^^^^^^^^^ expected `&str`, found `String`
[INFO] [stdout]     |                |
[INFO] [stdout]     |                arguments to this function are incorrect
[INFO] [stdout]     |
[INFO] [stdout] note: function defined here
[INFO] [stdout]    --> /opt/rustwide/workdir/src/lib.rs:431:8
[INFO] [stdout]     |
[INFO] [stdout] 431 | pub fn get(name: &str) -> Logger {
[INFO] [stdout]     |        ^^^
[INFO] [stdout] help: try removing the method call
[INFO] [stdout]     |
[INFO] [stdout] 5   -     let log1 = logging::get("main".to_owned());
[INFO] [stdout] 5   +     let log1 = logging::get("main");
[INFO] [stdout]     |
[INFO] [stdout] 
[INFO] [stdout] 
[INFO] [stdout] error[E0308]: mismatched types
[INFO] [stdout]    --> tests/basics.rs:6:29
[INFO] [stdout]     |
[INFO] [stdout] 6   |     let log2 = logging::get("main.logger".to_owned());
[INFO] [stdout]     |                ------------ ^^^^^^^^^^^^^^^^^^^^^^^^ expected `&str`, found `String`
[INFO] [stdout]     |                |
[INFO] [stdout]     |                arguments to this function are incorrect
[INFO] [stdout]     |
[INFO] [stdout] note: function defined here
[INFO] [stdout]    --> /opt/rustwide/workdir/src/lib.rs:431:8
[INFO] [stdout]     |
[INFO] [stdout] 431 | pub fn get(name: &str) -> Logger {
[INFO] [stdout]     |        ^^^
[INFO] [stdout] help: try removing the method call
[INFO] [stdout]     |
[INFO] [stdout] 6   -     let log2 = logging::get("main.logger".to_owned());
[INFO] [stdout] 6   +     let log2 = logging::get("main.logger");
[INFO] [stdout]     |
[INFO] [stdout] 
[INFO] [stdout] 
[INFO] [stdout] error[E0308]: mismatched types
[INFO] [stdout]    --> tests/basics.rs:17:28
[INFO] [stdout]     |
[INFO] [stdout] 17  |     let log = logging::get("main.console".to_owned());
[INFO] [stdout]     |               ------------ ^^^^^^^^^^^^^^^^^^^^^^^^^ expected `&str`, found `String`
[INFO] [stdout]     |               |
[INFO] [stdout]     |               arguments to this function are incorrect
[INFO] [stdout]     |
[INFO] [stdout] note: function defined here
[INFO] [stdout]    --> /opt/rustwide/workdir/src/lib.rs:431:8
[INFO] [stdout]     |
[INFO] [stdout] 431 | pub fn get(name: &str) -> Logger {
[INFO] [stdout]     |        ^^^
[INFO] [stdout] help: try removing the method call
[INFO] [stdout]     |
[INFO] [stdout] 17  -     let log = logging::get("main.console".to_owned());
[INFO] [stdout] 17  +     let log = logging::get("main.console");
[INFO] [stdout]     |
[INFO] [stdout] 
[INFO] [stdout] 
[INFO] [stdout] error[E0308]: mismatched types
[INFO] [stdout]    --> tests/basics.rs:20:14
[INFO] [stdout]     |
[INFO] [stdout] 18  |     log.add_handler(logging::ConsoleHandler::new());
[INFO] [stdout]     |         ----------- here the type of `log` is inferred to be `_Logger`
[INFO] [stdout] 19  |
[INFO] [stdout] 20  |     log.info("yes mam".to_owned());
[INFO] [stdout]     |         ---- ^^^^^^^^^^^^^^^^^^^^ expected `&str`, found `String`
[INFO] [stdout]     |         |
[INFO] [stdout]     |         arguments to this method are incorrect
[INFO] [stdout]     |
[INFO] [stdout] note: method defined here
[INFO] [stdout]    --> /opt/rustwide/workdir/src/lib.rs:311:12
[INFO] [stdout]     |
[INFO] [stdout] 311 |     pub fn info(&self, fmt: &str) {
[INFO] [stdout]     |            ^^^^
[INFO] [stdout] help: try removing the method call
[INFO] [stdout]     |
[INFO] [stdout] 20  -     log.info("yes mam".to_owned());
[INFO] [stdout] 20  +     log.info("yes mam");
[INFO] [stdout]     |
[INFO] [stdout] 
[INFO] [stdout] 
[INFO] [stdout] error[E0308]: mismatched types
[INFO] [stdout]    --> tests/basics.rs:26:28
[INFO] [stdout]     |
[INFO] [stdout] 26  |     let log = logging::get("main".to_owned());
[INFO] [stdout]     |               ------------ ^^^^^^^^^^^^^^^^^ expected `&str`, found `String`
[INFO] [stdout]     |               |
[INFO] [stdout]     |               arguments to this function are incorrect
[INFO] [stdout]     |
[INFO] [stdout] note: function defined here
[INFO] [stdout]    --> /opt/rustwide/workdir/src/lib.rs:431:8
[INFO] [stdout]     |
[INFO] [stdout] 431 | pub fn get(name: &str) -> Logger {
[INFO] [stdout]     |        ^^^
[INFO] [stdout] help: try removing the method call
[INFO] [stdout]     |
[INFO] [stdout] 26  -     let log = logging::get("main".to_owned());
[INFO] [stdout] 26  +     let log = logging::get("main");
[INFO] [stdout]     |
[INFO] [stdout] 
[INFO] [stdout] 
[INFO] [stdout] error[E0308]: mismatched types
[INFO] [stdout]    --> tests/basics.rs:28:14
[INFO] [stdout]     |
[INFO] [stdout] 28  |     log.info("start".to_owned());
[INFO] [stdout]     |         ---- ^^^^^^^^^^^^^^^^^^ expected `&str`, found `String`
[INFO] [stdout]     |         |
[INFO] [stdout]     |         arguments to this method are incorrect
[INFO] [stdout]     |         here the type of `log` is inferred to be `_Logger`
[INFO] [stdout]     |
[INFO] [stdout] note: method defined here
[INFO] [stdout]    --> /opt/rustwide/workdir/src/lib.rs:311:12
[INFO] [stdout]     |
[INFO] [stdout] 311 |     pub fn info(&self, fmt: &str) {
[INFO] [stdout]     |            ^^^^
[INFO] [stdout] help: try removing the method call
[INFO] [stdout]     |
[INFO] [stdout] 28  -     log.info("start".to_owned());
[INFO] [stdout] 28  +     log.info("start");
[INFO] [stdout]     |
[INFO] [stdout] 
[INFO] [stdout] 
[INFO] [stdout] error[E0308]: mismatched types
[INFO] [stdout]   --> tests/basics.rs:34:23
[INFO] [stdout]    |
[INFO] [stdout] 34 |             log.debug(format!("count: {}", i));
[INFO] [stdout]    |                       ^^^^^^^^^^^^^^^^^^^^^^^ expected `&str`, found `String`
[INFO] [stdout]    |
[INFO] [stdout]    = note: this error originates in the macro `format` (in Nightly builds, run with -Z macro-backtrace for more info)
[INFO] [stdout] 
[INFO] [stdout] 
[INFO] [stdout] error[E0308]: mismatched types
[INFO] [stdout]    --> tests/basics.rs:38:14
[INFO] [stdout]     |
[INFO] [stdout] 28  |     log.info("start".to_owned());
[INFO] [stdout]     |         ---- here the type of `log` is inferred to be `_Logger`
[INFO] [stdout] ...
[INFO] [stdout] 38  |     log.info("end".to_owned());
[INFO] [stdout]     |         ---- ^^^^^^^^^^^^^^^^ expected `&str`, found `String`
[INFO] [stdout]     |         |
[INFO] [stdout]     |         arguments to this method are incorrect
[INFO] [stdout]     |
[INFO] [stdout] note: method defined here
[INFO] [stdout]    --> /opt/rustwide/workdir/src/lib.rs:311:12
[INFO] [stdout]     |
[INFO] [stdout] 311 |     pub fn info(&self, fmt: &str) {
[INFO] [stdout]     |            ^^^^
[INFO] [stdout] help: try removing the method call
[INFO] [stdout]     |
[INFO] [stdout] 38  -     log.info("end".to_owned());
[INFO] [stdout] 38  +     log.info("end");
[INFO] [stdout]     |
[INFO] [stdout] 
[INFO] [stdout] 
[INFO] [stdout] error: aborting due to 8 previous errors
[INFO] [stdout] 
[INFO] [stdout] 
[INFO] [stdout] For more information about this error, try `rustc --explain E0308`.
[INFO] [stdout] 
[INFO] [stderr] error: could not compile `logging` due to 9 previous errors
[INFO] [stderr] warning: build failed, waiting for other jobs to finish...
[INFO] [stdout] warning: 4 warnings emitted
[INFO] [stdout] 
[INFO] [stdout] 
[INFO] running `Command { std: "docker" "inspect" "f06210e937496feb96504fca1a4cac15dcde3abf52d51699202c69462a1e588a", kill_on_drop: false }`
[INFO] running `Command { std: "docker" "rm" "-f" "f06210e937496feb96504fca1a4cac15dcde3abf52d51699202c69462a1e588a", kill_on_drop: false }`
[INFO] [stdout] f06210e937496feb96504fca1a4cac15dcde3abf52d51699202c69462a1e588a
