[INFO] fetching crate llvm-plugin-inkwell 0.2.1...
[INFO] testing llvm-plugin-inkwell-0.2.1 against beta-2023-04-20 for beta-1.70-1
[INFO] extracting crate llvm-plugin-inkwell 0.2.1 into /workspace/builds/worker-7-tc2/source
[INFO] validating manifest of crates.io crate llvm-plugin-inkwell 0.2.1 on toolchain beta-2023-04-20
[INFO] running `Command { std: CARGO_HOME="/workspace/cargo-home" RUSTUP_HOME="/workspace/rustup-home" "/workspace/cargo-home/bin/cargo" "+beta-2023-04-20" "metadata" "--manifest-path" "Cargo.toml" "--no-deps", kill_on_drop: false }`
[INFO] started tweaking crates.io crate llvm-plugin-inkwell 0.2.1
[INFO] finished tweaking crates.io crate llvm-plugin-inkwell 0.2.1
[INFO] tweaked toml for crates.io crate llvm-plugin-inkwell 0.2.1 written to /workspace/builds/worker-7-tc2/source/Cargo.toml
[INFO] crate crates.io crate llvm-plugin-inkwell 0.2.1 already has a lockfile, it will not be regenerated
[INFO] running `Command { std: CARGO_HOME="/workspace/cargo-home" RUSTUP_HOME="/workspace/rustup-home" "/workspace/cargo-home/bin/cargo" "+beta-2023-04-20" "fetch" "--manifest-path" "Cargo.toml", kill_on_drop: false }`
[INFO] [stderr]     Updating crates.io index
[INFO] [stderr]  Downloading crates ...
[INFO] [stderr]   Downloaded llvm-sys v90.2.1
[INFO] [stderr]   Downloaded semver v0.6.0
[INFO] [stderr]   Downloaded alloc-traits v0.1.1
[INFO] [stderr]   Downloaded llvm-sys v110.0.3
[INFO] [stderr]   Downloaded llvm-sys v130.0.4
[INFO] [stderr]   Downloaded llvm-plugin-inkwell-internals v0.6.0
[INFO] [stderr]   Downloaded lock_api v0.4.8
[INFO] [stderr]   Downloaded static-alloc v0.2.3
[INFO] [stderr]   Downloaded ucd-util v0.1.9
[INFO] [stderr]   Downloaded llvm-sys v100.2.3
[INFO] [stderr]   Downloaded llvm-sys v40.4.0
[INFO] [stderr]   Downloaded pest v2.3.0
[INFO] [stderr]   Downloaded llvm-sys v150.0.3
[INFO] [stderr]   Downloaded llvm-sys v50.4.0
[INFO] [stderr]   Downloaded llvm-sys v60.6.0
[INFO] [stderr]   Downloaded llvm-sys v70.4.0
[INFO] [stderr]   Downloaded llvm-sys v80.3.0
[INFO] [stderr]   Downloaded llvm-sys v120.2.4
[INFO] running `Command { std: "docker" "create" "-v" "/var/lib/crater-agent-workspace/builds/worker-7-tc2/target:/opt/rustwide/target:rw,Z" "-v" "/var/lib/crater-agent-workspace/builds/worker-7-tc2/source:/opt/rustwide/workdir:ro,Z" "-v" "/var/lib/crater-agent-workspace/cargo-home:/opt/rustwide/cargo-home:ro,Z" "-v" "/var/lib/crater-agent-workspace/rustup-home:/opt/rustwide/rustup-home:ro,Z" "-e" "SOURCE_DIR=/opt/rustwide/workdir" "-e" "CARGO_TARGET_DIR=/opt/rustwide/target" "-e" "CARGO_HOME=/opt/rustwide/cargo-home" "-e" "RUSTUP_HOME=/opt/rustwide/rustup-home" "-w" "/opt/rustwide/workdir" "-m" "1610612736" "--user" "0:0" "--network" "none" "ghcr.io/rust-lang/crates-build-env/linux@sha256:5ff2268d62e97bff2cde7d5815dd6ed5b47097566f13b8d0ca110b04b60e07ed" "/opt/rustwide/cargo-home/bin/cargo" "+beta-2023-04-20" "metadata" "--no-deps" "--format-version=1", kill_on_drop: false }`
[INFO] [stdout] 9cdf3fe7caf8f9a3dd529a596d737b419e3ca82c2a59db812fb57629c796a8af
[INFO] running `Command { std: "docker" "start" "-a" "9cdf3fe7caf8f9a3dd529a596d737b419e3ca82c2a59db812fb57629c796a8af", kill_on_drop: false }`
[INFO] running `Command { std: "docker" "inspect" "9cdf3fe7caf8f9a3dd529a596d737b419e3ca82c2a59db812fb57629c796a8af", kill_on_drop: false }`
[INFO] running `Command { std: "docker" "rm" "-f" "9cdf3fe7caf8f9a3dd529a596d737b419e3ca82c2a59db812fb57629c796a8af", kill_on_drop: false }`
[INFO] [stdout] 9cdf3fe7caf8f9a3dd529a596d737b419e3ca82c2a59db812fb57629c796a8af
[INFO] running `Command { std: "docker" "create" "-v" "/var/lib/crater-agent-workspace/builds/worker-7-tc2/target:/opt/rustwide/target:rw,Z" "-v" "/var/lib/crater-agent-workspace/builds/worker-7-tc2/source:/opt/rustwide/workdir:ro,Z" "-v" "/var/lib/crater-agent-workspace/cargo-home:/opt/rustwide/cargo-home:ro,Z" "-v" "/var/lib/crater-agent-workspace/rustup-home:/opt/rustwide/rustup-home:ro,Z" "-e" "SOURCE_DIR=/opt/rustwide/workdir" "-e" "CARGO_TARGET_DIR=/opt/rustwide/target" "-e" "CARGO_INCREMENTAL=0" "-e" "RUST_BACKTRACE=full" "-e" "RUSTFLAGS=--cap-lints=warn" "-e" "RUSTDOCFLAGS=--cap-lints=warn" "-e" "CARGO_HOME=/opt/rustwide/cargo-home" "-e" "RUSTUP_HOME=/opt/rustwide/rustup-home" "-w" "/opt/rustwide/workdir" "-m" "1610612736" "--user" "0:0" "--network" "none" "ghcr.io/rust-lang/crates-build-env/linux@sha256:5ff2268d62e97bff2cde7d5815dd6ed5b47097566f13b8d0ca110b04b60e07ed" "/opt/rustwide/cargo-home/bin/cargo" "+beta-2023-04-20" "build" "--frozen" "--message-format=json", kill_on_drop: false }`
[INFO] [stdout] 85edc103384c174d05eeed41dfd1e710152a364bb1192fa03f6d292ca17edf65
[INFO] running `Command { std: "docker" "start" "-a" "85edc103384c174d05eeed41dfd1e710152a364bb1192fa03f6d292ca17edf65", kill_on_drop: false }`
[INFO] [stderr]    Compiling proc-macro2 v1.0.43
[INFO] [stderr]    Compiling libc v0.2.132
[INFO] [stderr]    Compiling quote v1.0.21
[INFO] [stderr]    Compiling autocfg v1.1.0
[INFO] [stderr]    Compiling unicode-ident v1.0.3
[INFO] [stderr]    Compiling parking_lot_core v0.9.3
[INFO] [stderr]    Compiling syn v1.0.99
[INFO] [stderr]    Compiling scopeguard v1.1.0
[INFO] [stderr]    Compiling smallvec v1.9.0
[INFO] [stderr]    Compiling cfg-if v1.0.0
[INFO] [stderr]    Compiling llvm-plugin-inkwell v0.2.1 (/opt/rustwide/workdir)
[INFO] [stderr]    Compiling once_cell v1.17.0
[INFO] [stderr]    Compiling either v1.8.0
[INFO] [stderr]    Compiling lock_api v0.4.8
[INFO] [stderr]    Compiling parking_lot v0.12.1
[INFO] [stderr]    Compiling llvm-plugin-inkwell-internals v0.6.0
[INFO] [stdout] error: One of the LLVM feature flags must be provided: llvm4-0 llvm5-0 llvm6-0 llvm7-0 llvm8-0 llvm9-0 llvm10-0 llvm11-0 llvm12-0 llvm13-0 llvm14-0 llvm15-0 
[INFO] [stdout]    --> src/lib.rs:99:9
[INFO] [stdout]     |
[INFO] [stdout] 99  |         compile_error!(concat!("One of the LLVM feature flags must be provided: ", $($all, " "),*));
[INFO] [stdout]     |         ^^^^^^^^^^^^^^^^^^^^^^^^^^^^^^^^^^^^^^^^^^^^^^^^^^^^^^^^^^^^^^^^^^^^^^^^^^^^^^^^^^^^^^^^^^^
[INFO] [stdout] ...
[INFO] [stdout] 110 | assert_unique_used_features! {"llvm4-0", "llvm5-0", "llvm6-0", "llvm7-0", "llvm8-0", "llvm9-0", "llvm10-0", "llvm11-0", "llvm12-0", "llvm13-0", "llvm14-0", "llvm15-0"}
[INFO] [stdout]     | ----------------------------------------------------------------------------------------------------------------------------------------------------------------------- in this macro invocation
[INFO] [stdout]     |
[INFO] [stdout]     = note: this error originates in the macro `assert_used_features` which comes from the expansion of the macro `assert_unique_used_features` (in Nightly builds, run with -Z macro-backtrace for more info)
[INFO] [stdout] 
[INFO] [stdout] 
[INFO] [stdout] error[E0433]: failed to resolve: use of undeclared crate or module `llvm_sys`
[INFO] [stdout]  --> src/support/error_handling.rs:4:5
[INFO] [stdout]   |
[INFO] [stdout] 4 | use llvm_sys::core::{LLVMGetDiagInfoDescription, LLVMGetDiagInfoSeverity};
[INFO] [stdout]   |     ^^^^^^^^ use of undeclared crate or module `llvm_sys`
[INFO] [stdout] 
[INFO] [stdout] 
[INFO] [stdout] error[E0433]: failed to resolve: use of undeclared crate or module `llvm_sys`
[INFO] [stdout]  --> src/support/error_handling.rs:5:5
[INFO] [stdout]   |
[INFO] [stdout] 5 | use llvm_sys::error_handling::{LLVMInstallFatalErrorHandler, LLVMResetFatalErrorHandler};
[INFO] [stdout]   |     ^^^^^^^^ use of undeclared crate or module `llvm_sys`
[INFO] [stdout] 
[INFO] [stdout] 
[INFO] [stdout] error[E0433]: failed to resolve: use of undeclared crate or module `llvm_sys`
[INFO] [stdout]  --> src/support/error_handling.rs:6:5
[INFO] [stdout]   |
[INFO] [stdout] 6 | use llvm_sys::prelude::LLVMDiagnosticInfoRef;
[INFO] [stdout]   |     ^^^^^^^^ use of undeclared crate or module `llvm_sys`
[INFO] [stdout] 
[INFO] [stdout] 
[INFO] [stdout] error[E0433]: failed to resolve: use of undeclared crate or module `llvm_sys`
[INFO] [stdout]  --> src/support/mod.rs:5:5
[INFO] [stdout]   |
[INFO] [stdout] 5 | use llvm_sys::core::{LLVMCreateMessage, LLVMDisposeMessage};
[INFO] [stdout]   |     ^^^^^^^^ use of undeclared crate or module `llvm_sys`
[INFO] [stdout] 
[INFO] [stdout] 
[INFO] [stdout] error[E0433]: failed to resolve: use of undeclared crate or module `llvm_sys`
[INFO] [stdout]  --> src/support/mod.rs:6:5
[INFO] [stdout]   |
[INFO] [stdout] 6 | use llvm_sys::error_handling::LLVMEnablePrettyStackTrace;
[INFO] [stdout]   |     ^^^^^^^^ use of undeclared crate or module `llvm_sys`
[INFO] [stdout] 
[INFO] [stdout] 
[INFO] [stdout] error[E0433]: failed to resolve: use of undeclared crate or module `llvm_sys`
[INFO] [stdout]  --> src/support/mod.rs:7:5
[INFO] [stdout]   |
[INFO] [stdout] 7 | use llvm_sys::support::LLVMLoadLibraryPermanently;
[INFO] [stdout]   |     ^^^^^^^^ use of undeclared crate or module `llvm_sys`
[INFO] [stdout] 
[INFO] [stdout] 
[INFO] [stdout] error[E0433]: failed to resolve: use of undeclared crate or module `llvm_sys`
[INFO] [stdout]    --> src/support/mod.rs:121:9
[INFO] [stdout]     |
[INFO] [stdout] 121 |     use llvm_sys::core::LLVMShutdown;
[INFO] [stdout]     |         ^^^^^^^^ use of undeclared crate or module `llvm_sys`
[INFO] [stdout] 
[INFO] [stdout] 
[INFO] [stdout] error[E0433]: failed to resolve: use of undeclared crate or module `llvm_sys`
[INFO] [stdout]    --> src/support/mod.rs:135:9
[INFO] [stdout]     |
[INFO] [stdout] 135 |     use llvm_sys::core::LLVMIsMultithreaded;
[INFO] [stdout]     |         ^^^^^^^^ use of undeclared crate or module `llvm_sys`
[INFO] [stdout] 
[INFO] [stdout] 
[INFO] [stdout] error[E0433]: failed to resolve: use of undeclared crate or module `llvm_sys`
[INFO] [stdout]  --> src/attributes.rs:3:5
[INFO] [stdout]   |
[INFO] [stdout] 3 | use llvm_sys::core::{
[INFO] [stdout]   |     ^^^^^^^^ use of undeclared crate or module `llvm_sys`
[INFO] [stdout] 
[INFO] [stdout] 
[INFO] [stdout] error[E0433]: failed to resolve: use of undeclared crate or module `llvm_sys`
[INFO] [stdout]  --> src/attributes.rs:9:5
[INFO] [stdout]   |
[INFO] [stdout] 9 | use llvm_sys::prelude::LLVMAttributeRef;
[INFO] [stdout]   |     ^^^^^^^^ use of undeclared crate or module `llvm_sys`
[INFO] [stdout] 
[INFO] [stdout] 
[INFO] [stdout] error[E0433]: failed to resolve: use of undeclared crate or module `llvm_sys`
[INFO] [stdout]  --> src/basic_block.rs:3:5
[INFO] [stdout]   |
[INFO] [stdout] 3 | use llvm_sys::core::{
[INFO] [stdout]   |     ^^^^^^^^ use of undeclared crate or module `llvm_sys`
[INFO] [stdout] 
[INFO] [stdout] 
[INFO] [stdout] error[E0433]: failed to resolve: use of undeclared crate or module `llvm_sys`
[INFO] [stdout]   --> src/basic_block.rs:10:5
[INFO] [stdout]    |
[INFO] [stdout] 10 | use llvm_sys::prelude::{LLVMBasicBlockRef, LLVMValueRef};
[INFO] [stdout]    |     ^^^^^^^^ use of undeclared crate or module `llvm_sys`
[INFO] [stdout] 
[INFO] [stdout] 
[INFO] [stdout] error[E0433]: failed to resolve: use of undeclared crate or module `llvm_sys`
[INFO] [stdout]    --> src/basic_block.rs:436:17
[INFO] [stdout]     |
[INFO] [stdout] 436 |             use llvm_sys::core::LLVMSetValueName2;
[INFO] [stdout]     |                 ^^^^^^^^ use of undeclared crate or module `llvm_sys`
[INFO] [stdout] 
[INFO] [stdout] 
[INFO] [stdout] error[E0433]: failed to resolve: use of undeclared crate or module `llvm_sys`
[INFO] [stdout]  --> src/builder.rs:3:5
[INFO] [stdout]   |
[INFO] [stdout] 3 | use llvm_sys::core::{
[INFO] [stdout]   |     ^^^^^^^^ use of undeclared crate or module `llvm_sys`
[INFO] [stdout] 
[INFO] [stdout] 
[INFO] [stdout] error[E0433]: failed to resolve: use of undeclared crate or module `llvm_sys`
[INFO] [stdout]   --> src/builder.rs:35:5
[INFO] [stdout]    |
[INFO] [stdout] 35 | use llvm_sys::prelude::{LLVMBuilderRef, LLVMValueRef};
[INFO] [stdout]    |     ^^^^^^^^ use of undeclared crate or module `llvm_sys`
[INFO] [stdout] 
[INFO] [stdout] 
[INFO] [stdout] error[E0433]: failed to resolve: use of undeclared crate or module `llvm_sys`
[INFO] [stdout]  --> src/comdat.rs:5:5
[INFO] [stdout]   |
[INFO] [stdout] 5 | use llvm_sys::comdat::{LLVMComdatSelectionKind, LLVMGetComdatSelectionKind, LLVMSetComdatSelectionKind};
[INFO] [stdout]   |     ^^^^^^^^ use of undeclared crate or module `llvm_sys`
[INFO] [stdout] 
[INFO] [stdout] 
[INFO] [stdout] error[E0433]: failed to resolve: use of undeclared crate or module `llvm_sys`
[INFO] [stdout]  --> src/comdat.rs:6:5
[INFO] [stdout]   |
[INFO] [stdout] 6 | use llvm_sys::prelude::LLVMComdatRef;
[INFO] [stdout]   |     ^^^^^^^^ use of undeclared crate or module `llvm_sys`
[INFO] [stdout] 
[INFO] [stdout] 
[INFO] [stdout] error[E0433]: failed to resolve: use of undeclared crate or module `llvm_sys`
[INFO] [stdout]   --> src/context.rs:18:5
[INFO] [stdout]    |
[INFO] [stdout] 18 | use llvm_sys::core::{
[INFO] [stdout]    |     ^^^^^^^^ use of undeclared crate or module `llvm_sys`
[INFO] [stdout] 
[INFO] [stdout] 
[INFO] [stdout] error[E0433]: failed to resolve: use of undeclared crate or module `llvm_sys`
[INFO] [stdout]   --> src/context.rs:28:5
[INFO] [stdout]    |
[INFO] [stdout] 28 | use llvm_sys::ir_reader::LLVMParseIRInContext;
[INFO] [stdout]    |     ^^^^^^^^ use of undeclared crate or module `llvm_sys`
[INFO] [stdout] 
[INFO] [stdout] 
[INFO] [stdout] error[E0433]: failed to resolve: use of undeclared crate or module `llvm_sys`
[INFO] [stdout]   --> src/context.rs:29:5
[INFO] [stdout]    |
[INFO] [stdout] 29 | use llvm_sys::prelude::{LLVMContextRef, LLVMDiagnosticInfoRef, LLVMTypeRef, LLVMValueRef};
[INFO] [stdout]    |     ^^^^^^^^ use of undeclared crate or module `llvm_sys`
[INFO] [stdout] 
[INFO] [stdout] 
[INFO] [stdout] error[E0433]: failed to resolve: use of undeclared crate or module `llvm_sys`
[INFO] [stdout]   --> src/context.rs:30:5
[INFO] [stdout]    |
[INFO] [stdout] 30 | use llvm_sys::target::{LLVMIntPtrTypeForASInContext, LLVMIntPtrTypeInContext};
[INFO] [stdout]    |     ^^^^^^^^ use of undeclared crate or module `llvm_sys`
[INFO] [stdout] 
[INFO] [stdout] 
[INFO] [stdout] error[E0433]: failed to resolve: use of undeclared crate or module `llvm_sys`
[INFO] [stdout]    --> src/debug_info.rs:112:5
[INFO] [stdout]     |
[INFO] [stdout] 112 | use llvm_sys::core::LLVMMetadataAsValue;
[INFO] [stdout]     |     ^^^^^^^^ use of undeclared crate or module `llvm_sys`
[INFO] [stdout] 
[INFO] [stdout] 
[INFO] [stdout] error[E0433]: failed to resolve: use of undeclared crate or module `llvm_sys`
[INFO] [stdout]    --> src/debug_info.rs:115:9
[INFO] [stdout]     |
[INFO] [stdout] 115 | pub use llvm_sys::debuginfo::LLVMDWARFTypeEncoding;
[INFO] [stdout]     |         ^^^^^^^^ use of undeclared crate or module `llvm_sys`
[INFO] [stdout] 
[INFO] [stdout] 
[INFO] [stdout] error[E0433]: failed to resolve: use of undeclared crate or module `llvm_sys`
[INFO] [stdout]    --> src/debug_info.rs:116:5
[INFO] [stdout]     |
[INFO] [stdout] 116 | use llvm_sys::debuginfo::LLVMDebugMetadataVersion;
[INFO] [stdout]     |     ^^^^^^^^ use of undeclared crate or module `llvm_sys`
[INFO] [stdout] 
[INFO] [stdout] 
[INFO] [stdout] error[E0433]: failed to resolve: use of undeclared crate or module `llvm_sys`
[INFO] [stdout]    --> src/debug_info.rs:117:5
[INFO] [stdout]     |
[INFO] [stdout] 117 | use llvm_sys::debuginfo::LLVMDisposeDIBuilder;
[INFO] [stdout]     |     ^^^^^^^^ use of undeclared crate or module `llvm_sys`
[INFO] [stdout] 
[INFO] [stdout] 
[INFO] [stdout] error[E0433]: failed to resolve: use of undeclared crate or module `llvm_sys`
[INFO] [stdout]    --> src/debug_info.rs:118:5
[INFO] [stdout]     |
[INFO] [stdout] 118 | use llvm_sys::debuginfo::LLVMMetadataReplaceAllUsesWith;
[INFO] [stdout]     |     ^^^^^^^^ use of undeclared crate or module `llvm_sys`
[INFO] [stdout] 
[INFO] [stdout] 
[INFO] [stdout] error[E0433]: failed to resolve: use of undeclared crate or module `llvm_sys`
[INFO] [stdout]    --> src/debug_info.rs:119:5
[INFO] [stdout]     |
[INFO] [stdout] 119 | use llvm_sys::debuginfo::LLVMTemporaryMDNode;
[INFO] [stdout]     |     ^^^^^^^^ use of undeclared crate or module `llvm_sys`
[INFO] [stdout] 
[INFO] [stdout] 
[INFO] [stdout] error[E0433]: failed to resolve: use of undeclared crate or module `llvm_sys`
[INFO] [stdout]    --> src/debug_info.rs:120:5
[INFO] [stdout]     |
[INFO] [stdout] 120 | use llvm_sys::debuginfo::{LLVMCreateDIBuilder, LLVMCreateDIBuilderDisallowUnresolved};
[INFO] [stdout]     |     ^^^^^^^^ use of undeclared crate or module `llvm_sys`
[INFO] [stdout] 
[INFO] [stdout] 
[INFO] [stdout] error[E0433]: failed to resolve: use of undeclared crate or module `llvm_sys`
[INFO] [stdout]    --> src/debug_info.rs:121:5
[INFO] [stdout]     |
[INFO] [stdout] 121 | use llvm_sys::debuginfo::{
[INFO] [stdout]     |     ^^^^^^^^ use of undeclared crate or module `llvm_sys`
[INFO] [stdout] 
[INFO] [stdout] 
[INFO] [stdout] error[E0433]: failed to resolve: use of undeclared crate or module `llvm_sys`
[INFO] [stdout]    --> src/debug_info.rs:134:5
[INFO] [stdout]     |
[INFO] [stdout] 134 | use llvm_sys::prelude::{LLVMDIBuilderRef, LLVMMetadataRef};
[INFO] [stdout]     |     ^^^^^^^^ use of undeclared crate or module `llvm_sys`
[INFO] [stdout] 
[INFO] [stdout] 
[INFO] [stdout] error[E0433]: failed to resolve: use of undeclared crate or module `llvm_sys`
[INFO] [stdout]     --> src/debug_info.rs:1272:13
[INFO] [stdout]      |
[INFO] [stdout] 1272 |     pub use llvm_sys::debuginfo::LLVMDIFlags as DIFlags;
[INFO] [stdout]      |             ^^^^^^^^ use of undeclared crate or module `llvm_sys`
[INFO] [stdout] 
[INFO] [stdout] 
[INFO] [stdout] error[E0433]: failed to resolve: use of undeclared crate or module `llvm_sys`
[INFO] [stdout]     --> src/debug_info.rs:1273:9
[INFO] [stdout]      |
[INFO] [stdout] 1273 |     use llvm_sys::debuginfo::{LLVMDWARFEmissionKind, LLVMDWARFSourceLanguage};
[INFO] [stdout]      |         ^^^^^^^^ use of undeclared crate or module `llvm_sys`
[INFO] [stdout] 
[INFO] [stdout] 
[INFO] [stdout] error[E0433]: failed to resolve: use of undeclared crate or module `llvm_sys`
[INFO] [stdout]  --> src/execution_engine.rs:2:5
[INFO] [stdout]   |
[INFO] [stdout] 2 | use llvm_sys::execution_engine::{
[INFO] [stdout]   |     ^^^^^^^^ use of undeclared crate or module `llvm_sys`
[INFO] [stdout] 
[INFO] [stdout] 
[INFO] [stdout] error[E0433]: failed to resolve: use of undeclared crate or module `llvm_sys`
[INFO] [stdout]  --> src/intrinsics.rs:3:5
[INFO] [stdout]   |
[INFO] [stdout] 3 | use llvm_sys::prelude::LLVMTypeRef;
[INFO] [stdout]   |     ^^^^^^^^ use of undeclared crate or module `llvm_sys`
[INFO] [stdout] 
[INFO] [stdout] 
[INFO] [stdout] error[E0433]: failed to resolve: use of undeclared crate or module `llvm_sys`
[INFO] [stdout]  --> src/memory_buffer.rs:1:5
[INFO] [stdout]   |
[INFO] [stdout] 1 | use llvm_sys::core::{
[INFO] [stdout]   |     ^^^^^^^^ use of undeclared crate or module `llvm_sys`
[INFO] [stdout] 
[INFO] [stdout] 
[INFO] [stdout] error[E0433]: failed to resolve: use of undeclared crate or module `llvm_sys`
[INFO] [stdout]  --> src/memory_buffer.rs:6:5
[INFO] [stdout]   |
[INFO] [stdout] 6 | use llvm_sys::object::LLVMCreateObjectFile;
[INFO] [stdout]   |     ^^^^^^^^ use of undeclared crate or module `llvm_sys`
[INFO] [stdout] 
[INFO] [stdout] 
[INFO] [stdout] error[E0433]: failed to resolve: use of undeclared crate or module `llvm_sys`
[INFO] [stdout]  --> src/memory_buffer.rs:7:5
[INFO] [stdout]   |
[INFO] [stdout] 7 | use llvm_sys::prelude::LLVMMemoryBufferRef;
[INFO] [stdout]   |     ^^^^^^^^ use of undeclared crate or module `llvm_sys`
[INFO] [stdout] 
[INFO] [stdout] 
[INFO] [stdout] error[E0433]: failed to resolve: use of undeclared crate or module `llvm_sys`
[INFO] [stdout]  --> src/module.rs:3:5
[INFO] [stdout]   |
[INFO] [stdout] 3 | use llvm_sys::analysis::{LLVMVerifierFailureAction, LLVMVerifyModule};
[INFO] [stdout]   |     ^^^^^^^^ use of undeclared crate or module `llvm_sys`
[INFO] [stdout] 
[INFO] [stdout] 
[INFO] [stdout] error[E0433]: failed to resolve: use of undeclared crate or module `llvm_sys`
[INFO] [stdout]  --> src/module.rs:5:5
[INFO] [stdout]   |
[INFO] [stdout] 5 | use llvm_sys::bit_reader::LLVMParseBitcodeInContext;
[INFO] [stdout]   |     ^^^^^^^^ use of undeclared crate or module `llvm_sys`
[INFO] [stdout] 
[INFO] [stdout] 
[INFO] [stdout] error[E0433]: failed to resolve: use of undeclared crate or module `llvm_sys`
[INFO] [stdout]  --> src/module.rs:6:5
[INFO] [stdout]   |
[INFO] [stdout] 6 | use llvm_sys::bit_writer::{LLVMWriteBitcodeToFile, LLVMWriteBitcodeToMemoryBuffer};
[INFO] [stdout]   |     ^^^^^^^^ use of undeclared crate or module `llvm_sys`
[INFO] [stdout] 
[INFO] [stdout] 
[INFO] [stdout] error[E0433]: failed to resolve: use of undeclared crate or module `llvm_sys`
[INFO] [stdout]   --> src/module.rs:10:5
[INFO] [stdout]    |
[INFO] [stdout] 10 | use llvm_sys::core::{
[INFO] [stdout]    |     ^^^^^^^^ use of undeclared crate or module `llvm_sys`
[INFO] [stdout] 
[INFO] [stdout] 
[INFO] [stdout] error[E0433]: failed to resolve: use of undeclared crate or module `llvm_sys`
[INFO] [stdout]   --> src/module.rs:21:5
[INFO] [stdout]    |
[INFO] [stdout] 21 | use llvm_sys::execution_engine::{
[INFO] [stdout]    |     ^^^^^^^^ use of undeclared crate or module `llvm_sys`
[INFO] [stdout] 
[INFO] [stdout] 
[INFO] [stdout] error[E0433]: failed to resolve: use of undeclared crate or module `llvm_sys`
[INFO] [stdout]   --> src/module.rs:24:5
[INFO] [stdout]    |
[INFO] [stdout] 24 | use llvm_sys::prelude::{LLVMModuleRef, LLVMValueRef};
[INFO] [stdout]    |     ^^^^^^^^ use of undeclared crate or module `llvm_sys`
[INFO] [stdout] 
[INFO] [stdout] 
[INFO] [stdout] error[E0432]: unresolved import `llvm_sys`
[INFO] [stdout]  --> src/support/error_handling.rs:7:5
[INFO] [stdout]   |
[INFO] [stdout] 7 | use llvm_sys::LLVMDiagnosticSeverity;
[INFO] [stdout]   |     ^^^^^^^^ use of undeclared crate or module `llvm_sys`
[INFO] [stdout] 
[INFO] [stdout] 
[INFO] [stdout] error[E0433]: failed to resolve: use of undeclared crate or module `llvm_sys`
[INFO] [stdout]    --> src/module.rs:679:17
[INFO] [stdout]     |
[INFO] [stdout] 679 |             use llvm_sys::bit_writer::LLVMWriteBitcodeToFD;
[INFO] [stdout]     |                 ^^^^^^^^ use of undeclared crate or module `llvm_sys`
[INFO] [stdout] 
[INFO] [stdout] 
[INFO] [stdout] error[E0433]: failed to resolve: use of undeclared crate or module `llvm_sys`
[INFO] [stdout]    --> src/module.rs:745:17
[INFO] [stdout]     |
[INFO] [stdout] 745 |             use llvm_sys::core::LLVMGetDataLayoutStr;
[INFO] [stdout]     |                 ^^^^^^^^ use of undeclared crate or module `llvm_sys`
[INFO] [stdout] 
[INFO] [stdout] 
[INFO] [stdout] error[E0433]: failed to resolve: use of undeclared crate or module `llvm_sys`
[INFO] [stdout]    --> src/module.rs:865:17
[INFO] [stdout]     |
[INFO] [stdout] 865 |             use llvm_sys::core::LLVMSetModuleInlineAsm2;
[INFO] [stdout]     |                 ^^^^^^^^ use of undeclared crate or module `llvm_sys`
[INFO] [stdout] 
[INFO] [stdout] 
[INFO] [stdout] error[E0433]: failed to resolve: use of undeclared crate or module `llvm_sys`
[INFO] [stdout]     --> src/module.rs:1294:13
[INFO] [stdout]      |
[INFO] [stdout] 1294 |         use llvm_sys::linker::LLVMLinkModules2;
[INFO] [stdout]      |             ^^^^^^^^ use of undeclared crate or module `llvm_sys`
[INFO] [stdout] 
[INFO] [stdout] 
[INFO] [stdout] error[E0433]: failed to resolve: use of undeclared crate or module `llvm_sys`
[INFO] [stdout]  --> src/object_file.rs:1:5
[INFO] [stdout]   |
[INFO] [stdout] 1 | use llvm_sys::object::{
[INFO] [stdout]   |     ^^^^^^^^ use of undeclared crate or module `llvm_sys`
[INFO] [stdout] 
[INFO] [stdout] 
[INFO] [stdout] error[E0433]: failed to resolve: use of undeclared crate or module `llvm_sys`
[INFO] [stdout]  --> src/passes.rs:1:5
[INFO] [stdout]   |
[INFO] [stdout] 1 | use llvm_sys::core::{
[INFO] [stdout]   |     ^^^^^^^^ use of undeclared crate or module `llvm_sys`
[INFO] [stdout] 
[INFO] [stdout] 
[INFO] [stdout] error[E0433]: failed to resolve: use of undeclared crate or module `llvm_sys`
[INFO] [stdout]  --> src/passes.rs:6:5
[INFO] [stdout]   |
[INFO] [stdout] 6 | use llvm_sys::initialization::{
[INFO] [stdout]   |     ^^^^^^^^ use of undeclared crate or module `llvm_sys`
[INFO] [stdout] 
[INFO] [stdout] 
[INFO] [stdout] error[E0433]: failed to resolve: use of undeclared crate or module `llvm_sys`
[INFO] [stdout]   --> src/passes.rs:11:5
[INFO] [stdout]    |
[INFO] [stdout] 11 | use llvm_sys::prelude::{LLVMPassManagerRef, LLVMPassRegistryRef};
[INFO] [stdout]    |     ^^^^^^^^ use of undeclared crate or module `llvm_sys`
[INFO] [stdout] 
[INFO] [stdout] 
[INFO] [stdout] error[E0433]: failed to resolve: use of undeclared crate or module `llvm_sys`
[INFO] [stdout]   --> src/passes.rs:14:5
[INFO] [stdout]    |
[INFO] [stdout] 14 | use llvm_sys::transforms::ipo::{
[INFO] [stdout]    |     ^^^^^^^^ use of undeclared crate or module `llvm_sys`
[INFO] [stdout] 
[INFO] [stdout] 
[INFO] [stdout] error[E0433]: failed to resolve: use of undeclared crate or module `llvm_sys`
[INFO] [stdout]   --> src/passes.rs:19:5
[INFO] [stdout]    |
[INFO] [stdout] 19 | use llvm_sys::transforms::pass_manager_builder::{
[INFO] [stdout]    |     ^^^^^^^^ use of undeclared crate or module `llvm_sys`
[INFO] [stdout] 
[INFO] [stdout] 
[INFO] [stdout] error[E0433]: failed to resolve: use of undeclared crate or module `llvm_sys`
[INFO] [stdout]   --> src/passes.rs:26:5
[INFO] [stdout]    |
[INFO] [stdout] 26 | use llvm_sys::transforms::scalar::{
[INFO] [stdout]    |     ^^^^^^^^ use of undeclared crate or module `llvm_sys`
[INFO] [stdout] 
[INFO] [stdout] 
[INFO] [stdout] error[E0433]: failed to resolve: use of undeclared crate or module `llvm_sys`
[INFO] [stdout]   --> src/passes.rs:38:5
[INFO] [stdout]    |
[INFO] [stdout] 38 | use llvm_sys::transforms::vectorize::{LLVMAddLoopVectorizePass, LLVMAddSLPVectorizePass};
[INFO] [stdout]    |     ^^^^^^^^ use of undeclared crate or module `llvm_sys`
[INFO] [stdout] 
[INFO] [stdout] 
[INFO] [stdout] error[E0433]: failed to resolve: use of undeclared crate or module `llvm_sys`
[INFO] [stdout]  --> src/targets.rs:1:5
[INFO] [stdout]   |
[INFO] [stdout] 1 | use llvm_sys::target::{
[INFO] [stdout]   |     ^^^^^^^^ use of undeclared crate or module `llvm_sys`
[INFO] [stdout] 
[INFO] [stdout] 
[INFO] [stdout] error[E0433]: failed to resolve: use of undeclared crate or module `llvm_sys`
[INFO] [stdout]   --> src/targets.rs:10:5
[INFO] [stdout]    |
[INFO] [stdout] 10 | use llvm_sys::target_machine::{
[INFO] [stdout]    |     ^^^^^^^^ use of undeclared crate or module `llvm_sys`
[INFO] [stdout] 
[INFO] [stdout] 
[INFO] [stdout] error[E0433]: failed to resolve: use of undeclared crate or module `llvm_sys`
[INFO] [stdout]    --> src/targets.rs:161:13
[INFO] [stdout]     |
[INFO] [stdout] 161 |         use llvm_sys::target::{
[INFO] [stdout]     |             ^^^^^^^^ use of undeclared crate or module `llvm_sys`
[INFO] [stdout] 
[INFO] [stdout] 
[INFO] [stdout] error[E0433]: failed to resolve: use of undeclared crate or module `llvm_sys`
[INFO] [stdout]    --> src/targets.rs:199:13
[INFO] [stdout]     |
[INFO] [stdout] 199 |         use llvm_sys::target::{
[INFO] [stdout]     |             ^^^^^^^^ use of undeclared crate or module `llvm_sys`
[INFO] [stdout] 
[INFO] [stdout] 
[INFO] [stdout] error[E0433]: failed to resolve: use of undeclared crate or module `llvm_sys`
[INFO] [stdout]    --> src/targets.rs:237:13
[INFO] [stdout]     |
[INFO] [stdout] 237 |         use llvm_sys::target::{
[INFO] [stdout]     |             ^^^^^^^^ use of undeclared crate or module `llvm_sys`
[INFO] [stdout] 
[INFO] [stdout] 
[INFO] [stdout] error[E0433]: failed to resolve: use of undeclared crate or module `llvm_sys`
[INFO] [stdout]    --> src/targets.rs:275:13
[INFO] [stdout]     |
[INFO] [stdout] 275 |         use llvm_sys::target::{
[INFO] [stdout]     |             ^^^^^^^^ use of undeclared crate or module `llvm_sys`
[INFO] [stdout] 
[INFO] [stdout] 
[INFO] [stdout] error[E0433]: failed to resolve: use of undeclared crate or module `llvm_sys`
[INFO] [stdout]    --> src/targets.rs:349:13
[INFO] [stdout]     |
[INFO] [stdout] 349 |         use llvm_sys::target::{
[INFO] [stdout]     |             ^^^^^^^^ use of undeclared crate or module `llvm_sys`
[INFO] [stdout] 
[INFO] [stdout] 
[INFO] [stdout] error[E0433]: failed to resolve: use of undeclared crate or module `llvm_sys`
[INFO] [stdout]    --> src/targets.rs:387:13
[INFO] [stdout]     |
[INFO] [stdout] 387 |         use llvm_sys::target::{
[INFO] [stdout]     |             ^^^^^^^^ use of undeclared crate or module `llvm_sys`
[INFO] [stdout] 
[INFO] [stdout] 
[INFO] [stdout] error[E0433]: failed to resolve: use of undeclared crate or module `llvm_sys`
[INFO] [stdout]    --> src/targets.rs:422:13
[INFO] [stdout]     |
[INFO] [stdout] 422 |         use llvm_sys::target::{
[INFO] [stdout]     |             ^^^^^^^^ use of undeclared crate or module `llvm_sys`
[INFO] [stdout] 
[INFO] [stdout] 
[INFO] [stdout] error[E0433]: failed to resolve: use of undeclared crate or module `llvm_sys`
[INFO] [stdout]    --> src/targets.rs:454:13
[INFO] [stdout]     |
[INFO] [stdout] 454 |         use llvm_sys::target::{
[INFO] [stdout]     |             ^^^^^^^^ use of undeclared crate or module `llvm_sys`
[INFO] [stdout] 
[INFO] [stdout] 
[INFO] [stdout] error[E0433]: failed to resolve: use of undeclared crate or module `llvm_sys`
[INFO] [stdout]    --> src/targets.rs:486:13
[INFO] [stdout]     |
[INFO] [stdout] 486 |         use llvm_sys::target::{
[INFO] [stdout]     |             ^^^^^^^^ use of undeclared crate or module `llvm_sys`
[INFO] [stdout] 
[INFO] [stdout] 
[INFO] [stdout] error[E0433]: failed to resolve: use of undeclared crate or module `llvm_sys`
[INFO] [stdout]    --> src/targets.rs:521:13
[INFO] [stdout]     |
[INFO] [stdout] 521 |         use llvm_sys::target::{
[INFO] [stdout]     |             ^^^^^^^^ use of undeclared crate or module `llvm_sys`
[INFO] [stdout] 
[INFO] [stdout] 
[INFO] [stdout] error[E0433]: failed to resolve: use of undeclared crate or module `llvm_sys`
[INFO] [stdout]    --> src/targets.rs:559:13
[INFO] [stdout]     |
[INFO] [stdout] 559 |         use llvm_sys::target::{
[INFO] [stdout]     |             ^^^^^^^^ use of undeclared crate or module `llvm_sys`
[INFO] [stdout] 
[INFO] [stdout] 
[INFO] [stdout] error[E0433]: failed to resolve: use of undeclared crate or module `llvm_sys`
[INFO] [stdout]    --> src/targets.rs:597:13
[INFO] [stdout]     |
[INFO] [stdout] 597 |         use llvm_sys::target::{
[INFO] [stdout]     |             ^^^^^^^^ use of undeclared crate or module `llvm_sys`
[INFO] [stdout] 
[INFO] [stdout] 
[INFO] [stdout] error[E0433]: failed to resolve: use of undeclared crate or module `llvm_sys`
[INFO] [stdout]    --> src/targets.rs:620:17
[INFO] [stdout]     |
[INFO] [stdout] 620 |             use llvm_sys::target::LLVMInitializeBPFDisassembler;
[INFO] [stdout]     |                 ^^^^^^^^ use of undeclared crate or module `llvm_sys`
[INFO] [stdout] 
[INFO] [stdout] 
[INFO] [stdout] error[E0433]: failed to resolve: use of undeclared crate or module `llvm_sys`
[INFO] [stdout]    --> src/targets.rs:756:13
[INFO] [stdout]     |
[INFO] [stdout] 756 |         use llvm_sys::target::{
[INFO] [stdout]     |             ^^^^^^^^ use of undeclared crate or module `llvm_sys`
[INFO] [stdout] 
[INFO] [stdout] 
[INFO] [stdout] error[E0433]: failed to resolve: use of undeclared crate or module `llvm_sys`
[INFO] [stdout]    --> src/targets.rs:802:13
[INFO] [stdout]     |
[INFO] [stdout] 802 |         use llvm_sys::target::{
[INFO] [stdout]     |             ^^^^^^^^ use of undeclared crate or module `llvm_sys`
[INFO] [stdout] 
[INFO] [stdout] 
[INFO] [stdout] error[E0433]: failed to resolve: use of undeclared crate or module `llvm_sys`
[INFO] [stdout]  --> src/types/array_type.rs:1:5
[INFO] [stdout]   |
[INFO] [stdout] 1 | use llvm_sys::core::{LLVMConstArray, LLVMGetArrayLength};
[INFO] [stdout]   |     ^^^^^^^^ use of undeclared crate or module `llvm_sys`
[INFO] [stdout] 
[INFO] [stdout] 
[INFO] [stdout] error[E0433]: failed to resolve: use of undeclared crate or module `llvm_sys`
[INFO] [stdout]  --> src/types/array_type.rs:2:5
[INFO] [stdout]   |
[INFO] [stdout] 2 | use llvm_sys::prelude::{LLVMTypeRef, LLVMValueRef};
[INFO] [stdout]   |     ^^^^^^^^ use of undeclared crate or module `llvm_sys`
[INFO] [stdout] 
[INFO] [stdout] 
[INFO] [stdout] error[E0433]: failed to resolve: use of undeclared crate or module `llvm_sys`
[INFO] [stdout]  --> src/types/enums.rs:1:5
[INFO] [stdout]   |
[INFO] [stdout] 1 | use llvm_sys::core::LLVMGetTypeKind;
[INFO] [stdout]   |     ^^^^^^^^ use of undeclared crate or module `llvm_sys`
[INFO] [stdout] 
[INFO] [stdout] 
[INFO] [stdout] error[E0433]: failed to resolve: use of undeclared crate or module `llvm_sys`
[INFO] [stdout]  --> src/types/enums.rs:2:5
[INFO] [stdout]   |
[INFO] [stdout] 2 | use llvm_sys::prelude::LLVMTypeRef;
[INFO] [stdout]   |     ^^^^^^^^ use of undeclared crate or module `llvm_sys`
[INFO] [stdout] 
[INFO] [stdout] 
[INFO] [stdout] error[E0432]: unresolved import `llvm_sys`
[INFO] [stdout]   --> src/module.rs:27:5
[INFO] [stdout]    |
[INFO] [stdout] 27 | use llvm_sys::LLVMLinkage;
[INFO] [stdout]    |     ^^^^^^^^ use of undeclared crate or module `llvm_sys`
[INFO] [stdout] 
[INFO] [stdout] 
[INFO] [stdout] error[E0433]: failed to resolve: use of undeclared crate or module `llvm_sys`
[INFO] [stdout]  --> src/types/float_type.rs:1:5
[INFO] [stdout]   |
[INFO] [stdout] 1 | use llvm_sys::core::{LLVMConstArray, LLVMConstReal, LLVMConstRealOfStringAndSize};
[INFO] [stdout]   |     ^^^^^^^^ use of undeclared crate or module `llvm_sys`
[INFO] [stdout] 
[INFO] [stdout] 
[INFO] [stdout] error[E0433]: failed to resolve: use of undeclared crate or module `llvm_sys`
[INFO] [stdout]  --> src/types/float_type.rs:2:5
[INFO] [stdout]   |
[INFO] [stdout] 2 | use llvm_sys::execution_engine::LLVMCreateGenericValueOfFloat;
[INFO] [stdout]   |     ^^^^^^^^ use of undeclared crate or module `llvm_sys`
[INFO] [stdout] 
[INFO] [stdout] 
[INFO] [stdout] error[E0433]: failed to resolve: use of undeclared crate or module `llvm_sys`
[INFO] [stdout]  --> src/types/float_type.rs:3:5
[INFO] [stdout]   |
[INFO] [stdout] 3 | use llvm_sys::prelude::{LLVMTypeRef, LLVMValueRef};
[INFO] [stdout]   |     ^^^^^^^^ use of undeclared crate or module `llvm_sys`
[INFO] [stdout] 
[INFO] [stdout] 
[INFO] [stdout] error[E0433]: failed to resolve: use of undeclared crate or module `llvm_sys`
[INFO] [stdout]  --> src/types/fn_type.rs:1:5
[INFO] [stdout]   |
[INFO] [stdout] 1 | use llvm_sys::core::{
[INFO] [stdout]   |     ^^^^^^^^ use of undeclared crate or module `llvm_sys`
[INFO] [stdout] 
[INFO] [stdout] 
[INFO] [stdout] error[E0433]: failed to resolve: use of undeclared crate or module `llvm_sys`
[INFO] [stdout]  --> src/types/fn_type.rs:4:5
[INFO] [stdout]   |
[INFO] [stdout] 4 | use llvm_sys::prelude::LLVMTypeRef;
[INFO] [stdout]   |     ^^^^^^^^ use of undeclared crate or module `llvm_sys`
[INFO] [stdout] 
[INFO] [stdout] 
[INFO] [stdout] error[E0432]: unresolved import `llvm_sys`
[INFO] [stdout]  --> src/types/enums.rs:3:5
[INFO] [stdout]   |
[INFO] [stdout] 3 | use llvm_sys::LLVMTypeKind;
[INFO] [stdout]   |     ^^^^^^^^ use of undeclared crate or module `llvm_sys`
[INFO] [stdout] 
[INFO] [stdout] 
[INFO] [stdout] error[E0433]: failed to resolve: use of undeclared crate or module `llvm_sys`
[INFO] [stdout]  --> src/types/int_type.rs:1:5
[INFO] [stdout]   |
[INFO] [stdout] 1 | use llvm_sys::core::{
[INFO] [stdout]   |     ^^^^^^^^ use of undeclared crate or module `llvm_sys`
[INFO] [stdout] 
[INFO] [stdout] 
[INFO] [stdout] error[E0433]: failed to resolve: use of undeclared crate or module `llvm_sys`
[INFO] [stdout]  --> src/types/int_type.rs:5:5
[INFO] [stdout]   |
[INFO] [stdout] 5 | use llvm_sys::execution_engine::LLVMCreateGenericValueOfInt;
[INFO] [stdout]   |     ^^^^^^^^ use of undeclared crate or module `llvm_sys`
[INFO] [stdout] 
[INFO] [stdout] 
[INFO] [stdout] error[E0433]: failed to resolve: use of undeclared crate or module `llvm_sys`
[INFO] [stdout]  --> src/types/int_type.rs:6:5
[INFO] [stdout]   |
[INFO] [stdout] 6 | use llvm_sys::prelude::{LLVMTypeRef, LLVMValueRef};
[INFO] [stdout]   |     ^^^^^^^^ use of undeclared crate or module `llvm_sys`
[INFO] [stdout] 
[INFO] [stdout] 
[INFO] [stdout] error[E0433]: failed to resolve: use of undeclared crate or module `llvm_sys`
[INFO] [stdout]  --> src/types/metadata_type.rs:1:5
[INFO] [stdout]   |
[INFO] [stdout] 1 | use llvm_sys::prelude::LLVMTypeRef;
[INFO] [stdout]   |     ^^^^^^^^ use of undeclared crate or module `llvm_sys`
[INFO] [stdout] 
[INFO] [stdout] 
[INFO] [stdout] error[E0433]: failed to resolve: use of undeclared crate or module `llvm_sys`
[INFO] [stdout]  --> src/types/ptr_type.rs:1:5
[INFO] [stdout]   |
[INFO] [stdout] 1 | use llvm_sys::core::{LLVMConstArray, LLVMGetPointerAddressSpace};
[INFO] [stdout]   |     ^^^^^^^^ use of undeclared crate or module `llvm_sys`
[INFO] [stdout] 
[INFO] [stdout] 
[INFO] [stdout] error[E0433]: failed to resolve: use of undeclared crate or module `llvm_sys`
[INFO] [stdout]  --> src/types/ptr_type.rs:2:5
[INFO] [stdout]   |
[INFO] [stdout] 2 | use llvm_sys::prelude::{LLVMTypeRef, LLVMValueRef};
[INFO] [stdout]   |     ^^^^^^^^ use of undeclared crate or module `llvm_sys`
[INFO] [stdout] 
[INFO] [stdout] 
[INFO] [stdout] error[E0433]: failed to resolve: use of undeclared crate or module `llvm_sys`
[INFO] [stdout]  --> src/types/struct_type.rs:1:5
[INFO] [stdout]   |
[INFO] [stdout] 1 | use llvm_sys::core::{
[INFO] [stdout]   |     ^^^^^^^^ use of undeclared crate or module `llvm_sys`
[INFO] [stdout] 
[INFO] [stdout] 
[INFO] [stdout] error[E0433]: failed to resolve: use of undeclared crate or module `llvm_sys`
[INFO] [stdout]  --> src/types/struct_type.rs:5:5
[INFO] [stdout]   |
[INFO] [stdout] 5 | use llvm_sys::prelude::{LLVMTypeRef, LLVMValueRef};
[INFO] [stdout]   |     ^^^^^^^^ use of undeclared crate or module `llvm_sys`
[INFO] [stdout] 
[INFO] [stdout] 
[INFO] [stdout] error[E0433]: failed to resolve: use of undeclared crate or module `llvm_sys`
[INFO] [stdout]  --> src/types/traits.rs:1:5
[INFO] [stdout]   |
[INFO] [stdout] 1 | use llvm_sys::prelude::LLVMTypeRef;
[INFO] [stdout]   |     ^^^^^^^^ use of undeclared crate or module `llvm_sys`
[INFO] [stdout] 
[INFO] [stdout] 
[INFO] [stdout] error[E0433]: failed to resolve: use of undeclared crate or module `llvm_sys`
[INFO] [stdout]  --> src/types/vec_type.rs:1:5
[INFO] [stdout]   |
[INFO] [stdout] 1 | use llvm_sys::core::{LLVMConstArray, LLVMConstVector, LLVMGetVectorSize};
[INFO] [stdout]   |     ^^^^^^^^ use of undeclared crate or module `llvm_sys`
[INFO] [stdout] 
[INFO] [stdout] 
[INFO] [stdout] error[E0433]: failed to resolve: use of undeclared crate or module `llvm_sys`
[INFO] [stdout]  --> src/types/vec_type.rs:2:5
[INFO] [stdout]   |
[INFO] [stdout] 2 | use llvm_sys::prelude::{LLVMTypeRef, LLVMValueRef};
[INFO] [stdout]   |     ^^^^^^^^ use of undeclared crate or module `llvm_sys`
[INFO] [stdout] 
[INFO] [stdout] 
[INFO] [stdout] error[E0433]: failed to resolve: use of undeclared crate or module `llvm_sys`
[INFO] [stdout]  --> src/types/void_type.rs:1:5
[INFO] [stdout]   |
[INFO] [stdout] 1 | use llvm_sys::prelude::LLVMTypeRef;
[INFO] [stdout]   |     ^^^^^^^^ use of undeclared crate or module `llvm_sys`
[INFO] [stdout] 
[INFO] [stdout] 
[INFO] [stdout] error[E0433]: failed to resolve: use of undeclared crate or module `llvm_sys`
[INFO] [stdout]   --> src/types/mod.rs:39:5
[INFO] [stdout]    |
[INFO] [stdout] 39 | use llvm_sys::core::{
[INFO] [stdout]    |     ^^^^^^^^ use of undeclared crate or module `llvm_sys`
[INFO] [stdout] 
[INFO] [stdout] 
[INFO] [stdout] error[E0433]: failed to resolve: use of undeclared crate or module `llvm_sys`
[INFO] [stdout]   --> src/types/mod.rs:44:5
[INFO] [stdout]    |
[INFO] [stdout] 44 | use llvm_sys::prelude::{LLVMTypeRef, LLVMValueRef};
[INFO] [stdout]    |     ^^^^^^^^ use of undeclared crate or module `llvm_sys`
[INFO] [stdout] 
[INFO] [stdout] 
[INFO] [stdout] error[E0432]: unresolved import `llvm_sys`
[INFO] [stdout]  --> src/types/fn_type.rs:5:5
[INFO] [stdout]   |
[INFO] [stdout] 5 | use llvm_sys::LLVMTypeKind;
[INFO] [stdout]   |     ^^^^^^^^ use of undeclared crate or module `llvm_sys`
[INFO] [stdout] 
[INFO] [stdout] 
[INFO] [stdout] error[E0433]: failed to resolve: use of undeclared crate or module `llvm_sys`
[INFO] [stdout]  --> src/values/array_value.rs:1:5
[INFO] [stdout]   |
[INFO] [stdout] 1 | use llvm_sys::core::{LLVMGetAsString, LLVMIsAConstantArray, LLVMIsAConstantDataArray, LLVMIsConstantString};
[INFO] [stdout]   |     ^^^^^^^^ use of undeclared crate or module `llvm_sys`
[INFO] [stdout] 
[INFO] [stdout] 
[INFO] [stdout] error[E0433]: failed to resolve: use of undeclared crate or module `llvm_sys`
[INFO] [stdout]  --> src/values/array_value.rs:2:5
[INFO] [stdout]   |
[INFO] [stdout] 2 | use llvm_sys::prelude::LLVMValueRef;
[INFO] [stdout]   |     ^^^^^^^^ use of undeclared crate or module `llvm_sys`
[INFO] [stdout] 
[INFO] [stdout] 
[INFO] [stdout] error[E0433]: failed to resolve: use of undeclared crate or module `llvm_sys`
[INFO] [stdout]  --> src/values/basic_value_use.rs:5:5
[INFO] [stdout]   |
[INFO] [stdout] 5 | use llvm_sys::core::{LLVMGetNextUse, LLVMGetUsedValue, LLVMGetUser, LLVMIsABasicBlock, LLVMValueAsBasicBlock};
[INFO] [stdout]   |     ^^^^^^^^ use of undeclared crate or module `llvm_sys`
[INFO] [stdout] 
[INFO] [stdout] 
[INFO] [stdout] error[E0433]: failed to resolve: use of undeclared crate or module `llvm_sys`
[INFO] [stdout]  --> src/values/basic_value_use.rs:6:5
[INFO] [stdout]   |
[INFO] [stdout] 6 | use llvm_sys::prelude::LLVMUseRef;
[INFO] [stdout]   |     ^^^^^^^^ use of undeclared crate or module `llvm_sys`
[INFO] [stdout] 
[INFO] [stdout] 
[INFO] [stdout] error[E0433]: failed to resolve: use of undeclared crate or module `llvm_sys`
[INFO] [stdout]  --> src/values/call_site_value.rs:4:5
[INFO] [stdout]   |
[INFO] [stdout] 4 | use llvm_sys::core::{
[INFO] [stdout]   |     ^^^^^^^^ use of undeclared crate or module `llvm_sys`
[INFO] [stdout] 
[INFO] [stdout] 
[INFO] [stdout] error[E0433]: failed to resolve: use of undeclared crate or module `llvm_sys`
[INFO] [stdout]  --> src/values/call_site_value.rs:8:5
[INFO] [stdout]   |
[INFO] [stdout] 8 | use llvm_sys::prelude::LLVMValueRef;
[INFO] [stdout]   |     ^^^^^^^^ use of undeclared crate or module `llvm_sys`
[INFO] [stdout] 
[INFO] [stdout] 
[INFO] [stdout] error[E0432]: unresolved import `llvm_sys`
[INFO] [stdout]   --> src/types/mod.rs:45:5
[INFO] [stdout]    |
[INFO] [stdout] 45 | use llvm_sys::LLVMTypeKind;
[INFO] [stdout]    |     ^^^^^^^^ use of undeclared crate or module `llvm_sys`
[INFO] [stdout] 
[INFO] [stdout] 
[INFO] [stdout] error[E0433]: failed to resolve: use of undeclared crate or module `llvm_sys`
[INFO] [stdout]    --> src/values/call_site_value.rs:135:13
[INFO] [stdout]     |
[INFO] [stdout] 135 |         use llvm_sys::core::LLVMAddCallSiteAttribute;
[INFO] [stdout]     |             ^^^^^^^^ use of undeclared crate or module `llvm_sys`
[INFO] [stdout] 
[INFO] [stdout] 
[INFO] [stdout] error[E0433]: failed to resolve: use of undeclared crate or module `llvm_sys`
[INFO] [stdout]    --> src/values/call_site_value.rs:164:13
[INFO] [stdout]     |
[INFO] [stdout] 164 |         use llvm_sys::core::LLVMGetCalledValue;
[INFO] [stdout]     |             ^^^^^^^^ use of undeclared crate or module `llvm_sys`
[INFO] [stdout] 
[INFO] [stdout] 
[INFO] [stdout] error[E0433]: failed to resolve: use of undeclared crate or module `llvm_sys`
[INFO] [stdout]    --> src/values/call_site_value.rs:197:13
[INFO] [stdout]     |
[INFO] [stdout] 197 |         use llvm_sys::core::LLVMGetCallSiteAttributeCount;
[INFO] [stdout]     |             ^^^^^^^^ use of undeclared crate or module `llvm_sys`
[INFO] [stdout] 
[INFO] [stdout] 
[INFO] [stdout] error[E0433]: failed to resolve: use of undeclared crate or module `llvm_sys`
[INFO] [stdout]    --> src/values/call_site_value.rs:230:13
[INFO] [stdout]     |
[INFO] [stdout] 230 |         use llvm_sys::core::LLVMGetCallSiteAttributes;
[INFO] [stdout]     |             ^^^^^^^^ use of undeclared crate or module `llvm_sys`
[INFO] [stdout] 
[INFO] [stdout] 
[INFO] [stdout] error[E0433]: failed to resolve: use of undeclared crate or module `llvm_sys`
[INFO] [stdout]    --> src/values/call_site_value.rs:289:13
[INFO] [stdout]     |
[INFO] [stdout] 289 |         use llvm_sys::core::LLVMGetCallSiteEnumAttribute;
[INFO] [stdout]     |             ^^^^^^^^ use of undeclared crate or module `llvm_sys`
[INFO] [stdout] 
[INFO] [stdout] 
[INFO] [stdout] error[E0433]: failed to resolve: use of undeclared crate or module `llvm_sys`
[INFO] [stdout]    --> src/values/call_site_value.rs:329:13
[INFO] [stdout]     |
[INFO] [stdout] 329 |         use llvm_sys::core::LLVMGetCallSiteStringAttribute;
[INFO] [stdout]     |             ^^^^^^^^ use of undeclared crate or module `llvm_sys`
[INFO] [stdout] 
[INFO] [stdout] 
[INFO] [stdout] error[E0433]: failed to resolve: use of undeclared crate or module `llvm_sys`
[INFO] [stdout]    --> src/values/call_site_value.rs:376:13
[INFO] [stdout]     |
[INFO] [stdout] 376 |         use llvm_sys::core::LLVMRemoveCallSiteEnumAttribute;
[INFO] [stdout]     |             ^^^^^^^^ use of undeclared crate or module `llvm_sys`
[INFO] [stdout] 
[INFO] [stdout] 
[INFO] [stdout] error[E0433]: failed to resolve: use of undeclared crate or module `llvm_sys`
[INFO] [stdout]    --> src/values/call_site_value.rs:410:13
[INFO] [stdout]     |
[INFO] [stdout] 410 |         use llvm_sys::core::LLVMRemoveCallSiteStringAttribute;
[INFO] [stdout]     |             ^^^^^^^^ use of undeclared crate or module `llvm_sys`
[INFO] [stdout] 
[INFO] [stdout] 
[INFO] [stdout] error[E0433]: failed to resolve: use of undeclared crate or module `llvm_sys`
[INFO] [stdout]    --> src/values/call_site_value.rs:447:13
[INFO] [stdout]     |
[INFO] [stdout] 447 |         use llvm_sys::core::LLVMGetNumArgOperands;
[INFO] [stdout]     |             ^^^^^^^^ use of undeclared crate or module `llvm_sys`
[INFO] [stdout] 
[INFO] [stdout] 
[INFO] [stdout] error[E0433]: failed to resolve: use of undeclared crate or module `llvm_sys`
[INFO] [stdout]  --> src/values/enums.rs:1:5
[INFO] [stdout]   |
[INFO] [stdout] 1 | use llvm_sys::core::{LLVMGetTypeKind, LLVMGetValueKind, LLVMIsAInstruction, LLVMTypeOf};
[INFO] [stdout]   |     ^^^^^^^^ use of undeclared crate or module `llvm_sys`
[INFO] [stdout] 
[INFO] [stdout] 
[INFO] [stdout] error[E0433]: failed to resolve: use of undeclared crate or module `llvm_sys`
[INFO] [stdout]  --> src/values/enums.rs:2:5
[INFO] [stdout]   |
[INFO] [stdout] 2 | use llvm_sys::prelude::LLVMValueRef;
[INFO] [stdout]   |     ^^^^^^^^ use of undeclared crate or module `llvm_sys`
[INFO] [stdout] 
[INFO] [stdout] 
[INFO] [stdout] error[E0432]: unresolved import `llvm_sys`
[INFO] [stdout]  --> src/values/call_site_value.rs:9:5
[INFO] [stdout]   |
[INFO] [stdout] 9 | use llvm_sys::LLVMTypeKind;
[INFO] [stdout]   |     ^^^^^^^^ use of undeclared crate or module `llvm_sys`
[INFO] [stdout] 
[INFO] [stdout] 
[INFO] [stdout] error[E0433]: failed to resolve: use of undeclared crate or module `llvm_sys`
[INFO] [stdout]  --> src/values/float_value.rs:1:5
[INFO] [stdout]   |
[INFO] [stdout] 1 | use llvm_sys::core::{
[INFO] [stdout]   |     ^^^^^^^^ use of undeclared crate or module `llvm_sys`
[INFO] [stdout] 
[INFO] [stdout] 
[INFO] [stdout] error[E0433]: failed to resolve: use of undeclared crate or module `llvm_sys`
[INFO] [stdout]  --> src/values/float_value.rs:5:5
[INFO] [stdout]   |
[INFO] [stdout] 5 | use llvm_sys::prelude::LLVMValueRef;
[INFO] [stdout]   |     ^^^^^^^^ use of undeclared crate or module `llvm_sys`
[INFO] [stdout] 
[INFO] [stdout] 
[INFO] [stdout] error[E0433]: failed to resolve: use of undeclared crate or module `llvm_sys`
[INFO] [stdout]  --> src/values/fn_value.rs:1:5
[INFO] [stdout]   |
[INFO] [stdout] 1 | use llvm_sys::analysis::{LLVMVerifierFailureAction, LLVMVerifyFunction, LLVMViewFunctionCFG, LLVMViewFunctionCFGOnly};
[INFO] [stdout]   |     ^^^^^^^^ use of undeclared crate or module `llvm_sys`
[INFO] [stdout] 
[INFO] [stdout] 
[INFO] [stdout] error[E0433]: failed to resolve: use of undeclared crate or module `llvm_sys`
[INFO] [stdout]  --> src/values/fn_value.rs:2:5
[INFO] [stdout]   |
[INFO] [stdout] 2 | use llvm_sys::core::{
[INFO] [stdout]   |     ^^^^^^^^ use of undeclared crate or module `llvm_sys`
[INFO] [stdout] 
[INFO] [stdout] 
[INFO] [stdout] error[E0433]: failed to resolve: use of undeclared crate or module `llvm_sys`
[INFO] [stdout]  --> src/values/fn_value.rs:6:5
[INFO] [stdout]   |
[INFO] [stdout] 6 | use llvm_sys::core::{
[INFO] [stdout]   |     ^^^^^^^^ use of undeclared crate or module `llvm_sys`
[INFO] [stdout] 
[INFO] [stdout] 
[INFO] [stdout] error[E0433]: failed to resolve: use of undeclared crate or module `llvm_sys`
[INFO] [stdout]   --> src/values/fn_value.rs:12:5
[INFO] [stdout]    |
[INFO] [stdout] 12 | use llvm_sys::core::{LLVMGetPersonalityFn, LLVMSetPersonalityFn};
[INFO] [stdout]    |     ^^^^^^^^ use of undeclared crate or module `llvm_sys`
[INFO] [stdout] 
[INFO] [stdout] 
[INFO] [stdout] error[E0433]: failed to resolve: use of undeclared crate or module `llvm_sys`
[INFO] [stdout]   --> src/values/fn_value.rs:15:5
[INFO] [stdout]    |
[INFO] [stdout] 15 | use llvm_sys::prelude::{LLVMBasicBlockRef, LLVMValueRef};
[INFO] [stdout]    |     ^^^^^^^^ use of undeclared crate or module `llvm_sys`
[INFO] [stdout] 
[INFO] [stdout] 
[INFO] [stdout] error[E0433]: failed to resolve: use of undeclared crate or module `llvm_sys`
[INFO] [stdout]    --> src/values/fn_value.rs:218:13
[INFO] [stdout]     |
[INFO] [stdout] 218 |         use llvm_sys::core::LLVMHasPersonalityFn;
[INFO] [stdout]     |             ^^^^^^^^ use of undeclared crate or module `llvm_sys`
[INFO] [stdout] 
[INFO] [stdout] 
[INFO] [stdout] error[E0433]: failed to resolve: use of undeclared crate or module `llvm_sys`
[INFO] [stdout]    --> src/values/fn_value.rs:332:13
[INFO] [stdout]     |
[INFO] [stdout] 332 |         use llvm_sys::core::LLVMGetAttributesAtIndex;
[INFO] [stdout]     |             ^^^^^^^^ use of undeclared crate or module `llvm_sys`
[INFO] [stdout] 
[INFO] [stdout] 
[INFO] [stdout] error[E0433]: failed to resolve: use of undeclared crate or module `llvm_sys`
[INFO] [stdout]  --> src/values/generic_value.rs:2:5
[INFO] [stdout]   |
[INFO] [stdout] 2 | use llvm_sys::execution_engine::{
[INFO] [stdout]   |     ^^^^^^^^ use of undeclared crate or module `llvm_sys`
[INFO] [stdout] 
[INFO] [stdout] 
[INFO] [stdout] error[E0433]: failed to resolve: use of undeclared crate or module `llvm_sys`
[INFO] [stdout]   --> src/values/global_value.rs:23:5
[INFO] [stdout]    |
[INFO] [stdout] 23 | use llvm_sys::prelude::LLVMValueRef;
[INFO] [stdout]    |     ^^^^^^^^ use of undeclared crate or module `llvm_sys`
[INFO] [stdout] 
[INFO] [stdout] 
[INFO] [stdout] error[E0432]: unresolved import `llvm_sys`
[INFO] [stdout]  --> src/values/enums.rs:3:5
[INFO] [stdout]   |
[INFO] [stdout] 3 | use llvm_sys::{LLVMTypeKind, LLVMValueKind};
[INFO] [stdout]   |     ^^^^^^^^ use of undeclared crate or module `llvm_sys`
[INFO] [stdout] 
[INFO] [stdout] 
[INFO] [stdout] error[E0433]: failed to resolve: use of undeclared crate or module `llvm_sys`
[INFO] [stdout]  --> src/values/instruction_value.rs:5:5
[INFO] [stdout]   |
[INFO] [stdout] 5 | use llvm_sys::core::{
[INFO] [stdout]   |     ^^^^^^^^ use of undeclared crate or module `llvm_sys`
[INFO] [stdout] 
[INFO] [stdout] 
[INFO] [stdout] error[E0433]: failed to resolve: use of undeclared crate or module `llvm_sys`
[INFO] [stdout]   --> src/values/instruction_value.rs:12:5
[INFO] [stdout]    |
[INFO] [stdout] 12 | use llvm_sys::core::{LLVMGetOrdering, LLVMSetOrdering};
[INFO] [stdout]    |     ^^^^^^^^ use of undeclared crate or module `llvm_sys`
[INFO] [stdout] 
[INFO] [stdout] 
[INFO] [stdout] error[E0433]: failed to resolve: use of undeclared crate or module `llvm_sys`
[INFO] [stdout]   --> src/values/instruction_value.rs:15:5
[INFO] [stdout]    |
[INFO] [stdout] 15 | use llvm_sys::prelude::LLVMValueRef;
[INFO] [stdout]    |     ^^^^^^^^ use of undeclared crate or module `llvm_sys`
[INFO] [stdout] 
[INFO] [stdout] 
[INFO] [stdout] error[E0432]: unresolved import `llvm_sys`
[INFO] [stdout]   --> src/values/global_value.rs:24:5
[INFO] [stdout]    |
[INFO] [stdout] 24 | use llvm_sys::LLVMThreadLocalMode;
[INFO] [stdout]    |     ^^^^^^^^ use of undeclared crate or module `llvm_sys`
[INFO] [stdout] 
[INFO] [stdout] 
[INFO] [stdout] error[E0433]: failed to resolve: use of undeclared crate or module `llvm_sys`
[INFO] [stdout]  --> src/values/int_value.rs:1:5
[INFO] [stdout]   |
[INFO] [stdout] 1 | use llvm_sys::core::{
[INFO] [stdout]   |     ^^^^^^^^ use of undeclared crate or module `llvm_sys`
[INFO] [stdout] 
[INFO] [stdout] 
[INFO] [stdout] error[E0433]: failed to resolve: use of undeclared crate or module `llvm_sys`
[INFO] [stdout]  --> src/values/int_value.rs:9:5
[INFO] [stdout]   |
[INFO] [stdout] 9 | use llvm_sys::prelude::LLVMValueRef;
[INFO] [stdout]   |     ^^^^^^^^ use of undeclared crate or module `llvm_sys`
[INFO] [stdout] 
[INFO] [stdout] 
[INFO] [stdout] error[E0433]: failed to resolve: use of undeclared crate or module `llvm_sys`
[INFO] [stdout]  --> src/values/metadata_value.rs:1:5
[INFO] [stdout]   |
[INFO] [stdout] 1 | use llvm_sys::core::{
[INFO] [stdout]   |     ^^^^^^^^ use of undeclared crate or module `llvm_sys`
[INFO] [stdout] 
[INFO] [stdout] 
[INFO] [stdout] error[E0433]: failed to resolve: use of undeclared crate or module `llvm_sys`
[INFO] [stdout]  --> src/values/metadata_value.rs:4:5
[INFO] [stdout]   |
[INFO] [stdout] 4 | use llvm_sys::prelude::LLVMValueRef;
[INFO] [stdout]   |     ^^^^^^^^ use of undeclared crate or module `llvm_sys`
[INFO] [stdout] 
[INFO] [stdout] 
[INFO] [stdout] error[E0433]: failed to resolve: use of undeclared crate or module `llvm_sys`
[INFO] [stdout]  --> src/values/phi_value.rs:1:5
[INFO] [stdout]   |
[INFO] [stdout] 1 | use llvm_sys::core::{LLVMAddIncoming, LLVMCountIncoming, LLVMGetIncomingBlock, LLVMGetIncomingValue};
[INFO] [stdout]   |     ^^^^^^^^ use of undeclared crate or module `llvm_sys`
[INFO] [stdout] 
[INFO] [stdout] 
[INFO] [stdout] error[E0433]: failed to resolve: use of undeclared crate or module `llvm_sys`
[INFO] [stdout]  --> src/values/phi_value.rs:2:5
[INFO] [stdout]   |
[INFO] [stdout] 2 | use llvm_sys::prelude::{LLVMBasicBlockRef, LLVMValueRef};
[INFO] [stdout]   |     ^^^^^^^^ use of undeclared crate or module `llvm_sys`
[INFO] [stdout] 
[INFO] [stdout] 
[INFO] [stdout] error[E0433]: failed to resolve: use of undeclared crate or module `llvm_sys`
[INFO] [stdout]  --> src/values/ptr_value.rs:6:5
[INFO] [stdout]   |
[INFO] [stdout] 6 | use llvm_sys::core::{LLVMConstAddrSpaceCast, LLVMConstPointerCast, LLVMConstPtrToInt};
[INFO] [stdout]   |     ^^^^^^^^ use of undeclared crate or module `llvm_sys`
[INFO] [stdout] 
[INFO] [stdout] 
[INFO] [stdout] error[E0433]: failed to resolve: use of undeclared crate or module `llvm_sys`
[INFO] [stdout]  --> src/values/ptr_value.rs:7:5
[INFO] [stdout]   |
[INFO] [stdout] 7 | use llvm_sys::prelude::LLVMValueRef;
[INFO] [stdout]   |     ^^^^^^^^ use of undeclared crate or module `llvm_sys`
[INFO] [stdout] 
[INFO] [stdout] 
[INFO] [stdout] error[E0433]: failed to resolve: use of undeclared crate or module `llvm_sys`
[INFO] [stdout]  --> src/values/struct_value.rs:5:5
[INFO] [stdout]   |
[INFO] [stdout] 5 | use llvm_sys::core::{LLVMGetNumOperands, LLVMGetOperand, LLVMIsABasicBlock, LLVMSetOperand, LLVMValueAsBasicBlock};
[INFO] [stdout]   |     ^^^^^^^^ use of undeclared crate or module `llvm_sys`
[INFO] [stdout] 
[INFO] [stdout] 
[INFO] [stdout] error[E0433]: failed to resolve: use of undeclared crate or module `llvm_sys`
[INFO] [stdout]  --> src/values/struct_value.rs:6:5
[INFO] [stdout]   |
[INFO] [stdout] 6 | use llvm_sys::prelude::LLVMValueRef;
[INFO] [stdout]   |     ^^^^^^^^ use of undeclared crate or module `llvm_sys`
[INFO] [stdout] 
[INFO] [stdout] 
[INFO] [stdout] error[E0433]: failed to resolve: use of undeclared crate or module `llvm_sys`
[INFO] [stdout]  --> src/values/traits.rs:1:5
[INFO] [stdout]   |
[INFO] [stdout] 1 | use llvm_sys::prelude::LLVMValueRef;
[INFO] [stdout]   |     ^^^^^^^^ use of undeclared crate or module `llvm_sys`
[INFO] [stdout] 
[INFO] [stdout] 
[INFO] [stdout] error[E0433]: failed to resolve: use of undeclared crate or module `llvm_sys`
[INFO] [stdout]  --> src/values/vec_value.rs:1:5
[INFO] [stdout]   |
[INFO] [stdout] 1 | use llvm_sys::core::{
[INFO] [stdout]   |     ^^^^^^^^ use of undeclared crate or module `llvm_sys`
[INFO] [stdout] 
[INFO] [stdout] 
[INFO] [stdout] error[E0433]: failed to resolve: use of undeclared crate or module `llvm_sys`
[INFO] [stdout]  --> src/values/vec_value.rs:5:5
[INFO] [stdout]   |
[INFO] [stdout] 5 | use llvm_sys::prelude::LLVMValueRef;
[INFO] [stdout]   |     ^^^^^^^^ use of undeclared crate or module `llvm_sys`
[INFO] [stdout] 
[INFO] [stdout] 
[INFO] [stdout] error[E0433]: failed to resolve: use of undeclared crate or module `llvm_sys`
[INFO] [stdout]  --> src/values/callable_value.rs:9:5
[INFO] [stdout]   |
[INFO] [stdout] 9 | use llvm_sys::core::{LLVMGetElementType, LLVMGetTypeKind, LLVMTypeOf};
[INFO] [stdout]   |     ^^^^^^^^ use of undeclared crate or module `llvm_sys`
[INFO] [stdout] 
[INFO] [stdout] 
[INFO] [stdout] error[E0433]: failed to resolve: use of undeclared crate or module `llvm_sys`
[INFO] [stdout]   --> src/values/callable_value.rs:10:5
[INFO] [stdout]    |
[INFO] [stdout] 10 | use llvm_sys::prelude::LLVMTypeRef;
[INFO] [stdout]    |     ^^^^^^^^ use of undeclared crate or module `llvm_sys`
[INFO] [stdout] 
[INFO] [stdout] 
[INFO] [stdout] error[E0433]: failed to resolve: use of undeclared crate or module `llvm_sys`
[INFO] [stdout]   --> src/values/callable_value.rs:11:5
[INFO] [stdout]    |
[INFO] [stdout] 11 | use llvm_sys::prelude::LLVMValueRef;
[INFO] [stdout]    |     ^^^^^^^^ use of undeclared crate or module `llvm_sys`
[INFO] [stdout] 
[INFO] [stdout] 
[INFO] [stdout] error[E0432]: unresolved import `llvm_sys`
[INFO] [stdout]   --> src/values/instruction_value.rs:16:5
[INFO] [stdout]    |
[INFO] [stdout] 16 | use llvm_sys::LLVMOpcode;
[INFO] [stdout]    |     ^^^^^^^^ use of undeclared crate or module `llvm_sys`
[INFO] [stdout] 
[INFO] [stdout] 
[INFO] [stdout] error[E0432]: unresolved import `llvm_sys`
[INFO] [stdout]   --> src/values/callable_value.rs:12:5
[INFO] [stdout]    |
[INFO] [stdout] 12 | use llvm_sys::LLVMTypeKind;
[INFO] [stdout]    |     ^^^^^^^^ use of undeclared crate or module `llvm_sys`
[INFO] [stdout] 
[INFO] [stdout] 
[INFO] [stdout] error[E0433]: failed to resolve: use of undeclared crate or module `llvm_sys`
[INFO] [stdout]   --> src/values/mod.rs:53:5
[INFO] [stdout]    |
[INFO] [stdout] 53 | use llvm_sys::core::{
[INFO] [stdout]    |     ^^^^^^^^ use of undeclared crate or module `llvm_sys`
[INFO] [stdout] 
[INFO] [stdout] 
[INFO] [stdout] error[E0433]: failed to resolve: use of undeclared crate or module `llvm_sys`
[INFO] [stdout]   --> src/values/mod.rs:57:5
[INFO] [stdout]    |
[INFO] [stdout] 57 | use llvm_sys::prelude::{LLVMTypeRef, LLVMValueRef};
[INFO] [stdout]    |     ^^^^^^^^ use of undeclared crate or module `llvm_sys`
[INFO] [stdout] 
[INFO] [stdout] 
[INFO] [stdout] error[E0433]: failed to resolve: use of undeclared crate or module `llvm_sys`
[INFO] [stdout]    --> src/values/mod.rs:121:17
[INFO] [stdout]     |
[INFO] [stdout] 121 |             use llvm_sys::core::LLVMSetValueName2;
[INFO] [stdout]     |                 ^^^^^^^^ use of undeclared crate or module `llvm_sys`
[INFO] [stdout] 
[INFO] [stdout] 
[INFO] [stdout] error[E0433]: failed to resolve: use of undeclared crate or module `llvm_sys`
[INFO] [stdout]    --> src/values/mod.rs:138:17
[INFO] [stdout]     |
[INFO] [stdout] 138 |             use llvm_sys::core::LLVMGetValueName2;
[INFO] [stdout]     |                 ^^^^^^^^ use of undeclared crate or module `llvm_sys`
[INFO] [stdout] 
[INFO] [stdout] 
[INFO] [stdout] error[E0432]: unresolved import `crate::values::metadata_value::FIRST_CUSTOM_METADATA_KIND_ID`
[INFO] [stdout]   --> src/values/mod.rs:42:56
[INFO] [stdout]    |
[INFO] [stdout] 42 | pub use crate::values::metadata_value::{MetadataValue, FIRST_CUSTOM_METADATA_KIND_ID};
[INFO] [stdout]    |                                                        ^^^^^^^^^^^^^^^^^^^^^^^^^^^^^ no `FIRST_CUSTOM_METADATA_KIND_ID` in `values::metadata_value`
[INFO] [stdout] 
[INFO] [stdout] 
[INFO] [stdout] error[E0432]: unresolved imports `llvm_sys`, `super::LLVMContextRef`, `crate::debug_info::flags::DIFlags`
[INFO] [stdout]     --> src/lib.rs:71:5
[INFO] [stdout]      |
[INFO] [stdout] 71   | use llvm_sys::{
[INFO] [stdout]      |     ^^^^^^^^ use of undeclared crate or module `llvm_sys`
[INFO] [stdout]      |
[INFO] [stdout]     ::: src/context.rs:2110:38
[INFO] [stdout]      |
[INFO] [stdout] 2110 |     use super::{Context, ContextRef, LLVMContextRef};
[INFO] [stdout]      |                                      ^^^^^^^^^^^^^^
[INFO] [stdout]      |
[INFO] [stdout]     ::: src/debug_info.rs:105:36
[INFO] [stdout]      |
[INFO] [stdout] 105  | pub use crate::debug_info::flags::{DIFlags, DIFlagsConstants};
[INFO] [stdout]      |                                    ^^^^^^^
[INFO] [stdout] 
[INFO] [stdout] 
[INFO] [stdout] error[E0433]: failed to resolve: use of undeclared type `InlineAsmDialect`
[INFO] [stdout]    --> src/context.rs:156:35
[INFO] [stdout]     |
[INFO] [stdout] 156 |                 dialect.unwrap_or(InlineAsmDialect::ATT).into(),
[INFO] [stdout]     |                                   ^^^^^^^^^^^^^^^^ use of undeclared type `InlineAsmDialect`
[INFO] [stdout] 
[INFO] [stdout] 
[INFO] [stdout] error[E0433]: failed to resolve: use of undeclared crate or module `llvm_sys`
[INFO] [stdout]     --> src/debug_info.rs:1323:31
[INFO] [stdout]      |
[INFO] [stdout] 1323 |         const ZERO: DIFlags = llvm_sys::debuginfo::LLVMDIFlagZero;
[INFO] [stdout]      |                               ^^^^^^^^ use of undeclared crate or module `llvm_sys`
[INFO] [stdout] 
[INFO] [stdout] 
[INFO] [stdout] error[E0433]: failed to resolve: use of undeclared crate or module `llvm_sys`
[INFO] [stdout]     --> src/debug_info.rs:1324:34
[INFO] [stdout]      |
[INFO] [stdout] 1324 |         const PRIVATE: DIFlags = llvm_sys::debuginfo::LLVMDIFlagPrivate;
[INFO] [stdout]      |                                  ^^^^^^^^ use of undeclared crate or module `llvm_sys`
[INFO] [stdout] 
[INFO] [stdout] 
[INFO] [stdout] error[E0433]: failed to resolve: use of undeclared crate or module `llvm_sys`
[INFO] [stdout]     --> src/debug_info.rs:1325:36
[INFO] [stdout]      |
[INFO] [stdout] 1325 |         const PROTECTED: DIFlags = llvm_sys::debuginfo::LLVMDIFlagProtected;
[INFO] [stdout]      |                                    ^^^^^^^^ use of undeclared crate or module `llvm_sys`
[INFO] [stdout] 
[INFO] [stdout] 
[INFO] [stdout] error[E0433]: failed to resolve: use of undeclared crate or module `llvm_sys`
[INFO] [stdout]     --> src/debug_info.rs:1326:33
[INFO] [stdout]      |
[INFO] [stdout] 1326 |         const PUBLIC: DIFlags = llvm_sys::debuginfo::LLVMDIFlagPublic;
[INFO] [stdout]      |                                 ^^^^^^^^ use of undeclared crate or module `llvm_sys`
[INFO] [stdout] 
[INFO] [stdout] 
[INFO] [stdout] error[E0433]: failed to resolve: use of undeclared crate or module `llvm_sys`
[INFO] [stdout]     --> src/debug_info.rs:1327:35
[INFO] [stdout]      |
[INFO] [stdout] 1327 |         const FWD_DECL: DIFlags = llvm_sys::debuginfo::LLVMDIFlagFwdDecl;
[INFO] [stdout]      |                                   ^^^^^^^^ use of undeclared crate or module `llvm_sys`
[INFO] [stdout] 
[INFO] [stdout] 
[INFO] [stdout] error[E0433]: failed to resolve: use of undeclared crate or module `llvm_sys`
[INFO] [stdout]     --> src/debug_info.rs:1328:38
[INFO] [stdout]      |
[INFO] [stdout] 1328 |         const APPLE_BLOCK: DIFlags = llvm_sys::debuginfo::LLVMDIFlagAppleBlock;
[INFO] [stdout]      |                                      ^^^^^^^^ use of undeclared crate or module `llvm_sys`
[INFO] [stdout] 
[INFO] [stdout] 
[INFO] [stdout] error[E0433]: failed to resolve: use of undeclared crate or module `llvm_sys`
[INFO] [stdout]     --> src/debug_info.rs:1331:34
[INFO] [stdout]      |
[INFO] [stdout] 1331 |         const VIRTUAL: DIFlags = llvm_sys::debuginfo::LLVMDIFlagVirtual;
[INFO] [stdout]      |                                  ^^^^^^^^ use of undeclared crate or module `llvm_sys`
[INFO] [stdout] 
[INFO] [stdout] 
[INFO] [stdout] error[E0433]: failed to resolve: use of undeclared crate or module `llvm_sys`
[INFO] [stdout]     --> src/debug_info.rs:1332:37
[INFO] [stdout]      |
[INFO] [stdout] 1332 |         const ARTIFICIAL: DIFlags = llvm_sys::debuginfo::LLVMDIFlagArtificial;
[INFO] [stdout]      |                                     ^^^^^^^^ use of undeclared crate or module `llvm_sys`
[INFO] [stdout] 
[INFO] [stdout] 
[INFO] [stdout] error[E0433]: failed to resolve: use of undeclared crate or module `llvm_sys`
[INFO] [stdout]     --> src/debug_info.rs:1333:35
[INFO] [stdout]      |
[INFO] [stdout] 1333 |         const EXPLICIT: DIFlags = llvm_sys::debuginfo::LLVMDIFlagExplicit;
[INFO] [stdout]      |                                   ^^^^^^^^ use of undeclared crate or module `llvm_sys`
[INFO] [stdout] 
[INFO] [stdout] 
[INFO] [stdout] error[E0433]: failed to resolve: use of undeclared crate or module `llvm_sys`
[INFO] [stdout]     --> src/debug_info.rs:1334:37
[INFO] [stdout]      |
[INFO] [stdout] 1334 |         const PROTOTYPED: DIFlags = llvm_sys::debuginfo::LLVMDIFlagPrototyped;
[INFO] [stdout]      |                                     ^^^^^^^^ use of undeclared crate or module `llvm_sys`
[INFO] [stdout] 
[INFO] [stdout] 
[INFO] [stdout] error[E0433]: failed to resolve: use of undeclared crate or module `llvm_sys`
[INFO] [stdout]     --> src/debug_info.rs:1335:46
[INFO] [stdout]      |
[INFO] [stdout] 1335 |         const OBJC_CLASS_COMPLETE: DIFlags = llvm_sys::debuginfo::LLVMDIFlagObjcClassComplete;
[INFO] [stdout]      |                                              ^^^^^^^^ use of undeclared crate or module `llvm_sys`
[INFO] [stdout] 
[INFO] [stdout] 
[INFO] [stdout] error[E0433]: failed to resolve: use of undeclared crate or module `llvm_sys`
[INFO] [stdout]     --> src/debug_info.rs:1336:41
[INFO] [stdout]      |
[INFO] [stdout] 1336 |         const OBJECT_POINTER: DIFlags = llvm_sys::debuginfo::LLVMDIFlagObjectPointer;
[INFO] [stdout]      |                                         ^^^^^^^^ use of undeclared crate or module `llvm_sys`
[INFO] [stdout] 
[INFO] [stdout] 
[INFO] [stdout] error[E0433]: failed to resolve: use of undeclared crate or module `llvm_sys`
[INFO] [stdout]     --> src/debug_info.rs:1337:33
[INFO] [stdout]      |
[INFO] [stdout] 1337 |         const VECTOR: DIFlags = llvm_sys::debuginfo::LLVMDIFlagVector;
[INFO] [stdout]      |                                 ^^^^^^^^ use of undeclared crate or module `llvm_sys`
[INFO] [stdout] 
[INFO] [stdout] 
[INFO] [stdout] error[E0433]: failed to resolve: use of undeclared crate or module `llvm_sys`
[INFO] [stdout]     --> src/debug_info.rs:1338:40
[INFO] [stdout]      |
[INFO] [stdout] 1338 |         const STATIC_MEMBER: DIFlags = llvm_sys::debuginfo::LLVMDIFlagStaticMember;
[INFO] [stdout]      |                                        ^^^^^^^^ use of undeclared crate or module `llvm_sys`
[INFO] [stdout] 
[INFO] [stdout] 
[INFO] [stdout] error[E0433]: failed to resolve: use of undeclared crate or module `llvm_sys`
[INFO] [stdout]     --> src/debug_info.rs:1339:43
[INFO] [stdout]      |
[INFO] [stdout] 1339 |         const LVALUE_REFERENCE: DIFlags = llvm_sys::debuginfo::LLVMDIFlagLValueReference;
[INFO] [stdout]      |                                           ^^^^^^^^ use of undeclared crate or module `llvm_sys`
[INFO] [stdout] 
[INFO] [stdout] 
[INFO] [stdout] error[E0433]: failed to resolve: use of undeclared crate or module `llvm_sys`
[INFO] [stdout]     --> src/debug_info.rs:1340:43
[INFO] [stdout]      |
[INFO] [stdout] 1340 |         const RVALUE_REFERENCE: DIFlags = llvm_sys::debuginfo::LLVMDIFlagRValueReference;
[INFO] [stdout]      |                                           ^^^^^^^^ use of undeclared crate or module `llvm_sys`
[INFO] [stdout] 
[INFO] [stdout] 
[INFO] [stdout] error[E0433]: failed to resolve: use of undeclared crate or module `llvm_sys`
[INFO] [stdout]     --> src/debug_info.rs:1341:35
[INFO] [stdout]      |
[INFO] [stdout] 1341 |         const RESERVED: DIFlags = llvm_sys::debuginfo::LLVMDIFlagReserved;
[INFO] [stdout]      |                                   ^^^^^^^^ use of undeclared crate or module `llvm_sys`
[INFO] [stdout] 
[INFO] [stdout] 
[INFO] [stdout] error[E0433]: failed to resolve: use of undeclared crate or module `llvm_sys`
[INFO] [stdout]     --> src/debug_info.rs:1342:45
[INFO] [stdout]      |
[INFO] [stdout] 1342 |         const SINGLE_INHERITANCE: DIFlags = llvm_sys::debuginfo::LLVMDIFlagSingleInheritance;
[INFO] [stdout]      |                                             ^^^^^^^^ use of undeclared crate or module `llvm_sys`
[INFO] [stdout] 
[INFO] [stdout] 
[INFO] [stdout] error[E0433]: failed to resolve: use of undeclared crate or module `llvm_sys`
[INFO] [stdout]     --> src/debug_info.rs:1343:47
[INFO] [stdout]      |
[INFO] [stdout] 1343 |         const MULTIPLE_INHERITANCE: DIFlags = llvm_sys::debuginfo::LLVMDIFlagMultipleInheritance;
[INFO] [stdout]      |                                               ^^^^^^^^ use of undeclared crate or module `llvm_sys`
[INFO] [stdout] 
[INFO] [stdout] 
[INFO] [stdout] error[E0433]: failed to resolve: use of undeclared crate or module `llvm_sys`
[INFO] [stdout]     --> src/debug_info.rs:1344:46
[INFO] [stdout]      |
[INFO] [stdout] 1344 |         const VIRTUAL_INHERITANCE: DIFlags = llvm_sys::debuginfo::LLVMDIFlagVirtualInheritance;
[INFO] [stdout]      |                                              ^^^^^^^^ use of undeclared crate or module `llvm_sys`
[INFO] [stdout] 
[INFO] [stdout] 
[INFO] [stdout] error[E0433]: failed to resolve: use of undeclared crate or module `llvm_sys`
[INFO] [stdout]     --> src/debug_info.rs:1345:45
[INFO] [stdout]      |
[INFO] [stdout] 1345 |         const INTRODUCED_VIRTUAL: DIFlags = llvm_sys::debuginfo::LLVMDIFlagIntroducedVirtual;
[INFO] [stdout]      |                                             ^^^^^^^^ use of undeclared crate or module `llvm_sys`
[INFO] [stdout] 
[INFO] [stdout] 
[INFO] [stdout] error[E0433]: failed to resolve: use of undeclared crate or module `llvm_sys`
[INFO] [stdout]     --> src/debug_info.rs:1346:36
[INFO] [stdout]      |
[INFO] [stdout] 1346 |         const BIT_FIELD: DIFlags = llvm_sys::debuginfo::LLVMDIFlagBitField;
[INFO] [stdout]      |                                    ^^^^^^^^ use of undeclared crate or module `llvm_sys`
[INFO] [stdout] 
[INFO] [stdout] 
[INFO] [stdout] error[E0433]: failed to resolve: use of undeclared crate or module `llvm_sys`
[INFO] [stdout]     --> src/debug_info.rs:1347:36
[INFO] [stdout]      |
[INFO] [stdout] 1347 |         const NO_RETURN: DIFlags = llvm_sys::debuginfo::LLVMDIFlagNoReturn;
[INFO] [stdout]      |                                    ^^^^^^^^ use of undeclared crate or module `llvm_sys`
[INFO] [stdout] 
[INFO] [stdout] 
[INFO] [stdout] error[E0433]: failed to resolve: use of undeclared crate or module `llvm_sys`
[INFO] [stdout]     --> src/debug_info.rs:1350:45
[INFO] [stdout]      |
[INFO] [stdout] 1350 |         const TYPE_PASS_BY_VALUE: DIFlags = llvm_sys::debuginfo::LLVMDIFlagTypePassByValue;
[INFO] [stdout]      |                                             ^^^^^^^^ use of undeclared crate or module `llvm_sys`
[INFO] [stdout] 
[INFO] [stdout] 
[INFO] [stdout] error[E0433]: failed to resolve: use of undeclared crate or module `llvm_sys`
[INFO] [stdout]     --> src/debug_info.rs:1351:49
[INFO] [stdout]      |
[INFO] [stdout] 1351 |         const TYPE_PASS_BY_REFERENCE: DIFlags = llvm_sys::debuginfo::LLVMDIFlagTypePassByReference;
[INFO] [stdout]      |                                                 ^^^^^^^^ use of undeclared crate or module `llvm_sys`
[INFO] [stdout] 
[INFO] [stdout] 
[INFO] [stdout] error[E0433]: failed to resolve: use of undeclared crate or module `llvm_sys`
[INFO] [stdout]     --> src/debug_info.rs:1356:32
[INFO] [stdout]      |
[INFO] [stdout] 1356 |         const THUNK: DIFlags = llvm_sys::debuginfo::LLVMDIFlagThunk;
[INFO] [stdout]      |                                ^^^^^^^^ use of undeclared crate or module `llvm_sys`
[INFO] [stdout] 
[INFO] [stdout] 
[INFO] [stdout] error[E0433]: failed to resolve: use of undeclared crate or module `llvm_sys`
[INFO] [stdout]     --> src/debug_info.rs:1367:48
[INFO] [stdout]      |
[INFO] [stdout] 1367 |         const INDIRECT_VIRTUAL_BASE: DIFlags = llvm_sys::debuginfo::LLVMDIFlagIndirectVirtualBase;
[INFO] [stdout]      |                                                ^^^^^^^^ use of undeclared crate or module `llvm_sys`
[INFO] [stdout] 
[INFO] [stdout] 
[INFO] [stdout] error[E0412]: cannot find type `InlineAsmDialect` in this scope
[INFO] [stdout]    --> src/context.rs:121:13
[INFO] [stdout]     |
[INFO] [stdout] 121 |             InlineAsmDialect,
[INFO] [stdout]     |             ^^^^^^^^^^^^^^^^ not found in this scope
[INFO] [stdout]     |
[INFO] [stdout] help: you might be missing a type parameter
[INFO] [stdout]     |
[INFO] [stdout] 79  | impl<InlineAsmDialect> ContextImpl {
[INFO] [stdout]     |     ++++++++++++++++++
[INFO] [stdout] 
[INFO] [stdout] 
[INFO] [stdout] error[E0412]: cannot find type `InlineAsmDialect` in this scope
[INFO] [stdout]    --> src/context.rs:579:13
[INFO] [stdout]     |
[INFO] [stdout] 579 |             InlineAsmDialect,
[INFO] [stdout]     |             ^^^^^^^^^^^^^^^^ not found in this scope
[INFO] [stdout]     |
[INFO] [stdout] help: you might be missing a type parameter
[INFO] [stdout]     |
[INFO] [stdout] 414 | impl<InlineAsmDialect> Context {
[INFO] [stdout]     |     ++++++++++++++++++
[INFO] [stdout] 
[INFO] [stdout] 
[INFO] [stdout] error[E0412]: cannot find type `InlineAsmDialect` in this scope
[INFO] [stdout]     --> src/context.rs:1422:13
[INFO] [stdout]      |
[INFO] [stdout] 1422 |             InlineAsmDialect,
[INFO] [stdout]      |             ^^^^^^^^^^^^^^^^ not found in this scope
[INFO] [stdout]      |
[INFO] [stdout] help: you might be missing a type parameter
[INFO] [stdout]      |
[INFO] [stdout] 1293 | impl<'ctx, InlineAsmDialect> ContextRef<'ctx> {
[INFO] [stdout]      |          ++++++++++++++++++
[INFO] [stdout] 
[INFO] [stdout] 
[INFO] [stdout] warning: unused import: `FunctionType`
[INFO] [stdout]   --> src/builder.rs:43:57
[INFO] [stdout]    |
[INFO] [stdout] 43 | use crate::types::{AsTypeRef, BasicType, FloatMathType, FunctionType, IntMathType, PointerMathType, PointerType};
[INFO] [stdout]    |                                                         ^^^^^^^^^^^^
[INFO] [stdout]    |
[INFO] [stdout]    = note: `#[warn(unused_imports)]` on by default
[INFO] [stdout] 
[INFO] [stdout] 
[INFO] [stdout] warning: unused imports: `BasicMetadataValueEnum`, `CallSiteValue`
[INFO] [stdout]   --> src/builder.rs:47:53
[INFO] [stdout]    |
[INFO] [stdout] 47 |     AggregateValue, AggregateValueEnum, AsValueRef, BasicMetadataValueEnum, BasicValue, BasicValueEnum, CallSiteValue,
[INFO] [stdout]    |                                                     ^^^^^^^^^^^^^^^^^^^^^^                              ^^^^^^^^^^^^^
[INFO] [stdout] 
[INFO] [stdout] 
[INFO] [stdout] warning: unused import: `crate::module::Module`
[INFO] [stdout]  --> src/intrinsics.rs:5:5
[INFO] [stdout]   |
[INFO] [stdout] 5 | use crate::module::Module;
[INFO] [stdout]   |     ^^^^^^^^^^^^^^^^^^^^^
[INFO] [stdout] 
[INFO] [stdout] 
[INFO] [stdout] warning: unused imports: `AsTypeRef`, `BasicTypeEnum`
[INFO] [stdout]  --> src/intrinsics.rs:6:20
[INFO] [stdout]   |
[INFO] [stdout] 6 | use crate::types::{AsTypeRef, BasicTypeEnum};
[INFO] [stdout]   |                    ^^^^^^^^^  ^^^^^^^^^^^^^
[INFO] [stdout] 
[INFO] [stdout] 
[INFO] [stdout] warning: unused import: `crate::values::FunctionValue`
[INFO] [stdout]  --> src/intrinsics.rs:7:5
[INFO] [stdout]   |
[INFO] [stdout] 7 | use crate::values::FunctionValue;
[INFO] [stdout]   |     ^^^^^^^^^^^^^^^^^^^^^^^^^^^^
[INFO] [stdout] 
[INFO] [stdout] 
[INFO] [stdout] warning: unused import: `StructType`
[INFO] [stdout]   --> src/module.rs:54:56
[INFO] [stdout]    |
[INFO] [stdout] 54 | use crate::types::{AsTypeRef, BasicType, FunctionType, StructType};
[INFO] [stdout]    |                                                        ^^^^^^^^^^
[INFO] [stdout] 
[INFO] [stdout] 
[INFO] [stdout] warning: unused import: `crate::context::ContextRef`
[INFO] [stdout]  --> src/types/metadata_type.rs:3:5
[INFO] [stdout]   |
[INFO] [stdout] 3 | use crate::context::ContextRef;
[INFO] [stdout]   |     ^^^^^^^^^^^^^^^^^^^^^^^^^^
[INFO] [stdout] 
[INFO] [stdout] 
[INFO] [stdout] warning: unused import: `crate::types::enums::BasicMetadataTypeEnum`
[INFO] [stdout]  --> src/types/metadata_type.rs:5:5
[INFO] [stdout]   |
[INFO] [stdout] 5 | use crate::types::enums::BasicMetadataTypeEnum;
[INFO] [stdout]   |     ^^^^^^^^^^^^^^^^^^^^^^^^^^^^^^^^^^^^^^^^^^
[INFO] [stdout] 
[INFO] [stdout] 
[INFO] [stdout] warning: unused import: `FunctionType`
[INFO] [stdout]  --> src/types/metadata_type.rs:7:20
[INFO] [stdout]   |
[INFO] [stdout] 7 | use crate::types::{FunctionType, Type};
[INFO] [stdout]   |                    ^^^^^^^^^^^^
[INFO] [stdout] 
[INFO] [stdout] 
[INFO] [stdout] warning: unused import: `crate::types::FunctionType`
[INFO] [stdout]   --> src/values/fn_value.rs:28:5
[INFO] [stdout]    |
[INFO] [stdout] 28 | use crate::types::FunctionType;
[INFO] [stdout]    |     ^^^^^^^^^^^^^^^^^^^^^^^^^^
[INFO] [stdout] 
[INFO] [stdout] 
[INFO] [stdout] warning: unused import: `BasicType`
[INFO] [stdout]   --> src/values/ptr_value.rs:13:31
[INFO] [stdout]    |
[INFO] [stdout] 13 | use crate::types::{AsTypeRef, BasicType, IntType, PointerType};
[INFO] [stdout]    |                               ^^^^^^^^^
[INFO] [stdout] 
[INFO] [stdout] 
[INFO] [stdout] error[E0046]: not all trait items implemented, missing: `as_type_ref`
[INFO] [stdout]   --> src/types/metadata_type.rs:70:1
[INFO] [stdout]    |
[INFO] [stdout] 70 | impl AsTypeRef for MetadataType<'_> {
[INFO] [stdout]    | ^^^^^^^^^^^^^^^^^^^^^^^^^^^^^^^^^^^ missing `as_type_ref` in implementation
[INFO] [stdout]    |
[INFO] [stdout]   ::: src/types/traits.rs:17:5
[INFO] [stdout]    |
[INFO] [stdout] 17 |     fn as_type_ref(&self) -> LLVMTypeRef;
[INFO] [stdout]    |     ------------------------------------- `as_type_ref` from trait
[INFO] [stdout] 
[INFO] [stdout] 
[INFO] [stdout] error[E0599]: no method named `get_element_type` found for struct `ptr_type::PointerType` in the current scope
[INFO] [stdout]     --> src/builder.rs:2795:27
[INFO] [stdout]      |
[INFO] [stdout] 2795 |         if ptr.get_type().get_element_type() != value.get_type().into() {
[INFO] [stdout]      |                           ^^^^^^^^^^^^^^^^ method not found in `PointerType<'_>`
[INFO] [stdout]      |
[INFO] [stdout]     ::: src/types/ptr_type.rs:18:1
[INFO] [stdout]      |
[INFO] [stdout] 18   | pub struct PointerType<'ctx> {
[INFO] [stdout]      | ---------------------------- method `get_element_type` not found for this struct
[INFO] [stdout] 
[INFO] [stdout] 
[INFO] [stdout] error[E0599]: no method named `get_element_type` found for struct `ptr_type::PointerType` in the current scope
[INFO] [stdout]     --> src/builder.rs:2855:27
[INFO] [stdout]      |
[INFO] [stdout] 2855 |         if ptr.get_type().get_element_type().to_basic_type_enum() != cmp.get_type() {
[INFO] [stdout]      |                           ^^^^^^^^^^^^^^^^ method not found in `PointerType<'_>`
[INFO] [stdout]      |
[INFO] [stdout]     ::: src/types/ptr_type.rs:18:1
[INFO] [stdout]      |
[INFO] [stdout] 18   | pub struct PointerType<'ctx> {
[INFO] [stdout]      | ---------------------------- method `get_element_type` not found for this struct
[INFO] [stdout] 
[INFO] [stdout] 
[INFO] [stdout] error[E0425]: cannot find function, tuple struct or tuple variant `LLVMGetInlineAsm` in this scope
[INFO] [stdout]    --> src/context.rs:148:13
[INFO] [stdout]     |
[INFO] [stdout] 148 |             LLVMGetInlineAsm(
[INFO] [stdout]     |             ^^^^^^^^^^^^^^^^ not found in this scope
[INFO] [stdout] 
[INFO] [stdout] 
[INFO] [stdout] error[E0425]: cannot find function, tuple struct or tuple variant `LLVMAddLowerSwitchPass` in this scope
[INFO] [stdout]    --> src/passes.rs:757:18
[INFO] [stdout]     |
[INFO] [stdout] 757 |         unsafe { LLVMAddLowerSwitchPass(self.pass_manager) }
[INFO] [stdout]     |                  ^^^^^^^^^^^^^^^^^^^^^^ not found in this scope
[INFO] [stdout] 
[INFO] [stdout] 
[INFO] [stdout] error[E0425]: cannot find function, tuple struct or tuple variant `LLVMAddPromoteMemoryToRegisterPass` in this scope
[INFO] [stdout]    --> src/passes.rs:772:18
[INFO] [stdout]     |
[INFO] [stdout] 772 |         unsafe { LLVMAddPromoteMemoryToRegisterPass(self.pass_manager) }
[INFO] [stdout]     |                  ^^^^^^^^^^^^^^^^^^^^^^^^^^^^^^^^^^ not found in this scope
[INFO] [stdout] 
[INFO] [stdout] 
[INFO] [stdout] error[E0599]: no method named `get_type` found for reference `&fn_value::FunctionValue<'_>` in the current scope
[INFO] [stdout]    --> src/values/fn_value.rs:540:30
[INFO] [stdout]     |
[INFO] [stdout] 540 |         let llvm_type = self.get_type();
[INFO] [stdout]     |                              ^^^^^^^^ method not found in `&FunctionValue<'_>`
[INFO] [stdout]     |
[INFO] [stdout] help: one of the expressions' fields has a method of the same name
[INFO] [stdout]     |
[INFO] [stdout] 540 |         let llvm_type = self.fn_value.get_type();
[INFO] [stdout]     |                              +++++++++
[INFO] [stdout] 
[INFO] [stdout] 
[INFO] [stdout] error[E0425]: cannot find function, tuple struct or tuple variant `LLVMGetPreviousGlobal` in this scope
[INFO] [stdout]   --> src/values/global_value.rs:69:30
[INFO] [stdout]    |
[INFO] [stdout] 69 |         let value = unsafe { LLVMGetPreviousGlobal(self.as_value_ref()) };
[INFO] [stdout]    |                              ^^^^^^^^^^^^^^^^^^^^^ not found in this scope
[INFO] [stdout] 
[INFO] [stdout] 
[INFO] [stdout] error[E0425]: cannot find function, tuple struct or tuple variant `LLVMGetNextGlobal` in this scope
[INFO] [stdout]   --> src/values/global_value.rs:79:30
[INFO] [stdout]    |
[INFO] [stdout] 79 |         let value = unsafe { LLVMGetNextGlobal(self.as_value_ref()) };
[INFO] [stdout]    |                              ^^^^^^^^^^^^^^^^^ not found in this scope
[INFO] [stdout] 
[INFO] [stdout] 
[INFO] [stdout] error[E0425]: cannot find function, tuple struct or tuple variant `LLVMGetDLLStorageClass` in this scope
[INFO] [stdout]   --> src/values/global_value.rs:89:42
[INFO] [stdout]    |
[INFO] [stdout] 89 |         let dll_storage_class = unsafe { LLVMGetDLLStorageClass(self.as_value_ref()) };
[INFO] [stdout]    |                                          ^^^^^^^^^^^^^^^^^^^^^^ not found in this scope
[INFO] [stdout] 
[INFO] [stdout] 
[INFO] [stdout] error[E0425]: cannot find function, tuple struct or tuple variant `LLVMSetDLLStorageClass` in this scope
[INFO] [stdout]   --> src/values/global_value.rs:95:18
[INFO] [stdout]    |
[INFO] [stdout] 95 |         unsafe { LLVMSetDLLStorageClass(self.as_value_ref(), dll_storage_class.into()) }
[INFO] [stdout]    |                  ^^^^^^^^^^^^^^^^^^^^^^ not found in this scope
[INFO] [stdout] 
[INFO] [stdout] 
[INFO] [stdout] error[E0425]: cannot find function, tuple struct or tuple variant `LLVMGetInitializer` in this scope
[INFO] [stdout]   --> src/values/global_value.rs:99:30
[INFO] [stdout]    |
[INFO] [stdout] 99 |         let value = unsafe { LLVMGetInitializer(self.as_value_ref()) };
[INFO] [stdout]    |                              ^^^^^^^^^^^^^^^^^^ not found in this scope
[INFO] [stdout] 
[INFO] [stdout] 
[INFO] [stdout] error[E0425]: cannot find function, tuple struct or tuple variant `LLVMSetInitializer` in this scope
[INFO] [stdout]    --> src/values/global_value.rs:110:18
[INFO] [stdout]     |
[INFO] [stdout] 110 |         unsafe { LLVMSetInitializer(self.as_value_ref(), value.as_value_ref()) }
[INFO] [stdout]     |                  ^^^^^^^^^^^^^^^^^^ not found in this scope
[INFO] [stdout] 
[INFO] [stdout] 
[INFO] [stdout] error[E0425]: cannot find function, tuple struct or tuple variant `LLVMIsThreadLocal` in this scope
[INFO] [stdout]    --> src/values/global_value.rs:114:18
[INFO] [stdout]     |
[INFO] [stdout] 114 |         unsafe { LLVMIsThreadLocal(self.as_value_ref()) == 1 }
[INFO] [stdout]     |                  ^^^^^^^^^^^^^^^^^ not found in this scope
[INFO] [stdout] 
[INFO] [stdout] 
[INFO] [stdout] error[E0425]: cannot find function, tuple struct or tuple variant `LLVMSetThreadLocal` in this scope
[INFO] [stdout]    --> src/values/global_value.rs:119:18
[INFO] [stdout]     |
[INFO] [stdout] 119 |         unsafe { LLVMSetThreadLocal(self.as_value_ref(), is_thread_local as i32) }
[INFO] [stdout]     |                  ^^^^^^^^^^^^^^^^^^ not found in this scope
[INFO] [stdout] 
[INFO] [stdout] 
[INFO] [stdout] error[E0425]: cannot find function, tuple struct or tuple variant `LLVMGetThreadLocalMode` in this scope
[INFO] [stdout]    --> src/values/global_value.rs:123:42
[INFO] [stdout]     |
[INFO] [stdout] 123 |         let thread_local_mode = unsafe { LLVMGetThreadLocalMode(self.as_value_ref()) };
[INFO] [stdout]     |                                          ^^^^^^^^^^^^^^^^^^^^^^ not found in this scope
[INFO] [stdout] 
[INFO] [stdout] 
[INFO] [stdout] error[E0425]: cannot find function, tuple struct or tuple variant `LLVMSetThreadLocalMode` in this scope
[INFO] [stdout]    --> src/values/global_value.rs:136:18
[INFO] [stdout]     |
[INFO] [stdout] 136 |         unsafe { LLVMSetThreadLocalMode(self.as_value_ref(), thread_local_mode) }
[INFO] [stdout]     |                  ^^^^^^^^^^^^^^^^^^^^^^ not found in this scope
[INFO] [stdout] 
[INFO] [stdout] 
[INFO] [stdout] error[E0425]: cannot find function, tuple struct or tuple variant `LLVMIsDeclaration` in this scope
[INFO] [stdout]    --> src/values/global_value.rs:161:18
[INFO] [stdout]     |
[INFO] [stdout] 161 |         unsafe { LLVMIsDeclaration(self.as_value_ref()) == 1 }
[INFO] [stdout]     |                  ^^^^^^^^^^^^^^^^^ not found in this scope
[INFO] [stdout] 
[INFO] [stdout] 
[INFO] [stdout] error[E0425]: cannot find function, tuple struct or tuple variant `LLVMIsGlobalConstant` in this scope
[INFO] [stdout]    --> src/values/global_value.rs:191:18
[INFO] [stdout]     |
[INFO] [stdout] 191 |         unsafe { LLVMIsGlobalConstant(self.as_value_ref()) == 1 }
[INFO] [stdout]     |                  ^^^^^^^^^^^^^^^^^^^^ not found in this scope
[INFO] [stdout] 
[INFO] [stdout] 
[INFO] [stdout] error[E0425]: cannot find function, tuple struct or tuple variant `LLVMSetGlobalConstant` in this scope
[INFO] [stdout]    --> src/values/global_value.rs:195:18
[INFO] [stdout]     |
[INFO] [stdout] 195 |         unsafe { LLVMSetGlobalConstant(self.as_value_ref(), is_constant as i32) }
[INFO] [stdout]     |                  ^^^^^^^^^^^^^^^^^^^^^ not found in this scope
[INFO] [stdout] 
[INFO] [stdout] 
[INFO] [stdout] error[E0425]: cannot find function, tuple struct or tuple variant `LLVMIsExternallyInitialized` in this scope
[INFO] [stdout]    --> src/values/global_value.rs:199:18
[INFO] [stdout]     |
[INFO] [stdout] 199 |         unsafe { LLVMIsExternallyInitialized(self.as_value_ref()) == 1 }
[INFO] [stdout]     |                  ^^^^^^^^^^^^^^^^^^^^^^^^^^^ not found in this scope
[INFO] [stdout] 
[INFO] [stdout] 
[INFO] [stdout] error[E0425]: cannot find function, tuple struct or tuple variant `LLVMSetExternallyInitialized` in this scope
[INFO] [stdout]    --> src/values/global_value.rs:203:18
[INFO] [stdout]     |
[INFO] [stdout] 203 |         unsafe { LLVMSetExternallyInitialized(self.as_value_ref(), externally_initialized as i32) }
[INFO] [stdout]     |                  ^^^^^^^^^^^^^^^^^^^^^^^^^^^^ help: a local variable with a similar name exists: `externally_initialized`
[INFO] [stdout] 
[INFO] [stdout] 
[INFO] [stdout] error[E0425]: cannot find function, tuple struct or tuple variant `LLVMSetVisibility` in this scope
[INFO] [stdout]    --> src/values/global_value.rs:207:18
[INFO] [stdout]     |
[INFO] [stdout] 207 |         unsafe { LLVMSetVisibility(self.as_value_ref(), visibility.into()) }
[INFO] [stdout]     |                  ^^^^^^^^^^^^^^^^^ not found in this scope
[INFO] [stdout] 
[INFO] [stdout] 
[INFO] [stdout] error[E0425]: cannot find function, tuple struct or tuple variant `LLVMGetVisibility` in this scope
[INFO] [stdout]    --> src/values/global_value.rs:211:35
[INFO] [stdout]     |
[INFO] [stdout] 211 |         let visibility = unsafe { LLVMGetVisibility(self.as_value_ref()) };
[INFO] [stdout]     |                                   ^^^^^^^^^^^^^^^^^ not found in this scope
[INFO] [stdout] 
[INFO] [stdout] 
[INFO] [stdout] error[E0425]: cannot find function, tuple struct or tuple variant `LLVMDeleteGlobal` in this scope
[INFO] [stdout]    --> src/values/global_value.rs:227:9
[INFO] [stdout]     |
[INFO] [stdout] 227 |         LLVMDeleteGlobal(self.as_value_ref())
[INFO] [stdout]     |         ^^^^^^^^^^^^^^^^ not found in this scope
[INFO] [stdout] 
[INFO] [stdout] 
[INFO] [stdout] error[E0425]: cannot find function, tuple struct or tuple variant `LLVMGetAlignment` in this scope
[INFO] [stdout]    --> src/values/global_value.rs:235:18
[INFO] [stdout]     |
[INFO] [stdout] 235 |         unsafe { LLVMGetAlignment(self.as_value_ref()) }
[INFO] [stdout]     |                  ^^^^^^^^^^^^^^^^ not found in this scope
[INFO] [stdout] 
[INFO] [stdout] 
[INFO] [stdout] error[E0425]: cannot find function, tuple struct or tuple variant `LLVMSetAlignment` in this scope
[INFO] [stdout]    --> src/values/global_value.rs:239:18
[INFO] [stdout]     |
[INFO] [stdout] 239 |         unsafe { LLVMSetAlignment(self.as_value_ref(), alignment) }
[INFO] [stdout]     |                  ^^^^^^^^^^^^^^^^ not found in this scope
[INFO] [stdout] 
[INFO] [stdout] 
[INFO] [stdout] error[E0425]: cannot find function, tuple struct or tuple variant `LLVMGetLinkage` in this scope
[INFO] [stdout]    --> src/values/global_value.rs:287:18
[INFO] [stdout]     |
[INFO] [stdout] 287 |         unsafe { LLVMGetLinkage(self.as_value_ref()).into() }
[INFO] [stdout]     |                  ^^^^^^^^^^^^^^ not found in this scope
[INFO] [stdout] 
[INFO] [stdout] 
[INFO] [stdout] error[E0425]: cannot find function, tuple struct or tuple variant `LLVMSetLinkage` in this scope
[INFO] [stdout]    --> src/values/global_value.rs:291:18
[INFO] [stdout]     |
[INFO] [stdout] 291 |         unsafe { LLVMSetLinkage(self.as_value_ref(), linkage.into()) }
[INFO] [stdout]     |                  ^^^^^^^^^^^^^^ not found in this scope
[INFO] [stdout] 
[INFO] [stdout] 
[INFO] [stdout] error[E0599]: no method named `get_type` found for struct `fn_value::FunctionValue` in the current scope
[INFO] [stdout]    --> src/values/callable_value.rs:100:40
[INFO] [stdout]     |
[INFO] [stdout] 100 |             Left(function) => function.get_type().as_type_ref(),
[INFO] [stdout]     |                                        ^^^^^^^^ method not found in `FunctionValue<'_>`
[INFO] [stdout]     |
[INFO] [stdout]    ::: src/values/fn_value.rs:33:1
[INFO] [stdout]     |
[INFO] [stdout] 33  | pub struct FunctionValue<'ctx> {
[INFO] [stdout]     | ------------------------------ method `get_type` not found for this struct
[INFO] [stdout] 
[INFO] [stdout] 
[INFO] [stdout] error[E0599]: no method named `get_element_type` found for struct `ptr_type::PointerType` in the current scope
[INFO] [stdout]    --> src/values/callable_value.rs:101:50
[INFO] [stdout]     |
[INFO] [stdout] 101 |             Right(pointer) => pointer.get_type().get_element_type().as_type_ref(),
[INFO] [stdout]     |                                                  ^^^^^^^^^^^^^^^^ method not found in `PointerType<'_>`
[INFO] [stdout]     |
[INFO] [stdout]    ::: src/types/ptr_type.rs:18:1
[INFO] [stdout]     |
[INFO] [stdout] 18  | pub struct PointerType<'ctx> {
[INFO] [stdout]     | ---------------------------- method `get_element_type` not found for this struct
[INFO] [stdout] 
[INFO] [stdout] 
[INFO] [stdout] error: aborting due to 221 previous errors; 11 warnings emitted
[INFO] [stdout] 
[INFO] [stdout] 
[INFO] [stdout] Some errors have detailed explanations: E0046, E0412, E0425, E0432, E0433, E0599.
[INFO] [stdout] 
[INFO] [stdout] For more information about an error, try `rustc --explain E0046`.
[INFO] [stdout] 
[INFO] [stderr] error: could not compile `llvm-plugin-inkwell` (lib) due to 222 previous errors; 11 warnings emitted
[INFO] running `Command { std: "docker" "inspect" "85edc103384c174d05eeed41dfd1e710152a364bb1192fa03f6d292ca17edf65", kill_on_drop: false }`
[INFO] running `Command { std: "docker" "rm" "-f" "85edc103384c174d05eeed41dfd1e710152a364bb1192fa03f6d292ca17edf65", kill_on_drop: false }`
[INFO] [stdout] 85edc103384c174d05eeed41dfd1e710152a364bb1192fa03f6d292ca17edf65
