[INFO] fetching crate litemap 0.7.0...
[INFO] testing litemap-0.7.0 against beta-2023-04-20 for beta-1.70-1
[INFO] extracting crate litemap 0.7.0 into /workspace/builds/worker-3-tc2/source
[INFO] validating manifest of crates.io crate litemap 0.7.0 on toolchain beta-2023-04-20
[INFO] running `Command { std: CARGO_HOME="/workspace/cargo-home" RUSTUP_HOME="/workspace/rustup-home" "/workspace/cargo-home/bin/cargo" "+beta-2023-04-20" "metadata" "--manifest-path" "Cargo.toml" "--no-deps", kill_on_drop: false }`
[INFO] started tweaking crates.io crate litemap 0.7.0
[INFO] removed 0 missing examples
[INFO] removed 0 missing tests
[INFO] finished tweaking crates.io crate litemap 0.7.0
[INFO] tweaked toml for crates.io crate litemap 0.7.0 written to /workspace/builds/worker-3-tc2/source/Cargo.toml
[INFO] crate crates.io crate litemap 0.7.0 already has a lockfile, it will not be regenerated
[INFO] running `Command { std: CARGO_HOME="/workspace/cargo-home" RUSTUP_HOME="/workspace/rustup-home" "/workspace/cargo-home/bin/cargo" "+beta-2023-04-20" "fetch" "--manifest-path" "Cargo.toml", kill_on_drop: false }`
[INFO] [stderr]     Blocking waiting for file lock on package cache
[INFO] [stderr]     Updating crates.io index
[INFO] [stderr]  Downloading crates ...
[INFO] [stderr]   Downloaded bytecheck_derive v0.6.9
[INFO] [stderr]   Downloaded yoke-derive v0.7.1
[INFO] [stderr]   Downloaded zerofrom-derive v0.1.1
[INFO] [stderr]   Downloaded postcard v1.0.2
[INFO] [stderr]   Downloaded cobs v0.2.3
[INFO] [stderr]   Downloaded zerofrom v0.1.1
[INFO] [stderr]   Downloaded yoke v0.7.1
[INFO] [stderr]   Downloaded bytecheck v0.6.9
[INFO] [stderr]   Downloaded rkyv_derive v0.7.39
[INFO] [stderr]   Downloaded rkyv v0.7.39
[INFO] running `Command { std: "docker" "create" "-v" "/var/lib/crater-agent-workspace/builds/worker-3-tc2/target:/opt/rustwide/target:rw,Z" "-v" "/var/lib/crater-agent-workspace/builds/worker-3-tc2/source:/opt/rustwide/workdir:ro,Z" "-v" "/var/lib/crater-agent-workspace/cargo-home:/opt/rustwide/cargo-home:ro,Z" "-v" "/var/lib/crater-agent-workspace/rustup-home:/opt/rustwide/rustup-home:ro,Z" "-e" "SOURCE_DIR=/opt/rustwide/workdir" "-e" "CARGO_TARGET_DIR=/opt/rustwide/target" "-e" "CARGO_HOME=/opt/rustwide/cargo-home" "-e" "RUSTUP_HOME=/opt/rustwide/rustup-home" "-w" "/opt/rustwide/workdir" "-m" "1610612736" "--user" "0:0" "--network" "none" "ghcr.io/rust-lang/crates-build-env/linux@sha256:5ff2268d62e97bff2cde7d5815dd6ed5b47097566f13b8d0ca110b04b60e07ed" "/opt/rustwide/cargo-home/bin/cargo" "+beta-2023-04-20" "metadata" "--no-deps" "--format-version=1", kill_on_drop: false }`
[INFO] [stdout] a8e99efe2a479c8ddc1ad098bfda220425c4d333a4db1e3e8b037b91fa787fc1
[INFO] running `Command { std: "docker" "start" "-a" "a8e99efe2a479c8ddc1ad098bfda220425c4d333a4db1e3e8b037b91fa787fc1", kill_on_drop: false }`
[INFO] running `Command { std: "docker" "inspect" "a8e99efe2a479c8ddc1ad098bfda220425c4d333a4db1e3e8b037b91fa787fc1", kill_on_drop: false }`
[INFO] running `Command { std: "docker" "rm" "-f" "a8e99efe2a479c8ddc1ad098bfda220425c4d333a4db1e3e8b037b91fa787fc1", kill_on_drop: false }`
[INFO] [stdout] a8e99efe2a479c8ddc1ad098bfda220425c4d333a4db1e3e8b037b91fa787fc1
[INFO] running `Command { std: "docker" "create" "-v" "/var/lib/crater-agent-workspace/builds/worker-3-tc2/target:/opt/rustwide/target:rw,Z" "-v" "/var/lib/crater-agent-workspace/builds/worker-3-tc2/source:/opt/rustwide/workdir:ro,Z" "-v" "/var/lib/crater-agent-workspace/cargo-home:/opt/rustwide/cargo-home:ro,Z" "-v" "/var/lib/crater-agent-workspace/rustup-home:/opt/rustwide/rustup-home:ro,Z" "-e" "SOURCE_DIR=/opt/rustwide/workdir" "-e" "CARGO_TARGET_DIR=/opt/rustwide/target" "-e" "CARGO_INCREMENTAL=0" "-e" "RUST_BACKTRACE=full" "-e" "RUSTFLAGS=--cap-lints=warn" "-e" "RUSTDOCFLAGS=--cap-lints=warn" "-e" "CARGO_HOME=/opt/rustwide/cargo-home" "-e" "RUSTUP_HOME=/opt/rustwide/rustup-home" "-w" "/opt/rustwide/workdir" "-m" "1610612736" "--user" "0:0" "--network" "none" "ghcr.io/rust-lang/crates-build-env/linux@sha256:5ff2268d62e97bff2cde7d5815dd6ed5b47097566f13b8d0ca110b04b60e07ed" "/opt/rustwide/cargo-home/bin/cargo" "+beta-2023-04-20" "build" "--frozen" "--message-format=json", kill_on_drop: false }`
[INFO] [stdout] abab204fcb42fd01ec1e23f9d541ed35d12d4d295d0fee4e5758d8b0004c9dd7
[INFO] running `Command { std: "docker" "start" "-a" "abab204fcb42fd01ec1e23f9d541ed35d12d4d295d0fee4e5758d8b0004c9dd7", kill_on_drop: false }`
[INFO] [stderr]    Compiling litemap v0.7.0 (/opt/rustwide/workdir)
[INFO] [stderr]     Finished dev [unoptimized + debuginfo] target(s) in 0.21s
[INFO] running `Command { std: "docker" "inspect" "abab204fcb42fd01ec1e23f9d541ed35d12d4d295d0fee4e5758d8b0004c9dd7", kill_on_drop: false }`
[INFO] running `Command { std: "docker" "rm" "-f" "abab204fcb42fd01ec1e23f9d541ed35d12d4d295d0fee4e5758d8b0004c9dd7", kill_on_drop: false }`
[INFO] [stdout] abab204fcb42fd01ec1e23f9d541ed35d12d4d295d0fee4e5758d8b0004c9dd7
[INFO] running `Command { std: "docker" "create" "-v" "/var/lib/crater-agent-workspace/builds/worker-3-tc2/target:/opt/rustwide/target:rw,Z" "-v" "/var/lib/crater-agent-workspace/builds/worker-3-tc2/source:/opt/rustwide/workdir:ro,Z" "-v" "/var/lib/crater-agent-workspace/cargo-home:/opt/rustwide/cargo-home:ro,Z" "-v" "/var/lib/crater-agent-workspace/rustup-home:/opt/rustwide/rustup-home:ro,Z" "-e" "SOURCE_DIR=/opt/rustwide/workdir" "-e" "CARGO_TARGET_DIR=/opt/rustwide/target" "-e" "CARGO_INCREMENTAL=0" "-e" "RUST_BACKTRACE=full" "-e" "RUSTFLAGS=--cap-lints=warn" "-e" "RUSTDOCFLAGS=--cap-lints=warn" "-e" "CARGO_HOME=/opt/rustwide/cargo-home" "-e" "RUSTUP_HOME=/opt/rustwide/rustup-home" "-w" "/opt/rustwide/workdir" "-m" "1610612736" "--user" "0:0" "--network" "none" "ghcr.io/rust-lang/crates-build-env/linux@sha256:5ff2268d62e97bff2cde7d5815dd6ed5b47097566f13b8d0ca110b04b60e07ed" "/opt/rustwide/cargo-home/bin/cargo" "+beta-2023-04-20" "test" "--frozen" "--no-run" "--message-format=json", kill_on_drop: false }`
[INFO] [stdout] f13ad7908b6666a6814f4b18e2797cd409404e79e496c6e653e036aa33124048
[INFO] running `Command { std: "docker" "start" "-a" "f13ad7908b6666a6814f4b18e2797cd409404e79e496c6e653e036aa33124048", kill_on_drop: false }`
[INFO] [stderr]    Compiling libc v0.2.139
[INFO] [stderr]    Compiling crossbeam-utils v0.8.14
[INFO] [stderr]    Compiling serde v1.0.152
[INFO] [stderr]    Compiling once_cell v1.17.0
[INFO] [stderr]    Compiling scopeguard v1.1.0
[INFO] [stderr]    Compiling either v1.8.1
[INFO] [stderr]    Compiling rayon-core v1.10.2
[INFO] [stderr]    Compiling serde_json v1.0.93
[INFO] [stderr]    Compiling ahash v0.7.6
[INFO] [stderr]    Compiling memoffset v0.7.1
[INFO] [stderr]    Compiling crossbeam-epoch v0.9.13
[INFO] [stderr]    Compiling num-traits v0.2.15
[INFO] [stderr]    Compiling bytecheck v0.6.9
[INFO] [stderr]    Compiling ptr_meta_derive v0.1.4
[INFO] [stderr]    Compiling bytecheck_derive v0.6.9
[INFO] [stderr]    Compiling ciborium-io v0.2.0
[INFO] [stderr]    Compiling rend v0.3.6
[INFO] [stderr]    Compiling half v1.8.2
[INFO] [stderr]    Compiling plotters-backend v0.3.4
[INFO] [stderr]    Compiling itertools v0.10.5
[INFO] [stderr]    Compiling clap_lex v0.2.4
[INFO] [stderr]    Compiling plotters-svg v0.3.3
[INFO] [stderr]    Compiling ciborium-ll v0.2.0
[INFO] [stderr]    Compiling cast v0.3.0
[INFO] [stderr]    Compiling same-file v1.0.6
[INFO] [stderr]    Compiling rkyv v0.7.39
[INFO] [stderr]    Compiling regex-syntax v0.6.28
[INFO] [stderr]    Compiling textwrap v0.16.0
[INFO] [stderr]    Compiling rkyv_derive v0.7.39
[INFO] [stderr]    Compiling walkdir v2.3.2
[INFO] [stderr]    Compiling crossbeam-channel v0.5.6
[INFO] [stderr]    Compiling ptr_meta v0.1.4
[INFO] [stderr]    Compiling anes v0.1.6
[INFO] [stderr]    Compiling oorandom v11.1.3
[INFO] [stderr]    Compiling cobs v0.2.3
[INFO] [stderr]    Compiling seahash v4.1.0
[INFO] [stderr]    Compiling getrandom v0.2.8
[INFO] [stderr]    Compiling num_cpus v1.15.0
[INFO] [stderr]    Compiling crossbeam-deque v0.8.2
[INFO] [stderr]    Compiling atty v0.2.14
[INFO] [stderr]    Compiling hashbrown v0.12.3
[INFO] [stderr]    Compiling criterion-plot v0.5.0
[INFO] [stderr]    Compiling regex v1.7.1
[INFO] [stderr]    Compiling rayon v1.6.1
[INFO] [stderr]    Compiling indexmap v1.9.2
[INFO] [stderr]    Compiling plotters v0.3.4
[INFO] [stderr]    Compiling clap v3.2.23
[INFO] [stderr]    Compiling ciborium v0.2.0
[INFO] [stderr]    Compiling bincode v1.3.3
[INFO] [stderr]    Compiling postcard v1.0.2
[INFO] [stderr]    Compiling tinytemplate v1.2.1
[INFO] [stderr]    Compiling criterion v0.4.0
[INFO] [stderr]    Compiling litemap v0.7.0 (/opt/rustwide/workdir)
[INFO] [stdout] error[E0433]: failed to resolve: use of undeclared crate or module `icu_locid`
[INFO] [stdout]   --> examples/language_names_lite_map.rs:14:5
[INFO] [stdout]    |
[INFO] [stdout] 14 | use icu_locid::subtags::Language;
[INFO] [stdout]    |     ^^^^^^^^^ use of undeclared crate or module `icu_locid`
[INFO] [stdout] 
[INFO] [stdout] 
[INFO] [stdout] error[E0432]: unresolved import `icu_locid`
[INFO] [stdout]   --> examples/language_names_lite_map.rs:15:5
[INFO] [stdout]    |
[INFO] [stdout] 15 | use icu_locid::subtags_language as language;
[INFO] [stdout]    |     ^^^^^^^^^ use of undeclared crate or module `icu_locid`
[INFO] [stdout] 
[INFO] [stdout] 
[INFO] [stdout] error[E0433]: failed to resolve: use of undeclared crate or module `icu_benchmark_macros`
[INFO] [stdout]   --> examples/language_names_lite_map.rs:12:1
[INFO] [stdout]    |
[INFO] [stdout] 12 | icu_benchmark_macros::static_setup!();
[INFO] [stdout]    | ^^^^^^^^^^^^^^^^^^^^ use of undeclared crate or module `icu_benchmark_macros`
[INFO] [stdout] 
[INFO] [stdout] 
[INFO] [stdout] error[E0433]: failed to resolve: use of undeclared crate or module `icu_benchmark_macros`
[INFO] [stdout]   --> examples/language_names_lite_map.rs:34:5
[INFO] [stdout]    |
[INFO] [stdout] 34 |     icu_benchmark_macros::main_setup!();
[INFO] [stdout]    |     ^^^^^^^^^^^^^^^^^^^^ use of undeclared crate or module `icu_benchmark_macros`
[INFO] [stdout] 
[INFO] [stdout] 
[INFO] [stdout] error: cannot determine resolution for the macro `language`
[INFO] [stdout]   --> examples/language_names_lite_map.rs:19:6
[INFO] [stdout]    |
[INFO] [stdout] 19 |     (language!("ar"), "Arabic"),
[INFO] [stdout]    |      ^^^^^^^^
[INFO] [stdout]    |
[INFO] [stdout]    = note: import resolution is stuck, try simplifying macro imports
[INFO] [stdout] 
[INFO] [stdout] 
[INFO] [stdout] error: cannot determine resolution for the macro `language`
[INFO] [stdout]   --> examples/language_names_lite_map.rs:20:6
[INFO] [stdout]    |
[INFO] [stdout] 20 |     (language!("bn"), "Bangla"),
[INFO] [stdout]    |      ^^^^^^^^
[INFO] [stdout]    |
[INFO] [stdout]    = note: import resolution is stuck, try simplifying macro imports
[INFO] [stdout] 
[INFO] [stdout] 
[INFO] [stdout] error: cannot determine resolution for the macro `language`
[INFO] [stdout]   --> examples/language_names_lite_map.rs:21:6
[INFO] [stdout]    |
[INFO] [stdout] 21 |     (language!("ccp"), "Chakma"),
[INFO] [stdout]    |      ^^^^^^^^
[INFO] [stdout]    |
[INFO] [stdout]    = note: import resolution is stuck, try simplifying macro imports
[INFO] [stdout] 
[INFO] [stdout] 
[INFO] [stdout] error: cannot determine resolution for the macro `language`
[INFO] [stdout]   --> examples/language_names_lite_map.rs:22:6
[INFO] [stdout]    |
[INFO] [stdout] 22 |     (language!("en"), "English"),
[INFO] [stdout]    |      ^^^^^^^^
[INFO] [stdout]    |
[INFO] [stdout]    = note: import resolution is stuck, try simplifying macro imports
[INFO] [stdout] 
[INFO] [stdout] 
[INFO] [stdout] error: cannot determine resolution for the macro `language`
[INFO] [stdout]   --> examples/language_names_lite_map.rs:23:6
[INFO] [stdout]    |
[INFO] [stdout] 23 |     (language!("es"), "Spanish"),
[INFO] [stdout]    |      ^^^^^^^^
[INFO] [stdout]    |
[INFO] [stdout]    = note: import resolution is stuck, try simplifying macro imports
[INFO] [stdout] 
[INFO] [stdout] 
[INFO] [stdout] error: cannot determine resolution for the macro `language`
[INFO] [stdout]   --> examples/language_names_lite_map.rs:24:6
[INFO] [stdout]    |
[INFO] [stdout] 24 |     (language!("fr"), "French"),
[INFO] [stdout]    |      ^^^^^^^^
[INFO] [stdout]    |
[INFO] [stdout]    = note: import resolution is stuck, try simplifying macro imports
[INFO] [stdout] 
[INFO] [stdout] 
[INFO] [stdout] error: cannot determine resolution for the macro `language`
[INFO] [stdout]   --> examples/language_names_lite_map.rs:25:6
[INFO] [stdout]    |
[INFO] [stdout] 25 |     (language!("ja"), "Japanese"),
[INFO] [stdout]    |      ^^^^^^^^
[INFO] [stdout]    |
[INFO] [stdout]    = note: import resolution is stuck, try simplifying macro imports
[INFO] [stdout] 
[INFO] [stdout] 
[INFO] [stdout] error: cannot determine resolution for the macro `language`
[INFO] [stdout]   --> examples/language_names_lite_map.rs:26:6
[INFO] [stdout]    |
[INFO] [stdout] 26 |     (language!("ru"), "Russian"),
[INFO] [stdout]    |      ^^^^^^^^
[INFO] [stdout]    |
[INFO] [stdout]    = note: import resolution is stuck, try simplifying macro imports
[INFO] [stdout] 
[INFO] [stdout] 
[INFO] [stdout] error: cannot determine resolution for the macro `language`
[INFO] [stdout]   --> examples/language_names_lite_map.rs:27:6
[INFO] [stdout]    |
[INFO] [stdout] 27 |     (language!("sr"), "Serbian"),
[INFO] [stdout]    |      ^^^^^^^^
[INFO] [stdout]    |
[INFO] [stdout]    = note: import resolution is stuck, try simplifying macro imports
[INFO] [stdout] 
[INFO] [stdout] 
[INFO] [stdout] error: cannot determine resolution for the macro `language`
[INFO] [stdout]   --> examples/language_names_lite_map.rs:28:6
[INFO] [stdout]    |
[INFO] [stdout] 28 |     (language!("th"), "Thai"),
[INFO] [stdout]    |      ^^^^^^^^
[INFO] [stdout]    |
[INFO] [stdout]    = note: import resolution is stuck, try simplifying macro imports
[INFO] [stdout] 
[INFO] [stdout] 
[INFO] [stdout] error: cannot determine resolution for the macro `language`
[INFO] [stdout]   --> examples/language_names_lite_map.rs:29:6
[INFO] [stdout]    |
[INFO] [stdout] 29 |     (language!("tr"), "Turkish"),
[INFO] [stdout]    |      ^^^^^^^^
[INFO] [stdout]    |
[INFO] [stdout]    = note: import resolution is stuck, try simplifying macro imports
[INFO] [stdout] 
[INFO] [stdout] 
[INFO] [stdout] error: cannot determine resolution for the macro `language`
[INFO] [stdout]   --> examples/language_names_lite_map.rs:43:41
[INFO] [stdout]    |
[INFO] [stdout] 43 |     assert_eq!(Some(&&"Thai"), map.get(&language!("th")));
[INFO] [stdout]    |                                         ^^^^^^^^
[INFO] [stdout]    |
[INFO] [stdout]    = note: import resolution is stuck, try simplifying macro imports
[INFO] [stdout] 
[INFO] [stdout] 
[INFO] [stdout] error: cannot determine resolution for the macro `language`
[INFO] [stdout]   --> examples/language_names_lite_map.rs:44:31
[INFO] [stdout]    |
[INFO] [stdout] 44 |     assert_eq!(None, map.get(&language!("de")));
[INFO] [stdout]    |                               ^^^^^^^^
[INFO] [stdout]    |
[INFO] [stdout]    = note: import resolution is stuck, try simplifying macro imports
[INFO] [stdout] 
[INFO] [stdout] 
[INFO] [stdout] error[E0433]: failed to resolve: use of undeclared crate or module `icu_locid`
[INFO] [stdout]   --> examples/language_names_hash_map.rs:14:5
[INFO] [stdout]    |
[INFO] [stdout] 14 | use icu_locid::subtags::Language;
[INFO] [stdout]    |     ^^^^^^^^^ use of undeclared crate or module `icu_locid`
[INFO] [stdout] 
[INFO] [stdout] 
[INFO] [stdout] error[E0432]: unresolved import `icu_locid`
[INFO] [stdout]   --> examples/language_names_hash_map.rs:15:5
[INFO] [stdout]    |
[INFO] [stdout] 15 | use icu_locid::subtags_language as language;
[INFO] [stdout]    |     ^^^^^^^^^ use of undeclared crate or module `icu_locid`
[INFO] [stdout] 
[INFO] [stdout] 
[INFO] [stdout] error[E0433]: failed to resolve: use of undeclared crate or module `icu_benchmark_macros`
[INFO] [stdout]   --> examples/language_names_hash_map.rs:12:1
[INFO] [stdout]    |
[INFO] [stdout] 12 | icu_benchmark_macros::static_setup!();
[INFO] [stdout]    | ^^^^^^^^^^^^^^^^^^^^ use of undeclared crate or module `icu_benchmark_macros`
[INFO] [stdout] 
[INFO] [stdout] 
[INFO] [stdout] error[E0433]: failed to resolve: use of undeclared crate or module `icu_benchmark_macros`
[INFO] [stdout]   --> examples/language_names_hash_map.rs:34:5
[INFO] [stdout]    |
[INFO] [stdout] 34 |     icu_benchmark_macros::main_setup!();
[INFO] [stdout]    |     ^^^^^^^^^^^^^^^^^^^^ use of undeclared crate or module `icu_benchmark_macros`
[INFO] [stdout] 
[INFO] [stdout] 
[INFO] [stdout] error: cannot determine resolution for the macro `language`
[INFO] [stdout]   --> examples/language_names_hash_map.rs:19:6
[INFO] [stdout]    |
[INFO] [stdout] 19 |     (language!("ar"), "Arabic"),
[INFO] [stdout]    |      ^^^^^^^^
[INFO] [stdout]    |
[INFO] [stdout]    = note: import resolution is stuck, try simplifying macro imports
[INFO] [stdout] 
[INFO] [stdout] 
[INFO] [stdout] error: cannot determine resolution for the macro `language`
[INFO] [stdout]   --> examples/language_names_hash_map.rs:20:6
[INFO] [stdout]    |
[INFO] [stdout] 20 |     (language!("bn"), "Bangla"),
[INFO] [stdout]    |      ^^^^^^^^
[INFO] [stdout]    |
[INFO] [stdout]    = note: import resolution is stuck, try simplifying macro imports
[INFO] [stdout] 
[INFO] [stdout] 
[INFO] [stdout] error: cannot determine resolution for the macro `language`
[INFO] [stdout]   --> examples/language_names_hash_map.rs:21:6
[INFO] [stdout]    |
[INFO] [stdout] 21 |     (language!("ccp"), "Chakma"),
[INFO] [stdout]    |      ^^^^^^^^
[INFO] [stdout]    |
[INFO] [stdout]    = note: import resolution is stuck, try simplifying macro imports
[INFO] [stdout] 
[INFO] [stdout] 
[INFO] [stdout] error: cannot determine resolution for the macro `language`
[INFO] [stdout]   --> examples/language_names_hash_map.rs:22:6
[INFO] [stdout]    |
[INFO] [stdout] 22 |     (language!("en"), "English"),
[INFO] [stdout]    |      ^^^^^^^^
[INFO] [stdout]    |
[INFO] [stdout]    = note: import resolution is stuck, try simplifying macro imports
[INFO] [stdout] 
[INFO] [stdout] 
[INFO] [stdout] error: cannot determine resolution for the macro `language`
[INFO] [stdout]   --> examples/language_names_hash_map.rs:23:6
[INFO] [stdout]    |
[INFO] [stdout] 23 |     (language!("es"), "Spanish"),
[INFO] [stdout]    |      ^^^^^^^^
[INFO] [stdout]    |
[INFO] [stdout]    = note: import resolution is stuck, try simplifying macro imports
[INFO] [stdout] 
[INFO] [stdout] 
[INFO] [stdout] error: cannot determine resolution for the macro `language`
[INFO] [stdout]   --> examples/language_names_hash_map.rs:24:6
[INFO] [stdout]    |
[INFO] [stdout] 24 |     (language!("fr"), "French"),
[INFO] [stdout]    |      ^^^^^^^^
[INFO] [stdout]    |
[INFO] [stdout]    = note: import resolution is stuck, try simplifying macro imports
[INFO] [stdout] 
[INFO] [stdout] 
[INFO] [stdout] error: cannot determine resolution for the macro `language`
[INFO] [stdout]   --> examples/language_names_hash_map.rs:25:6
[INFO] [stdout]    |
[INFO] [stdout] 25 |     (language!("ja"), "Japanese"),
[INFO] [stdout]    |      ^^^^^^^^
[INFO] [stdout]    |
[INFO] [stdout]    = note: import resolution is stuck, try simplifying macro imports
[INFO] [stdout] 
[INFO] [stdout] 
[INFO] [stdout] error: cannot determine resolution for the macro `language`
[INFO] [stdout]   --> examples/language_names_hash_map.rs:26:6
[INFO] [stdout]    |
[INFO] [stdout] 26 |     (language!("ru"), "Russian"),
[INFO] [stdout]    |      ^^^^^^^^
[INFO] [stdout]    |
[INFO] [stdout]    = note: import resolution is stuck, try simplifying macro imports
[INFO] [stdout] 
[INFO] [stdout] 
[INFO] [stdout] error: cannot determine resolution for the macro `language`
[INFO] [stdout]   --> examples/language_names_hash_map.rs:27:6
[INFO] [stdout]    |
[INFO] [stdout] 27 |     (language!("sr"), "Serbian"),
[INFO] [stdout]    |      ^^^^^^^^
[INFO] [stdout]    |
[INFO] [stdout]    = note: import resolution is stuck, try simplifying macro imports
[INFO] [stdout] 
[INFO] [stdout] 
[INFO] [stdout] error: cannot determine resolution for the macro `language`
[INFO] [stdout]   --> examples/language_names_hash_map.rs:28:6
[INFO] [stdout]    |
[INFO] [stdout] 28 |     (language!("th"), "Thai"),
[INFO] [stdout]    |      ^^^^^^^^
[INFO] [stdout]    |
[INFO] [stdout]    = note: import resolution is stuck, try simplifying macro imports
[INFO] [stdout] 
[INFO] [stdout] 
[INFO] [stdout] error: cannot determine resolution for the macro `language`
[INFO] [stdout]   --> examples/language_names_hash_map.rs:29:6
[INFO] [stdout]    |
[INFO] [stdout] 29 |     (language!("tr"), "Turkish"),
[INFO] [stdout]    |      ^^^^^^^^
[INFO] [stdout]    |
[INFO] [stdout]    = note: import resolution is stuck, try simplifying macro imports
[INFO] [stdout] 
[INFO] [stdout] 
[INFO] [stdout] error: cannot determine resolution for the macro `language`
[INFO] [stdout]   --> examples/language_names_hash_map.rs:43:41
[INFO] [stdout]    |
[INFO] [stdout] 43 |     assert_eq!(Some(&&"Thai"), map.get(&language!("th")));
[INFO] [stdout]    |                                         ^^^^^^^^
[INFO] [stdout]    |
[INFO] [stdout]    = note: import resolution is stuck, try simplifying macro imports
[INFO] [stdout] 
[INFO] [stdout] 
[INFO] [stdout] error: cannot determine resolution for the macro `language`
[INFO] [stdout]   --> examples/language_names_hash_map.rs:44:31
[INFO] [stdout]    |
[INFO] [stdout] 44 |     assert_eq!(None, map.get(&language!("de")));
[INFO] [stdout]    |                               ^^^^^^^^
[INFO] [stdout]    |
[INFO] [stdout]    = note: import resolution is stuck, try simplifying macro imports
[INFO] [stdout] 
[INFO] [stdout] 
[INFO] [stdout] error[E0433]: failed to resolve: could not find `testing` in the crate root
[INFO] [stdout]    --> src/store/vec_impl.rs:172:12
[INFO] [stdout]     |
[INFO] [stdout] 172 |     crate::testing::check_store_full::<Vec<(u32, u64)>>();
[INFO] [stdout]     |            ^^^^^^^ could not find `testing` in the crate root
[INFO] [stdout] 
[INFO] [stdout] 
[INFO] [stdout] error: aborting due to 17 previous errors
[INFO] [stdout] 
[INFO] [stdout] 
[INFO] [stdout] Some errors have detailed explanations: E0432, E0433.
[INFO] [stdout] 
[INFO] [stdout] For more information about an error, try `rustc --explain E0432`.
[INFO] [stdout] 
[INFO] [stdout] error: aborting due to 17 previous errors
[INFO] [stdout] 
[INFO] [stdout] 
[INFO] [stdout] Some errors have detailed explanations: E0432, E0433.
[INFO] [stdout] 
[INFO] [stdout] For more information about an error, try `rustc --explain E0432`.
[INFO] [stdout] 
[INFO] [stderr] error: could not compile `litemap` (example "language_names_hash_map") due to 18 previous errors
[INFO] [stderr] warning: build failed, waiting for other jobs to finish...
[INFO] [stderr] error: could not compile `litemap` (example "language_names_lite_map") due to 18 previous errors
[INFO] [stdout] error: aborting due to previous error
[INFO] [stdout] 
[INFO] [stdout] 
[INFO] [stdout] For more information about this error, try `rustc --explain E0433`.
[INFO] [stdout] 
[INFO] [stderr] error: could not compile `litemap` (lib test) due to 2 previous errors
[INFO] running `Command { std: "docker" "inspect" "f13ad7908b6666a6814f4b18e2797cd409404e79e496c6e653e036aa33124048", kill_on_drop: false }`
[INFO] running `Command { std: "docker" "rm" "-f" "f13ad7908b6666a6814f4b18e2797cd409404e79e496c6e653e036aa33124048", kill_on_drop: false }`
[INFO] [stdout] f13ad7908b6666a6814f4b18e2797cd409404e79e496c6e653e036aa33124048
