[INFO] fetching crate lioness-rs 0.1.0...
[INFO] testing lioness-rs-0.1.0 against beta-2023-04-20 for beta-1.70-1
[INFO] extracting crate lioness-rs 0.1.0 into /workspace/builds/worker-3-tc2/source
[INFO] validating manifest of crates.io crate lioness-rs 0.1.0 on toolchain beta-2023-04-20
[INFO] running `Command { std: CARGO_HOME="/workspace/cargo-home" RUSTUP_HOME="/workspace/rustup-home" "/workspace/cargo-home/bin/cargo" "+beta-2023-04-20" "metadata" "--manifest-path" "Cargo.toml" "--no-deps", kill_on_drop: false }`
[INFO] started tweaking crates.io crate lioness-rs 0.1.0
[INFO] finished tweaking crates.io crate lioness-rs 0.1.0
[INFO] tweaked toml for crates.io crate lioness-rs 0.1.0 written to /workspace/builds/worker-3-tc2/source/Cargo.toml
[INFO] running `Command { std: CARGO_HOME="/workspace/cargo-home" RUSTUP_HOME="/workspace/rustup-home" __CARGO_TEST_CHANNEL_OVERRIDE_DO_NOT_USE_THIS="nightly" "/workspace/cargo-home/bin/cargo" "+beta-2023-04-20" "generate-lockfile" "--manifest-path" "Cargo.toml" "-Zno-index-update", kill_on_drop: false }`
[INFO] running `Command { std: CARGO_HOME="/workspace/cargo-home" RUSTUP_HOME="/workspace/rustup-home" "/workspace/cargo-home/bin/cargo" "+beta-2023-04-20" "fetch" "--manifest-path" "Cargo.toml", kill_on_drop: false }`
[INFO] running `Command { std: "docker" "create" "-v" "/var/lib/crater-agent-workspace/builds/worker-3-tc2/target:/opt/rustwide/target:rw,Z" "-v" "/var/lib/crater-agent-workspace/builds/worker-3-tc2/source:/opt/rustwide/workdir:ro,Z" "-v" "/var/lib/crater-agent-workspace/cargo-home:/opt/rustwide/cargo-home:ro,Z" "-v" "/var/lib/crater-agent-workspace/rustup-home:/opt/rustwide/rustup-home:ro,Z" "-e" "SOURCE_DIR=/opt/rustwide/workdir" "-e" "CARGO_TARGET_DIR=/opt/rustwide/target" "-e" "CARGO_HOME=/opt/rustwide/cargo-home" "-e" "RUSTUP_HOME=/opt/rustwide/rustup-home" "-w" "/opt/rustwide/workdir" "-m" "1610612736" "--user" "0:0" "--network" "none" "ghcr.io/rust-lang/crates-build-env/linux@sha256:5ff2268d62e97bff2cde7d5815dd6ed5b47097566f13b8d0ca110b04b60e07ed" "/opt/rustwide/cargo-home/bin/cargo" "+beta-2023-04-20" "metadata" "--no-deps" "--format-version=1", kill_on_drop: false }`
[INFO] [stdout] f4e58e243ca6a4837bcaad833a3875e0deff09ec6fb3ace41dc8b0b12b1a80f7
[INFO] running `Command { std: "docker" "start" "-a" "f4e58e243ca6a4837bcaad833a3875e0deff09ec6fb3ace41dc8b0b12b1a80f7", kill_on_drop: false }`
[INFO] running `Command { std: "docker" "inspect" "f4e58e243ca6a4837bcaad833a3875e0deff09ec6fb3ace41dc8b0b12b1a80f7", kill_on_drop: false }`
[INFO] running `Command { std: "docker" "rm" "-f" "f4e58e243ca6a4837bcaad833a3875e0deff09ec6fb3ace41dc8b0b12b1a80f7", kill_on_drop: false }`
[INFO] [stdout] f4e58e243ca6a4837bcaad833a3875e0deff09ec6fb3ace41dc8b0b12b1a80f7
[INFO] running `Command { std: "docker" "create" "-v" "/var/lib/crater-agent-workspace/builds/worker-3-tc2/target:/opt/rustwide/target:rw,Z" "-v" "/var/lib/crater-agent-workspace/builds/worker-3-tc2/source:/opt/rustwide/workdir:ro,Z" "-v" "/var/lib/crater-agent-workspace/cargo-home:/opt/rustwide/cargo-home:ro,Z" "-v" "/var/lib/crater-agent-workspace/rustup-home:/opt/rustwide/rustup-home:ro,Z" "-e" "SOURCE_DIR=/opt/rustwide/workdir" "-e" "CARGO_TARGET_DIR=/opt/rustwide/target" "-e" "CARGO_INCREMENTAL=0" "-e" "RUST_BACKTRACE=full" "-e" "RUSTFLAGS=--cap-lints=warn" "-e" "RUSTDOCFLAGS=--cap-lints=warn" "-e" "CARGO_HOME=/opt/rustwide/cargo-home" "-e" "RUSTUP_HOME=/opt/rustwide/rustup-home" "-w" "/opt/rustwide/workdir" "-m" "1610612736" "--user" "0:0" "--network" "none" "ghcr.io/rust-lang/crates-build-env/linux@sha256:5ff2268d62e97bff2cde7d5815dd6ed5b47097566f13b8d0ca110b04b60e07ed" "/opt/rustwide/cargo-home/bin/cargo" "+beta-2023-04-20" "build" "--frozen" "--message-format=json", kill_on_drop: false }`
[INFO] [stdout] bbab07b0d066086f0e28fffc0a78d9d94977c7317a07ea74e3efa7a44da925f4
[INFO] running `Command { std: "docker" "start" "-a" "bbab07b0d066086f0e28fffc0a78d9d94977c7317a07ea74e3efa7a44da925f4", kill_on_drop: false }`
[INFO] [stderr]    Compiling typenum v1.16.0
[INFO] [stderr]    Compiling generic-array v0.14.7
[INFO] [stderr]    Compiling subtle v2.4.1
[INFO] [stderr]    Compiling block-buffer v0.10.4
[INFO] [stderr]    Compiling crypto-common v0.1.6
[INFO] [stderr]    Compiling cipher v0.3.0
[INFO] [stderr]    Compiling crypto-mac v0.11.1
[INFO] [stderr]    Compiling digest v0.10.6
[INFO] [stderr]    Compiling lioness-rs v0.1.0 (/opt/rustwide/workdir)
[INFO] [stderr]     Finished dev [unoptimized + debuginfo] target(s) in 3.20s
[INFO] running `Command { std: "docker" "inspect" "bbab07b0d066086f0e28fffc0a78d9d94977c7317a07ea74e3efa7a44da925f4", kill_on_drop: false }`
[INFO] running `Command { std: "docker" "rm" "-f" "bbab07b0d066086f0e28fffc0a78d9d94977c7317a07ea74e3efa7a44da925f4", kill_on_drop: false }`
[INFO] [stdout] bbab07b0d066086f0e28fffc0a78d9d94977c7317a07ea74e3efa7a44da925f4
[INFO] running `Command { std: "docker" "create" "-v" "/var/lib/crater-agent-workspace/builds/worker-3-tc2/target:/opt/rustwide/target:rw,Z" "-v" "/var/lib/crater-agent-workspace/builds/worker-3-tc2/source:/opt/rustwide/workdir:ro,Z" "-v" "/var/lib/crater-agent-workspace/cargo-home:/opt/rustwide/cargo-home:ro,Z" "-v" "/var/lib/crater-agent-workspace/rustup-home:/opt/rustwide/rustup-home:ro,Z" "-e" "SOURCE_DIR=/opt/rustwide/workdir" "-e" "CARGO_TARGET_DIR=/opt/rustwide/target" "-e" "CARGO_INCREMENTAL=0" "-e" "RUST_BACKTRACE=full" "-e" "RUSTFLAGS=--cap-lints=warn" "-e" "RUSTDOCFLAGS=--cap-lints=warn" "-e" "CARGO_HOME=/opt/rustwide/cargo-home" "-e" "RUSTUP_HOME=/opt/rustwide/rustup-home" "-w" "/opt/rustwide/workdir" "-m" "1610612736" "--user" "0:0" "--network" "none" "ghcr.io/rust-lang/crates-build-env/linux@sha256:5ff2268d62e97bff2cde7d5815dd6ed5b47097566f13b8d0ca110b04b60e07ed" "/opt/rustwide/cargo-home/bin/cargo" "+beta-2023-04-20" "test" "--frozen" "--no-run" "--message-format=json", kill_on_drop: false }`
[INFO] [stdout] 098a7be1a33b89188f5a091f5e0a861f9e2c6fb0ee22db26c0857fab1f37a004
[INFO] running `Command { std: "docker" "start" "-a" "098a7be1a33b89188f5a091f5e0a861f9e2c6fb0ee22db26c0857fab1f37a004", kill_on_drop: false }`
[INFO] [stderr]    Compiling constant_time_eq v0.2.5
[INFO] [stderr]    Compiling cpufeatures v0.2.7
[INFO] [stderr]    Compiling arrayref v0.3.7
[INFO] [stderr]    Compiling arrayvec v0.7.2
[INFO] [stderr]    Compiling blake3 v1.3.3
[INFO] [stderr]    Compiling chacha20 v0.7.3
[INFO] [stderr]    Compiling lioness-rs v0.1.0 (/opt/rustwide/workdir)
[INFO] [stdout] error[E0599]: the function or associated item `new` exists for struct `Lioness<ChaCha<R20, C32>, Hasher>`, but its trait bounds were not satisfied
[INFO] [stdout]    --> src/lib.rs:243:17
[INFO] [stdout]     |
[INFO] [stdout] 70  | pub struct Lioness<S, H>
[INFO] [stdout]     | ------------------------
[INFO] [stdout]     | |
[INFO] [stdout]     | function or associated item `new` not found for this struct
[INFO] [stdout]     | doesn't satisfy `_: FromBlockCipher`
[INFO] [stdout]     | doesn't satisfy `_: NewBlockCipher`
[INFO] [stdout]     | doesn't satisfy `_: NewCipher`
[INFO] [stdout]     | doesn't satisfy `_: Sized`
[INFO] [stdout] ...
[INFO] [stdout] 243 |         Cipher::new(&zero_key);
[INFO] [stdout]     |                 ^^^ function or associated item cannot be called on `Lioness<ChaCha<R20, C32>, Hasher>` due to unsatisfied trait bounds
[INFO] [stdout]     |
[INFO] [stdout]    ::: /opt/rustwide/cargo-home/registry/src/index.crates.io-6f17d22bba15001f/blake3-1.3.3/src/lib.rs:939:1
[INFO] [stdout]     |
[INFO] [stdout] 939 | pub struct Hasher {
[INFO] [stdout]     | -----------------
[INFO] [stdout]     | |
[INFO] [stdout]     | doesn't satisfy `blake3::Hasher: crypto_mac::Mac`
[INFO] [stdout]     | doesn't satisfy `blake3::Hasher: crypto_mac::NewMac`
[INFO] [stdout]     |
[INFO] [stdout] note: the following trait bounds were not satisfied:
[INFO] [stdout]       `blake3::Hasher: crypto_mac::Mac`
[INFO] [stdout]       `blake3::Hasher: crypto_mac::NewMac`
[INFO] [stdout]    --> src/lib.rs:135:8
[INFO] [stdout]     |
[INFO] [stdout] 132 | impl<S, H> NewBlockCipher for Lioness<S, H>
[INFO] [stdout]     |            --------------     -------------
[INFO] [stdout] ...
[INFO] [stdout] 135 |     H: Mac + NewMac,
[INFO] [stdout]     |        ^^^   ^^^^^^ unsatisfied trait bound introduced here
[INFO] [stdout]     |        |
[INFO] [stdout]     |        unsatisfied trait bound introduced here
[INFO] [stdout] ...
[INFO] [stdout] 138 |     S::KeySize: Add<H::KeySize>,
[INFO] [stdout]     |                 ^^^^^^^^^^^^^^^ unsatisfied trait bound introduced here
[INFO] [stdout] 139 |     Sum<S::KeySize, H::KeySize>: ArrayLength<u8>,
[INFO] [stdout]     |                                  ^^^^^^^^^^^^^^^ unsatisfied trait bound introduced here
[INFO] [stdout] ...
[INFO] [stdout] 142 |     Sum<S::KeySize, H::KeySize>: Shl<B1>,
[INFO] [stdout]     |                                  ^^^^^^^ unsatisfied trait bound introduced here
[INFO] [stdout] 143 |     Double<Sum<S::KeySize, H::KeySize>>: ArrayLength<u8>,
[INFO] [stdout]     |                                          ^^^^^^^^^^^^^^^ unsatisfied trait bound introduced here
[INFO] [stdout]     = note: the following trait bounds were not satisfied:
[INFO] [stdout]             `Lioness<ChaCha<chacha20::rounds::R20, chacha20::max_blocks::C32>, blake3::Hasher>: Sized`
[INFO] [stdout]             which is required by `Lioness<ChaCha<chacha20::rounds::R20, chacha20::max_blocks::C32>, blake3::Hasher>: cipher::NewCipher`
[INFO] [stdout]             `Lioness<ChaCha<chacha20::rounds::R20, chacha20::max_blocks::C32>, blake3::Hasher>: FromBlockCipher`
[INFO] [stdout]             which is required by `Lioness<ChaCha<chacha20::rounds::R20, chacha20::max_blocks::C32>, blake3::Hasher>: cipher::NewCipher`
[INFO] [stdout]             `&Lioness<ChaCha<chacha20::rounds::R20, chacha20::max_blocks::C32>, blake3::Hasher>: FromBlockCipher`
[INFO] [stdout]             which is required by `&Lioness<ChaCha<chacha20::rounds::R20, chacha20::max_blocks::C32>, blake3::Hasher>: cipher::NewCipher`
[INFO] [stdout]             `&mut Lioness<ChaCha<chacha20::rounds::R20, chacha20::max_blocks::C32>, blake3::Hasher>: FromBlockCipher`
[INFO] [stdout]             which is required by `&mut Lioness<ChaCha<chacha20::rounds::R20, chacha20::max_blocks::C32>, blake3::Hasher>: cipher::NewCipher`
[INFO] [stdout] note: the traits `FromBlockCipher` and `Sized` must be implemented
[INFO] [stdout]    --> /opt/rustwide/cargo-home/registry/src/index.crates.io-6f17d22bba15001f/cipher-0.3.0/src/common.rs:40:1
[INFO] [stdout]     |
[INFO] [stdout] 40  | pub trait FromBlockCipher {
[INFO] [stdout]     | ^^^^^^^^^^^^^^^^^^^^^^^^^
[INFO] [stdout]    --> /rustc/1b7dd2252b99671ce5d1cb9664c5f8636329436d/library/core/src/marker.rs:101:1
[INFO] [stdout] 
[INFO] [stdout] 
[INFO] [stdout] error[E0277]: the trait bound `blake3::Hasher: crypto_mac::Mac` is not satisfied
[INFO] [stdout]    --> src/lib.rs:243:9
[INFO] [stdout]     |
[INFO] [stdout] 243 |         Cipher::new(&zero_key);
[INFO] [stdout]     |         ^^^^^^ the trait `crypto_mac::Mac` is not implemented for `blake3::Hasher`
[INFO] [stdout]     |
[INFO] [stdout] note: required by a bound in `Lioness`
[INFO] [stdout]    --> src/lib.rs:73:8
[INFO] [stdout]     |
[INFO] [stdout] 70  | pub struct Lioness<S, H>
[INFO] [stdout]     |            ------- required by a bound in this struct
[INFO] [stdout] ...
[INFO] [stdout] 73  |     H: Mac + NewMac,
[INFO] [stdout]     |        ^^^ required by this bound in `Lioness`
[INFO] [stdout] 
[INFO] [stdout] 
[INFO] [stdout] error[E0277]: the trait bound `blake3::Hasher: crypto_mac::NewMac` is not satisfied
[INFO] [stdout]    --> src/lib.rs:243:9
[INFO] [stdout]     |
[INFO] [stdout] 243 |         Cipher::new(&zero_key);
[INFO] [stdout]     |         ^^^^^^ the trait `crypto_mac::NewMac` is not implemented for `blake3::Hasher`
[INFO] [stdout]     |
[INFO] [stdout] note: required by a bound in `Lioness`
[INFO] [stdout]    --> src/lib.rs:73:14
[INFO] [stdout]     |
[INFO] [stdout] 70  | pub struct Lioness<S, H>
[INFO] [stdout]     |            ------- required by a bound in this struct
[INFO] [stdout] ...
[INFO] [stdout] 73  |     H: Mac + NewMac,
[INFO] [stdout]     |              ^^^^^^ required by this bound in `Lioness`
[INFO] [stdout] 
[INFO] [stdout] 
[INFO] [stdout] error[E0599]: the function or associated item `new` exists for struct `Lioness<ChaCha<R20, C32>, Hasher>`, but its trait bounds were not satisfied
[INFO] [stdout]    --> src/lib.rs:255:30
[INFO] [stdout]     |
[INFO] [stdout] 70  | pub struct Lioness<S, H>
[INFO] [stdout]     | ------------------------
[INFO] [stdout]     | |
[INFO] [stdout]     | function or associated item `new` not found for this struct
[INFO] [stdout]     | doesn't satisfy `_: FromBlockCipher`
[INFO] [stdout]     | doesn't satisfy `_: NewBlockCipher`
[INFO] [stdout]     | doesn't satisfy `_: NewCipher`
[INFO] [stdout]     | doesn't satisfy `_: Sized`
[INFO] [stdout] ...
[INFO] [stdout] 255 |         let cipher = Cipher::new(&key);
[INFO] [stdout]     |                              ^^^ function or associated item cannot be called on `Lioness<ChaCha<R20, C32>, Hasher>` due to unsatisfied trait bounds
[INFO] [stdout]     |
[INFO] [stdout]    ::: /opt/rustwide/cargo-home/registry/src/index.crates.io-6f17d22bba15001f/blake3-1.3.3/src/lib.rs:939:1
[INFO] [stdout]     |
[INFO] [stdout] 939 | pub struct Hasher {
[INFO] [stdout]     | -----------------
[INFO] [stdout]     | |
[INFO] [stdout]     | doesn't satisfy `blake3::Hasher: crypto_mac::Mac`
[INFO] [stdout]     | doesn't satisfy `blake3::Hasher: crypto_mac::NewMac`
[INFO] [stdout]     |
[INFO] [stdout] note: the following trait bounds were not satisfied:
[INFO] [stdout]       `blake3::Hasher: crypto_mac::Mac`
[INFO] [stdout]       `blake3::Hasher: crypto_mac::NewMac`
[INFO] [stdout]    --> src/lib.rs:135:8
[INFO] [stdout]     |
[INFO] [stdout] 132 | impl<S, H> NewBlockCipher for Lioness<S, H>
[INFO] [stdout]     |            --------------     -------------
[INFO] [stdout] ...
[INFO] [stdout] 135 |     H: Mac + NewMac,
[INFO] [stdout]     |        ^^^   ^^^^^^ unsatisfied trait bound introduced here
[INFO] [stdout]     |        |
[INFO] [stdout]     |        unsatisfied trait bound introduced here
[INFO] [stdout] ...
[INFO] [stdout] 138 |     S::KeySize: Add<H::KeySize>,
[INFO] [stdout]     |                 ^^^^^^^^^^^^^^^ unsatisfied trait bound introduced here
[INFO] [stdout] 139 |     Sum<S::KeySize, H::KeySize>: ArrayLength<u8>,
[INFO] [stdout]     |                                  ^^^^^^^^^^^^^^^ unsatisfied trait bound introduced here
[INFO] [stdout] ...
[INFO] [stdout] 142 |     Sum<S::KeySize, H::KeySize>: Shl<B1>,
[INFO] [stdout]     |                                  ^^^^^^^ unsatisfied trait bound introduced here
[INFO] [stdout] 143 |     Double<Sum<S::KeySize, H::KeySize>>: ArrayLength<u8>,
[INFO] [stdout]     |                                          ^^^^^^^^^^^^^^^ unsatisfied trait bound introduced here
[INFO] [stdout]     = note: the following trait bounds were not satisfied:
[INFO] [stdout]             `Lioness<ChaCha<chacha20::rounds::R20, chacha20::max_blocks::C32>, blake3::Hasher>: Sized`
[INFO] [stdout]             which is required by `Lioness<ChaCha<chacha20::rounds::R20, chacha20::max_blocks::C32>, blake3::Hasher>: cipher::NewCipher`
[INFO] [stdout]             `Lioness<ChaCha<chacha20::rounds::R20, chacha20::max_blocks::C32>, blake3::Hasher>: FromBlockCipher`
[INFO] [stdout]             which is required by `Lioness<ChaCha<chacha20::rounds::R20, chacha20::max_blocks::C32>, blake3::Hasher>: cipher::NewCipher`
[INFO] [stdout]             `&Lioness<ChaCha<chacha20::rounds::R20, chacha20::max_blocks::C32>, blake3::Hasher>: FromBlockCipher`
[INFO] [stdout]             which is required by `&Lioness<ChaCha<chacha20::rounds::R20, chacha20::max_blocks::C32>, blake3::Hasher>: cipher::NewCipher`
[INFO] [stdout]             `&mut Lioness<ChaCha<chacha20::rounds::R20, chacha20::max_blocks::C32>, blake3::Hasher>: FromBlockCipher`
[INFO] [stdout]             which is required by `&mut Lioness<ChaCha<chacha20::rounds::R20, chacha20::max_blocks::C32>, blake3::Hasher>: cipher::NewCipher`
[INFO] [stdout] note: the traits `FromBlockCipher` and `Sized` must be implemented
[INFO] [stdout]    --> /opt/rustwide/cargo-home/registry/src/index.crates.io-6f17d22bba15001f/cipher-0.3.0/src/common.rs:40:1
[INFO] [stdout]     |
[INFO] [stdout] 40  | pub trait FromBlockCipher {
[INFO] [stdout]     | ^^^^^^^^^^^^^^^^^^^^^^^^^
[INFO] [stdout]    --> /rustc/1b7dd2252b99671ce5d1cb9664c5f8636329436d/library/core/src/marker.rs:101:1
[INFO] [stdout] 
[INFO] [stdout] 
[INFO] [stdout] error[E0277]: the trait bound `blake3::Hasher: crypto_mac::Mac` is not satisfied
[INFO] [stdout]    --> src/lib.rs:255:22
[INFO] [stdout]     |
[INFO] [stdout] 255 |         let cipher = Cipher::new(&key);
[INFO] [stdout]     |                      ^^^^^^ the trait `crypto_mac::Mac` is not implemented for `blake3::Hasher`
[INFO] [stdout]     |
[INFO] [stdout] note: required by a bound in `Lioness`
[INFO] [stdout]    --> src/lib.rs:73:8
[INFO] [stdout]     |
[INFO] [stdout] 70  | pub struct Lioness<S, H>
[INFO] [stdout]     |            ------- required by a bound in this struct
[INFO] [stdout] ...
[INFO] [stdout] 73  |     H: Mac + NewMac,
[INFO] [stdout]     |        ^^^ required by this bound in `Lioness`
[INFO] [stdout] 
[INFO] [stdout] 
[INFO] [stdout] error[E0277]: the trait bound `blake3::Hasher: crypto_mac::NewMac` is not satisfied
[INFO] [stdout]    --> src/lib.rs:255:22
[INFO] [stdout]     |
[INFO] [stdout] 255 |         let cipher = Cipher::new(&key);
[INFO] [stdout]     |                      ^^^^^^ the trait `crypto_mac::NewMac` is not implemented for `blake3::Hasher`
[INFO] [stdout]     |
[INFO] [stdout] note: required by a bound in `Lioness`
[INFO] [stdout]    --> src/lib.rs:73:14
[INFO] [stdout]     |
[INFO] [stdout] 70  | pub struct Lioness<S, H>
[INFO] [stdout]     |            ------- required by a bound in this struct
[INFO] [stdout] ...
[INFO] [stdout] 73  |     H: Mac + NewMac,
[INFO] [stdout]     |              ^^^^^^ required by this bound in `Lioness`
[INFO] [stdout] 
[INFO] [stdout] 
[INFO] [stdout] error: aborting due to 6 previous errors
[INFO] [stdout] 
[INFO] [stdout] 
[INFO] [stdout] Some errors have detailed explanations: E0277, E0599.
[INFO] [stdout] 
[INFO] [stdout] For more information about an error, try `rustc --explain E0277`.
[INFO] [stdout] 
[INFO] [stderr] error: could not compile `lioness-rs` (lib test) due to 7 previous errors
[INFO] running `Command { std: "docker" "inspect" "098a7be1a33b89188f5a091f5e0a861f9e2c6fb0ee22db26c0857fab1f37a004", kill_on_drop: false }`
[INFO] running `Command { std: "docker" "rm" "-f" "098a7be1a33b89188f5a091f5e0a861f9e2c6fb0ee22db26c0857fab1f37a004", kill_on_drop: false }`
[INFO] [stdout] 098a7be1a33b89188f5a091f5e0a861f9e2c6fb0ee22db26c0857fab1f37a004
