[INFO] fetching crate linux-nvme-sys 0.3.0...
[INFO] testing linux-nvme-sys-0.3.0 against 1.69.0 for beta-1.70-1
[INFO] extracting crate linux-nvme-sys 0.3.0 into /workspace/builds/worker-4-tc1/source
[INFO] validating manifest of crates.io crate linux-nvme-sys 0.3.0 on toolchain 1.69.0
[INFO] running `Command { std: CARGO_HOME="/workspace/cargo-home" RUSTUP_HOME="/workspace/rustup-home" "/workspace/cargo-home/bin/cargo" "+1.69.0" "metadata" "--manifest-path" "Cargo.toml" "--no-deps", kill_on_drop: false }`
[INFO] started tweaking crates.io crate linux-nvme-sys 0.3.0
[INFO] finished tweaking crates.io crate linux-nvme-sys 0.3.0
[INFO] tweaked toml for crates.io crate linux-nvme-sys 0.3.0 written to /workspace/builds/worker-4-tc1/source/Cargo.toml
[INFO] running `Command { std: CARGO_HOME="/workspace/cargo-home" RUSTUP_HOME="/workspace/rustup-home" __CARGO_TEST_CHANNEL_OVERRIDE_DO_NOT_USE_THIS="nightly" "/workspace/cargo-home/bin/cargo" "+1.69.0" "generate-lockfile" "--manifest-path" "Cargo.toml" "-Zno-index-update", kill_on_drop: false }`
[INFO] running `Command { std: CARGO_HOME="/workspace/cargo-home" RUSTUP_HOME="/workspace/rustup-home" "/workspace/cargo-home/bin/cargo" "+1.69.0" "fetch" "--manifest-path" "Cargo.toml", kill_on_drop: false }`
[INFO] [stderr]  Downloading crates ...
[INFO] [stderr]   Downloaded nix v0.15.0
[INFO] running `Command { std: "docker" "create" "-v" "/var/lib/crater-agent-workspace/builds/worker-4-tc1/target:/opt/rustwide/target:rw,Z" "-v" "/var/lib/crater-agent-workspace/builds/worker-4-tc1/source:/opt/rustwide/workdir:ro,Z" "-v" "/var/lib/crater-agent-workspace/cargo-home:/opt/rustwide/cargo-home:ro,Z" "-v" "/var/lib/crater-agent-workspace/rustup-home:/opt/rustwide/rustup-home:ro,Z" "-e" "SOURCE_DIR=/opt/rustwide/workdir" "-e" "CARGO_TARGET_DIR=/opt/rustwide/target" "-e" "CARGO_HOME=/opt/rustwide/cargo-home" "-e" "RUSTUP_HOME=/opt/rustwide/rustup-home" "-w" "/opt/rustwide/workdir" "-m" "1610612736" "--user" "0:0" "--network" "none" "ghcr.io/rust-lang/crates-build-env/linux@sha256:97d61d7686bf65f8ecb15491ab51835e82dc9176a96a831f143a431b191fc501" "/opt/rustwide/cargo-home/bin/cargo" "+1.69.0" "metadata" "--no-deps" "--format-version=1", kill_on_drop: false }`
[INFO] [stdout] 81d0ecbd594457f5ea29af4c066dfa557ce455f58e23b63ccc4ef15e64bcdaab
[INFO] running `Command { std: "docker" "start" "-a" "81d0ecbd594457f5ea29af4c066dfa557ce455f58e23b63ccc4ef15e64bcdaab", kill_on_drop: false }`
[INFO] running `Command { std: "docker" "inspect" "81d0ecbd594457f5ea29af4c066dfa557ce455f58e23b63ccc4ef15e64bcdaab", kill_on_drop: false }`
[INFO] running `Command { std: "docker" "rm" "-f" "81d0ecbd594457f5ea29af4c066dfa557ce455f58e23b63ccc4ef15e64bcdaab", kill_on_drop: false }`
[INFO] [stdout] 81d0ecbd594457f5ea29af4c066dfa557ce455f58e23b63ccc4ef15e64bcdaab
[INFO] running `Command { std: "docker" "create" "-v" "/var/lib/crater-agent-workspace/builds/worker-4-tc1/target:/opt/rustwide/target:rw,Z" "-v" "/var/lib/crater-agent-workspace/builds/worker-4-tc1/source:/opt/rustwide/workdir:ro,Z" "-v" "/var/lib/crater-agent-workspace/cargo-home:/opt/rustwide/cargo-home:ro,Z" "-v" "/var/lib/crater-agent-workspace/rustup-home:/opt/rustwide/rustup-home:ro,Z" "-e" "SOURCE_DIR=/opt/rustwide/workdir" "-e" "CARGO_TARGET_DIR=/opt/rustwide/target" "-e" "CARGO_INCREMENTAL=0" "-e" "RUST_BACKTRACE=full" "-e" "RUSTFLAGS=--cap-lints=warn" "-e" "RUSTDOCFLAGS=--cap-lints=warn" "-e" "CARGO_HOME=/opt/rustwide/cargo-home" "-e" "RUSTUP_HOME=/opt/rustwide/rustup-home" "-w" "/opt/rustwide/workdir" "-m" "1610612736" "--user" "0:0" "--network" "none" "ghcr.io/rust-lang/crates-build-env/linux@sha256:97d61d7686bf65f8ecb15491ab51835e82dc9176a96a831f143a431b191fc501" "/opt/rustwide/cargo-home/bin/cargo" "+1.69.0" "build" "--frozen" "--message-format=json", kill_on_drop: false }`
[INFO] [stdout] f32bd6291ebe428753013ad39eb2a38a95ea44e163c16900c5c95663ca67bedb
[INFO] running `Command { std: "docker" "start" "-a" "f32bd6291ebe428753013ad39eb2a38a95ea44e163c16900c5c95663ca67bedb", kill_on_drop: false }`
[INFO] [stderr]    Compiling memchr v2.5.0
[INFO] [stderr]    Compiling glob v0.3.1
[INFO] [stderr]    Compiling version_check v0.1.5
[INFO] [stderr]    Compiling proc-macro2 v1.0.56
[INFO] [stderr]    Compiling quote v1.0.26
[INFO] [stderr]    Compiling unicode-width v0.1.10
[INFO] [stderr]    Compiling quick-error v1.2.3
[INFO] [stderr]    Compiling regex-syntax v0.7.1
[INFO] [stderr]    Compiling cfg-if v1.0.0
[INFO] [stderr]    Compiling strsim v0.8.0
[INFO] [stderr]    Compiling libloading v0.5.2
[INFO] [stderr]    Compiling log v0.4.17
[INFO] [stderr]    Compiling bindgen v0.51.1
[INFO] [stderr]    Compiling vec_map v0.8.2
[INFO] [stderr]    Compiling ansi_term v0.12.1
[INFO] [stderr]    Compiling atty v0.2.14
[INFO] [stderr]    Compiling termcolor v1.2.0
[INFO] [stderr]    Compiling humantime v1.3.0
[INFO] [stderr]    Compiling textwrap v0.11.0
[INFO] [stderr]    Compiling which v3.1.1
[INFO] [stderr]    Compiling shlex v0.1.1
[INFO] [stderr]    Compiling nom v4.2.3
[INFO] [stderr]    Compiling clap v2.34.0
[INFO] [stderr]    Compiling lazy_static v1.4.0
[INFO] [stderr]    Compiling rustc-hash v1.1.0
[INFO] [stderr]    Compiling peeking_take_while v0.1.2
[INFO] [stderr]    Compiling nix v0.15.0
[INFO] [stderr]    Compiling void v1.0.2
[INFO] [stderr]    Compiling clang-sys v0.28.1
[INFO] [stderr]    Compiling aho-corasick v1.0.1
[INFO] [stderr]    Compiling cexpr v0.3.6
[INFO] [stderr]    Compiling regex v1.8.1
[INFO] [stderr]    Compiling env_logger v0.6.2
[INFO] [stderr]    Compiling linux-nvme-sys v0.3.0 (/opt/rustwide/workdir)
[INFO] [stderr]     Finished dev [unoptimized + debuginfo] target(s) in 8.76s
[INFO] [stderr] warning: the following packages contain code that will be rejected by a future version of Rust: cexpr v0.3.6, nom v4.2.3
[INFO] [stderr] note: to see what the problems were, use the option `--future-incompat-report`, or run `cargo report future-incompatibilities --id 2`
[INFO] running `Command { std: "docker" "inspect" "f32bd6291ebe428753013ad39eb2a38a95ea44e163c16900c5c95663ca67bedb", kill_on_drop: false }`
[INFO] running `Command { std: "docker" "rm" "-f" "f32bd6291ebe428753013ad39eb2a38a95ea44e163c16900c5c95663ca67bedb", kill_on_drop: false }`
[INFO] [stdout] f32bd6291ebe428753013ad39eb2a38a95ea44e163c16900c5c95663ca67bedb
[INFO] running `Command { std: "docker" "create" "-v" "/var/lib/crater-agent-workspace/builds/worker-4-tc1/target:/opt/rustwide/target:rw,Z" "-v" "/var/lib/crater-agent-workspace/builds/worker-4-tc1/source:/opt/rustwide/workdir:ro,Z" "-v" "/var/lib/crater-agent-workspace/cargo-home:/opt/rustwide/cargo-home:ro,Z" "-v" "/var/lib/crater-agent-workspace/rustup-home:/opt/rustwide/rustup-home:ro,Z" "-e" "SOURCE_DIR=/opt/rustwide/workdir" "-e" "CARGO_TARGET_DIR=/opt/rustwide/target" "-e" "CARGO_INCREMENTAL=0" "-e" "RUST_BACKTRACE=full" "-e" "RUSTFLAGS=--cap-lints=warn" "-e" "RUSTDOCFLAGS=--cap-lints=warn" "-e" "CARGO_HOME=/opt/rustwide/cargo-home" "-e" "RUSTUP_HOME=/opt/rustwide/rustup-home" "-w" "/opt/rustwide/workdir" "-m" "1610612736" "--user" "0:0" "--network" "none" "ghcr.io/rust-lang/crates-build-env/linux@sha256:97d61d7686bf65f8ecb15491ab51835e82dc9176a96a831f143a431b191fc501" "/opt/rustwide/cargo-home/bin/cargo" "+1.69.0" "test" "--frozen" "--no-run" "--message-format=json", kill_on_drop: false }`
[INFO] [stdout] c30663fd2768e28227a99c7c7e57abb3e91f137ff43a2b643b63f445145ecba2
[INFO] running `Command { std: "docker" "start" "-a" "c30663fd2768e28227a99c7c7e57abb3e91f137ff43a2b643b63f445145ecba2", kill_on_drop: false }`
[INFO] [stderr]    Compiling linux-nvme-sys v0.3.0 (/opt/rustwide/workdir)
[INFO] [stdout] error[E0793]: reference to packed field is unaligned
[INFO] [stdout]  --> /opt/rustwide/target/debug/build/linux-nvme-sys-34d24c46ae8e180f/out/bindings.rs:3:91957
[INFO] [stdout]   |
[INFO] [stdout] 3 | ...d))) ; assert_eq ! (unsafe { & (* (:: std :: ptr :: null :: < nvme_self_test_res > ())) . power_on_hours as * const _ as usize } , 4us...
[INFO] [stdout]   |                                 ^^^^^^^^^^^^^^^^^^^^^^^^^^^^^^^^^^^^^^^^^^^^^^^^^^^^^^^^^^^^^^^^^^^^^^^^^^^
[INFO] [stdout]   |
[INFO] [stdout]   = note: fields of packed structs are not properly aligned, and creating a misaligned reference is undefined behavior (even if that reference is never dereferenced)
[INFO] [stdout]   = help: copy the field contents to a local variable, or replace the reference with a raw pointer and use `read_unaligned`/`write_unaligned` (loads and stores via `*p` must be properly aligned even when using raw pointers)
[INFO] [stdout] 
[INFO] [stdout] 
[INFO] [stdout] error[E0793]: reference to packed field is unaligned
[INFO] [stdout]  --> /opt/rustwide/target/debug/build/linux-nvme-sys-34d24c46ae8e180f/out/bindings.rs:3:92197
[INFO] [stdout]   |
[INFO] [stdout] 3 | ..._hours))) ; assert_eq ! (unsafe { & (* (:: std :: ptr :: null :: < nvme_self_test_res > ())) . nsid as * const _ as usize } , 12usize ...
[INFO] [stdout]   |                                      ^^^^^^^^^^^^^^^^^^^^^^^^^^^^^^^^^^^^^^^^^^^^^^^^^^^^^^^^^^^^^^^^^
[INFO] [stdout]   |
[INFO] [stdout]   = note: fields of packed structs are not properly aligned, and creating a misaligned reference is undefined behavior (even if that reference is never dereferenced)
[INFO] [stdout]   = help: copy the field contents to a local variable, or replace the reference with a raw pointer and use `read_unaligned`/`write_unaligned` (loads and stores via `*p` must be properly aligned even when using raw pointers)
[INFO] [stdout] 
[INFO] [stdout] 
[INFO] [stdout] error[E0793]: reference to packed field is unaligned
[INFO] [stdout]  --> /opt/rustwide/target/debug/build/linux-nvme-sys-34d24c46ae8e180f/out/bindings.rs:3:92418
[INFO] [stdout]   |
[INFO] [stdout] 3 | ...sid))) ; assert_eq ! (unsafe { & (* (:: std :: ptr :: null :: < nvme_self_test_res > ())) . failing_lba as * const _ as usize } , 16us...
[INFO] [stdout]   |                                   ^^^^^^^^^^^^^^^^^^^^^^^^^^^^^^^^^^^^^^^^^^^^^^^^^^^^^^^^^^^^^^^^^^^^^^^^
[INFO] [stdout]   |
[INFO] [stdout]   = note: fields of packed structs are not properly aligned, and creating a misaligned reference is undefined behavior (even if that reference is never dereferenced)
[INFO] [stdout]   = help: copy the field contents to a local variable, or replace the reference with a raw pointer and use `read_unaligned`/`write_unaligned` (loads and stores via `*p` must be properly aligned even when using raw pointers)
[INFO] [stdout] 
[INFO] [stdout] 
[INFO] [stdout] error: aborting due to 3 previous errors
[INFO] [stdout] 
[INFO] [stdout] 
[INFO] [stdout] For more information about this error, try `rustc --explain E0793`.
[INFO] [stdout] 
[INFO] [stderr] error: could not compile `linux-nvme-sys` due to 4 previous errors
[INFO] running `Command { std: "docker" "inspect" "c30663fd2768e28227a99c7c7e57abb3e91f137ff43a2b643b63f445145ecba2", kill_on_drop: false }`
[INFO] running `Command { std: "docker" "rm" "-f" "c30663fd2768e28227a99c7c7e57abb3e91f137ff43a2b643b63f445145ecba2", kill_on_drop: false }`
[INFO] [stdout] c30663fd2768e28227a99c7c7e57abb3e91f137ff43a2b643b63f445145ecba2
