[INFO] fetching crate linera-wit-parser 0.2.0...
[INFO] testing linera-wit-parser-0.2.0 against beta-2023-04-20 for beta-1.70-1
[INFO] extracting crate linera-wit-parser 0.2.0 into /workspace/builds/worker-0-tc2/source
[INFO] validating manifest of crates.io crate linera-wit-parser 0.2.0 on toolchain beta-2023-04-20
[INFO] running `Command { std: CARGO_HOME="/workspace/cargo-home" RUSTUP_HOME="/workspace/rustup-home" "/workspace/cargo-home/bin/cargo" "+beta-2023-04-20" "metadata" "--manifest-path" "Cargo.toml" "--no-deps", kill_on_drop: false }`
[INFO] started tweaking crates.io crate linera-wit-parser 0.2.0
[INFO] removed 0 missing tests
[INFO] finished tweaking crates.io crate linera-wit-parser 0.2.0
[INFO] tweaked toml for crates.io crate linera-wit-parser 0.2.0 written to /workspace/builds/worker-0-tc2/source/Cargo.toml
[INFO] running `Command { std: CARGO_HOME="/workspace/cargo-home" RUSTUP_HOME="/workspace/rustup-home" __CARGO_TEST_CHANNEL_OVERRIDE_DO_NOT_USE_THIS="nightly" "/workspace/cargo-home/bin/cargo" "+beta-2023-04-20" "generate-lockfile" "--manifest-path" "Cargo.toml" "-Zno-index-update", kill_on_drop: false }`
[INFO] running `Command { std: CARGO_HOME="/workspace/cargo-home" RUSTUP_HOME="/workspace/rustup-home" "/workspace/cargo-home/bin/cargo" "+beta-2023-04-20" "fetch" "--manifest-path" "Cargo.toml", kill_on_drop: false }`
[INFO] [stderr]  Downloading crates ...
[INFO] [stderr]   Downloaded wast v33.0.0
[INFO] [stderr]   Downloaded pulldown-cmark v0.8.0
[INFO] running `Command { std: "docker" "create" "-v" "/var/lib/crater-agent-workspace/builds/worker-0-tc2/target:/opt/rustwide/target:rw,Z" "-v" "/var/lib/crater-agent-workspace/builds/worker-0-tc2/source:/opt/rustwide/workdir:ro,Z" "-v" "/var/lib/crater-agent-workspace/cargo-home:/opt/rustwide/cargo-home:ro,Z" "-v" "/var/lib/crater-agent-workspace/rustup-home:/opt/rustwide/rustup-home:ro,Z" "-e" "SOURCE_DIR=/opt/rustwide/workdir" "-e" "CARGO_TARGET_DIR=/opt/rustwide/target" "-e" "CARGO_HOME=/opt/rustwide/cargo-home" "-e" "RUSTUP_HOME=/opt/rustwide/rustup-home" "-w" "/opt/rustwide/workdir" "-m" "1610612736" "--user" "0:0" "--network" "none" "ghcr.io/rust-lang/crates-build-env/linux@sha256:5ff2268d62e97bff2cde7d5815dd6ed5b47097566f13b8d0ca110b04b60e07ed" "/opt/rustwide/cargo-home/bin/cargo" "+beta-2023-04-20" "metadata" "--no-deps" "--format-version=1", kill_on_drop: false }`
[INFO] [stdout] 4e9789e1ef705bc7dc5008d0b1d6c10ff1103bcd6708e3b4bd50ee6bd43895d4
[INFO] running `Command { std: "docker" "start" "-a" "4e9789e1ef705bc7dc5008d0b1d6c10ff1103bcd6708e3b4bd50ee6bd43895d4", kill_on_drop: false }`
[INFO] running `Command { std: "docker" "inspect" "4e9789e1ef705bc7dc5008d0b1d6c10ff1103bcd6708e3b4bd50ee6bd43895d4", kill_on_drop: false }`
[INFO] running `Command { std: "docker" "rm" "-f" "4e9789e1ef705bc7dc5008d0b1d6c10ff1103bcd6708e3b4bd50ee6bd43895d4", kill_on_drop: false }`
[INFO] [stdout] 4e9789e1ef705bc7dc5008d0b1d6c10ff1103bcd6708e3b4bd50ee6bd43895d4
[INFO] running `Command { std: "docker" "create" "-v" "/var/lib/crater-agent-workspace/builds/worker-0-tc2/target:/opt/rustwide/target:rw,Z" "-v" "/var/lib/crater-agent-workspace/builds/worker-0-tc2/source:/opt/rustwide/workdir:ro,Z" "-v" "/var/lib/crater-agent-workspace/cargo-home:/opt/rustwide/cargo-home:ro,Z" "-v" "/var/lib/crater-agent-workspace/rustup-home:/opt/rustwide/rustup-home:ro,Z" "-e" "SOURCE_DIR=/opt/rustwide/workdir" "-e" "CARGO_TARGET_DIR=/opt/rustwide/target" "-e" "CARGO_INCREMENTAL=0" "-e" "RUST_BACKTRACE=full" "-e" "RUSTFLAGS=--cap-lints=warn" "-e" "RUSTDOCFLAGS=--cap-lints=warn" "-e" "CARGO_HOME=/opt/rustwide/cargo-home" "-e" "RUSTUP_HOME=/opt/rustwide/rustup-home" "-w" "/opt/rustwide/workdir" "-m" "1610612736" "--user" "0:0" "--network" "none" "ghcr.io/rust-lang/crates-build-env/linux@sha256:5ff2268d62e97bff2cde7d5815dd6ed5b47097566f13b8d0ca110b04b60e07ed" "/opt/rustwide/cargo-home/bin/cargo" "+beta-2023-04-20" "build" "--frozen" "--message-format=json", kill_on_drop: false }`
[INFO] [stdout] 71dc825e3a9bacd2ac6987ab8fa513ffbd12037e44014c67978b4a3e7bdd9ef9
[INFO] running `Command { std: "docker" "start" "-a" "71dc825e3a9bacd2ac6987ab8fa513ffbd12037e44014c67978b4a3e7bdd9ef9", kill_on_drop: false }`
[INFO] [stderr]    Compiling unicase v2.6.0
[INFO] [stderr]    Compiling memchr v2.5.0
[INFO] [stderr]    Compiling pulldown-cmark v0.8.0
[INFO] [stderr]    Compiling anyhow v1.0.71
[INFO] [stderr]    Compiling tinyvec_macros v0.1.1
[INFO] [stderr]    Compiling unicode-xid v0.2.4
[INFO] [stderr]    Compiling id-arena v2.2.1
[INFO] [stderr]    Compiling tinyvec v1.6.0
[INFO] [stderr]    Compiling unicode-normalization v0.1.22
[INFO] [stderr]    Compiling linera-wit-parser v0.2.0 (/opt/rustwide/workdir)
[INFO] [stderr]     Finished dev [unoptimized + debuginfo] target(s) in 2.38s
[INFO] running `Command { std: "docker" "inspect" "71dc825e3a9bacd2ac6987ab8fa513ffbd12037e44014c67978b4a3e7bdd9ef9", kill_on_drop: false }`
[INFO] running `Command { std: "docker" "rm" "-f" "71dc825e3a9bacd2ac6987ab8fa513ffbd12037e44014c67978b4a3e7bdd9ef9", kill_on_drop: false }`
[INFO] [stdout] 71dc825e3a9bacd2ac6987ab8fa513ffbd12037e44014c67978b4a3e7bdd9ef9
[INFO] running `Command { std: "docker" "create" "-v" "/var/lib/crater-agent-workspace/builds/worker-0-tc2/target:/opt/rustwide/target:rw,Z" "-v" "/var/lib/crater-agent-workspace/builds/worker-0-tc2/source:/opt/rustwide/workdir:ro,Z" "-v" "/var/lib/crater-agent-workspace/cargo-home:/opt/rustwide/cargo-home:ro,Z" "-v" "/var/lib/crater-agent-workspace/rustup-home:/opt/rustwide/rustup-home:ro,Z" "-e" "SOURCE_DIR=/opt/rustwide/workdir" "-e" "CARGO_TARGET_DIR=/opt/rustwide/target" "-e" "CARGO_INCREMENTAL=0" "-e" "RUST_BACKTRACE=full" "-e" "RUSTFLAGS=--cap-lints=warn" "-e" "RUSTDOCFLAGS=--cap-lints=warn" "-e" "CARGO_HOME=/opt/rustwide/cargo-home" "-e" "RUSTUP_HOME=/opt/rustwide/rustup-home" "-w" "/opt/rustwide/workdir" "-m" "1610612736" "--user" "0:0" "--network" "none" "ghcr.io/rust-lang/crates-build-env/linux@sha256:5ff2268d62e97bff2cde7d5815dd6ed5b47097566f13b8d0ca110b04b60e07ed" "/opt/rustwide/cargo-home/bin/cargo" "+beta-2023-04-20" "test" "--frozen" "--no-run" "--message-format=json", kill_on_drop: false }`
[INFO] [stdout] dcb0d00611d9a954b253408e772204d932b2d83f23479a8788189ab33855ff8c
[INFO] running `Command { std: "docker" "start" "-a" "dcb0d00611d9a954b253408e772204d932b2d83f23479a8788189ab33855ff8c", kill_on_drop: false }`
[INFO] [stderr]    Compiling crossbeam-utils v0.8.15
[INFO] [stderr]    Compiling memoffset v0.8.0
[INFO] [stderr]    Compiling crossbeam-epoch v0.9.14
[INFO] [stderr]    Compiling libc v0.2.142
[INFO] [stderr]    Compiling rayon-core v1.11.0
[INFO] [stderr]    Compiling either v1.8.1
[INFO] [stderr]    Compiling crossbeam-channel v0.5.8
[INFO] [stderr]    Compiling num_cpus v1.15.0
[INFO] [stderr]    Compiling crossbeam-deque v0.8.3
[INFO] [stderr]    Compiling rayon v1.7.0
[INFO] [stderr]    Compiling linera-wit-parser v0.2.0 (/opt/rustwide/workdir)
[INFO] [stdout] error[E0432]: unresolved import `wit_parser`
[INFO] [stdout]   --> tests/all.rs:20:5
[INFO] [stdout]    |
[INFO] [stdout] 20 | use wit_parser::*;
[INFO] [stdout]    |     ^^^^^^^^^^ use of undeclared crate or module `wit_parser`
[INFO] [stdout] 
[INFO] [stdout] 
[INFO] [stdout] error[E0432]: unresolved import `wit_parser`
[INFO] [stdout]    --> tests/all.rs:321:13
[INFO] [stdout]     |
[INFO] [stdout] 321 |         use wit_parser::Type;
[INFO] [stdout]     |             ^^^^^^^^^^ use of undeclared crate or module `wit_parser`
[INFO] [stdout] 
[INFO] [stdout] 
[INFO] [stdout] error[E0433]: failed to resolve: use of undeclared crate or module `wit_parser`
[INFO] [stdout]    --> tests/all.rs:277:31
[INFO] [stdout]     |
[INFO] [stdout] 277 |     fn translate_typedef(ty: &wit_parser::TypeDef) -> Type {
[INFO] [stdout]     |                               ^^^^^^^^^^ use of undeclared crate or module `wit_parser`
[INFO] [stdout] 
[INFO] [stdout] 
[INFO] [stdout] error[E0433]: failed to resolve: use of undeclared type `TypeDefKind`
[INFO] [stdout]    --> tests/all.rs:279:13
[INFO] [stdout]     |
[INFO] [stdout] 279 |             TypeDefKind::Type(t) => Type::Primitive(translate_type(t)),
[INFO] [stdout]     |             ^^^^^^^^^^^ use of undeclared type `TypeDefKind`
[INFO] [stdout] 
[INFO] [stdout] 
[INFO] [stdout] error[E0433]: failed to resolve: use of undeclared type `TypeDefKind`
[INFO] [stdout]    --> tests/all.rs:280:13
[INFO] [stdout]     |
[INFO] [stdout] 280 |             TypeDefKind::Record(r) => Type::Record {
[INFO] [stdout]     |             ^^^^^^^^^^^ use of undeclared type `TypeDefKind`
[INFO] [stdout] 
[INFO] [stdout] 
[INFO] [stdout] error[E0433]: failed to resolve: use of undeclared type `TypeDefKind`
[INFO] [stdout]    --> tests/all.rs:287:13
[INFO] [stdout]     |
[INFO] [stdout] 287 |             TypeDefKind::Tuple(t) => Type::Tuple {
[INFO] [stdout]     |             ^^^^^^^^^^^ use of undeclared type `TypeDefKind`
[INFO] [stdout] 
[INFO] [stdout] 
[INFO] [stdout] error[E0433]: failed to resolve: use of undeclared type `TypeDefKind`
[INFO] [stdout]    --> tests/all.rs:290:13
[INFO] [stdout]     |
[INFO] [stdout] 290 |             TypeDefKind::Flags(r) => Type::Flags {
[INFO] [stdout]     |             ^^^^^^^^^^^ use of undeclared type `TypeDefKind`
[INFO] [stdout] 
[INFO] [stdout] 
[INFO] [stdout] error[E0433]: failed to resolve: use of undeclared type `TypeDefKind`
[INFO] [stdout]    --> tests/all.rs:293:13
[INFO] [stdout]     |
[INFO] [stdout] 293 |             TypeDefKind::Enum(r) => Type::Enum {
[INFO] [stdout]     |             ^^^^^^^^^^^ use of undeclared type `TypeDefKind`
[INFO] [stdout] 
[INFO] [stdout] 
[INFO] [stdout] error[E0433]: failed to resolve: use of undeclared type `TypeDefKind`
[INFO] [stdout]    --> tests/all.rs:296:13
[INFO] [stdout]     |
[INFO] [stdout] 296 |             TypeDefKind::Variant(v) => Type::Variant {
[INFO] [stdout]     |             ^^^^^^^^^^^ use of undeclared type `TypeDefKind`
[INFO] [stdout] 
[INFO] [stdout] 
[INFO] [stdout] error[E0433]: failed to resolve: use of undeclared type `TypeDefKind`
[INFO] [stdout]    --> tests/all.rs:303:13
[INFO] [stdout]     |
[INFO] [stdout] 303 |             TypeDefKind::Option(t) => Type::Option(translate_type(t)),
[INFO] [stdout]     |             ^^^^^^^^^^^ use of undeclared type `TypeDefKind`
[INFO] [stdout] 
[INFO] [stdout] 
[INFO] [stdout] error[E0433]: failed to resolve: use of undeclared type `TypeDefKind`
[INFO] [stdout]    --> tests/all.rs:304:13
[INFO] [stdout]     |
[INFO] [stdout] 304 |             TypeDefKind::Result(r) => Type::Result {
[INFO] [stdout]     |             ^^^^^^^^^^^ use of undeclared type `TypeDefKind`
[INFO] [stdout] 
[INFO] [stdout] 
[INFO] [stdout] error[E0433]: failed to resolve: use of undeclared type `TypeDefKind`
[INFO] [stdout]    --> tests/all.rs:308:13
[INFO] [stdout]     |
[INFO] [stdout] 308 |             TypeDefKind::Future(t) => Type::Future(translate_type(t)),
[INFO] [stdout]     |             ^^^^^^^^^^^ use of undeclared type `TypeDefKind`
[INFO] [stdout] 
[INFO] [stdout] 
[INFO] [stdout] error[E0433]: failed to resolve: use of undeclared type `TypeDefKind`
[INFO] [stdout]    --> tests/all.rs:309:13
[INFO] [stdout]     |
[INFO] [stdout] 309 |             TypeDefKind::Stream(s) => Type::Stream {
[INFO] [stdout]     |             ^^^^^^^^^^^ use of undeclared type `TypeDefKind`
[INFO] [stdout] 
[INFO] [stdout] 
[INFO] [stdout] error[E0433]: failed to resolve: use of undeclared type `TypeDefKind`
[INFO] [stdout]    --> tests/all.rs:313:13
[INFO] [stdout]     |
[INFO] [stdout] 313 |             TypeDefKind::List(ty) => Type::List(translate_type(ty)),
[INFO] [stdout]     |             ^^^^^^^^^^^ use of undeclared type `TypeDefKind`
[INFO] [stdout] 
[INFO] [stdout] 
[INFO] [stdout] error[E0433]: failed to resolve: use of undeclared type `TypeDefKind`
[INFO] [stdout]    --> tests/all.rs:314:13
[INFO] [stdout]     |
[INFO] [stdout] 314 |             TypeDefKind::Union(u) => Type::Union {
[INFO] [stdout]     |             ^^^^^^^^^^^ use of undeclared type `TypeDefKind`
[INFO] [stdout] 
[INFO] [stdout] 
[INFO] [stdout] error[E0433]: failed to resolve: use of undeclared crate or module `wit_parser`
[INFO] [stdout]    --> tests/all.rs:320:28
[INFO] [stdout]     |
[INFO] [stdout] 320 |     fn translate_type(ty: &wit_parser::Type) -> String {
[INFO] [stdout]     |                            ^^^^^^^^^^ use of undeclared crate or module `wit_parser`
[INFO] [stdout] 
[INFO] [stdout] 
[INFO] [stdout] error[E0433]: failed to resolve: use of undeclared type `Interface`
[INFO] [stdout]    --> tests/all.rs:102:22
[INFO] [stdout]     |
[INFO] [stdout] 102 |         let result = Interface::parse_file(test);
[INFO] [stdout]     |                      ^^^^^^^^^ use of undeclared type `Interface`
[INFO] [stdout]     |
[INFO] [stdout] help: consider importing this struct
[INFO] [stdout]     |
[INFO] [stdout] 10  + use linera_wit_parser::Interface;
[INFO] [stdout]     |
[INFO] [stdout] 
[INFO] [stdout] 
[INFO] [stdout] error[E0412]: cannot find type `Interface` in this scope
[INFO] [stdout]    --> tests/all.rs:168:16
[INFO] [stdout]     |
[INFO] [stdout] 168 | fn to_json(i: &Interface) -> String {
[INFO] [stdout]     |                ^^^^^^^^^ not found in this scope
[INFO] [stdout]     |
[INFO] [stdout] help: consider importing this struct
[INFO] [stdout]     |
[INFO] [stdout] 10  + use linera_wit_parser::Interface;
[INFO] [stdout]     |
[INFO] [stdout] 
[INFO] [stdout] 
[INFO] [stdout] error: aborting due to 18 previous errors
[INFO] [stdout] 
[INFO] [stdout] 
[INFO] [stdout] Some errors have detailed explanations: E0412, E0432, E0433.
[INFO] [stdout] 
[INFO] [stdout] For more information about an error, try `rustc --explain E0412`.
[INFO] [stdout] 
[INFO] [stderr] error: could not compile `linera-wit-parser` (test "all") due to 19 previous errors
[INFO] [stderr] warning: build failed, waiting for other jobs to finish...
[INFO] running `Command { std: "docker" "inspect" "dcb0d00611d9a954b253408e772204d932b2d83f23479a8788189ab33855ff8c", kill_on_drop: false }`
[INFO] running `Command { std: "docker" "rm" "-f" "dcb0d00611d9a954b253408e772204d932b2d83f23479a8788189ab33855ff8c", kill_on_drop: false }`
[INFO] [stdout] dcb0d00611d9a954b253408e772204d932b2d83f23479a8788189ab33855ff8c
