[INFO] fetching crate librashader-spirv-cross 0.23.5...
[INFO] testing librashader-spirv-cross-0.23.5 against beta-2023-04-20 for beta-1.70-1
[INFO] extracting crate librashader-spirv-cross 0.23.5 into /workspace/builds/worker-5-tc2/source
[INFO] validating manifest of crates.io crate librashader-spirv-cross 0.23.5 on toolchain beta-2023-04-20
[INFO] running `Command { std: CARGO_HOME="/workspace/cargo-home" RUSTUP_HOME="/workspace/rustup-home" "/workspace/cargo-home/bin/cargo" "+beta-2023-04-20" "metadata" "--manifest-path" "Cargo.toml" "--no-deps", kill_on_drop: false }`
[INFO] started tweaking crates.io crate librashader-spirv-cross 0.23.5
[INFO] finished tweaking crates.io crate librashader-spirv-cross 0.23.5
[INFO] tweaked toml for crates.io crate librashader-spirv-cross 0.23.5 written to /workspace/builds/worker-5-tc2/source/Cargo.toml
[INFO] running `Command { std: CARGO_HOME="/workspace/cargo-home" RUSTUP_HOME="/workspace/rustup-home" __CARGO_TEST_CHANNEL_OVERRIDE_DO_NOT_USE_THIS="nightly" "/workspace/cargo-home/bin/cargo" "+beta-2023-04-20" "generate-lockfile" "--manifest-path" "Cargo.toml" "-Zno-index-update", kill_on_drop: false }`
[INFO] running `Command { std: CARGO_HOME="/workspace/cargo-home" RUSTUP_HOME="/workspace/rustup-home" "/workspace/cargo-home/bin/cargo" "+beta-2023-04-20" "fetch" "--manifest-path" "Cargo.toml", kill_on_drop: false }`
[INFO] running `Command { std: "docker" "create" "-v" "/var/lib/crater-agent-workspace/builds/worker-5-tc2/target:/opt/rustwide/target:rw,Z" "-v" "/var/lib/crater-agent-workspace/builds/worker-5-tc2/source:/opt/rustwide/workdir:ro,Z" "-v" "/var/lib/crater-agent-workspace/cargo-home:/opt/rustwide/cargo-home:ro,Z" "-v" "/var/lib/crater-agent-workspace/rustup-home:/opt/rustwide/rustup-home:ro,Z" "-e" "SOURCE_DIR=/opt/rustwide/workdir" "-e" "CARGO_TARGET_DIR=/opt/rustwide/target" "-e" "CARGO_HOME=/opt/rustwide/cargo-home" "-e" "RUSTUP_HOME=/opt/rustwide/rustup-home" "-w" "/opt/rustwide/workdir" "-m" "1610612736" "--user" "0:0" "--network" "none" "ghcr.io/rust-lang/crates-build-env/linux@sha256:5ff2268d62e97bff2cde7d5815dd6ed5b47097566f13b8d0ca110b04b60e07ed" "/opt/rustwide/cargo-home/bin/cargo" "+beta-2023-04-20" "metadata" "--no-deps" "--format-version=1", kill_on_drop: false }`
[INFO] [stdout] f5b26eba161947d77d7534b4842d7f5163893898ff736b874645968475e04672
[INFO] running `Command { std: "docker" "start" "-a" "f5b26eba161947d77d7534b4842d7f5163893898ff736b874645968475e04672", kill_on_drop: false }`
[INFO] running `Command { std: "docker" "inspect" "f5b26eba161947d77d7534b4842d7f5163893898ff736b874645968475e04672", kill_on_drop: false }`
[INFO] running `Command { std: "docker" "rm" "-f" "f5b26eba161947d77d7534b4842d7f5163893898ff736b874645968475e04672", kill_on_drop: false }`
[INFO] [stdout] f5b26eba161947d77d7534b4842d7f5163893898ff736b874645968475e04672
[INFO] running `Command { std: "docker" "create" "-v" "/var/lib/crater-agent-workspace/builds/worker-5-tc2/target:/opt/rustwide/target:rw,Z" "-v" "/var/lib/crater-agent-workspace/builds/worker-5-tc2/source:/opt/rustwide/workdir:ro,Z" "-v" "/var/lib/crater-agent-workspace/cargo-home:/opt/rustwide/cargo-home:ro,Z" "-v" "/var/lib/crater-agent-workspace/rustup-home:/opt/rustwide/rustup-home:ro,Z" "-e" "SOURCE_DIR=/opt/rustwide/workdir" "-e" "CARGO_TARGET_DIR=/opt/rustwide/target" "-e" "CARGO_INCREMENTAL=0" "-e" "RUST_BACKTRACE=full" "-e" "RUSTFLAGS=--cap-lints=warn" "-e" "RUSTDOCFLAGS=--cap-lints=warn" "-e" "CARGO_HOME=/opt/rustwide/cargo-home" "-e" "RUSTUP_HOME=/opt/rustwide/rustup-home" "-w" "/opt/rustwide/workdir" "-m" "1610612736" "--user" "0:0" "--network" "none" "ghcr.io/rust-lang/crates-build-env/linux@sha256:5ff2268d62e97bff2cde7d5815dd6ed5b47097566f13b8d0ca110b04b60e07ed" "/opt/rustwide/cargo-home/bin/cargo" "+beta-2023-04-20" "build" "--frozen" "--message-format=json", kill_on_drop: false }`
[INFO] [stdout] 7e1a6f23cb6eb977f4819696e0e9a705039fd9a43d32521888ae9efabd8ecc89
[INFO] running `Command { std: "docker" "start" "-a" "7e1a6f23cb6eb977f4819696e0e9a705039fd9a43d32521888ae9efabd8ecc89", kill_on_drop: false }`
[INFO] [stderr]    Compiling libc v0.2.142
[INFO] [stderr]    Compiling jobserver v0.1.26
[INFO] [stderr]    Compiling cc v1.0.79
[INFO] [stderr]    Compiling librashader-spirv-cross v0.23.5 (/opt/rustwide/workdir)
[INFO] [stderr] warning: src/wrapper.cpp:2: warning: ignoring '#pragma warning ' [-Wunknown-pragmas]
[INFO] [stderr] warning:     2 | #pragma warning(disable : 4996 4101)
[INFO] [stderr] warning:       |
[INFO] [stdout] warning: field `target_data` is never read
[INFO] [stdout]    --> src/compiler.rs:258:16
[INFO] [stdout]     |
[INFO] [stdout] 256 | pub struct Compiler<TTargetData> {
[INFO] [stdout]     |            -------- field in this struct
[INFO] [stdout] 257 |     pub(crate) sc_compiler: *mut br::ScInternalCompilerBase,
[INFO] [stdout] 258 |     pub(crate) target_data: TTargetData,
[INFO] [stdout]     |                ^^^^^^^^^^^
[INFO] [stdout]     |
[INFO] [stdout]     = note: `Compiler` has derived impls for the traits `Clone` and `Debug`, but these are intentionally ignored during dead code analysis
[INFO] [stdout]     = note: `#[warn(dead_code)]` on by default
[INFO] [stdout] 
[INFO] [stdout] 
[INFO] [stdout] warning: field `words` is never read
[INFO] [stdout]    --> src/spirv.rs:521:16
[INFO] [stdout]     |
[INFO] [stdout] 520 | pub struct Module<'a> {
[INFO] [stdout]     |            ------ field in this struct
[INFO] [stdout] 521 |     pub(crate) words: &'a [u32],
[INFO] [stdout]     |                ^^^^^
[INFO] [stdout]     |
[INFO] [stdout]     = note: `Module` has derived impls for the traits `Clone` and `Debug`, but these are intentionally ignored during dead code analysis
[INFO] [stdout] 
[INFO] [stdout] 
[INFO] [stdout] warning: 2 warnings emitted
[INFO] [stdout] 
[INFO] [stdout] 
[INFO] [stderr]     Finished dev [unoptimized + debuginfo] target(s) in 15.25s
[INFO] running `Command { std: "docker" "inspect" "7e1a6f23cb6eb977f4819696e0e9a705039fd9a43d32521888ae9efabd8ecc89", kill_on_drop: false }`
[INFO] running `Command { std: "docker" "rm" "-f" "7e1a6f23cb6eb977f4819696e0e9a705039fd9a43d32521888ae9efabd8ecc89", kill_on_drop: false }`
[INFO] [stdout] 7e1a6f23cb6eb977f4819696e0e9a705039fd9a43d32521888ae9efabd8ecc89
[INFO] running `Command { std: "docker" "create" "-v" "/var/lib/crater-agent-workspace/builds/worker-5-tc2/target:/opt/rustwide/target:rw,Z" "-v" "/var/lib/crater-agent-workspace/builds/worker-5-tc2/source:/opt/rustwide/workdir:ro,Z" "-v" "/var/lib/crater-agent-workspace/cargo-home:/opt/rustwide/cargo-home:ro,Z" "-v" "/var/lib/crater-agent-workspace/rustup-home:/opt/rustwide/rustup-home:ro,Z" "-e" "SOURCE_DIR=/opt/rustwide/workdir" "-e" "CARGO_TARGET_DIR=/opt/rustwide/target" "-e" "CARGO_INCREMENTAL=0" "-e" "RUST_BACKTRACE=full" "-e" "RUSTFLAGS=--cap-lints=warn" "-e" "RUSTDOCFLAGS=--cap-lints=warn" "-e" "CARGO_HOME=/opt/rustwide/cargo-home" "-e" "RUSTUP_HOME=/opt/rustwide/rustup-home" "-w" "/opt/rustwide/workdir" "-m" "1610612736" "--user" "0:0" "--network" "none" "ghcr.io/rust-lang/crates-build-env/linux@sha256:5ff2268d62e97bff2cde7d5815dd6ed5b47097566f13b8d0ca110b04b60e07ed" "/opt/rustwide/cargo-home/bin/cargo" "+beta-2023-04-20" "test" "--frozen" "--no-run" "--message-format=json", kill_on_drop: false }`
[INFO] [stdout] 6da89ef6ceaac05df418a5e9e5a02f9300a31ebf6cd8cefec67dd623fb5c903c
[INFO] running `Command { std: "docker" "start" "-a" "6da89ef6ceaac05df418a5e9e5a02f9300a31ebf6cd8cefec67dd623fb5c903c", kill_on_drop: false }`
[INFO] [stderr] warning: src/wrapper.cpp:2: warning: ignoring '#pragma warning ' [-Wunknown-pragmas]
[INFO] [stderr] warning:     2 | #pragma warning(disable : 4996 4101)
[INFO] [stderr] warning:       |
[INFO] [stdout] warning: field `target_data` is never read
[INFO] [stdout]    --> src/compiler.rs:258:16
[INFO] [stdout]     |
[INFO] [stdout] 256 | pub struct Compiler<TTargetData> {
[INFO] [stdout]     |            -------- field in this struct
[INFO] [stdout] 257 |     pub(crate) sc_compiler: *mut br::ScInternalCompilerBase,
[INFO] [stdout] 258 |     pub(crate) target_data: TTargetData,
[INFO] [stdout]     |                ^^^^^^^^^^^
[INFO] [stdout]     |
[INFO] [stdout]     = note: `Compiler` has derived impls for the traits `Clone` and `Debug`, but these are intentionally ignored during dead code analysis
[INFO] [stdout]     = note: `#[warn(dead_code)]` on by default
[INFO] [stdout] 
[INFO] [stdout] 
[INFO] [stdout] warning: field `words` is never read
[INFO] [stdout]    --> src/spirv.rs:521:16
[INFO] [stdout]     |
[INFO] [stdout] 520 | pub struct Module<'a> {
[INFO] [stdout]     |            ------ field in this struct
[INFO] [stdout] 521 |     pub(crate) words: &'a [u32],
[INFO] [stdout]     |                ^^^^^
[INFO] [stdout]     |
[INFO] [stdout]     = note: `Module` has derived impls for the traits `Clone` and `Debug`, but these are intentionally ignored during dead code analysis
[INFO] [stdout] 
[INFO] [stdout] 
[INFO] [stdout] warning: 2 warnings emitted
[INFO] [stdout] 
[INFO] [stdout] 
[INFO] [stderr]    Compiling librashader-spirv-cross v0.23.5 (/opt/rustwide/workdir)
[INFO] [stdout] error[E0433]: failed to resolve: could not find `glsl` in `librashader_spirv_cross`
[INFO] [stdout]   --> tests/glsl_tests.rs:52:34
[INFO] [stdout]    |
[INFO] [stdout] 52 |     use librashader_spirv_cross::glsl::Version::*;
[INFO] [stdout]    |                                  ^^^^ could not find `glsl` in `librashader_spirv_cross`
[INFO] [stdout] 
[INFO] [stdout] 
[INFO] [stdout] error[E0432]: unresolved import `librashader_spirv_cross::glsl`
[INFO] [stdout]  --> tests/glsl_tests.rs:2:31
[INFO] [stdout]   |
[INFO] [stdout] 2 | use librashader_spirv_cross::{glsl, spirv};
[INFO] [stdout]   |                               ^^^^ no `glsl` in the root
[INFO] [stdout] 
[INFO] [stdout] 
[INFO] [stdout] error[E0432]: unresolved import `librashader_spirv_cross::hlsl`
[INFO] [stdout]  --> tests/hlsl_tests.rs:1:31
[INFO] [stdout]   |
[INFO] [stdout] 1 | use librashader_spirv_cross::{hlsl, spirv};
[INFO] [stdout]   |                               ^^^^ no `hlsl` in the root
[INFO] [stdout] 
[INFO] [stdout] 
[INFO] [stdout] error[E0432]: unresolved import `librashader_spirv_cross::msl`
[INFO] [stdout]  --> tests/msl_tests.rs:1:31
[INFO] [stdout]   |
[INFO] [stdout] 1 | use librashader_spirv_cross::{msl, spirv};
[INFO] [stdout]   |                               ^^^ no `msl` in the root
[INFO] [stdout] 
[INFO] [stdout] 
[INFO] [stdout] error[E0433]: failed to resolve: could not find `msl` in `librashader_spirv_cross`
[INFO] [stdout]    --> tests/msl_tests.rs:258:34
[INFO] [stdout]     |
[INFO] [stdout] 258 |         librashader_spirv_cross::msl::ResourceBindingLocation {
[INFO] [stdout]     |                                  ^^^ could not find `msl` in `librashader_spirv_cross`
[INFO] [stdout] 
[INFO] [stdout] 
[INFO] [stdout] error[E0432]: unresolved import `librashader_spirv_cross::hlsl`
[INFO] [stdout]  --> tests/spirv_tests.rs:1:31
[INFO] [stdout]   |
[INFO] [stdout] 1 | use librashader_spirv_cross::{hlsl as lang, spirv};
[INFO] [stdout]   |                               ^^^^^^^^^^^^ no `hlsl` in the root
[INFO] [stdout] 
[INFO] [stdout] 
[INFO] [stdout] error[E0433]: failed to resolve: could not find `msl` in `librashader_spirv_cross`
[INFO] [stdout]    --> tests/msl_tests.rs:263:34
[INFO] [stdout]     |
[INFO] [stdout] 263 |         librashader_spirv_cross::msl::ResourceBinding {
[INFO] [stdout]     |                                  ^^^ could not find `msl` in `librashader_spirv_cross`
[INFO] [stdout] 
[INFO] [stdout] 
[INFO] [stdout] error[E0433]: failed to resolve: could not find `msl` in `librashader_spirv_cross`
[INFO] [stdout]    --> tests/msl_tests.rs:272:57
[INFO] [stdout]     |
[INFO] [stdout] 272 |     compiler_options.version = librashader_spirv_cross::msl::Version::V2_0;
[INFO] [stdout]     |                                                         ^^^ could not find `msl` in `librashader_spirv_cross`
[INFO] [stdout] 
[INFO] [stdout] 
[INFO] [stdout] error[E0425]: cannot find value `V1_10` in this scope
[INFO] [stdout]   --> tests/glsl_tests.rs:59:9
[INFO] [stdout]    |
[INFO] [stdout] 59 |         V1_10, V1_20, V1_30, V1_40, V1_50, V3_30, V4_00, V4_10, V4_20, V4_30, V4_40, V4_50, V4_60,
[INFO] [stdout]    |         ^^^^^ not found in this scope
[INFO] [stdout] 
[INFO] [stdout] 
[INFO] [stdout] error[E0425]: cannot find value `V1_20` in this scope
[INFO] [stdout]   --> tests/glsl_tests.rs:59:16
[INFO] [stdout]    |
[INFO] [stdout] 59 |         V1_10, V1_20, V1_30, V1_40, V1_50, V3_30, V4_00, V4_10, V4_20, V4_30, V4_40, V4_50, V4_60,
[INFO] [stdout]    |                ^^^^^ not found in this scope
[INFO] [stdout] 
[INFO] [stdout] 
[INFO] [stdout] error[E0425]: cannot find value `V1_30` in this scope
[INFO] [stdout]   --> tests/glsl_tests.rs:59:23
[INFO] [stdout]    |
[INFO] [stdout] 59 |         V1_10, V1_20, V1_30, V1_40, V1_50, V3_30, V4_00, V4_10, V4_20, V4_30, V4_40, V4_50, V4_60,
[INFO] [stdout]    |                       ^^^^^ not found in this scope
[INFO] [stdout] 
[INFO] [stdout] 
[INFO] [stdout] error[E0425]: cannot find value `V1_40` in this scope
[INFO] [stdout]   --> tests/glsl_tests.rs:59:30
[INFO] [stdout]    |
[INFO] [stdout] 59 |         V1_10, V1_20, V1_30, V1_40, V1_50, V3_30, V4_00, V4_10, V4_20, V4_30, V4_40, V4_50, V4_60,
[INFO] [stdout]    |                              ^^^^^ not found in this scope
[INFO] [stdout] 
[INFO] [stdout] 
[INFO] [stdout] error[E0425]: cannot find value `V1_50` in this scope
[INFO] [stdout]   --> tests/glsl_tests.rs:59:37
[INFO] [stdout]    |
[INFO] [stdout] 59 |         V1_10, V1_20, V1_30, V1_40, V1_50, V3_30, V4_00, V4_10, V4_20, V4_30, V4_40, V4_50, V4_60,
[INFO] [stdout]    |                                     ^^^^^ not found in this scope
[INFO] [stdout] 
[INFO] [stdout] 
[INFO] [stdout] error[E0425]: cannot find value `V3_30` in this scope
[INFO] [stdout]   --> tests/glsl_tests.rs:59:44
[INFO] [stdout]    |
[INFO] [stdout] 59 |         V1_10, V1_20, V1_30, V1_40, V1_50, V3_30, V4_00, V4_10, V4_20, V4_30, V4_40, V4_50, V4_60,
[INFO] [stdout]    |                                            ^^^^^ not found in this scope
[INFO] [stdout] 
[INFO] [stdout] 
[INFO] [stdout] error[E0425]: cannot find value `V4_00` in this scope
[INFO] [stdout]   --> tests/glsl_tests.rs:59:51
[INFO] [stdout]    |
[INFO] [stdout] 59 |         V1_10, V1_20, V1_30, V1_40, V1_50, V3_30, V4_00, V4_10, V4_20, V4_30, V4_40, V4_50, V4_60,
[INFO] [stdout]    |                                                   ^^^^^ not found in this scope
[INFO] [stdout] 
[INFO] [stdout] 
[INFO] [stdout] error[E0425]: cannot find value `V4_10` in this scope
[INFO] [stdout]   --> tests/glsl_tests.rs:59:58
[INFO] [stdout]    |
[INFO] [stdout] 59 |         V1_10, V1_20, V1_30, V1_40, V1_50, V3_30, V4_00, V4_10, V4_20, V4_30, V4_40, V4_50, V4_60,
[INFO] [stdout]    |                                                          ^^^^^ not found in this scope
[INFO] [stdout] 
[INFO] [stdout] 
[INFO] [stdout] error[E0425]: cannot find value `V4_20` in this scope
[INFO] [stdout]   --> tests/glsl_tests.rs:59:65
[INFO] [stdout]    |
[INFO] [stdout] 59 |         V1_10, V1_20, V1_30, V1_40, V1_50, V3_30, V4_00, V4_10, V4_20, V4_30, V4_40, V4_50, V4_60,
[INFO] [stdout]    |                                                                 ^^^^^ not found in this scope
[INFO] [stdout] 
[INFO] [stdout] 
[INFO] [stdout] error[E0425]: cannot find value `V4_30` in this scope
[INFO] [stdout]   --> tests/glsl_tests.rs:59:72
[INFO] [stdout]    |
[INFO] [stdout] 59 |         V1_10, V1_20, V1_30, V1_40, V1_50, V3_30, V4_00, V4_10, V4_20, V4_30, V4_40, V4_50, V4_60,
[INFO] [stdout]    |                                                                        ^^^^^ not found in this scope
[INFO] [stdout] 
[INFO] [stdout] 
[INFO] [stdout] error[E0425]: cannot find value `V4_40` in this scope
[INFO] [stdout]   --> tests/glsl_tests.rs:59:79
[INFO] [stdout]    |
[INFO] [stdout] 59 |         V1_10, V1_20, V1_30, V1_40, V1_50, V3_30, V4_00, V4_10, V4_20, V4_30, V4_40, V4_50, V4_60,
[INFO] [stdout]    |                                                                               ^^^^^ not found in this scope
[INFO] [stdout] 
[INFO] [stdout] 
[INFO] [stdout] error[E0425]: cannot find value `V4_50` in this scope
[INFO] [stdout]   --> tests/glsl_tests.rs:59:86
[INFO] [stdout]    |
[INFO] [stdout] 59 |         V1_10, V1_20, V1_30, V1_40, V1_50, V3_30, V4_00, V4_10, V4_20, V4_30, V4_40, V4_50, V4_60,
[INFO] [stdout]    |                                                                                      ^^^^^ not found in this scope
[INFO] [stdout] 
[INFO] [stdout] 
[INFO] [stdout] error[E0425]: cannot find value `V4_60` in this scope
[INFO] [stdout]   --> tests/glsl_tests.rs:59:93
[INFO] [stdout]    |
[INFO] [stdout] 59 |         V1_10, V1_20, V1_30, V1_40, V1_50, V3_30, V4_00, V4_10, V4_20, V4_30, V4_40, V4_50, V4_60,
[INFO] [stdout]    |                                                                                             ^^^^^ not found in this scope
[INFO] [stdout] 
[INFO] [stdout] 
[INFO] [stdout] error[E0425]: cannot find value `V1_00Es` in this scope
[INFO] [stdout]   --> tests/glsl_tests.rs:60:9
[INFO] [stdout]    |
[INFO] [stdout] 60 |         V1_00Es, V3_00Es,
[INFO] [stdout]    |         ^^^^^^^ not found in this scope
[INFO] [stdout] 
[INFO] [stdout] 
[INFO] [stdout] error[E0425]: cannot find value `V3_00Es` in this scope
[INFO] [stdout]   --> tests/glsl_tests.rs:60:18
[INFO] [stdout]    |
[INFO] [stdout] 60 |         V1_00Es, V3_00Es,
[INFO] [stdout]    |                  ^^^^^^^ not found in this scope
[INFO] [stdout] 
[INFO] [stdout] 
[INFO] [stdout] error: aborting due to previous error
[INFO] [stdout] 
[INFO] [stdout] 
[INFO] [stdout] For more information about this error, try `rustc --explain E0432`.
[INFO] [stdout] 
[INFO] [stderr] The following warnings were emitted during compilation:
[INFO] [stderr] 
[INFO] [stderr] warning: src/wrapper.cpp:2: warning: ignoring '#pragma warning ' [-Wunknown-pragmas]
[INFO] [stderr] warning:     2 | #pragma warning(disable : 4996 4101)
[INFO] [stderr] warning:       |
[INFO] [stderr] 
[INFO] [stderr] error: could not compile `librashader-spirv-cross` (test "hlsl_tests") due to 2 previous errors
[INFO] [stderr] warning: build failed, waiting for other jobs to finish...
[INFO] [stdout] error: aborting due to 4 previous errors
[INFO] [stdout] 
[INFO] [stdout] 
[INFO] [stdout] Some errors have detailed explanations: E0432, E0433.
[INFO] [stdout] 
[INFO] [stdout] For more information about an error, try `rustc --explain E0432`.
[INFO] [stdout] 
[INFO] [stderr] The following warnings were emitted during compilation:
[INFO] [stderr] 
[INFO] [stderr] warning: src/wrapper.cpp:2: warning: ignoring '#pragma warning ' [-Wunknown-pragmas]
[INFO] [stderr] warning:     2 | #pragma warning(disable : 4996 4101)
[INFO] [stderr] warning:       |
[INFO] [stderr] 
[INFO] [stderr] error: could not compile `librashader-spirv-cross` (test "msl_tests") due to 5 previous errors
[INFO] [stdout] error: aborting due to 17 previous errors
[INFO] [stdout] 
[INFO] [stdout] 
[INFO] [stdout] Some errors have detailed explanations: E0425, E0432, E0433.
[INFO] [stdout] 
[INFO] [stdout] For more information about an error, try `rustc --explain E0425`.
[INFO] [stdout] 
[INFO] [stderr] The following warnings were emitted during compilation:
[INFO] [stderr] 
[INFO] [stderr] warning: src/wrapper.cpp:2: warning: ignoring '#pragma warning ' [-Wunknown-pragmas]
[INFO] [stderr] warning:     2 | #pragma warning(disable : 4996 4101)
[INFO] [stderr] warning:       |
[INFO] [stderr] 
[INFO] [stdout] error: aborting due to previous error
[INFO] [stdout] 
[INFO] [stdout] 
[INFO] [stderr] error: could not compile `librashader-spirv-cross` (test "glsl_tests") due to 18 previous errors
[INFO] [stdout] For more information about this error, try `rustc --explain E0432`.
[INFO] [stdout] 
[INFO] [stderr] The following warnings were emitted during compilation:
[INFO] [stderr] 
[INFO] [stderr] warning: src/wrapper.cpp:2: warning: ignoring '#pragma warning ' [-Wunknown-pragmas]
[INFO] [stderr] warning:     2 | #pragma warning(disable : 4996 4101)
[INFO] [stderr] warning:       |
[INFO] [stderr] 
[INFO] [stderr] error: could not compile `librashader-spirv-cross` (test "spirv_tests") due to 2 previous errors
[INFO] [stdout] warning: field `target_data` is never read
[INFO] [stdout]    --> src/compiler.rs:258:16
[INFO] [stdout]     |
[INFO] [stdout] 256 | pub struct Compiler<TTargetData> {
[INFO] [stdout]     |            -------- field in this struct
[INFO] [stdout] 257 |     pub(crate) sc_compiler: *mut br::ScInternalCompilerBase,
[INFO] [stdout] 258 |     pub(crate) target_data: TTargetData,
[INFO] [stdout]     |                ^^^^^^^^^^^
[INFO] [stdout]     |
[INFO] [stdout]     = note: `Compiler` has derived impls for the traits `Clone` and `Debug`, but these are intentionally ignored during dead code analysis
[INFO] [stdout]     = note: `#[warn(dead_code)]` on by default
[INFO] [stdout] 
[INFO] [stdout] 
[INFO] [stdout] warning: field `words` is never read
[INFO] [stdout]    --> src/spirv.rs:521:16
[INFO] [stdout]     |
[INFO] [stdout] 520 | pub struct Module<'a> {
[INFO] [stdout]     |            ------ field in this struct
[INFO] [stdout] 521 |     pub(crate) words: &'a [u32],
[INFO] [stdout]     |                ^^^^^
[INFO] [stdout]     |
[INFO] [stdout]     = note: `Module` has derived impls for the traits `Clone` and `Debug`, but these are intentionally ignored during dead code analysis
[INFO] [stdout] 
[INFO] [stdout] 
[INFO] [stdout] warning: 2 warnings emitted
[INFO] [stdout] 
[INFO] [stdout] 
[INFO] running `Command { std: "docker" "inspect" "6da89ef6ceaac05df418a5e9e5a02f9300a31ebf6cd8cefec67dd623fb5c903c", kill_on_drop: false }`
[INFO] running `Command { std: "docker" "rm" "-f" "6da89ef6ceaac05df418a5e9e5a02f9300a31ebf6cd8cefec67dd623fb5c903c", kill_on_drop: false }`
[INFO] [stdout] 6da89ef6ceaac05df418a5e9e5a02f9300a31ebf6cd8cefec67dd623fb5c903c
