[INFO] fetching crate libmpv-sirno 2.0.2-fork.1...
[INFO] testing libmpv-sirno-2.0.2-fork.1 against 1.69.0 for beta-1.70-1
[INFO] extracting crate libmpv-sirno 2.0.2-fork.1 into /workspace/builds/worker-3-tc1/source
[INFO] validating manifest of crates.io crate libmpv-sirno 2.0.2-fork.1 on toolchain 1.69.0
[INFO] running `Command { std: CARGO_HOME="/workspace/cargo-home" RUSTUP_HOME="/workspace/rustup-home" "/workspace/cargo-home/bin/cargo" "+1.69.0" "metadata" "--manifest-path" "Cargo.toml" "--no-deps", kill_on_drop: false }`
[INFO] started tweaking crates.io crate libmpv-sirno 2.0.2-fork.1
[INFO] finished tweaking crates.io crate libmpv-sirno 2.0.2-fork.1
[INFO] tweaked toml for crates.io crate libmpv-sirno 2.0.2-fork.1 written to /workspace/builds/worker-3-tc1/source/Cargo.toml
[INFO] crate crates.io crate libmpv-sirno 2.0.2-fork.1 already has a lockfile, it will not be regenerated
[INFO] running `Command { std: CARGO_HOME="/workspace/cargo-home" RUSTUP_HOME="/workspace/rustup-home" "/workspace/cargo-home/bin/cargo" "+1.69.0" "fetch" "--manifest-path" "Cargo.toml", kill_on_drop: false }`
[INFO] [stderr]  Downloading crates ...
[INFO] [stderr]   Downloaded libmpv-sys-sirno v2.0.0-fork.1
[INFO] running `Command { std: "docker" "create" "-v" "/var/lib/crater-agent-workspace/builds/worker-3-tc1/target:/opt/rustwide/target:rw,Z" "-v" "/var/lib/crater-agent-workspace/builds/worker-3-tc1/source:/opt/rustwide/workdir:ro,Z" "-v" "/var/lib/crater-agent-workspace/cargo-home:/opt/rustwide/cargo-home:ro,Z" "-v" "/var/lib/crater-agent-workspace/rustup-home:/opt/rustwide/rustup-home:ro,Z" "-e" "SOURCE_DIR=/opt/rustwide/workdir" "-e" "CARGO_TARGET_DIR=/opt/rustwide/target" "-e" "CARGO_HOME=/opt/rustwide/cargo-home" "-e" "RUSTUP_HOME=/opt/rustwide/rustup-home" "-w" "/opt/rustwide/workdir" "-m" "1610612736" "--user" "0:0" "--network" "none" "ghcr.io/rust-lang/crates-build-env/linux@sha256:5ff2268d62e97bff2cde7d5815dd6ed5b47097566f13b8d0ca110b04b60e07ed" "/opt/rustwide/cargo-home/bin/cargo" "+1.69.0" "metadata" "--no-deps" "--format-version=1", kill_on_drop: false }`
[INFO] [stdout] f21e1d09987b37217e88bbdedf935b84de4b6bfd53cf53afb240a7a2ad56def0
[INFO] running `Command { std: "docker" "start" "-a" "f21e1d09987b37217e88bbdedf935b84de4b6bfd53cf53afb240a7a2ad56def0", kill_on_drop: false }`
[INFO] running `Command { std: "docker" "inspect" "f21e1d09987b37217e88bbdedf935b84de4b6bfd53cf53afb240a7a2ad56def0", kill_on_drop: false }`
[INFO] running `Command { std: "docker" "rm" "-f" "f21e1d09987b37217e88bbdedf935b84de4b6bfd53cf53afb240a7a2ad56def0", kill_on_drop: false }`
[INFO] [stdout] f21e1d09987b37217e88bbdedf935b84de4b6bfd53cf53afb240a7a2ad56def0
[INFO] running `Command { std: "docker" "create" "-v" "/var/lib/crater-agent-workspace/builds/worker-3-tc1/target:/opt/rustwide/target:rw,Z" "-v" "/var/lib/crater-agent-workspace/builds/worker-3-tc1/source:/opt/rustwide/workdir:ro,Z" "-v" "/var/lib/crater-agent-workspace/cargo-home:/opt/rustwide/cargo-home:ro,Z" "-v" "/var/lib/crater-agent-workspace/rustup-home:/opt/rustwide/rustup-home:ro,Z" "-e" "SOURCE_DIR=/opt/rustwide/workdir" "-e" "CARGO_TARGET_DIR=/opt/rustwide/target" "-e" "CARGO_INCREMENTAL=0" "-e" "RUST_BACKTRACE=full" "-e" "RUSTFLAGS=--cap-lints=warn" "-e" "RUSTDOCFLAGS=--cap-lints=warn" "-e" "CARGO_HOME=/opt/rustwide/cargo-home" "-e" "RUSTUP_HOME=/opt/rustwide/rustup-home" "-w" "/opt/rustwide/workdir" "-m" "1610612736" "--user" "0:0" "--network" "none" "ghcr.io/rust-lang/crates-build-env/linux@sha256:5ff2268d62e97bff2cde7d5815dd6ed5b47097566f13b8d0ca110b04b60e07ed" "/opt/rustwide/cargo-home/bin/cargo" "+1.69.0" "build" "--frozen" "--message-format=json", kill_on_drop: false }`
[INFO] [stdout] 6e6169741d1566279e1850fde5f0e689eb1fee5dec308859bbed130ea866b487
[INFO] running `Command { std: "docker" "start" "-a" "6e6169741d1566279e1850fde5f0e689eb1fee5dec308859bbed130ea866b487", kill_on_drop: false }`
[INFO] [stderr]    Compiling libmpv-sys-sirno v2.0.0-fork.1
[INFO] [stderr]    Compiling libmpv-sirno v2.0.2-fork.1 (/opt/rustwide/workdir)
[INFO] [stderr]     Finished dev [unoptimized + debuginfo] target(s) in 1.27s
[INFO] running `Command { std: "docker" "inspect" "6e6169741d1566279e1850fde5f0e689eb1fee5dec308859bbed130ea866b487", kill_on_drop: false }`
[INFO] running `Command { std: "docker" "rm" "-f" "6e6169741d1566279e1850fde5f0e689eb1fee5dec308859bbed130ea866b487", kill_on_drop: false }`
[INFO] [stdout] 6e6169741d1566279e1850fde5f0e689eb1fee5dec308859bbed130ea866b487
[INFO] running `Command { std: "docker" "create" "-v" "/var/lib/crater-agent-workspace/builds/worker-3-tc1/target:/opt/rustwide/target:rw,Z" "-v" "/var/lib/crater-agent-workspace/builds/worker-3-tc1/source:/opt/rustwide/workdir:ro,Z" "-v" "/var/lib/crater-agent-workspace/cargo-home:/opt/rustwide/cargo-home:ro,Z" "-v" "/var/lib/crater-agent-workspace/rustup-home:/opt/rustwide/rustup-home:ro,Z" "-e" "SOURCE_DIR=/opt/rustwide/workdir" "-e" "CARGO_TARGET_DIR=/opt/rustwide/target" "-e" "CARGO_INCREMENTAL=0" "-e" "RUST_BACKTRACE=full" "-e" "RUSTFLAGS=--cap-lints=warn" "-e" "RUSTDOCFLAGS=--cap-lints=warn" "-e" "CARGO_HOME=/opt/rustwide/cargo-home" "-e" "RUSTUP_HOME=/opt/rustwide/rustup-home" "-w" "/opt/rustwide/workdir" "-m" "1610612736" "--user" "0:0" "--network" "none" "ghcr.io/rust-lang/crates-build-env/linux@sha256:5ff2268d62e97bff2cde7d5815dd6ed5b47097566f13b8d0ca110b04b60e07ed" "/opt/rustwide/cargo-home/bin/cargo" "+1.69.0" "test" "--frozen" "--no-run" "--message-format=json", kill_on_drop: false }`
[INFO] [stdout] b546718caef694f0e69350025a54905f1554aee22e7ca0b1d14e150b82204617
[INFO] running `Command { std: "docker" "start" "-a" "b546718caef694f0e69350025a54905f1554aee22e7ca0b1d14e150b82204617", kill_on_drop: false }`
[INFO] [stderr]    Compiling autocfg v1.1.0
[INFO] [stderr]    Compiling maybe-uninit v2.0.0
[INFO] [stderr]    Compiling lazy_static v1.4.0
[INFO] [stderr]    Compiling scopeguard v1.1.0
[INFO] [stderr]    Compiling crossbeam-utils v0.7.2
[INFO] [stderr]    Compiling memoffset v0.5.6
[INFO] [stderr]    Compiling crossbeam-epoch v0.8.2
[INFO] [stderr]    Compiling crossbeam-queue v0.2.3
[INFO] [stderr]    Compiling crossbeam-channel v0.4.4
[INFO] [stderr]    Compiling crossbeam-deque v0.7.4
[INFO] [stderr]    Compiling crossbeam v0.7.3
[INFO] [stderr]    Compiling libmpv-sirno v2.0.2-fork.1 (/opt/rustwide/workdir)
[INFO] [stdout] error: linking with `cc` failed: exit status: 1
[INFO] [stdout]   |
[INFO] [stdout]   = note: LC_ALL="C" PATH="/opt/rustwide/rustup-home/toolchains/1.69.0-x86_64-unknown-linux-gnu/lib/rustlib/x86_64-unknown-linux-gnu/bin:/opt/rustwide/cargo-home/bin:/usr/local/sbin:/usr/local/bin:/usr/sbin:/usr/bin:/sbin:/bin" VSLANG="1033" "cc" "-m64" "/tmp/rustcSJCpVV/symbols.o" "/opt/rustwide/target/debug/examples/protocol-1aa2c3b1a1e00ce3.protocol.6a87d486-cgu.0.rcgu.o" "/opt/rustwide/target/debug/examples/protocol-1aa2c3b1a1e00ce3.protocol.6a87d486-cgu.1.rcgu.o" "/opt/rustwide/target/debug/examples/protocol-1aa2c3b1a1e00ce3.protocol.6a87d486-cgu.10.rcgu.o" "/opt/rustwide/target/debug/examples/protocol-1aa2c3b1a1e00ce3.protocol.6a87d486-cgu.11.rcgu.o" "/opt/rustwide/target/debug/examples/protocol-1aa2c3b1a1e00ce3.protocol.6a87d486-cgu.12.rcgu.o" "/opt/rustwide/target/debug/examples/protocol-1aa2c3b1a1e00ce3.protocol.6a87d486-cgu.13.rcgu.o" "/opt/rustwide/target/debug/examples/protocol-1aa2c3b1a1e00ce3.protocol.6a87d486-cgu.14.rcgu.o" "/opt/rustwide/target/debug/examples/protocol-1aa2c3b1a1e00ce3.protocol.6a87d486-cgu.15.rcgu.o" "/opt/rustwide/target/debug/examples/protocol-1aa2c3b1a1e00ce3.protocol.6a87d486-cgu.2.rcgu.o" "/opt/rustwide/target/debug/examples/protocol-1aa2c3b1a1e00ce3.protocol.6a87d486-cgu.3.rcgu.o" "/opt/rustwide/target/debug/examples/protocol-1aa2c3b1a1e00ce3.protocol.6a87d486-cgu.4.rcgu.o" "/opt/rustwide/target/debug/examples/protocol-1aa2c3b1a1e00ce3.protocol.6a87d486-cgu.5.rcgu.o" "/opt/rustwide/target/debug/examples/protocol-1aa2c3b1a1e00ce3.protocol.6a87d486-cgu.6.rcgu.o" "/opt/rustwide/target/debug/examples/protocol-1aa2c3b1a1e00ce3.protocol.6a87d486-cgu.7.rcgu.o" "/opt/rustwide/target/debug/examples/protocol-1aa2c3b1a1e00ce3.protocol.6a87d486-cgu.8.rcgu.o" "/opt/rustwide/target/debug/examples/protocol-1aa2c3b1a1e00ce3.protocol.6a87d486-cgu.9.rcgu.o" "/opt/rustwide/target/debug/examples/protocol-1aa2c3b1a1e00ce3.eky8lyhv4f3vvo1.rcgu.o" "-Wl,--as-needed" "-L" "/opt/rustwide/target/debug/deps" "-L" "/opt/rustwide/rustup-home/toolchains/1.69.0-x86_64-unknown-linux-gnu/lib/rustlib/x86_64-unknown-linux-gnu/lib" "-Wl,-Bstatic" "/opt/rustwide/target/debug/deps/liblibmpv-4713c2f4ddc31d13.rlib" "/opt/rustwide/target/debug/deps/liblibmpv_sys-7cead77f571c066e.rlib" "/opt/rustwide/rustup-home/toolchains/1.69.0-x86_64-unknown-linux-gnu/lib/rustlib/x86_64-unknown-linux-gnu/lib/libstd-89bc084783fdc439.rlib" "/opt/rustwide/rustup-home/toolchains/1.69.0-x86_64-unknown-linux-gnu/lib/rustlib/x86_64-unknown-linux-gnu/lib/libpanic_unwind-8bee4b287d4367c1.rlib" "/opt/rustwide/rustup-home/toolchains/1.69.0-x86_64-unknown-linux-gnu/lib/rustlib/x86_64-unknown-linux-gnu/lib/libobject-d61707aed80694c0.rlib" "/opt/rustwide/rustup-home/toolchains/1.69.0-x86_64-unknown-linux-gnu/lib/rustlib/x86_64-unknown-linux-gnu/lib/libmemchr-d85366256f22345b.rlib" "/opt/rustwide/rustup-home/toolchains/1.69.0-x86_64-unknown-linux-gnu/lib/rustlib/x86_64-unknown-linux-gnu/lib/libaddr2line-96069b86b8a8cae9.rlib" "/opt/rustwide/rustup-home/toolchains/1.69.0-x86_64-unknown-linux-gnu/lib/rustlib/x86_64-unknown-linux-gnu/lib/libgimli-d19d53abf68dfa6c.rlib" "/opt/rustwide/rustup-home/toolchains/1.69.0-x86_64-unknown-linux-gnu/lib/rustlib/x86_64-unknown-linux-gnu/lib/librustc_demangle-787cbccd19d64ac6.rlib" "/opt/rustwide/rustup-home/toolchains/1.69.0-x86_64-unknown-linux-gnu/lib/rustlib/x86_64-unknown-linux-gnu/lib/libstd_detect-b3837a36b830e0d0.rlib" "/opt/rustwide/rustup-home/toolchains/1.69.0-x86_64-unknown-linux-gnu/lib/rustlib/x86_64-unknown-linux-gnu/lib/libhashbrown-e3deb0e7e3f04966.rlib" "/opt/rustwide/rustup-home/toolchains/1.69.0-x86_64-unknown-linux-gnu/lib/rustlib/x86_64-unknown-linux-gnu/lib/libminiz_oxide-dabbb79c9815def4.rlib" "/opt/rustwide/rustup-home/toolchains/1.69.0-x86_64-unknown-linux-gnu/lib/rustlib/x86_64-unknown-linux-gnu/lib/libadler-305b01f34c9409f2.rlib" "/opt/rustwide/rustup-home/toolchains/1.69.0-x86_64-unknown-linux-gnu/lib/rustlib/x86_64-unknown-linux-gnu/lib/librustc_std_workspace_alloc-f833521df6074e73.rlib" "/opt/rustwide/rustup-home/toolchains/1.69.0-x86_64-unknown-linux-gnu/lib/rustlib/x86_64-unknown-linux-gnu/lib/libunwind-9ac333113350d171.rlib" "/opt/rustwide/rustup-home/toolchains/1.69.0-x86_64-unknown-linux-gnu/lib/rustlib/x86_64-unknown-linux-gnu/lib/libcfg_if-1c126114322d0eee.rlib" "/opt/rustwide/rustup-home/toolchains/1.69.0-x86_64-unknown-linux-gnu/lib/rustlib/x86_64-unknown-linux-gnu/lib/liblibc-bad9164fdeeecf92.rlib" "/opt/rustwide/rustup-home/toolchains/1.69.0-x86_64-unknown-linux-gnu/lib/rustlib/x86_64-unknown-linux-gnu/lib/liballoc-f9374b1e480fa681.rlib" "/opt/rustwide/rustup-home/toolchains/1.69.0-x86_64-unknown-linux-gnu/lib/rustlib/x86_64-unknown-linux-gnu/lib/librustc_std_workspace_core-207f06e41d9603af.rlib" "/opt/rustwide/rustup-home/toolchains/1.69.0-x86_64-unknown-linux-gnu/lib/rustlib/x86_64-unknown-linux-gnu/lib/libcore-7e2768e66e984e85.rlib" "/opt/rustwide/rustup-home/toolchains/1.69.0-x86_64-unknown-linux-gnu/lib/rustlib/x86_64-unknown-linux-gnu/lib/libcompiler_builtins-957b4aff41f8cd46.rlib" "-Wl,-Bdynamic" "-lmpv" "-lgcc_s" "-lutil" "-lrt" "-lpthread" "-lm" "-ldl" "-lc" "-Wl,--eh-frame-hdr" "-Wl,-z,noexecstack" "-L" "/opt/rustwide/rustup-home/toolchains/1.69.0-x86_64-unknown-linux-gnu/lib/rustlib/x86_64-unknown-linux-gnu/lib" "-o" "/opt/rustwide/target/debug/examples/protocol-1aa2c3b1a1e00ce3" "-Wl,--gc-sections" "-pie" "-Wl,-z,relro,-z,now" "-nodefaultlibs"
[INFO] [stdout]   = note: /usr/bin/ld: cannot find -lmpv: No such file or directory
[INFO] [stdout]           collect2: error: ld returned 1 exit status
[INFO] [stdout]           
[INFO] [stdout] 
[INFO] [stdout] 
[INFO] [stdout] error: aborting due to previous error
[INFO] [stdout] 
[INFO] [stdout] 
[INFO] [stderr] error: could not compile `libmpv-sirno` due to 2 previous errors
[INFO] [stderr] warning: build failed, waiting for other jobs to finish...
[INFO] [stdout] error: linking with `cc` failed: exit status: 1
[INFO] [stdout]   |
[INFO] [stdout]   = note: LC_ALL="C" PATH="/opt/rustwide/rustup-home/toolchains/1.69.0-x86_64-unknown-linux-gnu/lib/rustlib/x86_64-unknown-linux-gnu/bin:/opt/rustwide/cargo-home/bin:/usr/local/sbin:/usr/local/bin:/usr/sbin:/usr/bin:/sbin:/bin" VSLANG="1033" "cc" "-m64" "/tmp/rustc0aXRTu/symbols.o" "/opt/rustwide/target/debug/examples/events-db5c6b47cb76d640.events.79f121b9-cgu.0.rcgu.o" "/opt/rustwide/target/debug/examples/events-db5c6b47cb76d640.events.79f121b9-cgu.1.rcgu.o" "/opt/rustwide/target/debug/examples/events-db5c6b47cb76d640.events.79f121b9-cgu.10.rcgu.o" "/opt/rustwide/target/debug/examples/events-db5c6b47cb76d640.events.79f121b9-cgu.11.rcgu.o" "/opt/rustwide/target/debug/examples/events-db5c6b47cb76d640.events.79f121b9-cgu.12.rcgu.o" "/opt/rustwide/target/debug/examples/events-db5c6b47cb76d640.events.79f121b9-cgu.13.rcgu.o" "/opt/rustwide/target/debug/examples/events-db5c6b47cb76d640.events.79f121b9-cgu.14.rcgu.o" "/opt/rustwide/target/debug/examples/events-db5c6b47cb76d640.events.79f121b9-cgu.15.rcgu.o" "/opt/rustwide/target/debug/examples/events-db5c6b47cb76d640.events.79f121b9-cgu.2.rcgu.o" "/opt/rustwide/target/debug/examples/events-db5c6b47cb76d640.events.79f121b9-cgu.3.rcgu.o" "/opt/rustwide/target/debug/examples/events-db5c6b47cb76d640.events.79f121b9-cgu.4.rcgu.o" "/opt/rustwide/target/debug/examples/events-db5c6b47cb76d640.events.79f121b9-cgu.5.rcgu.o" "/opt/rustwide/target/debug/examples/events-db5c6b47cb76d640.events.79f121b9-cgu.6.rcgu.o" "/opt/rustwide/target/debug/examples/events-db5c6b47cb76d640.events.79f121b9-cgu.7.rcgu.o" "/opt/rustwide/target/debug/examples/events-db5c6b47cb76d640.events.79f121b9-cgu.8.rcgu.o" "/opt/rustwide/target/debug/examples/events-db5c6b47cb76d640.events.79f121b9-cgu.9.rcgu.o" "/opt/rustwide/target/debug/examples/events-db5c6b47cb76d640.49i8z10zo0n4v7py.rcgu.o" "-Wl,--as-needed" "-L" "/opt/rustwide/target/debug/deps" "-L" "/opt/rustwide/rustup-home/toolchains/1.69.0-x86_64-unknown-linux-gnu/lib/rustlib/x86_64-unknown-linux-gnu/lib" "-Wl,-Bstatic" "/opt/rustwide/target/debug/deps/libcrossbeam-717f034db973ac7d.rlib" "/opt/rustwide/target/debug/deps/libcrossbeam_queue-ce828c6e90cd5c88.rlib" "/opt/rustwide/target/debug/deps/libcrossbeam_channel-577280d6a1a5f9f6.rlib" "/opt/rustwide/target/debug/deps/libcrossbeam_deque-b363b7aee452f3db.rlib" "/opt/rustwide/target/debug/deps/libcrossbeam_epoch-1910ae28a01fa15d.rlib" "/opt/rustwide/target/debug/deps/libscopeguard-f471875f675163b5.rlib" "/opt/rustwide/target/debug/deps/libmemoffset-5d86c77619b4024d.rlib" "/opt/rustwide/target/debug/deps/libcrossbeam_utils-0656ff82b4eacde9.rlib" "/opt/rustwide/target/debug/deps/liblazy_static-a15e1ed0a3c31761.rlib" "/opt/rustwide/target/debug/deps/libmaybe_uninit-7358fb81ee8e07ae.rlib" "/opt/rustwide/target/debug/deps/libcfg_if-a245e09a5738c6b4.rlib" "/opt/rustwide/target/debug/deps/liblibmpv-4713c2f4ddc31d13.rlib" "/opt/rustwide/target/debug/deps/liblibmpv_sys-7cead77f571c066e.rlib" "/opt/rustwide/rustup-home/toolchains/1.69.0-x86_64-unknown-linux-gnu/lib/rustlib/x86_64-unknown-linux-gnu/lib/libstd-89bc084783fdc439.rlib" "/opt/rustwide/rustup-home/toolchains/1.69.0-x86_64-unknown-linux-gnu/lib/rustlib/x86_64-unknown-linux-gnu/lib/libpanic_unwind-8bee4b287d4367c1.rlib" "/opt/rustwide/rustup-home/toolchains/1.69.0-x86_64-unknown-linux-gnu/lib/rustlib/x86_64-unknown-linux-gnu/lib/libobject-d61707aed80694c0.rlib" "/opt/rustwide/rustup-home/toolchains/1.69.0-x86_64-unknown-linux-gnu/lib/rustlib/x86_64-unknown-linux-gnu/lib/libmemchr-d85366256f22345b.rlib" "/opt/rustwide/rustup-home/toolchains/1.69.0-x86_64-unknown-linux-gnu/lib/rustlib/x86_64-unknown-linux-gnu/lib/libaddr2line-96069b86b8a8cae9.rlib" "/opt/rustwide/rustup-home/toolchains/1.69.0-x86_64-unknown-linux-gnu/lib/rustlib/x86_64-unknown-linux-gnu/lib/libgimli-d19d53abf68dfa6c.rlib" "/opt/rustwide/rustup-home/toolchains/1.69.0-x86_64-unknown-linux-gnu/lib/rustlib/x86_64-unknown-linux-gnu/lib/librustc_demangle-787cbccd19d64ac6.rlib" "/opt/rustwide/rustup-home/toolchains/1.69.0-x86_64-unknown-linux-gnu/lib/rustlib/x86_64-unknown-linux-gnu/lib/libstd_detect-b3837a36b830e0d0.rlib" "/opt/rustwide/rustup-home/toolchains/1.69.0-x86_64-unknown-linux-gnu/lib/rustlib/x86_64-unknown-linux-gnu/lib/libhashbrown-e3deb0e7e3f04966.rlib" "/opt/rustwide/rustup-home/toolchains/1.69.0-x86_64-unknown-linux-gnu/lib/rustlib/x86_64-unknown-linux-gnu/lib/libminiz_oxide-dabbb79c9815def4.rlib" "/opt/rustwide/rustup-home/toolchains/1.69.0-x86_64-unknown-linux-gnu/lib/rustlib/x86_64-unknown-linux-gnu/lib/libadler-305b01f34c9409f2.rlib" "/opt/rustwide/rustup-home/toolchains/1.69.0-x86_64-unknown-linux-gnu/lib/rustlib/x86_64-unknown-linux-gnu/lib/librustc_std_workspace_alloc-f833521df6074e73.rlib" "/opt/rustwide/rustup-home/toolchains/1.69.0-x86_64-unknown-linux-gnu/lib/rustlib/x86_64-unknown-linux-gnu/lib/libunwind-9ac333113350d171.rlib" "/opt/rustwide/rustup-home/toolchains/1.69.0-x86_64-unknown-linux-gnu/lib/rustlib/x86_64-unknown-linux-gnu/lib/libcfg_if-1c126114322d0eee.rlib" "/opt/rustwide/rustup-home/toolchains/1.69.0-x86_64-unknown-linux-gnu/lib/rustlib/x86_64-unknown-linux-gnu/lib/liblibc-bad9164fdeeecf92.rlib" "/opt/rustwide/rustup-home/toolchains/1.69.0-x86_64-unknown-linux-gnu/lib/rustlib/x86_64-unknown-linux-gnu/lib/liballoc-f9374b1e480fa681.rlib" "/opt/rustwide/rustup-home/toolchains/1.69.0-x86_64-unknown-linux-gnu/lib/rustlib/x86_64-unknown-linux-gnu/lib/librustc_std_workspace_core-207f06e41d9603af.rlib" "/opt/rustwide/rustup-home/toolchains/1.69.0-x86_64-unknown-linux-gnu/lib/rustlib/x86_64-unknown-linux-gnu/lib/libcore-7e2768e66e984e85.rlib" "/opt/rustwide/rustup-home/toolchains/1.69.0-x86_64-unknown-linux-gnu/lib/rustlib/x86_64-unknown-linux-gnu/lib/libcompiler_builtins-957b4aff41f8cd46.rlib" "-Wl,-Bdynamic" "-lmpv" "-lgcc_s" "-lutil" "-lrt" "-lpthread" "-lm" "-ldl" "-lc" "-Wl,--eh-frame-hdr" "-Wl,-z,noexecstack" "-L" "/opt/rustwide/rustup-home/toolchains/1.69.0-x86_64-unknown-linux-gnu/lib/rustlib/x86_64-unknown-linux-gnu/lib" "-o" "/opt/rustwide/target/debug/examples/events-db5c6b47cb76d640" "-Wl,--gc-sections" "-pie" "-Wl,-z,relro,-z,now" "-nodefaultlibs"
[INFO] [stdout]   = note: /usr/bin/ld: cannot find -lmpv: No such file or directory
[INFO] [stdout]           collect2: error: ld returned 1 exit status
[INFO] [stdout]           
[INFO] [stdout] 
[INFO] [stdout] 
[INFO] [stdout] error: aborting due to previous error
[INFO] [stdout] 
[INFO] [stdout] 
[INFO] [stderr] error: could not compile `libmpv-sirno` due to 2 previous errors
[INFO] [stdout] error: linking with `cc` failed: exit status: 1
[INFO] [stdout]   |
[INFO] [stdout]   = note: LC_ALL="C" PATH="/opt/rustwide/rustup-home/toolchains/1.69.0-x86_64-unknown-linux-gnu/lib/rustlib/x86_64-unknown-linux-gnu/bin:/opt/rustwide/cargo-home/bin:/usr/local/sbin:/usr/local/bin:/usr/sbin:/usr/bin:/sbin:/bin" VSLANG="1033" "cc" "-m64" "/tmp/rustcXdCGdU/symbols.o" "/opt/rustwide/target/debug/deps/libmpv-6bdff1f593b2e7fd.libmpv.7270f61e-cgu.0.rcgu.o" "/opt/rustwide/target/debug/deps/libmpv-6bdff1f593b2e7fd.libmpv.7270f61e-cgu.1.rcgu.o" "/opt/rustwide/target/debug/deps/libmpv-6bdff1f593b2e7fd.libmpv.7270f61e-cgu.10.rcgu.o" "/opt/rustwide/target/debug/deps/libmpv-6bdff1f593b2e7fd.libmpv.7270f61e-cgu.11.rcgu.o" "/opt/rustwide/target/debug/deps/libmpv-6bdff1f593b2e7fd.libmpv.7270f61e-cgu.12.rcgu.o" "/opt/rustwide/target/debug/deps/libmpv-6bdff1f593b2e7fd.libmpv.7270f61e-cgu.13.rcgu.o" "/opt/rustwide/target/debug/deps/libmpv-6bdff1f593b2e7fd.libmpv.7270f61e-cgu.14.rcgu.o" "/opt/rustwide/target/debug/deps/libmpv-6bdff1f593b2e7fd.libmpv.7270f61e-cgu.15.rcgu.o" "/opt/rustwide/target/debug/deps/libmpv-6bdff1f593b2e7fd.libmpv.7270f61e-cgu.2.rcgu.o" "/opt/rustwide/target/debug/deps/libmpv-6bdff1f593b2e7fd.libmpv.7270f61e-cgu.3.rcgu.o" "/opt/rustwide/target/debug/deps/libmpv-6bdff1f593b2e7fd.libmpv.7270f61e-cgu.4.rcgu.o" "/opt/rustwide/target/debug/deps/libmpv-6bdff1f593b2e7fd.libmpv.7270f61e-cgu.5.rcgu.o" "/opt/rustwide/target/debug/deps/libmpv-6bdff1f593b2e7fd.libmpv.7270f61e-cgu.6.rcgu.o" "/opt/rustwide/target/debug/deps/libmpv-6bdff1f593b2e7fd.libmpv.7270f61e-cgu.7.rcgu.o" "/opt/rustwide/target/debug/deps/libmpv-6bdff1f593b2e7fd.libmpv.7270f61e-cgu.8.rcgu.o" "/opt/rustwide/target/debug/deps/libmpv-6bdff1f593b2e7fd.libmpv.7270f61e-cgu.9.rcgu.o" "/opt/rustwide/target/debug/deps/libmpv-6bdff1f593b2e7fd.15ks7gl8ovtkkb5n.rcgu.o" "-Wl,--as-needed" "-L" "/opt/rustwide/target/debug/deps" "-L" "/opt/rustwide/rustup-home/toolchains/1.69.0-x86_64-unknown-linux-gnu/lib/rustlib/x86_64-unknown-linux-gnu/lib" "-Wl,-Bstatic" "/opt/rustwide/rustup-home/toolchains/1.69.0-x86_64-unknown-linux-gnu/lib/rustlib/x86_64-unknown-linux-gnu/lib/libtest-7791a6353d4a7929.rlib" "/opt/rustwide/rustup-home/toolchains/1.69.0-x86_64-unknown-linux-gnu/lib/rustlib/x86_64-unknown-linux-gnu/lib/libgetopts-7b17724e9ce90a72.rlib" "/opt/rustwide/rustup-home/toolchains/1.69.0-x86_64-unknown-linux-gnu/lib/rustlib/x86_64-unknown-linux-gnu/lib/libunicode_width-596f8ce9d30a755e.rlib" "/opt/rustwide/rustup-home/toolchains/1.69.0-x86_64-unknown-linux-gnu/lib/rustlib/x86_64-unknown-linux-gnu/lib/librustc_std_workspace_std-da04f86254de594f.rlib" "/opt/rustwide/target/debug/deps/liblibmpv_sys-7cead77f571c066e.rlib" "/opt/rustwide/rustup-home/toolchains/1.69.0-x86_64-unknown-linux-gnu/lib/rustlib/x86_64-unknown-linux-gnu/lib/libstd-89bc084783fdc439.rlib" "/opt/rustwide/rustup-home/toolchains/1.69.0-x86_64-unknown-linux-gnu/lib/rustlib/x86_64-unknown-linux-gnu/lib/libpanic_unwind-8bee4b287d4367c1.rlib" "/opt/rustwide/rustup-home/toolchains/1.69.0-x86_64-unknown-linux-gnu/lib/rustlib/x86_64-unknown-linux-gnu/lib/libobject-d61707aed80694c0.rlib" "/opt/rustwide/rustup-home/toolchains/1.69.0-x86_64-unknown-linux-gnu/lib/rustlib/x86_64-unknown-linux-gnu/lib/libmemchr-d85366256f22345b.rlib" "/opt/rustwide/rustup-home/toolchains/1.69.0-x86_64-unknown-linux-gnu/lib/rustlib/x86_64-unknown-linux-gnu/lib/libaddr2line-96069b86b8a8cae9.rlib" "/opt/rustwide/rustup-home/toolchains/1.69.0-x86_64-unknown-linux-gnu/lib/rustlib/x86_64-unknown-linux-gnu/lib/libgimli-d19d53abf68dfa6c.rlib" "/opt/rustwide/rustup-home/toolchains/1.69.0-x86_64-unknown-linux-gnu/lib/rustlib/x86_64-unknown-linux-gnu/lib/librustc_demangle-787cbccd19d64ac6.rlib" "/opt/rustwide/rustup-home/toolchains/1.69.0-x86_64-unknown-linux-gnu/lib/rustlib/x86_64-unknown-linux-gnu/lib/libstd_detect-b3837a36b830e0d0.rlib" "/opt/rustwide/rustup-home/toolchains/1.69.0-x86_64-unknown-linux-gnu/lib/rustlib/x86_64-unknown-linux-gnu/lib/libhashbrown-e3deb0e7e3f04966.rlib" "/opt/rustwide/rustup-home/toolchains/1.69.0-x86_64-unknown-linux-gnu/lib/rustlib/x86_64-unknown-linux-gnu/lib/libminiz_oxide-dabbb79c9815def4.rlib" "/opt/rustwide/rustup-home/toolchains/1.69.0-x86_64-unknown-linux-gnu/lib/rustlib/x86_64-unknown-linux-gnu/lib/libadler-305b01f34c9409f2.rlib" "/opt/rustwide/rustup-home/toolchains/1.69.0-x86_64-unknown-linux-gnu/lib/rustlib/x86_64-unknown-linux-gnu/lib/librustc_std_workspace_alloc-f833521df6074e73.rlib" "/opt/rustwide/rustup-home/toolchains/1.69.0-x86_64-unknown-linux-gnu/lib/rustlib/x86_64-unknown-linux-gnu/lib/libunwind-9ac333113350d171.rlib" "/opt/rustwide/rustup-home/toolchains/1.69.0-x86_64-unknown-linux-gnu/lib/rustlib/x86_64-unknown-linux-gnu/lib/libcfg_if-1c126114322d0eee.rlib" "/opt/rustwide/rustup-home/toolchains/1.69.0-x86_64-unknown-linux-gnu/lib/rustlib/x86_64-unknown-linux-gnu/lib/liblibc-bad9164fdeeecf92.rlib" "/opt/rustwide/rustup-home/toolchains/1.69.0-x86_64-unknown-linux-gnu/lib/rustlib/x86_64-unknown-linux-gnu/lib/liballoc-f9374b1e480fa681.rlib" "/opt/rustwide/rustup-home/toolchains/1.69.0-x86_64-unknown-linux-gnu/lib/rustlib/x86_64-unknown-linux-gnu/lib/librustc_std_workspace_core-207f06e41d9603af.rlib" "/opt/rustwide/rustup-home/toolchains/1.69.0-x86_64-unknown-linux-gnu/lib/rustlib/x86_64-unknown-linux-gnu/lib/libcore-7e2768e66e984e85.rlib" "/opt/rustwide/rustup-home/toolchains/1.69.0-x86_64-unknown-linux-gnu/lib/rustlib/x86_64-unknown-linux-gnu/lib/libcompiler_builtins-957b4aff41f8cd46.rlib" "-Wl,-Bdynamic" "-lmpv" "-lgcc_s" "-lutil" "-lrt" "-lpthread" "-lm" "-ldl" "-lc" "-Wl,--eh-frame-hdr" "-Wl,-z,noexecstack" "-L" "/opt/rustwide/rustup-home/toolchains/1.69.0-x86_64-unknown-linux-gnu/lib/rustlib/x86_64-unknown-linux-gnu/lib" "-o" "/opt/rustwide/target/debug/deps/libmpv-6bdff1f593b2e7fd" "-Wl,--gc-sections" "-pie" "-Wl,-z,relro,-z,now" "-nodefaultlibs"
[INFO] [stdout]   = note: /usr/bin/ld: cannot find -lmpv: No such file or directory
[INFO] [stdout]           collect2: error: ld returned 1 exit status
[INFO] [stdout]           
[INFO] [stdout] 
[INFO] [stdout] 
[INFO] [stdout] error: aborting due to previous error
[INFO] [stdout] 
[INFO] [stdout] 
[INFO] [stderr] error: could not compile `libmpv-sirno` due to 2 previous errors
[INFO] running `Command { std: "docker" "inspect" "b546718caef694f0e69350025a54905f1554aee22e7ca0b1d14e150b82204617", kill_on_drop: false }`
[INFO] running `Command { std: "docker" "rm" "-f" "b546718caef694f0e69350025a54905f1554aee22e7ca0b1d14e150b82204617", kill_on_drop: false }`
[INFO] [stdout] b546718caef694f0e69350025a54905f1554aee22e7ca0b1d14e150b82204617
