[INFO] fetching crate libjxl-src 0.7.6...
[INFO] testing libjxl-src-0.7.6 against beta-2023-04-20 for beta-1.70-1
[INFO] extracting crate libjxl-src 0.7.6 into /workspace/builds/worker-6-tc2/source
[INFO] validating manifest of crates.io crate libjxl-src 0.7.6 on toolchain beta-2023-04-20
[INFO] running `Command { std: CARGO_HOME="/workspace/cargo-home" RUSTUP_HOME="/workspace/rustup-home" "/workspace/cargo-home/bin/cargo" "+beta-2023-04-20" "metadata" "--manifest-path" "Cargo.toml" "--no-deps", kill_on_drop: false }`
[INFO] started tweaking crates.io crate libjxl-src 0.7.6
[INFO] finished tweaking crates.io crate libjxl-src 0.7.6
[INFO] tweaked toml for crates.io crate libjxl-src 0.7.6 written to /workspace/builds/worker-6-tc2/source/Cargo.toml
[INFO] running `Command { std: CARGO_HOME="/workspace/cargo-home" RUSTUP_HOME="/workspace/rustup-home" __CARGO_TEST_CHANNEL_OVERRIDE_DO_NOT_USE_THIS="nightly" "/workspace/cargo-home/bin/cargo" "+beta-2023-04-20" "generate-lockfile" "--manifest-path" "Cargo.toml" "-Zno-index-update", kill_on_drop: false }`
[INFO] running `Command { std: CARGO_HOME="/workspace/cargo-home" RUSTUP_HOME="/workspace/rustup-home" "/workspace/cargo-home/bin/cargo" "+beta-2023-04-20" "fetch" "--manifest-path" "Cargo.toml", kill_on_drop: false }`
[INFO] running `Command { std: "docker" "create" "-v" "/var/lib/crater-agent-workspace/builds/worker-6-tc2/target:/opt/rustwide/target:rw,Z" "-v" "/var/lib/crater-agent-workspace/builds/worker-6-tc2/source:/opt/rustwide/workdir:ro,Z" "-v" "/var/lib/crater-agent-workspace/cargo-home:/opt/rustwide/cargo-home:ro,Z" "-v" "/var/lib/crater-agent-workspace/rustup-home:/opt/rustwide/rustup-home:ro,Z" "-e" "SOURCE_DIR=/opt/rustwide/workdir" "-e" "CARGO_TARGET_DIR=/opt/rustwide/target" "-e" "CARGO_HOME=/opt/rustwide/cargo-home" "-e" "RUSTUP_HOME=/opt/rustwide/rustup-home" "-w" "/opt/rustwide/workdir" "-m" "1610612736" "--user" "0:0" "--network" "none" "ghcr.io/rust-lang/crates-build-env/linux@sha256:5ff2268d62e97bff2cde7d5815dd6ed5b47097566f13b8d0ca110b04b60e07ed" "/opt/rustwide/cargo-home/bin/cargo" "+beta-2023-04-20" "metadata" "--no-deps" "--format-version=1", kill_on_drop: false }`
[INFO] [stdout] f33314e5816a53938c67addeb8e2f13bbe4c7be597b657c2bb491f6218086b89
[INFO] running `Command { std: "docker" "start" "-a" "f33314e5816a53938c67addeb8e2f13bbe4c7be597b657c2bb491f6218086b89", kill_on_drop: false }`
[INFO] running `Command { std: "docker" "inspect" "f33314e5816a53938c67addeb8e2f13bbe4c7be597b657c2bb491f6218086b89", kill_on_drop: false }`
[INFO] running `Command { std: "docker" "rm" "-f" "f33314e5816a53938c67addeb8e2f13bbe4c7be597b657c2bb491f6218086b89", kill_on_drop: false }`
[INFO] [stdout] f33314e5816a53938c67addeb8e2f13bbe4c7be597b657c2bb491f6218086b89
[INFO] running `Command { std: "docker" "create" "-v" "/var/lib/crater-agent-workspace/builds/worker-6-tc2/target:/opt/rustwide/target:rw,Z" "-v" "/var/lib/crater-agent-workspace/builds/worker-6-tc2/source:/opt/rustwide/workdir:ro,Z" "-v" "/var/lib/crater-agent-workspace/cargo-home:/opt/rustwide/cargo-home:ro,Z" "-v" "/var/lib/crater-agent-workspace/rustup-home:/opt/rustwide/rustup-home:ro,Z" "-e" "SOURCE_DIR=/opt/rustwide/workdir" "-e" "CARGO_TARGET_DIR=/opt/rustwide/target" "-e" "CARGO_INCREMENTAL=0" "-e" "RUST_BACKTRACE=full" "-e" "RUSTFLAGS=--cap-lints=warn" "-e" "RUSTDOCFLAGS=--cap-lints=warn" "-e" "CARGO_HOME=/opt/rustwide/cargo-home" "-e" "RUSTUP_HOME=/opt/rustwide/rustup-home" "-w" "/opt/rustwide/workdir" "-m" "1610612736" "--user" "0:0" "--network" "none" "ghcr.io/rust-lang/crates-build-env/linux@sha256:5ff2268d62e97bff2cde7d5815dd6ed5b47097566f13b8d0ca110b04b60e07ed" "/opt/rustwide/cargo-home/bin/cargo" "+beta-2023-04-20" "build" "--frozen" "--message-format=json", kill_on_drop: false }`
[INFO] [stdout] b7b573dfee3305552565d965b5342d325cb09fc3c05af3e931dfdb9490163067
[INFO] running `Command { std: "docker" "start" "-a" "b7b573dfee3305552565d965b5342d325cb09fc3c05af3e931dfdb9490163067", kill_on_drop: false }`
[INFO] [stderr]    Compiling cc v1.0.79
[INFO] [stderr]    Compiling cmake v0.1.50
[INFO] [stderr]    Compiling libjxl-src v0.7.6 (/opt/rustwide/workdir)
[INFO] [stderr] error: failed to run custom build command for `libjxl-src v0.7.6 (/opt/rustwide/workdir)`
[INFO] [stderr] note: To improve backtraces for build dependencies, set the CARGO_PROFILE_DEV_BUILD_OVERRIDE_DEBUG=true environment variable to enable debug information generation.
[INFO] [stderr] 
[INFO] [stderr] Caused by:
[INFO] [stderr]   process didn't exit successfully: `/opt/rustwide/target/debug/build/libjxl-src-bb119e9b6e8a8c7a/build-script-build` (exit status: 101)
[INFO] [stderr]   --- stdout
[INFO] [stderr]   CMAKE_TOOLCHAIN_FILE_x86_64-unknown-linux-gnu = None
[INFO] [stderr]   CMAKE_TOOLCHAIN_FILE_x86_64_unknown_linux_gnu = None
[INFO] [stderr]   HOST_CMAKE_TOOLCHAIN_FILE = None
[INFO] [stderr]   CMAKE_TOOLCHAIN_FILE = None
[INFO] [stderr]   CMAKE_GENERATOR_x86_64-unknown-linux-gnu = None
[INFO] [stderr]   CMAKE_GENERATOR_x86_64_unknown_linux_gnu = None
[INFO] [stderr]   HOST_CMAKE_GENERATOR = None
[INFO] [stderr]   CMAKE_GENERATOR = None
[INFO] [stderr]   CMAKE_PREFIX_PATH_x86_64-unknown-linux-gnu = None
[INFO] [stderr]   CMAKE_PREFIX_PATH_x86_64_unknown_linux_gnu = None
[INFO] [stderr]   HOST_CMAKE_PREFIX_PATH = None
[INFO] [stderr]   CMAKE_PREFIX_PATH = None
[INFO] [stderr]   CMAKE_x86_64-unknown-linux-gnu = None
[INFO] [stderr]   CMAKE_x86_64_unknown_linux_gnu = None
[INFO] [stderr]   HOST_CMAKE = None
[INFO] [stderr]   CMAKE = None
[INFO] [stderr]   running: cd "/opt/rustwide/target/debug/build/libjxl-src-15b29488c9b80047/out/build" && CMAKE_PREFIX_PATH="" "cmake" "/opt/rustwide/workdir/submodules/libjxl" "-DJPEGXL_ENABLE_OPENEXR=OFF" "-DJPEGXL_ENABLE_BENCHMARK=OFF" "-DJPEGXL_STATIC=ON" "-DBUILD_TESTING=OFF" "-DJPEGXL_ENABLE_EXAMPLES=OFF" "-DJPEGXL_ENABLE_TOOLS=OFF" "-DCMAKE_INSTALL_PREFIX=/opt/rustwide/target/debug/build/libjxl-src-15b29488c9b80047/out" "-DCMAKE_C_FLAGS= -ffunction-sections -fdata-sections -fPIC -m64" "-DCMAKE_C_COMPILER=/usr/bin/cc" "-DCMAKE_CXX_FLAGS= -ffunction-sections -fdata-sections -fPIC -m64" "-DCMAKE_CXX_COMPILER=/usr/bin/c++" "-DCMAKE_ASM_FLAGS= -ffunction-sections -fdata-sections -fPIC -m64" "-DCMAKE_ASM_COMPILER=/usr/bin/cc" "-DCMAKE_BUILD_TYPE=Debug"
[INFO] [stderr]   -- The C compiler identification is GNU 11.3.0
[INFO] [stderr]   -- The CXX compiler identification is GNU 11.3.0
[INFO] [stderr]   -- Detecting C compiler ABI info
[INFO] [stderr]   -- Detecting C compiler ABI info - done
[INFO] [stderr]   -- Check for working C compiler: /usr/bin/cc - skipped
[INFO] [stderr]   -- Detecting C compile features
[INFO] [stderr]   -- Detecting C compile features - done
[INFO] [stderr]   -- Detecting CXX compiler ABI info
[INFO] [stderr]   -- Detecting CXX compiler ABI info - done
[INFO] [stderr]   -- Check for working CXX compiler: /usr/bin/c++ - skipped
[INFO] [stderr]   -- Detecting CXX compile features
[INFO] [stderr]   -- Detecting CXX compile features - done
[INFO] [stderr]   -- Performing Test JPEGXL_EMSCRIPTEN
[INFO] [stderr]   -- Performing Test JPEGXL_EMSCRIPTEN - Failed
[INFO] [stderr]   -- CMAKE_SYSTEM_PROCESSOR is x86_64
[INFO] [stderr]   -- Performing Test CXX_FUZZERS_SUPPORTED
[INFO] [stderr]   -- Performing Test CXX_FUZZERS_SUPPORTED - Failed
[INFO] [stderr]   -- Performing Test CXX_CONSTRUCTOR_ALIASES_SUPPORTED
[INFO] [stderr]   -- Performing Test CXX_CONSTRUCTOR_ALIASES_SUPPORTED - Failed
[INFO] [stderr]   -- Performing Test CXX_MACRO_PREFIX_MAP
[INFO] [stderr]   -- Performing Test CXX_MACRO_PREFIX_MAP - Success
[INFO] [stderr]   -- Performing Test CXX_NO_RTTI_SUPPORTED
[INFO] [stderr]   -- Performing Test CXX_NO_RTTI_SUPPORTED - Success
[INFO] [stderr]   -- Found PkgConfig: /usr/bin/pkg-config (found version "0.29.2") 
[INFO] [stderr]   -- tcmalloc version  -- tcmalloc 2.8.0 disabled due to https://github.com/gperftools/gperftools/issues/1204
[INFO] [stderr]   -- Compiled IDs C:GNU, C++:GNU
[INFO] [stderr]   -- Looking for pthread.h
[INFO] [stderr]   -- Looking for pthread.h - found
[INFO] [stderr]   -- Performing Test CMAKE_HAVE_LIBC_PTHREAD
[INFO] [stderr]   -- Performing Test CMAKE_HAVE_LIBC_PTHREAD - Success
[INFO] [stderr]   -- Found Threads: TRUE  
[INFO] [stderr]   -- Performing Test ATOMICS_LOCK_FREE_INSTRUCTIONS
[INFO] [stderr]   -- Performing Test ATOMICS_LOCK_FREE_INSTRUCTIONS - Success
[INFO] [stderr]   -- Using -lpthread as --whole-archive
[INFO] [stderr]   -- Performing Test HWY_EMSCRIPTEN
[INFO] [stderr]   -- Performing Test HWY_EMSCRIPTEN - Failed
[INFO] [stderr]   -- Performing Test BROTLI_EMSCRIPTEN
[INFO] [stderr]   -- Performing Test BROTLI_EMSCRIPTEN - Failed
[INFO] [stderr]   -- Looking for log2
[INFO] [stderr]   -- Looking for log2 - not found
[INFO] [stderr]   -- Looking for log2
[INFO] [stderr]   -- Looking for log2 - found
[INFO] [stderr]   -- Performing Test CXX_WPSABI_SUPPORTED
[INFO] [stderr]   -- Performing Test CXX_WPSABI_SUPPORTED - Success
[INFO] [stderr]   -- Found ZLIB: /usr/lib/x86_64-linux-gnu/libz.a (found version "1.2.11") 
[INFO] [stderr]   -- Found PNG: /usr/lib/x86_64-linux-gnu/libpng.a (found version "1.6.37") 
[INFO] [stderr]   -- Performing Test SJPEG_HAVE_FLAG___SSE2__
[INFO] [stderr]   -- Performing Test SJPEG_HAVE_FLAG___SSE2__ - Success
[INFO] [stderr]   -- Performing Test SJPEG_HAVE_FLAG___ARM_NEON__
[INFO] [stderr]   -- Performing Test SJPEG_HAVE_FLAG___ARM_NEON__ - Failed
[INFO] [stderr]   -- Performing Test SJPEG_HAVE_FLAG___ARM_NEON__
[INFO] [stderr]   -- Performing Test SJPEG_HAVE_FLAG___ARM_NEON__ - Failed
[INFO] [stderr]   -- Found JPEG: /usr/lib/x86_64-linux-gnu/libjpeg.a (found version "80") 
[INFO] [stderr]   -- Could NOT find OpenGL (missing: OPENGL_opengl_LIBRARY OPENGL_glx_LIBRARY) 
[INFO] [stderr]   -- Checking for module 'glut'
[INFO] [stderr]   --   No package 'glut' found
[INFO] [stderr]   -- Could NOT find GLUT (missing: GLUT_glut_LIBRARY GLUT_INCLUDE_DIR) 
[INFO] [stderr]   -- Performing Test COMPILER_HAS_HIDDEN_VISIBILITY
[INFO] [stderr]   -- Performing Test COMPILER_HAS_HIDDEN_VISIBILITY - Success
[INFO] [stderr]   -- Performing Test COMPILER_HAS_HIDDEN_INLINE_VISIBILITY
[INFO] [stderr]   -- Performing Test COMPILER_HAS_HIDDEN_INLINE_VISIBILITY - Success
[INFO] [stderr]   -- Performing Test COMPILER_HAS_DEPRECATED_ATTR
[INFO] [stderr]   -- Performing Test COMPILER_HAS_DEPRECATED_ATTR - Success
[INFO] [stderr]   -- Could NOT find GIF (missing: GIF_LIBRARY GIF_INCLUDE_DIR) (Required is at least version "5.1")
[INFO] [stderr]   -- Could NOT find Doxygen (missing: DOXYGEN_EXECUTABLE) 
[INFO] [stderr]   -- Building with JPEGXL_VERSION=(unknown)
[INFO] [stderr]   -- Building tools: 
[INFO] [stderr]   -- Configuring done
[INFO] [stderr]   -- Generating done
[INFO] [stderr]   -- Build files have been written to: /opt/rustwide/target/debug/build/libjxl-src-15b29488c9b80047/out/build
[INFO] [stderr]   running: cd "/opt/rustwide/target/debug/build/libjxl-src-15b29488c9b80047/out/build" && MAKEFLAGS="-j --jobserver-fds=7,8 --jobserver-auth=7,8" "cmake" "--build" "." "--target" "install" "--config" "Debug"
[INFO] [stderr]   [  0%] Building CXX object lib/CMakeFiles/jxl_dec-obj.dir/jxl/alpha.cc.o
[INFO] [stderr]   [  1%] Building CXX object lib/CMakeFiles/jxl_enc-obj.dir/jxl/butteraugli/butteraugli.cc.o
[INFO] [stderr]   [  1%] Building C object third_party/brotli/CMakeFiles/brotlicommon-static.dir/c/common/dictionary.c.o
[INFO] [stderr]   [  1%] Building CXX object lib/CMakeFiles/jxl_dec-obj.dir/jxl/ac_strategy.cc.o
[INFO] [stderr]   [  1%] Building CXX object third_party/highway/CMakeFiles/hwy.dir/hwy/aligned_allocator.cc.o
[INFO] [stderr]   [  1%] Building CXX object lib/CMakeFiles/jxl_extras_dec-obj.dir/extras/dec/color_description.cc.o
[INFO] [stderr]   [  2%] Building CXX object third_party/CMakeFiles/skcms-obj.dir/skcms/skcms.cc.o
[INFO] [stderr]   [  2%] Building CXX object lib/CMakeFiles/jxl_threads-static.dir/threads/resizable_parallel_runner.cc.o
[INFO] [stderr]   [  4%] Building CXX object lib/CMakeFiles/jxl_dec-obj.dir/jxl/ans_common.cc.o
[INFO] [stderr]   [  5%] Building C object third_party/brotli/CMakeFiles/brotlicommon-static.dir/c/common/transform.c.o
[INFO] [stderr]   [  5%] Building CXX object lib/CMakeFiles/jxl_dec-obj.dir/jxl/aux_out.cc.o
[INFO] [stderr]   [  5%] Linking C static library libbrotlicommon-static.a
[INFO] [stderr]   [  5%] Built target brotlicommon-static
[INFO] [stderr]   [  7%] Building CXX object third_party/highway/CMakeFiles/hwy.dir/hwy/nanobenchmark.cc.o
[INFO] [stderr]   [  7%] Building CXX object lib/CMakeFiles/jxl_extras_dec-obj.dir/extras/dec/color_hints.cc.o
[INFO] [stderr]   [  7%] Building C object third_party/brotli/CMakeFiles/brotlidec-static.dir/c/dec/bit_reader.c.o
[INFO] [stderr]   [  7%] Building C object third_party/brotli/CMakeFiles/brotlidec-static.dir/c/dec/decode.c.o
[INFO] [stderr]   [  8%] Building CXX object lib/CMakeFiles/jxl_threads-static.dir/threads/thread_parallel_runner.cc.o
[INFO] [stderr]   [  8%] Building CXX object lib/CMakeFiles/jxl_dec-obj.dir/jxl/base/cache_aligned.cc.o
[INFO] [stderr]   [ 10%] Building C object third_party/brotli/CMakeFiles/brotlidec-static.dir/c/dec/huffman.c.o
[INFO] [stderr]   [ 10%] Building C object third_party/brotli/CMakeFiles/brotlidec-static.dir/c/dec/state.c.o
[INFO] [stderr]   [ 10%] Linking C static library libbrotlidec-static.a
[INFO] [stderr]   [ 10%] Building CXX object lib/CMakeFiles/jxl_threads-static.dir/threads/thread_parallel_runner_internal.cc.o
[INFO] [stderr]   [ 10%] Built target brotlidec-static
[INFO] [stderr]   [ 11%] Building CXX object lib/CMakeFiles/jxl_dec-obj.dir/jxl/base/data_parallel.cc.o
[INFO] [stderr]   [ 11%] Building C object third_party/brotli/CMakeFiles/brotlienc-static.dir/c/enc/backward_references.c.o
[INFO] [stderr]   [ 11%] Building CXX object lib/CMakeFiles/jxl_dec-obj.dir/jxl/base/padded_bytes.cc.o
[INFO] [stderr]   [ 11%] Building CXX object lib/CMakeFiles/jxl_dec-obj.dir/jxl/base/random.cc.o
[INFO] [stderr]   [ 13%] Building CXX object lib/CMakeFiles/jxl_extras_dec-obj.dir/extras/dec/decode.cc.o
[INFO] [stderr]   [ 13%] Linking CXX static library libjxl_threads.a
[INFO] [stderr]   [ 14%] Building CXX object lib/CMakeFiles/jxl_dec-obj.dir/jxl/blending.cc.o
[INFO] [stderr]   [ 14%] Building CXX object third_party/highway/CMakeFiles/hwy.dir/hwy/targets.cc.o
[INFO] [stderr]   [ 14%] Built target jxl_threads-static
[INFO] [stderr]   [ 14%] Building CXX object lib/CMakeFiles/jxl_dec-obj.dir/jxl/box_content_decoder.cc.o
[INFO] [stderr]   [ 14%] Linking CXX static library libhwy.a
[INFO] [stderr]   [ 14%] Built target hwy
[INFO] [stderr]   [ 14%] Building CXX object lib/CMakeFiles/jxl_dec-obj.dir/jxl/chroma_from_luma.cc.o
[INFO] [stderr]   [ 14%] Building CXX object third_party/highway/CMakeFiles/hwy_contrib.dir/hwy/contrib/image/image.cc.o
[INFO] [stderr]   [ 15%] Building CXX object lib/CMakeFiles/jxl_dec-obj.dir/jxl/coeff_order.cc.o
[INFO] [stderr]   [ 15%] Building C object third_party/brotli/CMakeFiles/brotlienc-static.dir/c/enc/backward_references_hq.c.o
[INFO] [stderr]   [ 15%] Built target skcms-obj
[INFO] [stderr]   [ 15%] Building CXX object third_party/highway/CMakeFiles/hwy_test.dir/hwy/tests/test_util.cc.o
[INFO] [stderr]   [ 15%] Building CXX object lib/CMakeFiles/jxl_extras_dec-obj.dir/extras/dec/pgx.cc.o
[INFO] [stderr]   [ 17%] Building C object third_party/brotli/CMakeFiles/brotlienc-static.dir/c/enc/bit_cost.c.o
[INFO] [stderr]   [ 17%] Linking CXX static library libhwy_test.a
[INFO] [stderr]   [ 17%] Built target hwy_test
[INFO] [stderr]   [ 17%] Building CXX object lib/CMakeFiles/jxl_dec-obj.dir/jxl/color_encoding_internal.cc.o
[INFO] [stderr]   [ 17%] Building CXX object third_party/highway/CMakeFiles/hwy_list_targets.dir/hwy/tests/list_targets.cc.o
[INFO] [stderr]   [ 17%] Building C object third_party/brotli/CMakeFiles/brotlienc-static.dir/c/enc/block_splitter.c.o
[INFO] [stderr]   [ 17%] Building C object third_party/brotli/CMakeFiles/brotlienc-static.dir/c/enc/brotli_bit_stream.c.o
[INFO] [stderr]   [ 18%] Linking CXX executable hwy_list_targets
[INFO] [stderr]   [ 18%] Building CXX object lib/CMakeFiles/jxl_dec-obj.dir/jxl/color_management.cc.o
[INFO] [stderr]   [ 18%] Built target hwy_list_targets
[INFO] [stderr]   [ 20%] Building CXX object third_party/highway/CMakeFiles/hwy_benchmark.dir/hwy/examples/benchmark.cc.o
[INFO] [stderr]   [ 21%] Building C object third_party/brotli/CMakeFiles/brotlienc-static.dir/c/enc/cluster.c.o
[INFO] [stderr]   [ 21%] Building C object third_party/brotli/CMakeFiles/brotlienc-static.dir/c/enc/compress_fragment.c.o
[INFO] [stderr]   [ 23%] Building CXX object third_party/highway/CMakeFiles/hwy_contrib.dir/hwy/contrib/sort/vqsort.cc.o
[INFO] [stderr]   [ 23%] Building CXX object lib/CMakeFiles/jxl_extras_dec-obj.dir/extras/dec/pnm.cc.o
[INFO] [stderr]   [ 24%] Building CXX object lib/CMakeFiles/jxl_dec-obj.dir/jxl/compressed_dc.cc.o
[INFO] [stderr]   [ 24%] Building C object third_party/brotli/CMakeFiles/brotlienc-static.dir/c/enc/compress_fragment_two_pass.c.o
[INFO] [stderr]   [ 26%] Building C object third_party/brotli/CMakeFiles/brotlienc-static.dir/c/enc/dictionary_hash.c.o
[INFO] [stderr]   [ 26%] Building C object third_party/brotli/CMakeFiles/brotlienc-static.dir/c/enc/encode.c.o
[INFO] [stderr]   [ 26%] Building C object third_party/brotli/CMakeFiles/brotlienc-static.dir/c/enc/encoder_dict.c.o
[INFO] [stderr]   [ 26%] Building CXX object lib/CMakeFiles/jxl_enc-obj.dir/jxl/butteraugli_wrapper.cc.o
[INFO] [stderr]   [ 27%] Building CXX object lib/CMakeFiles/jxl_extras_dec-obj.dir/extras/dec/jpg.cc.o
[INFO] [stderr]   [ 28%] Building C object third_party/brotli/CMakeFiles/brotlienc-static.dir/c/enc/entropy_encode.c.o
[INFO] [stderr]   [ 28%] Building C object third_party/brotli/CMakeFiles/brotlienc-static.dir/c/enc/histogram.c.o
[INFO] [stderr]   [ 28%] Building C object third_party/brotli/CMakeFiles/brotlienc-static.dir/c/enc/literal_cost.c.o
[INFO] [stderr]   [ 30%] Building C object third_party/brotli/CMakeFiles/brotlienc-static.dir/c/enc/memory.c.o
[INFO] [stderr]   [ 30%] Linking CXX executable examples/hwy_benchmark
[INFO] [stderr]   [ 30%] Building CXX object lib/CMakeFiles/jxl_dec-obj.dir/jxl/convolve.cc.o
[INFO] [stderr]   [ 30%] Building C object third_party/brotli/CMakeFiles/brotlienc-static.dir/c/enc/metablock.c.o
[INFO] [stderr]   [ 30%] Built target hwy_benchmark
[INFO] [stderr]   [ 31%] Building CXX object lib/CMakeFiles/jxl_profiler.dir/profiler/profiler.cc.o
[INFO] [stderr]   [ 31%] Building C object third_party/brotli/CMakeFiles/brotlienc-static.dir/c/enc/static_dict.c.o
[INFO] [stderr]   [ 31%] Building CXX object lib/CMakeFiles/jxl_enc-obj.dir/jxl/dec_file.cc.o
[INFO] [stderr]   [ 31%] Building CXX object third_party/highway/CMakeFiles/hwy_contrib.dir/hwy/contrib/sort/vqsort_128a.cc.o
[INFO] [stderr]   [ 33%] Building C object third_party/brotli/CMakeFiles/brotlienc-static.dir/c/enc/utf8_util.c.o
[INFO] [stderr]   [ 33%] Building CXX object third_party/highway/CMakeFiles/hwy_contrib.dir/hwy/contrib/sort/vqsort_128d.cc.o
[INFO] [stderr]   [ 33%] Linking C static library libbrotlienc-static.a
[INFO] [stderr]   [ 33%] Built target brotlienc-static
[INFO] [stderr]   [ 34%] Building CXX object third_party/highway/CMakeFiles/hwy_contrib.dir/hwy/contrib/sort/vqsort_f32a.cc.o
[INFO] [stderr]   [ 34%] Building CXX object lib/CMakeFiles/jxl_extras_dec-obj.dir/extras/dec/apng.cc.o
[INFO] [stderr]   [ 34%] Building CXX object third_party/highway/CMakeFiles/hwy_contrib.dir/hwy/contrib/sort/vqsort_f32d.cc.o
[INFO] [stderr]   [ 34%] Linking CXX static library libjxl_profiler.a
[INFO] [stderr]   [ 34%] Built target jxl_profiler
[INFO] [stderr]   [ 34%] Building CXX object third_party/highway/CMakeFiles/hwy_contrib.dir/hwy/contrib/sort/vqsort_f64a.cc.o
[INFO] [stderr]   [ 36%] Building CXX object lib/CMakeFiles/jxl_enc-obj.dir/jxl/enc_ac_strategy.cc.o
[INFO] [stderr]   [ 36%] Built target jxl_extras_dec-obj
[INFO] [stderr]   [ 36%] Linking CXX static library libjxl_extras_dec-static.a
[INFO] [stderr]   [ 36%] Built target jxl_extras_dec-static
[INFO] [stderr]   [ 36%] Building CXX object lib/CMakeFiles/jxl_enc-obj.dir/jxl/enc_adaptive_quantization.cc.o
[INFO] [stderr]   [ 36%] Building CXX object lib/CMakeFiles/jxl_enc-obj.dir/jxl/enc_ans.cc.o
[INFO] [stderr]   [ 37%] Building CXX object lib/CMakeFiles/jxl_enc-obj.dir/jxl/enc_ar_control_field.cc.o
[INFO] [stderr]   [ 37%] Building CXX object lib/CMakeFiles/jxl_enc-obj.dir/jxl/enc_butteraugli_comparator.cc.o
[INFO] [stderr]   [ 37%] Building CXX object lib/CMakeFiles/jxl_enc-obj.dir/jxl/enc_butteraugli_pnorm.cc.o
[INFO] [stderr]   [ 39%] Building CXX object lib/CMakeFiles/jxl_enc-obj.dir/jxl/enc_cache.cc.o
[INFO] [stderr]   [ 39%] Building CXX object lib/CMakeFiles/jxl_enc-obj.dir/jxl/enc_chroma_from_luma.cc.o
[INFO] [stderr]   [ 39%] Building CXX object lib/CMakeFiles/jxl_enc-obj.dir/jxl/enc_cluster.cc.o
[INFO] [stderr]   [ 40%] Building CXX object lib/CMakeFiles/jxl_enc-obj.dir/jxl/enc_coeff_order.cc.o
[INFO] [stderr] 
[INFO] [stderr]   --- stderr
[INFO] [stderr]   CMake Deprecation Warning at third_party/brotli/CMakeLists.txt:5 (cmake_minimum_required):
[INFO] [stderr]     Compatibility with CMake < 2.8.12 will be removed from a future version of
[INFO] [stderr]     CMake.
[INFO] [stderr] 
[INFO] [stderr]     Update the VERSION argument <min> value or use a ...<max> suffix to tell
[INFO] [stderr]     CMake that the project does not need compatibility with older versions.
[INFO] [stderr] 
[INFO] [stderr] 
[INFO] [stderr]   -- Compiler is not EMSCRIPTEN
[INFO] [stderr]   CMake Deprecation Warning at third_party/sjpeg/CMakeLists.txt:1 (cmake_minimum_required):
[INFO] [stderr]     Compatibility with CMake < 2.8.12 will be removed from a future version of
[INFO] [stderr]     CMake.
[INFO] [stderr] 
[INFO] [stderr]     Update the VERSION argument <min> value or use a ...<max> suffix to tell
[INFO] [stderr]     CMake that the project does not need compatibility with older versions.
[INFO] [stderr] 
[INFO] [stderr] 
[INFO] [stderr]   CMake Warning at CMakeLists.txt:440 (message):
[INFO] [stderr]     asciidoc was not found, the man pages will not be installed.
[INFO] [stderr] 
[INFO] [stderr] 
[INFO] [stderr]   CMake Warning:
[INFO] [stderr]     Manually-specified variables were not used by the project:
[INFO] [stderr] 
[INFO] [stderr]       CMAKE_ASM_COMPILER
[INFO] [stderr]       CMAKE_ASM_FLAGS
[INFO] [stderr] 
[INFO] [stderr] 
[INFO] [stderr]   /opt/rustwide/workdir/submodules/libjxl/third_party/brotli/c/dec/decode.c:2033:41: warning: argument 2 of type 'const uint8_t *' {aka 'const unsigned char *'} declared as a pointer [-Wvla-parameter]
[INFO] [stderr]    2033 |     size_t encoded_size, const uint8_t* encoded_buffer, size_t* decoded_size,
[INFO] [stderr]         |                          ~~~~~~~~~~~~~~~^~~~~~~~~~~~~~
[INFO] [stderr]   In file included from /opt/rustwide/workdir/submodules/libjxl/third_party/brotli/c/dec/decode.c:7:
[INFO] [stderr]   /opt/rustwide/workdir/submodules/libjxl/third_party/brotli/c/include/brotli/decode.h:204:19: note: previously declared as a variable length array 'const uint8_t[*decoded_size]' {aka 'const unsigned char[*decoded_size]'}
[INFO] [stderr]     204 |     const uint8_t encoded_buffer[BROTLI_ARRAY_PARAM(encoded_size)],
[INFO] [stderr]         |     ~~~~~~~~~~~~~~^~~~~~~~~~~~~~~~~~~~~~~~~~~~~~~~~~~~~~~~~~~~~~~~
[INFO] [stderr]   /opt/rustwide/workdir/submodules/libjxl/third_party/brotli/c/dec/decode.c:2034:14: warning: argument 4 of type 'uint8_t *' {aka 'unsigned char *'} declared as a pointer [-Wvla-parameter]
[INFO] [stderr]    2034 |     uint8_t* decoded_buffer) {
[INFO] [stderr]         |     ~~~~~~~~~^~~~~~~~~~~~~~
[INFO] [stderr]   In file included from /opt/rustwide/workdir/submodules/libjxl/third_party/brotli/c/dec/decode.c:7:
[INFO] [stderr]   /opt/rustwide/workdir/submodules/libjxl/third_party/brotli/c/include/brotli/decode.h:206:13: note: previously declared as a variable length array 'uint8_t[encoded_size]' {aka 'unsigned char[encoded_size]'}
[INFO] [stderr]     206 |     uint8_t decoded_buffer[BROTLI_ARRAY_PARAM(*decoded_size)]);
[INFO] [stderr]         |     ~~~~~~~~^~~~~~~~~~~~~~~~~~~~~~~~~~~~~~~~~~~~~~~~~~~~~~~~~
[INFO] [stderr]   Compiled HWY_TARGETS: AVX3 AVX2 SSE4 SSSE3 Scalar
[INFO] [stderr]   HWY_BASELINE_TARGETS: Scalar
[INFO] [stderr]   Current CPU supports: AVX2 SSE4 SSSE3 Scalar
[INFO] [stderr]   /opt/rustwide/workdir/submodules/libjxl/third_party/brotli/c/enc/encode.c:1473:20: warning: argument 5 of type 'const uint8_t *' {aka 'const unsigned char *'} declared as a pointer [-Wvla-parameter]
[INFO] [stderr]    1473 |     const uint8_t* input_buffer, size_t* encoded_size,
[INFO] [stderr]         |     ~~~~~~~~~~~~~~~^~~~~~~~~~~~
[INFO] [stderr]   In file included from /opt/rustwide/workdir/submodules/libjxl/third_party/brotli/c/enc/encode.c:9:
[INFO] [stderr]   /opt/rustwide/workdir/submodules/libjxl/third_party/brotli/c/include/brotli/encode.h:314:19: note: previously declared as a variable length array 'const uint8_t[*encoded_size]' {aka 'const unsigned char[*encoded_size]'}
[INFO] [stderr]     314 |     const uint8_t input_buffer[BROTLI_ARRAY_PARAM(input_size)],
[INFO] [stderr]         |     ~~~~~~~~~~~~~~^~~~~~~~~~~~~~~~~~~~~~~~~~~~~~~~~~~~~~~~~~~~
[INFO] [stderr]   /opt/rustwide/workdir/submodules/libjxl/third_party/brotli/c/enc/encode.c:1474:14: warning: argument 7 of type 'uint8_t *' {aka 'unsigned char *'} declared as a pointer [-Wvla-parameter]
[INFO] [stderr]    1474 |     uint8_t* encoded_buffer) {
[INFO] [stderr]         |     ~~~~~~~~~^~~~~~~~~~~~~~
[INFO] [stderr]   In file included from /opt/rustwide/workdir/submodules/libjxl/third_party/brotli/c/enc/encode.c:9:
[INFO] [stderr]   /opt/rustwide/workdir/submodules/libjxl/third_party/brotli/c/include/brotli/encode.h:316:13: note: previously declared as a variable length array 'uint8_t[input_size]' {aka 'unsigned char[input_size]'}
[INFO] [stderr]     316 |     uint8_t encoded_buffer[BROTLI_ARRAY_PARAM(*encoded_size)]);
[INFO] [stderr]         |     ~~~~~~~~^~~~~~~~~~~~~~~~~~~~~~~~~~~~~~~~~~~~~~~~~~~~~~~~~
[INFO] [stderr]   /opt/rustwide/workdir/submodules/libjxl/lib/extras/dec/jpg.cc: In lambda function:
[INFO] [stderr]   /opt/rustwide/workdir/submodules/libjxl/lib/extras/dec/jpg.cc:182:25: warning: 'cinfo' may be used uninitialized [-Wmaybe-uninitialized]
[INFO] [stderr]     182 |     msan::UnpoisonMemory(&cinfo, sizeof(cinfo));
[INFO] [stderr]         |     ~~~~~~~~~~~~~~~~~~~~^~~~~~~~~~~~~~~~~~~~~~~
[INFO] [stderr]   In file included from /opt/rustwide/workdir/submodules/libjxl/lib/extras/dec/jpg.cc:18:
[INFO] [stderr]   /opt/rustwide/workdir/submodules/libjxl/lib/jxl/sanitizers.h:221:41: note: by argument 1 of type 'const void*' to 'void jxl::msan::UnpoisonMemory(const void*, size_t)' declared here
[INFO] [stderr]     221 | static JXL_INLINE JXL_MAYBE_UNUSED void UnpoisonMemory(const void*, size_t) {}
[INFO] [stderr]         |                                         ^~~~~~~~~~~~~~
[INFO] [stderr]   /opt/rustwide/workdir/submodules/libjxl/lib/extras/dec/jpg.cc:179:28: note: 'cinfo' declared here
[INFO] [stderr]     179 |     jpeg_decompress_struct cinfo;
[INFO] [stderr]         |                            ^~~~~
[INFO] [stderr]   c++: fatal error: Killed signal terminated program cc1plus
[INFO] [stderr]   compilation terminated.
[INFO] [stderr]   gmake[2]: *** [lib/CMakeFiles/jxl_dec-obj.dir/build.make:272: lib/CMakeFiles/jxl_dec-obj.dir/jxl/compressed_dc.cc.o] Error 1
[INFO] [stderr]   gmake[2]: *** Waiting for unfinished jobs....
[INFO] [stderr]   c++: fatal error: Killed signal terminated program cc1plus
[INFO] [stderr]   compilation terminated.
[INFO] [stderr]   gmake[2]: *** [third_party/highway/CMakeFiles/hwy_contrib.dir/build.make:104: third_party/highway/CMakeFiles/hwy_contrib.dir/hwy/contrib/sort/vqsort_128a.cc.o] Error 1
[INFO] [stderr]   gmake[2]: *** Waiting for unfinished jobs....
[INFO] [stderr]   c++: fatal error: Killed signal terminated program cc1plus
[INFO] [stderr]   compilation terminated.
[INFO] [stderr]   gmake[2]: *** [lib/CMakeFiles/jxl_dec-obj.dir/build.make:286: lib/CMakeFiles/jxl_dec-obj.dir/jxl/convolve.cc.o] Error 1
[INFO] [stderr]   gmake[1]: *** [CMakeFiles/Makefile2:707: lib/CMakeFiles/jxl_dec-obj.dir/all] Error 2
[INFO] [stderr]   gmake[1]: *** Waiting for unfinished jobs....
[INFO] [stderr]   c++: fatal error: Killed signal terminated program cc1plus
[INFO] [stderr]   compilation terminated.
[INFO] [stderr]   gmake[2]: *** [third_party/highway/CMakeFiles/hwy_contrib.dir/build.make:118: third_party/highway/CMakeFiles/hwy_contrib.dir/hwy/contrib/sort/vqsort_128d.cc.o] Error 1
[INFO] [stderr]   c++: fatal error: Killed signal terminated program cc1plus
[INFO] [stderr]   compilation terminated.
[INFO] [stderr]   gmake[2]: *** [third_party/highway/CMakeFiles/hwy_contrib.dir/build.make:132: third_party/highway/CMakeFiles/hwy_contrib.dir/hwy/contrib/sort/vqsort_f32a.cc.o] Error 1
[INFO] [stderr]   c++: fatal error: Killed signal terminated program cc1plus
[INFO] [stderr]   compilation terminated.
[INFO] [stderr]   gmake[2]: *** [third_party/highway/CMakeFiles/hwy_contrib.dir/build.make:146: third_party/highway/CMakeFiles/hwy_contrib.dir/hwy/contrib/sort/vqsort_f32d.cc.o] Error 1
[INFO] [stderr]   c++: fatal error: Killed signal terminated program cc1plus
[INFO] [stderr]   compilation terminated.
[INFO] [stderr]   gmake[2]: *** [third_party/highway/CMakeFiles/hwy_contrib.dir/build.make:160: third_party/highway/CMakeFiles/hwy_contrib.dir/hwy/contrib/sort/vqsort_f64a.cc.o] Error 1
[INFO] [stderr]   gmake[1]: *** [CMakeFiles/Makefile2:367: third_party/highway/CMakeFiles/hwy_contrib.dir/all] Error 2
[INFO] [stderr]   c++: fatal error: Killed signal terminated program cc1plus
[INFO] [stderr]   compilation terminated.
[INFO] [stderr]   gmake[2]: *** [lib/CMakeFiles/jxl_enc-obj.dir/build.make:118: lib/CMakeFiles/jxl_enc-obj.dir/jxl/enc_ac_strategy.cc.o] Error 1
[INFO] [stderr]   gmake[2]: *** Waiting for unfinished jobs....
[INFO] [stderr]   c++: fatal error: Killed signal terminated program cc1plus
[INFO] [stderr]   compilation terminated.
[INFO] [stderr]   gmake[2]: *** [lib/CMakeFiles/jxl_enc-obj.dir/build.make:132: lib/CMakeFiles/jxl_enc-obj.dir/jxl/enc_adaptive_quantization.cc.o] Error 1
[INFO] [stderr]   gmake[1]: *** [CMakeFiles/Makefile2:733: lib/CMakeFiles/jxl_enc-obj.dir/all] Error 2
[INFO] [stderr]   gmake: *** [Makefile:146: all] Error 2
[INFO] [stderr]   thread 'main' panicked at '
[INFO] [stderr]   command did not execute successfully, got: exit status: 2
[INFO] [stderr] 
[INFO] [stderr]   build script failed, must exit now', /opt/rustwide/cargo-home/registry/src/index.crates.io-6f17d22bba15001f/cmake-0.1.50/src/lib.rs:1098:5
[INFO] [stderr]   stack backtrace:
[INFO] [stderr]      0:     0x556b6df961ba - std::backtrace_rs::backtrace::libunwind::trace::h2f05d0192276a8f6
[INFO] [stderr]                                  at /rustc/1b7dd2252b99671ce5d1cb9664c5f8636329436d/library/std/src/../../backtrace/src/backtrace/libunwind.rs:93:5
[INFO] [stderr]      1:     0x556b6df961ba - std::backtrace_rs::backtrace::trace_unsynchronized::hedc23dff7a1af150
[INFO] [stderr]                                  at /rustc/1b7dd2252b99671ce5d1cb9664c5f8636329436d/library/std/src/../../backtrace/src/backtrace/mod.rs:66:5
[INFO] [stderr]      2:     0x556b6df961ba - std::sys_common::backtrace::_print_fmt::h17541ef7592f3ce2
[INFO] [stderr]                                  at /rustc/1b7dd2252b99671ce5d1cb9664c5f8636329436d/library/std/src/sys_common/backtrace.rs:65:5
[INFO] [stderr]      3:     0x556b6df961ba - <std::sys_common::backtrace::_print::DisplayBacktrace as core::fmt::Display>::fmt::h20f75df5ab0c0792
[INFO] [stderr]                                  at /rustc/1b7dd2252b99671ce5d1cb9664c5f8636329436d/library/std/src/sys_common/backtrace.rs:44:22
[INFO] [stderr]      4:     0x556b6dfb6b4f - core::fmt::write::h78109e6f466b3af6
[INFO] [stderr]                                  at /rustc/1b7dd2252b99671ce5d1cb9664c5f8636329436d/library/core/src/fmt/mod.rs:1254:17
[INFO] [stderr]      5:     0x556b6df92ff5 - std::io::Write::write_fmt::hc59e1b02dd273c8a
[INFO] [stderr]                                  at /rustc/1b7dd2252b99671ce5d1cb9664c5f8636329436d/library/std/src/io/mod.rs:1698:15
[INFO] [stderr]      6:     0x556b6df95f85 - std::sys_common::backtrace::_print::h8dac57a9f8fbf9a5
[INFO] [stderr]                                  at /rustc/1b7dd2252b99671ce5d1cb9664c5f8636329436d/library/std/src/sys_common/backtrace.rs:47:5
[INFO] [stderr]      7:     0x556b6df95f85 - std::sys_common::backtrace::print::hf9ecbf41d1aa712f
[INFO] [stderr]                                  at /rustc/1b7dd2252b99671ce5d1cb9664c5f8636329436d/library/std/src/sys_common/backtrace.rs:34:9
[INFO] [stderr]      8:     0x556b6df9784e - std::panicking::default_hook::{{closure}}::h04c07acfc84ca028
[INFO] [stderr]                                  at /rustc/1b7dd2252b99671ce5d1cb9664c5f8636329436d/library/std/src/panicking.rs:269:22
[INFO] [stderr]      9:     0x556b6df975f5 - std::panicking::default_hook::h01f6bb23e1eceb2c
[INFO] [stderr]                                  at /rustc/1b7dd2252b99671ce5d1cb9664c5f8636329436d/library/std/src/panicking.rs:288:9
[INFO] [stderr]     10:     0x556b6df97dae - std::panicking::rust_panic_with_hook::h2bb3722bbaf2f6df
[INFO] [stderr]                                  at /rustc/1b7dd2252b99671ce5d1cb9664c5f8636329436d/library/std/src/panicking.rs:691:13
[INFO] [stderr]     11:     0x556b6df97ca9 - std::panicking::begin_panic_handler::{{closure}}::h91bc7f36a4be011b
[INFO] [stderr]                                  at /rustc/1b7dd2252b99671ce5d1cb9664c5f8636329436d/library/std/src/panicking.rs:582:13
[INFO] [stderr]     12:     0x556b6df96626 - std::sys_common::backtrace::__rust_end_short_backtrace::h8b3d3717114f9e59
[INFO] [stderr]                                  at /rustc/1b7dd2252b99671ce5d1cb9664c5f8636329436d/library/std/src/sys_common/backtrace.rs:150:18
[INFO] [stderr]     13:     0x556b6df97a02 - rust_begin_unwind
[INFO] [stderr]                                  at /rustc/1b7dd2252b99671ce5d1cb9664c5f8636329436d/library/std/src/panicking.rs:578:5
[INFO] [stderr]     14:     0x556b6df107d3 - core::panicking::panic_fmt::hfd368e3fbdabea26
[INFO] [stderr]                                  at /rustc/1b7dd2252b99671ce5d1cb9664c5f8636329436d/library/core/src/panicking.rs:67:14
[INFO] [stderr]     15:     0x556b6df1b89f - cmake::fail::h8ea45303eeb4fd20
[INFO] [stderr]                                  at /opt/rustwide/cargo-home/registry/src/index.crates.io-6f17d22bba15001f/cmake-0.1.50/src/lib.rs:1098:5
[INFO] [stderr]     16:     0x556b6df1b38a - cmake::run::h626e9e676d74fd32
[INFO] [stderr]                                  at /opt/rustwide/cargo-home/registry/src/index.crates.io-6f17d22bba15001f/cmake-0.1.50/src/lib.rs:1076:9
[INFO] [stderr]     17:     0x556b6df17c80 - cmake::Config::build::h4d2600cf634b2403
[INFO] [stderr]                                  at /opt/rustwide/cargo-home/registry/src/index.crates.io-6f17d22bba15001f/cmake-0.1.50/src/lib.rs:874:9
[INFO] [stderr]     18:     0x556b6df127f3 - build_script_build::main::build::build::he192a47777209a73
[INFO] [stderr]     19:     0x556b6df12506 - build_script_build::main::h0a99971bab75e760
[INFO] [stderr]     20:     0x556b6df10ef3 - core::ops::function::FnOnce::call_once::h93c70f1ccf0756cf
[INFO] [stderr]     21:     0x556b6df124f6 - std::sys_common::backtrace::__rust_begin_short_backtrace::h04b99ab3d1e209eb
[INFO] [stderr]     22:     0x556b6df11a09 - std::rt::lang_start::{{closure}}::h7d9ac9ac519c2a7a
[INFO] [stderr]     23:     0x556b6df8f35e - core::ops::function::impls::<impl core::ops::function::FnOnce<A> for &F>::call_once::h2eb19b8ce4148df4
[INFO] [stderr]                                  at /rustc/1b7dd2252b99671ce5d1cb9664c5f8636329436d/library/core/src/ops/function.rs:287:13
[INFO] [stderr]     24:     0x556b6df8f35e - std::panicking::try::do_call::h2e900feff5d504c5
[INFO] [stderr]                                  at /rustc/1b7dd2252b99671ce5d1cb9664c5f8636329436d/library/std/src/panicking.rs:485:40
[INFO] [stderr]     25:     0x556b6df8f35e - std::panicking::try::h8854836cb85aa9f2
[INFO] [stderr]                                  at /rustc/1b7dd2252b99671ce5d1cb9664c5f8636329436d/library/std/src/panicking.rs:449:19
[INFO] [stderr]     26:     0x556b6df8f35e - std::panic::catch_unwind::h706025dd4c48f64b
[INFO] [stderr]                                  at /rustc/1b7dd2252b99671ce5d1cb9664c5f8636329436d/library/std/src/panic.rs:140:14
[INFO] [stderr]     27:     0x556b6df8f35e - std::rt::lang_start_internal::{{closure}}::h7be5b97f4a07a91a
[INFO] [stderr]                                  at /rustc/1b7dd2252b99671ce5d1cb9664c5f8636329436d/library/std/src/rt.rs:148:48
[INFO] [stderr]     28:     0x556b6df8f35e - std::panicking::try::do_call::h59847e9d0a176965
[INFO] [stderr]                                  at /rustc/1b7dd2252b99671ce5d1cb9664c5f8636329436d/library/std/src/panicking.rs:485:40
[INFO] [stderr]     29:     0x556b6df8f35e - std::panicking::try::h399a918ba8522823
[INFO] [stderr]                                  at /rustc/1b7dd2252b99671ce5d1cb9664c5f8636329436d/library/std/src/panicking.rs:449:19
[INFO] [stderr]     30:     0x556b6df8f35e - std::panic::catch_unwind::hca7ca6c55b2a2e26
[INFO] [stderr]                                  at /rustc/1b7dd2252b99671ce5d1cb9664c5f8636329436d/library/std/src/panic.rs:140:14
[INFO] [stderr]     31:     0x556b6df8f35e - std::rt::lang_start_internal::h2c807a81560459eb
[INFO] [stderr]                                  at /rustc/1b7dd2252b99671ce5d1cb9664c5f8636329436d/library/std/src/rt.rs:148:20
[INFO] [stderr]     32:     0x556b6df119e7 - std::rt::lang_start::h15200d49f536654e
[INFO] [stderr]     33:     0x556b6df12865 - main
[INFO] [stderr]     34:     0x7f5a1329dd90 - <unknown>
[INFO] [stderr]     35:     0x7f5a1329de40 - __libc_start_main
[INFO] [stderr]     36:     0x556b6df10d55 - _start
[INFO] [stderr]     37:                0x0 - <unknown>
[INFO] running `Command { std: "docker" "inspect" "b7b573dfee3305552565d965b5342d325cb09fc3c05af3e931dfdb9490163067", kill_on_drop: false }`
[INFO] running `Command { std: "docker" "rm" "-f" "b7b573dfee3305552565d965b5342d325cb09fc3c05af3e931dfdb9490163067", kill_on_drop: false }`
[INFO] [stdout] b7b573dfee3305552565d965b5342d325cb09fc3c05af3e931dfdb9490163067
