[INFO] fetching crate li-surf 2.3.3...
[INFO] testing li-surf-2.3.3 against beta-2023-04-20 for beta-1.70-1
[INFO] extracting crate li-surf 2.3.3 into /workspace/builds/worker-0-tc2/source
[INFO] validating manifest of crates.io crate li-surf 2.3.3 on toolchain beta-2023-04-20
[INFO] running `Command { std: CARGO_HOME="/workspace/cargo-home" RUSTUP_HOME="/workspace/rustup-home" "/workspace/cargo-home/bin/cargo" "+beta-2023-04-20" "metadata" "--manifest-path" "Cargo.toml" "--no-deps", kill_on_drop: false }`
[INFO] started tweaking crates.io crate li-surf 2.3.3
[INFO] finished tweaking crates.io crate li-surf 2.3.3
[INFO] tweaked toml for crates.io crate li-surf 2.3.3 written to /workspace/builds/worker-0-tc2/source/Cargo.toml
[INFO] crate crates.io crate li-surf 2.3.3 already has a lockfile, it will not be regenerated
[INFO] running `Command { std: CARGO_HOME="/workspace/cargo-home" RUSTUP_HOME="/workspace/rustup-home" "/workspace/cargo-home/bin/cargo" "+beta-2023-04-20" "fetch" "--manifest-path" "Cargo.toml", kill_on_drop: false }`
[INFO] [stderr]     Updating crates.io index
[INFO] [stderr]  Downloading crates ...
[INFO] [stderr]   Downloaded async-io v1.9.0
[INFO] [stderr]   Downloaded cxxbridge-flags v1.0.79
[INFO] [stderr]   Downloaded serde_fmt v1.0.1
[INFO] [stderr]   Downloaded async-attributes v1.1.2
[INFO] [stderr]   Downloaded cxx v1.0.79
[INFO] [stderr]   Downloaded crossbeam-queue v0.3.6
[INFO] [stderr]   Downloaded extend v0.1.2
[INFO] [stderr]   Downloaded async-native-tls v0.3.3
[INFO] [stderr]   Downloaded async-dup v1.2.2
[INFO] [stderr]   Downloaded async-channel v1.7.1
[INFO] [stderr]   Downloaded spinning_top v0.2.4
[INFO] [stderr]   Downloaded li-http-client v6.5.4
[INFO] [stderr]   Downloaded cxxbridge-macro v1.0.79
[INFO] [stderr]   Downloaded tide v0.16.0
[INFO] [stderr]   Downloaded http-client v6.5.3
[INFO] [stderr]   Downloaded async-process v1.5.0
[INFO] [stderr]   Downloaded blake3 v0.3.8
[INFO] [stderr]   Downloaded li-async-h1 v2.3.3
[INFO] [stderr]   Downloaded async-h1 v2.3.3
[INFO] [stderr]   Downloaded femme v1.3.0
[INFO] [stderr]   Downloaded rustls v0.18.1
[INFO] [stderr]   Downloaded sval v1.0.0-alpha.5
[INFO] [stderr]   Downloaded async-tls v0.11.0
[INFO] [stderr]   Downloaded mockito v0.23.3
[INFO] [stderr]   Downloaded simple-mutex v1.1.5
[INFO] [stderr]   Downloaded femme v2.2.1
[INFO] [stderr]   Downloaded async-sse v4.1.0
[INFO] [stderr]   Downloaded async-global-executor v2.3.0
[INFO] [stderr]   Downloaded polling v2.3.0
[INFO] [stderr]   Downloaded route-recognizer v0.2.0
[INFO] [stderr]   Downloaded ctor v0.1.23
[INFO] [stderr]   Downloaded cxx-build v1.0.79
[INFO] [stderr]   Downloaded assert-json-diff v1.1.0
[INFO] [stderr]   Downloaded li-http-types v2.12.0
[INFO] [stderr]   Downloaded curl-sys v0.4.56+curl-7.83.1
[INFO] [stderr]   Downloaded async-session v2.0.1
[INFO] running `Command { std: "docker" "create" "-v" "/var/lib/crater-agent-workspace/builds/worker-0-tc2/target:/opt/rustwide/target:rw,Z" "-v" "/var/lib/crater-agent-workspace/builds/worker-0-tc2/source:/opt/rustwide/workdir:ro,Z" "-v" "/var/lib/crater-agent-workspace/cargo-home:/opt/rustwide/cargo-home:ro,Z" "-v" "/var/lib/crater-agent-workspace/rustup-home:/opt/rustwide/rustup-home:ro,Z" "-e" "SOURCE_DIR=/opt/rustwide/workdir" "-e" "CARGO_TARGET_DIR=/opt/rustwide/target" "-e" "CARGO_HOME=/opt/rustwide/cargo-home" "-e" "RUSTUP_HOME=/opt/rustwide/rustup-home" "-w" "/opt/rustwide/workdir" "-m" "1610612736" "--user" "0:0" "--network" "none" "ghcr.io/rust-lang/crates-build-env/linux@sha256:5ff2268d62e97bff2cde7d5815dd6ed5b47097566f13b8d0ca110b04b60e07ed" "/opt/rustwide/cargo-home/bin/cargo" "+beta-2023-04-20" "metadata" "--no-deps" "--format-version=1", kill_on_drop: false }`
[INFO] [stdout] 8f386e6a3fd0cf2fec8db890e4b98aaa29db487acca1dc838bdf12a0747bcbed
[INFO] running `Command { std: "docker" "start" "-a" "8f386e6a3fd0cf2fec8db890e4b98aaa29db487acca1dc838bdf12a0747bcbed", kill_on_drop: false }`
[INFO] running `Command { std: "docker" "inspect" "8f386e6a3fd0cf2fec8db890e4b98aaa29db487acca1dc838bdf12a0747bcbed", kill_on_drop: false }`
[INFO] running `Command { std: "docker" "rm" "-f" "8f386e6a3fd0cf2fec8db890e4b98aaa29db487acca1dc838bdf12a0747bcbed", kill_on_drop: false }`
[INFO] [stdout] 8f386e6a3fd0cf2fec8db890e4b98aaa29db487acca1dc838bdf12a0747bcbed
[INFO] running `Command { std: "docker" "create" "-v" "/var/lib/crater-agent-workspace/builds/worker-0-tc2/target:/opt/rustwide/target:rw,Z" "-v" "/var/lib/crater-agent-workspace/builds/worker-0-tc2/source:/opt/rustwide/workdir:ro,Z" "-v" "/var/lib/crater-agent-workspace/cargo-home:/opt/rustwide/cargo-home:ro,Z" "-v" "/var/lib/crater-agent-workspace/rustup-home:/opt/rustwide/rustup-home:ro,Z" "-e" "SOURCE_DIR=/opt/rustwide/workdir" "-e" "CARGO_TARGET_DIR=/opt/rustwide/target" "-e" "CARGO_INCREMENTAL=0" "-e" "RUST_BACKTRACE=full" "-e" "RUSTFLAGS=--cap-lints=warn" "-e" "RUSTDOCFLAGS=--cap-lints=warn" "-e" "CARGO_HOME=/opt/rustwide/cargo-home" "-e" "RUSTUP_HOME=/opt/rustwide/rustup-home" "-w" "/opt/rustwide/workdir" "-m" "1610612736" "--user" "0:0" "--network" "none" "ghcr.io/rust-lang/crates-build-env/linux@sha256:5ff2268d62e97bff2cde7d5815dd6ed5b47097566f13b8d0ca110b04b60e07ed" "/opt/rustwide/cargo-home/bin/cargo" "+beta-2023-04-20" "build" "--frozen" "--message-format=json", kill_on_drop: false }`
[INFO] [stdout] cbfcb3c853d9eeeaf03b511cf8ec440b15361b94cbab902c6ad51f338e9f4a2b
[INFO] running `Command { std: "docker" "start" "-a" "cbfcb3c853d9eeeaf03b511cf8ec440b15361b94cbab902c6ad51f338e9f4a2b", kill_on_drop: false }`
[INFO] [stderr]    Compiling version_check v0.9.4
[INFO] [stderr]    Compiling proc-macro2 v1.0.47
[INFO] [stderr]    Compiling quote v1.0.21
[INFO] [stderr]    Compiling unicode-ident v1.0.5
[INFO] [stderr]    Compiling syn v1.0.102
[INFO] [stderr]    Compiling autocfg v1.1.0
[INFO] [stderr]    Compiling serde_derive v1.0.145
[INFO] [stderr]    Compiling serde v1.0.145
[INFO] [stderr]    Compiling libc v0.2.135
[INFO] [stderr]    Compiling erased-serde v0.3.23
[INFO] [stderr]    Compiling typenum v1.15.0
[INFO] [stderr]    Compiling log v0.4.17
[INFO] [stderr]    Compiling once_cell v1.15.0
[INFO] [stderr]    Compiling cc v1.0.73
[INFO] [stderr]    Compiling futures-core v0.3.24
[INFO] [stderr]    Compiling pkg-config v0.3.25
[INFO] [stderr]    Compiling pin-project-lite v0.2.9
[INFO] [stderr]    Compiling memchr v2.5.0
[INFO] [stderr]    Compiling futures-io v0.3.24
[INFO] [stderr]    Compiling value-bag v1.0.0-alpha.9
[INFO] [stderr]    Compiling generic-array v0.14.6
[INFO] [stderr]    Compiling cache-padded v1.2.0
[INFO] [stderr]    Compiling fastrand v1.8.0
[INFO] [stderr]    Compiling parking v2.0.0
[INFO] [stderr]    Compiling event-listener v2.5.3
[INFO] [stderr]    Compiling slab v0.4.7
[INFO] [stderr]    Compiling subtle v2.4.1
[INFO] [stderr]    Compiling concurrent-queue v1.2.4
[INFO] [stderr]    Compiling waker-fn v1.1.0
[INFO] [stderr]    Compiling opaque-debug v0.3.0
[INFO] [stderr]    Compiling itoa v1.0.4
[INFO] [stderr]    Compiling polling v2.3.0
[INFO] [stderr]    Compiling standback v0.2.17
[INFO] [stderr]    Compiling percent-encoding v2.2.0
[INFO] [stderr]    Compiling proc-macro-hack v0.5.19
[INFO] [stderr]    Compiling wasm-bindgen-shared v0.2.83
[INFO] [stderr]    Compiling async-channel v1.7.1
[INFO] [stderr]    Compiling async-io v1.9.0
[INFO] [stderr]    Compiling ppv-lite86 v0.2.16
[INFO] [stderr]    Compiling tinyvec_macros v0.1.0
[INFO] [stderr]    Compiling serde_json v1.0.86
[INFO] [stderr]    Compiling ryu v1.0.11
[INFO] [stderr]    Compiling getrandom v0.1.16
[INFO] [stderr]    Compiling futures-lite v1.12.0
[INFO] [stderr]    Compiling socket2 v0.4.7
[INFO] [stderr]    Compiling getrandom v0.2.7
[INFO] [stderr]    Compiling tinyvec v1.6.0
[INFO] [stderr]    Compiling lock_api v0.4.9
[INFO] [stderr]    Compiling cpuid-bool v0.2.0
[INFO] [stderr]    Compiling openssl-sys v0.9.76
[INFO] [stderr]    Compiling libnghttp2-sys v0.1.7+1.45.0
[INFO] [stderr]    Compiling libz-sys v1.1.8
[INFO] [stderr]    Compiling curl-sys v0.4.56+curl-7.83.1
[INFO] [stderr]    Compiling crossbeam-utils v0.8.12
[INFO] [stderr]    Compiling bumpalo v3.11.0
[INFO] [stderr]    Compiling signal-hook v0.3.14
[INFO] [stderr]    Compiling const_fn v0.4.9
[INFO] [stderr]    Compiling async-task v4.3.0
[INFO] [stderr]    Compiling cipher v0.2.5
[INFO] [stderr]    Compiling universal-hash v0.4.1
[INFO] [stderr]    Compiling digest v0.9.0
[INFO] [stderr]    Compiling crypto-mac v0.10.1
[INFO] [stderr]    Compiling aes-soft v0.6.4
[INFO] [stderr]    Compiling polyval v0.4.5
[INFO] [stderr]    Compiling rand_core v0.6.4
[INFO] [stderr]    Compiling signal-hook-registry v1.4.0
[INFO] [stderr]    Compiling form_urlencoded v1.1.0
[INFO] [stderr]    Compiling async-process v1.5.0
[INFO] [stderr]    Compiling unicase v2.6.0
[INFO] [stderr]    Compiling time v0.2.27
[INFO] [stderr]    Compiling unicode-normalization v0.1.22
[INFO] [stderr]    Compiling thiserror v1.0.37
[INFO] [stderr]    Compiling atomic-waker v1.0.0
[INFO] [stderr]    Compiling unicode-bidi v0.3.8
[INFO] [stderr]    Compiling scopeguard v1.1.0
[INFO] [stderr]    Compiling blocking v1.2.0
[INFO] [stderr]    Compiling aes v0.6.0
[INFO] [stderr]    Compiling ghash v0.3.1
[INFO] [stderr]    Compiling rand_chacha v0.3.1
[INFO] [stderr]    Compiling hmac v0.10.1
[INFO] [stderr]    Compiling ctr v0.6.0
[INFO] [stderr]    Compiling async-executor v1.4.1
[INFO] [stderr]    Compiling rand_core v0.5.1
[INFO] [stderr]    Compiling block-buffer v0.9.0
[INFO] [stderr]    Compiling idna v0.3.0
[INFO] [stderr]    Compiling aead v0.3.2
[INFO] [stderr]    Compiling async-lock v2.5.0
[INFO] [stderr]    Compiling cookie v0.14.4
[INFO] [stderr]    Compiling tracing-core v0.1.30
[INFO] [stderr]    Compiling anyhow v1.0.65
[INFO] [stderr]    Compiling cpufeatures v0.2.5
[INFO] [stderr]    Compiling curl v0.4.44
[INFO] [stderr]    Compiling pin-utils v0.1.0
[INFO] [stderr]    Compiling wasm-bindgen v0.2.83
[INFO] [stderr]    Compiling sha2 v0.9.9
[INFO] [stderr]    Compiling aes-gcm v0.8.0
[INFO] [stderr]    Compiling rand_chacha v0.2.2
[INFO] [stderr]    Compiling rand v0.8.5
[INFO] [stderr]    Compiling hkdf v0.10.0
[INFO] [stderr]    Compiling spinning_top v0.2.4
[INFO] [stderr]    Compiling base64 v0.13.0
[INFO] [stderr]    Compiling isahc v0.9.14
[INFO] [stderr]    Compiling futures-task v0.3.24
[INFO] [stderr]    Compiling openssl-probe v0.1.5
[INFO] [stderr]    Compiling li-http-types v2.12.0
[INFO] [stderr]    Compiling async-trait v0.1.57
[INFO] [stderr]    Compiling bytes v1.2.1
[INFO] [stderr]    Compiling futures-sink v0.3.24
[INFO] [stderr]    Compiling fnv v1.0.7
[INFO] [stderr]    Compiling flume v0.9.2
[INFO] [stderr]    Compiling mime_guess v2.0.4
[INFO] [stderr]    Compiling rand v0.7.3
[INFO] [stderr]    Compiling sluice v0.5.5
[INFO] [stderr]    Compiling infer v0.2.3
[INFO] [stderr]    Compiling encoding_rs v0.8.31
[INFO] [stderr]    Compiling bytes v0.5.6
[INFO] [stderr]    Compiling futures-util v0.3.24
[INFO] [stderr]    Compiling mime v0.3.16
[INFO] [stderr]    Compiling http v0.2.8
[INFO] [stderr]    Compiling ctor v0.1.23
[INFO] [stderr]    Compiling time-macros-impl v0.1.2
[INFO] [stderr]    Compiling pin-project-internal v1.0.12
[INFO] [stderr]    Compiling thiserror-impl v1.0.37
[INFO] [stderr]    Compiling tracing-attributes v0.1.23
[INFO] [stderr]    Compiling async-attributes v1.1.2
[INFO] [stderr]    Compiling futures-macro v0.3.24
[INFO] [stderr]    Compiling time-macros v0.1.1
[INFO] [stderr]    Compiling pin-project v1.0.12
[INFO] [stderr]    Compiling serde_fmt v1.0.1
[INFO] [stderr]    Compiling sval v1.0.0-alpha.5
[INFO] [stderr]    Compiling url v2.3.1
[INFO] [stderr]    Compiling serde_qs v0.8.5
[INFO] [stderr]    Compiling serde_urlencoded v0.7.1
[INFO] [stderr]    Compiling wasm-bindgen-backend v0.2.83
[INFO] [stderr]    Compiling tracing v0.1.37
[INFO] [stderr]    Compiling kv-log-macro v1.0.7
[INFO] [stderr]    Compiling tracing-futures v0.2.5
[INFO] [stderr]    Compiling async-global-executor v2.3.0
[INFO] [stderr]    Compiling async-std v1.12.0
[INFO] [stderr]    Compiling wasm-bindgen-macro-support v0.2.83
[INFO] [stderr]    Compiling wasm-bindgen-macro v0.2.83
[INFO] [stderr]    Compiling js-sys v0.3.60
[INFO] [stderr]    Compiling li-http-client v6.5.4
[INFO] [stderr]    Compiling web-sys v0.3.60
[INFO] [stderr]    Compiling li-surf v2.3.3 (/opt/rustwide/workdir)
[INFO] [stderr]     Finished dev [unoptimized + debuginfo] target(s) in 23.09s
[INFO] running `Command { std: "docker" "inspect" "cbfcb3c853d9eeeaf03b511cf8ec440b15361b94cbab902c6ad51f338e9f4a2b", kill_on_drop: false }`
[INFO] running `Command { std: "docker" "rm" "-f" "cbfcb3c853d9eeeaf03b511cf8ec440b15361b94cbab902c6ad51f338e9f4a2b", kill_on_drop: false }`
[INFO] [stdout] cbfcb3c853d9eeeaf03b511cf8ec440b15361b94cbab902c6ad51f338e9f4a2b
[INFO] running `Command { std: "docker" "create" "-v" "/var/lib/crater-agent-workspace/builds/worker-0-tc2/target:/opt/rustwide/target:rw,Z" "-v" "/var/lib/crater-agent-workspace/builds/worker-0-tc2/source:/opt/rustwide/workdir:ro,Z" "-v" "/var/lib/crater-agent-workspace/cargo-home:/opt/rustwide/cargo-home:ro,Z" "-v" "/var/lib/crater-agent-workspace/rustup-home:/opt/rustwide/rustup-home:ro,Z" "-e" "SOURCE_DIR=/opt/rustwide/workdir" "-e" "CARGO_TARGET_DIR=/opt/rustwide/target" "-e" "CARGO_INCREMENTAL=0" "-e" "RUST_BACKTRACE=full" "-e" "RUSTFLAGS=--cap-lints=warn" "-e" "RUSTDOCFLAGS=--cap-lints=warn" "-e" "CARGO_HOME=/opt/rustwide/cargo-home" "-e" "RUSTUP_HOME=/opt/rustwide/rustup-home" "-w" "/opt/rustwide/workdir" "-m" "1610612736" "--user" "0:0" "--network" "none" "ghcr.io/rust-lang/crates-build-env/linux@sha256:5ff2268d62e97bff2cde7d5815dd6ed5b47097566f13b8d0ca110b04b60e07ed" "/opt/rustwide/cargo-home/bin/cargo" "+beta-2023-04-20" "test" "--frozen" "--no-run" "--message-format=json", kill_on_drop: false }`
[INFO] [stdout] 757fa2abc69f907a0eda8c30c0067e1874f14fef0b2286b7ce4af8662d0bd294
[INFO] running `Command { std: "docker" "start" "-a" "757fa2abc69f907a0eda8c30c0067e1874f14fef0b2286b7ce4af8662d0bd294", kill_on_drop: false }`
[INFO] [stderr]    Compiling proc-macro2 v0.4.30
[INFO] [stderr]    Compiling num-traits v0.2.15
[INFO] [stderr]    Compiling proc-macro-error-attr v1.0.4
[INFO] [stderr]    Compiling unicode-xid v0.1.0
[INFO] [stderr]    Compiling http-types v2.12.0
[INFO] [stderr]    Compiling num-integer v0.1.45
[INFO] [stderr]    Compiling proc-macro-error v1.0.4
[INFO] [stderr]    Compiling httparse v1.8.0
[INFO] [stderr]    Compiling parking_lot_core v0.9.3
[INFO] [stderr]    Compiling syn v0.15.44
[INFO] [stderr]    Compiling crypto-mac v0.8.0
[INFO] [stderr]    Compiling aho-corasick v0.7.19
[INFO] [stderr]    Compiling blake3 v0.3.8
[INFO] [stderr]    Compiling backtrace v0.3.66
[INFO] [stderr]    Compiling atty v0.2.14
[INFO] [stderr]    Compiling regex-syntax v0.6.27
[INFO] [stderr]    Compiling smallvec v1.10.0
[INFO] [stderr]    Compiling cfg-if v0.1.10
[INFO] [stderr]    Compiling adler v1.0.2
[INFO] [stderr]    Compiling gimli v0.26.2
[INFO] [stderr]    Compiling miniz_oxide v0.5.4
[INFO] [stderr]    Compiling object v0.29.0
[INFO] [stderr]    Compiling simple-mutex v1.1.5
[INFO] [stderr]    Compiling time v0.1.44
[INFO] [stderr]    Compiling constant_time_eq v0.1.5
[INFO] [stderr]    Compiling rustc-demangle v0.1.21
[INFO] [stderr]    Compiling arrayvec v0.5.2
[INFO] [stderr]    Compiling arrayref v0.3.6
[INFO] [stderr]    Compiling iana-time-zone v0.1.51
[INFO] [stderr]    Compiling parking_lot v0.12.1
[INFO] [stderr]    Compiling async-dup v1.2.2
[INFO] [stderr]    Compiling hmac v0.8.1
[INFO] [stderr]    Compiling quote v0.6.13
[INFO] [stderr]    Compiling clicolors-control v1.0.1
[INFO] [stderr]    Compiling bincode v1.3.3
[INFO] [stderr]    Compiling extend v0.1.2
[INFO] [stderr]    Compiling termios v0.3.3
[INFO] [stderr]    Compiling base64 v0.12.3
[INFO] [stderr]    Compiling pin-project-lite v0.1.12
[INFO] [stderr]    Compiling colored v1.9.3
[INFO] [stderr]    Compiling femme v2.2.1
[INFO] [stderr]    Compiling difference v2.0.0
[INFO] [stderr]    Compiling route-recognizer v0.2.0
[INFO] [stderr]    Compiling assert-json-diff v1.1.0
[INFO] [stderr]    Compiling async-h1 v2.3.3
[INFO] [stderr]    Compiling async-sse v4.1.0
[INFO] [stderr]    Compiling http-client v6.5.3
[INFO] [stderr]    Compiling regex v1.6.0
[INFO] [stderr]    Compiling chrono v0.4.22
[INFO] [stderr]    Compiling addr2line v0.17.0
[INFO] [stderr]    Compiling console v0.7.7
[INFO] [stderr]    Compiling mockito v0.23.3
[INFO] [stderr]    Compiling async-session v2.0.1
[INFO] [stderr]    Compiling tide v0.16.0
[INFO] [stderr]    Compiling async-log-attributes v1.0.1
[INFO] [stderr]    Compiling async-log v1.1.0
[INFO] [stderr]    Compiling femme v1.3.0
[INFO] [stderr]    Compiling li-surf v2.3.3 (/opt/rustwide/workdir)
[INFO] [stdout] error[E0433]: failed to resolve: use of undeclared crate or module `http_types`
[INFO] [stdout]  --> examples/hello_world.rs:2:31
[INFO] [stdout]   |
[INFO] [stdout] 2 | async fn main() -> Result<(), http_types::Error> {
[INFO] [stdout]   |                               ^^^^^^^^^^ use of undeclared crate or module `http_types`
[INFO] [stdout]   |
[INFO] [stdout] help: there is a crate or module with a similar name
[INFO] [stdout]   |
[INFO] [stdout] 2 | async fn main() -> Result<(), li_http_types::Error> {
[INFO] [stdout]   |                               ~~~~~~~~~~~~~
[INFO] [stdout] 
[INFO] [stdout] 
[INFO] [stdout] error[E0433]: failed to resolve: use of undeclared crate or module `http_types`
[INFO] [stdout]  --> examples/post.rs:2:31
[INFO] [stdout]   |
[INFO] [stdout] 2 | async fn main() -> Result<(), http_types::Error> {
[INFO] [stdout]   |                               ^^^^^^^^^^ use of undeclared crate or module `http_types`
[INFO] [stdout]   |
[INFO] [stdout] help: there is a crate or module with a similar name
[INFO] [stdout]   |
[INFO] [stdout] 2 | async fn main() -> Result<(), li_http_types::Error> {
[INFO] [stdout]   |                               ~~~~~~~~~~~~~
[INFO] [stdout] 
[INFO] [stdout] 
[INFO] [stdout] error[E0433]: failed to resolve: use of undeclared crate or module `surf`
[INFO] [stdout]  --> examples/middleware.rs:1:5
[INFO] [stdout]   |
[INFO] [stdout] 1 | use surf::middleware::{Middleware, Next};
[INFO] [stdout]   |     ^^^^ use of undeclared crate or module `surf`
[INFO] [stdout] 
[INFO] [stdout] 
[INFO] [stdout] error[E0433]: failed to resolve: use of undeclared crate or module `http_types`
[INFO] [stdout]  --> examples/persistent.rs:2:31
[INFO] [stdout]   |
[INFO] [stdout] 2 | async fn main() -> Result<(), http_types::Error> {
[INFO] [stdout]   |                               ^^^^^^^^^^ use of undeclared crate or module `http_types`
[INFO] [stdout]   |
[INFO] [stdout] help: there is a crate or module with a similar name
[INFO] [stdout]   |
[INFO] [stdout] 2 | async fn main() -> Result<(), li_http_types::Error> {
[INFO] [stdout]   |                               ~~~~~~~~~~~~~
[INFO] [stdout] 
[INFO] [stdout] 
[INFO] [stdout] error[E0432]: unresolved import `surf`
[INFO] [stdout]  --> examples/middleware.rs:2:5
[INFO] [stdout]   |
[INFO] [stdout] 2 | use surf::{Client, Request, Response};
[INFO] [stdout]   |     ^^^^ use of undeclared crate or module `surf`
[INFO] [stdout] 
[INFO] [stdout] 
[INFO] [stdout] error[E0433]: failed to resolve: use of undeclared crate or module `surf`
[INFO] [stdout]  --> examples/middleware.rs:6:3
[INFO] [stdout]   |
[INFO] [stdout] 6 | #[surf::utils::async_trait]
[INFO] [stdout]   |   ^^^^ use of undeclared crate or module `surf`
[INFO] [stdout] 
[INFO] [stdout] 
[INFO] [stdout] error[E0433]: failed to resolve: use of undeclared crate or module `http_types`
[INFO] [stdout]   --> examples/middleware.rs:13:27
[INFO] [stdout]    |
[INFO] [stdout] 13 |     ) -> Result<Response, http_types::Error> {
[INFO] [stdout]    |                           ^^^^^^^^^^ use of undeclared crate or module `http_types`
[INFO] [stdout]    |
[INFO] [stdout] help: there is a crate or module with a similar name
[INFO] [stdout]    |
[INFO] [stdout] 13 |     ) -> Result<Response, li_http_types::Error> {
[INFO] [stdout]    |                           ~~~~~~~~~~~~~
[INFO] [stdout] 
[INFO] [stdout] 
[INFO] [stdout] error[E0433]: failed to resolve: use of undeclared crate or module `http_types`
[INFO] [stdout]   --> examples/middleware.rs:22:31
[INFO] [stdout]    |
[INFO] [stdout] 22 | async fn main() -> Result<(), http_types::Error> {
[INFO] [stdout]    |                               ^^^^^^^^^^ use of undeclared crate or module `http_types`
[INFO] [stdout]    |
[INFO] [stdout] help: there is a crate or module with a similar name
[INFO] [stdout]    |
[INFO] [stdout] 22 | async fn main() -> Result<(), li_http_types::Error> {
[INFO] [stdout]    |                               ~~~~~~~~~~~~~
[INFO] [stdout] 
[INFO] [stdout] 
[INFO] [stdout] error[E0433]: failed to resolve: use of undeclared crate or module `surf`
[INFO] [stdout]  --> examples/next_reuse.rs:3:5
[INFO] [stdout]   |
[INFO] [stdout] 3 | use surf::middleware::{Middleware, Next};
[INFO] [stdout]   |     ^^^^ use of undeclared crate or module `surf`
[INFO] [stdout] 
[INFO] [stdout] 
[INFO] [stdout] error[E0432]: unresolved import `surf`
[INFO] [stdout]  --> examples/next_reuse.rs:2:5
[INFO] [stdout]   |
[INFO] [stdout] 2 | use surf::http;
[INFO] [stdout]   |     ^^^^ use of undeclared crate or module `surf`
[INFO] [stdout] 
[INFO] [stdout] 
[INFO] [stdout] error[E0432]: unresolved import `surf`
[INFO] [stdout]  --> examples/next_reuse.rs:4:5
[INFO] [stdout]   |
[INFO] [stdout] 4 | use surf::{Body, Client, Request, Response};
[INFO] [stdout]   |     ^^^^ use of undeclared crate or module `surf`
[INFO] [stdout] 
[INFO] [stdout] 
[INFO] [stdout] error[E0433]: failed to resolve: use of undeclared crate or module `surf`
[INFO] [stdout]  --> examples/next_reuse.rs:8:3
[INFO] [stdout]   |
[INFO] [stdout] 8 | #[surf::utils::async_trait]
[INFO] [stdout]   |   ^^^^ use of undeclared crate or module `surf`
[INFO] [stdout] 
[INFO] [stdout] 
[INFO] [stdout] error[E0433]: failed to resolve: use of undeclared crate or module `http_types`
[INFO] [stdout]   --> examples/next_reuse.rs:15:27
[INFO] [stdout]    |
[INFO] [stdout] 15 |     ) -> Result<Response, http_types::Error> {
[INFO] [stdout]    |                           ^^^^^^^^^^ use of undeclared crate or module `http_types`
[INFO] [stdout]    |
[INFO] [stdout] help: there is a crate or module with a similar name
[INFO] [stdout]    |
[INFO] [stdout] 15 |     ) -> Result<Response, li_http_types::Error> {
[INFO] [stdout]    |                           ~~~~~~~~~~~~~
[INFO] [stdout] 
[INFO] [stdout] 
[INFO] [stdout] error[E0433]: failed to resolve: use of undeclared crate or module `surf`
[INFO] [stdout]  --> tests/test.rs:8:5
[INFO] [stdout]   |
[INFO] [stdout] 8 | use surf::{middleware::Next, Client, Config, Request, Response};
[INFO] [stdout]   |     ^^^^ use of undeclared crate or module `surf`
[INFO] [stdout] 
[INFO] [stdout] 
[INFO] [stdout] error[E0432]: unresolved import `http_types`
[INFO] [stdout]  --> tests/test.rs:6:5
[INFO] [stdout]   |
[INFO] [stdout] 6 | use http_types::Body;
[INFO] [stdout]   |     ^^^^^^^^^^ use of undeclared crate or module `http_types`
[INFO] [stdout]   |
[INFO] [stdout] help: there is a crate or module with a similar name
[INFO] [stdout]   |
[INFO] [stdout] 6 | use li_http_types::Body;
[INFO] [stdout]   |     ~~~~~~~~~~~~~
[INFO] [stdout] 
[INFO] [stdout] 
[INFO] [stdout] error[E0432]: unresolved import `surf`
[INFO] [stdout]  --> tests/test.rs:8:5
[INFO] [stdout]   |
[INFO] [stdout] 8 | use surf::{middleware::Next, Client, Config, Request, Response};
[INFO] [stdout]   |     ^^^^ use of undeclared crate or module `surf`
[INFO] [stdout] 
[INFO] [stdout] 
[INFO] [stdout] error[E0433]: failed to resolve: use of undeclared crate or module `http_types`
[INFO] [stdout]   --> examples/post.rs:10:30
[INFO] [stdout]    |
[INFO] [stdout] 10 |     assert_eq!(res.status(), http_types::StatusCode::Ok);
[INFO] [stdout]    |                              ^^^^^^^^^^ use of undeclared crate or module `http_types`
[INFO] [stdout]    |
[INFO] [stdout] help: there is a crate or module with a similar name
[INFO] [stdout]    |
[INFO] [stdout] 10 |     assert_eq!(res.status(), li_http_types::StatusCode::Ok);
[INFO] [stdout]    |                              ~~~~~~~~~~~~~
[INFO] [stdout] 
[INFO] [stdout] 
[INFO] [stdout] error[E0433]: failed to resolve: use of undeclared crate or module `http_types`
[INFO] [stdout]   --> tests/test.rs:11:36
[INFO] [stdout]    |
[INFO] [stdout] 11 | async fn post_json() -> Result<(), http_types::Error> {
[INFO] [stdout]    |                                    ^^^^^^^^^^ use of undeclared crate or module `http_types`
[INFO] [stdout]    |
[INFO] [stdout] help: there is a crate or module with a similar name
[INFO] [stdout]    |
[INFO] [stdout] 11 | async fn post_json() -> Result<(), li_http_types::Error> {
[INFO] [stdout]    |                                    ~~~~~~~~~~~~~
[INFO] [stdout] 
[INFO] [stdout] 
[INFO] [stdout] error[E0433]: failed to resolve: use of undeclared crate or module `http_types`
[INFO] [stdout]  --> examples/post.rs:8:15
[INFO] [stdout]   |
[INFO] [stdout] 8 |         .body(http_types::Body::from_json(&data)?)
[INFO] [stdout]   |               ^^^^^^^^^^ use of undeclared crate or module `http_types`
[INFO] [stdout]   |
[INFO] [stdout] help: there is a crate or module with a similar name
[INFO] [stdout]   |
[INFO] [stdout] 8 |         .body(li_http_types::Body::from_json(&data)?)
[INFO] [stdout]   |               ~~~~~~~~~~~~~
[INFO] [stdout] help: consider importing one of these items
[INFO] [stdout]   |
[INFO] [stdout] 1 + use li_http_client::Body;
[INFO] [stdout]   |
[INFO] [stdout] 1 + use li_http_types::Body;
[INFO] [stdout]   |
[INFO] [stdout] 1 + use li_surf::Body;
[INFO] [stdout]   |
[INFO] [stdout] 1 + use tide::Body;
[INFO] [stdout]   |
[INFO] [stdout] help: if you import `Body`, refer to it directly
[INFO] [stdout]   |
[INFO] [stdout] 8 -         .body(http_types::Body::from_json(&data)?)
[INFO] [stdout] 8 +         .body(Body::from_json(&data)?)
[INFO] [stdout]   |
[INFO] [stdout] 
[INFO] [stdout] 
[INFO] [stdout] error[E0433]: failed to resolve: use of undeclared crate or module `surf`
[INFO] [stdout]  --> examples/hello_world.rs:6:26
[INFO] [stdout]   |
[INFO] [stdout] 6 |     let string: String = surf::get(uri).recv_string().await?;
[INFO] [stdout]   |                          ^^^^ use of undeclared crate or module `surf`
[INFO] [stdout] 
[INFO] [stdout] 
[INFO] [stdout] error[E0706]: functions in traits cannot be declared `async`
[INFO] [stdout]   --> examples/middleware.rs:8:5
[INFO] [stdout]    |
[INFO] [stdout] 8  |       async fn handle(
[INFO] [stdout]    |       ^----
[INFO] [stdout]    |       |
[INFO] [stdout]    |  _____`async` because of this
[INFO] [stdout]    | |
[INFO] [stdout] 9  | |         &self,
[INFO] [stdout] 10 | |         req: Request,
[INFO] [stdout] 11 | |         client: Client,
[INFO] [stdout] 12 | |         next: Next<'_>,
[INFO] [stdout] 13 | |     ) -> Result<Response, http_types::Error> {
[INFO] [stdout]    | |____________________________________________^
[INFO] [stdout]    |
[INFO] [stdout]    = note: `async` trait functions are not currently supported
[INFO] [stdout]    = note: consider using the `async-trait` crate: https://crates.io/crates/async-trait
[INFO] [stdout]    = note: see issue #91611 <https://github.com/rust-lang/rust/issues/91611> for more information
[INFO] [stdout] 
[INFO] [stdout] 
[INFO] [stdout] error[E0433]: failed to resolve: use of undeclared crate or module `surf`
[INFO] [stdout]  --> examples/post.rs:7:15
[INFO] [stdout]   |
[INFO] [stdout] 7 |     let res = surf::post(uri)
[INFO] [stdout]   |               ^^^^ use of undeclared crate or module `surf`
[INFO] [stdout] 
[INFO] [stdout] 
[INFO] [stdout] error[E0433]: failed to resolve: use of undeclared crate or module `surf`
[INFO] [stdout]   --> examples/middleware.rs:25:15
[INFO] [stdout]    |
[INFO] [stdout] 25 |     let req = surf::get("https://httpbin.org/get");
[INFO] [stdout]    |               ^^^^ use of undeclared crate or module `surf`
[INFO] [stdout] 
[INFO] [stdout] 
[INFO] [stdout] error[E0433]: failed to resolve: use of undeclared crate or module `surf`
[INFO] [stdout]   --> examples/middleware.rs:26:5
[INFO] [stdout]    |
[INFO] [stdout] 26 |     surf::client().with(Printer {}).send(req).await?;
[INFO] [stdout]    |     ^^^^ use of undeclared crate or module `surf`
[INFO] [stdout] 
[INFO] [stdout] 
[INFO] [stdout] error: aborting due to 8 previous errors
[INFO] [stdout] 
[INFO] [stdout] 
[INFO] [stdout] Some errors have detailed explanations: E0432, E0433, E0706.
[INFO] [stdout] 
[INFO] [stdout] For more information about an error, try `rustc --explain E0432`.
[INFO] [stdout] 
[INFO] [stdout] error[E0433]: failed to resolve: use of undeclared crate or module `http_types`
[INFO] [stdout]   --> examples/next_reuse.rs:47:31
[INFO] [stdout]    |
[INFO] [stdout] 47 | async fn main() -> Result<(), http_types::Error> {
[INFO] [stdout]    |                               ^^^^^^^^^^ use of undeclared crate or module `http_types`
[INFO] [stdout]    |
[INFO] [stdout] help: there is a crate or module with a similar name
[INFO] [stdout]    |
[INFO] [stdout] 47 | async fn main() -> Result<(), li_http_types::Error> {
[INFO] [stdout]    |                               ~~~~~~~~~~~~~
[INFO] [stdout] 
[INFO] [stdout] 
[INFO] [stdout] error[E0433]: failed to resolve: use of undeclared crate or module `surf`
[INFO] [stdout]  --> examples/persistent.rs:5:18
[INFO] [stdout]   |
[INFO] [stdout] 5 |     let client = surf::Client::new();
[INFO] [stdout]   |                  ^^^^ use of undeclared crate or module `surf`
[INFO] [stdout]   |
[INFO] [stdout] help: consider importing this struct
[INFO] [stdout]   |
[INFO] [stdout] 1 + use li_surf::Client;
[INFO] [stdout]   |
[INFO] [stdout] help: if you import `Client`, refer to it directly
[INFO] [stdout]   |
[INFO] [stdout] 5 -     let client = surf::Client::new();
[INFO] [stdout] 5 +     let client = Client::new();
[INFO] [stdout]   |
[INFO] [stdout] 
[INFO] [stdout] 
[INFO] [stdout] error[E0433]: failed to resolve: use of undeclared crate or module `surf`
[INFO] [stdout]  --> examples/persistent.rs:6:35
[INFO] [stdout]   |
[INFO] [stdout] 6 |     let res1 = client.recv_string(surf::get("https://httpbin.org/get"));
[INFO] [stdout]   |                                   ^^^^ use of undeclared crate or module `surf`
[INFO] [stdout] 
[INFO] [stdout] 
[INFO] [stderr] error: could not compile `li-surf` (example "middleware") due to 9 previous errors
[INFO] [stdout] error[E0433]: failed to resolve: use of undeclared crate or module `surf`
[INFO] [stdout]  --> examples/persistent.rs:7:35
[INFO] [stdout]   |
[INFO] [stdout] 7 |     let res2 = client.recv_string(surf::get("https://httpbin.org/get"));
[INFO] [stdout]   |                                   ^^^^ use of undeclared crate or module `surf`
[INFO] [stdout] 
[INFO] [stdout] 
[INFO] [stderr] warning: build failed, waiting for other jobs to finish...
[INFO] [stdout] error[E0433]: failed to resolve: use of undeclared crate or module `http_types`
[INFO] [stdout]   --> examples/next_reuse.rs:17:31
[INFO] [stdout]    |
[INFO] [stdout] 17 |             let mut new_req = http_types::Request::new(req.method(), req.url().clone());
[INFO] [stdout]    |                               ^^^^^^^^^^ use of undeclared crate or module `http_types`
[INFO] [stdout]    |
[INFO] [stdout] help: there is a crate or module with a similar name
[INFO] [stdout]    |
[INFO] [stdout] 17 |             let mut new_req = li_http_types::Request::new(req.method(), req.url().clone());
[INFO] [stdout]    |                               ~~~~~~~~~~~~~
[INFO] [stdout] help: consider importing one of these items
[INFO] [stdout]    |
[INFO] [stdout] 1  + use li_http_client::Request;
[INFO] [stdout]    |
[INFO] [stdout] 1  + use li_http_types::Request;
[INFO] [stdout]    |
[INFO] [stdout] 1  + use li_surf::Request;
[INFO] [stdout]    |
[INFO] [stdout] 1  + use tide::Request;
[INFO] [stdout]    |
[INFO] [stdout] help: if you import `Request`, refer to it directly
[INFO] [stdout]    |
[INFO] [stdout] 17 -             let mut new_req = http_types::Request::new(req.method(), req.url().clone());
[INFO] [stdout] 17 +             let mut new_req = Request::new(req.method(), req.url().clone());
[INFO] [stdout]    |
[INFO] [stdout] 
[INFO] [stdout] 
[INFO] [stdout] error[E0706]: functions in traits cannot be declared `async`
[INFO] [stdout]   --> examples/next_reuse.rs:10:5
[INFO] [stdout]    |
[INFO] [stdout] 10 |       async fn handle(
[INFO] [stdout]    |       ^----
[INFO] [stdout]    |       |
[INFO] [stdout]    |  _____`async` because of this
[INFO] [stdout]    | |
[INFO] [stdout] 11 | |         &self,
[INFO] [stdout] 12 | |         req: Request,
[INFO] [stdout] 13 | |         client: Client,
[INFO] [stdout] 14 | |         next: Next<'_>,
[INFO] [stdout] 15 | |     ) -> Result<Response, http_types::Error> {
[INFO] [stdout]    | |____________________________________________^
[INFO] [stdout]    |
[INFO] [stdout]    = note: `async` trait functions are not currently supported
[INFO] [stdout]    = note: consider using the `async-trait` crate: https://crates.io/crates/async-trait
[INFO] [stdout]    = note: see issue #91611 <https://github.com/rust-lang/rust/issues/91611> for more information
[INFO] [stdout] 
[INFO] [stdout] 
[INFO] [stdout] error[E0433]: failed to resolve: use of undeclared crate or module `http_types`
[INFO] [stdout]   --> tests/test.rs:31:30
[INFO] [stdout]    |
[INFO] [stdout] 31 |     assert_eq!(res.status(), http_types::StatusCode::Ok);
[INFO] [stdout]    |                              ^^^^^^^^^^ use of undeclared crate or module `http_types`
[INFO] [stdout]    |
[INFO] [stdout] help: there is a crate or module with a similar name
[INFO] [stdout]    |
[INFO] [stdout] 31 |     assert_eq!(res.status(), li_http_types::StatusCode::Ok);
[INFO] [stdout]    |                              ~~~~~~~~~~~~~
[INFO] [stdout] 
[INFO] [stdout] 
[INFO] [stdout] error: aborting due to 4 previous errors
[INFO] [stdout] 
[INFO] [stdout] 
[INFO] [stdout] For more information about this error, try `rustc --explain E0433`.
[INFO] [stdout] 
[INFO] [stdout] error[E0433]: failed to resolve: use of undeclared crate or module `http_types`
[INFO] [stdout]   --> tests/test.rs:36:35
[INFO] [stdout]    |
[INFO] [stdout] 36 | async fn get_json() -> Result<(), http_types::Error> {
[INFO] [stdout]    |                                   ^^^^^^^^^^ use of undeclared crate or module `http_types`
[INFO] [stdout]    |
[INFO] [stdout] help: there is a crate or module with a similar name
[INFO] [stdout]    |
[INFO] [stdout] 36 | async fn get_json() -> Result<(), li_http_types::Error> {
[INFO] [stdout]    |                                   ~~~~~~~~~~~~~
[INFO] [stdout] 
[INFO] [stdout] 
[INFO] [stdout] error: aborting due to 2 previous errors
[INFO] [stdout] 
[INFO] [stdout] 
[INFO] [stdout] For more information about this error, try `rustc --explain E0433`.
[INFO] [stdout] 
[INFO] [stdout] error: aborting due to 4 previous errors
[INFO] [stdout] 
[INFO] [stdout] 
[INFO] [stdout] For more information about this error, try `rustc --explain E0433`.
[INFO] [stdout] 
[INFO] [stdout] error[E0433]: failed to resolve: use of undeclared crate or module `surf`
[INFO] [stdout]   --> examples/next_reuse.rs:50:15
[INFO] [stdout]    |
[INFO] [stdout] 50 |     let req = surf::get("https://httpbin.org/get");
[INFO] [stdout]    |               ^^^^ use of undeclared crate or module `surf`
[INFO] [stdout] 
[INFO] [stdout] 
[INFO] [stdout] error[E0433]: failed to resolve: use of undeclared crate or module `surf`
[INFO] [stdout]   --> examples/next_reuse.rs:51:19
[INFO] [stdout]    |
[INFO] [stdout] 51 |     let mut res = surf::client().with(Doubler {}).send(req).await?;
[INFO] [stdout]    |                   ^^^^ use of undeclared crate or module `surf`
[INFO] [stdout] 
[INFO] [stdout] 
[INFO] [stdout] error: aborting due to 10 previous errors
[INFO] [stdout] 
[INFO] [stdout] 
[INFO] [stdout] Some errors have detailed explanations: E0432, E0433, E0706.
[INFO] [stdout] 
[INFO] [stdout] For more information about an error, try `rustc --explain E0432`.
[INFO] [stdout] 
[INFO] [stdout] error[E0433]: failed to resolve: use of undeclared crate or module `http_types`
[INFO] [stdout]   --> tests/test.rs:53:37
[INFO] [stdout]    |
[INFO] [stdout] 53 | async fn get_google() -> Result<(), http_types::Error> {
[INFO] [stdout]    |                                     ^^^^^^^^^^ use of undeclared crate or module `http_types`
[INFO] [stdout]    |
[INFO] [stdout] help: there is a crate or module with a similar name
[INFO] [stdout]    |
[INFO] [stdout] 53 | async fn get_google() -> Result<(), li_http_types::Error> {
[INFO] [stdout]    |                                     ~~~~~~~~~~~~~
[INFO] [stdout] 
[INFO] [stdout] 
[INFO] [stderr] error: could not compile `li-surf` (example "post") due to 5 previous errors
[INFO] [stdout] error[E0433]: failed to resolve: use of undeclared crate or module `http_types`
[INFO] [stdout]   --> tests/test.rs:58:30
[INFO] [stdout]    |
[INFO] [stdout] 58 |     assert_eq!(res.status(), http_types::StatusCode::Ok);
[INFO] [stdout]    |                              ^^^^^^^^^^ use of undeclared crate or module `http_types`
[INFO] [stdout]    |
[INFO] [stdout] help: there is a crate or module with a similar name
[INFO] [stdout]    |
[INFO] [stdout] 58 |     assert_eq!(res.status(), li_http_types::StatusCode::Ok);
[INFO] [stdout]    |                              ~~~~~~~~~~~~~
[INFO] [stdout] 
[INFO] [stdout] 
[INFO] [stderr] error: could not compile `li-surf` (example "hello_world") due to 3 previous errors
[INFO] [stdout] error[E0433]: failed to resolve: use of undeclared crate or module `http_types`
[INFO] [stdout]   --> tests/test.rs:78:37
[INFO] [stdout]    |
[INFO] [stdout] 78 | async fn get_github() -> Result<(), http_types::Error> {
[INFO] [stdout]    |                                     ^^^^^^^^^^ use of undeclared crate or module `http_types`
[INFO] [stdout]    |
[INFO] [stdout] help: there is a crate or module with a similar name
[INFO] [stdout]    |
[INFO] [stdout] 78 | async fn get_github() -> Result<(), li_http_types::Error> {
[INFO] [stdout]    |                                     ~~~~~~~~~~~~~
[INFO] [stdout] 
[INFO] [stdout] 
[INFO] [stdout] error[E0433]: failed to resolve: use of undeclared crate or module `http_types`
[INFO] [stdout]   --> tests/test.rs:83:30
[INFO] [stdout]    |
[INFO] [stdout] 83 |     assert_eq!(res.status(), http_types::StatusCode::Ok, "{:?}", &res);
[INFO] [stdout]    |                              ^^^^^^^^^^ use of undeclared crate or module `http_types`
[INFO] [stdout]    |
[INFO] [stdout] help: there is a crate or module with a similar name
[INFO] [stdout]    |
[INFO] [stdout] 83 |     assert_eq!(res.status(), li_http_types::StatusCode::Ok, "{:?}", &res);
[INFO] [stdout]    |                              ~~~~~~~~~~~~~
[INFO] [stdout] 
[INFO] [stdout] 
[INFO] [stderr] error: could not compile `li-surf` (example "next_reuse") due to 11 previous errors
[INFO] [stdout] error[E0433]: failed to resolve: use of undeclared crate or module `http_types`
[INFO] [stdout]    --> tests/test.rs:131:33
[INFO] [stdout]     |
[INFO] [stdout] 131 | async fn cloned() -> Result<(), http_types::Error> {
[INFO] [stdout]     |                                 ^^^^^^^^^^ use of undeclared crate or module `http_types`
[INFO] [stdout]     |
[INFO] [stdout] help: there is a crate or module with a similar name
[INFO] [stdout]     |
[INFO] [stdout] 131 | async fn cloned() -> Result<(), li_http_types::Error> {
[INFO] [stdout]     |                                 ~~~~~~~~~~~~~
[INFO] [stdout] 
[INFO] [stdout] 
[INFO] [stderr] error: could not compile `li-surf` (example "persistent") due to 5 previous errors
[INFO] [stdout] error[E0433]: failed to resolve: use of undeclared crate or module `http_types`
[INFO] [stdout]    --> tests/test.rs:155:33
[INFO] [stdout]     |
[INFO] [stdout] 155 | ) -> BoxFuture<Result<Response, http_types::Error>> {
[INFO] [stdout]     |                                 ^^^^^^^^^^ use of undeclared crate or module `http_types`
[INFO] [stdout]     |
[INFO] [stdout] help: there is a crate or module with a similar name
[INFO] [stdout]     |
[INFO] [stdout] 155 | ) -> BoxFuture<Result<Response, li_http_types::Error>> {
[INFO] [stdout]     |                                 ~~~~~~~~~~~~~
[INFO] [stdout] 
[INFO] [stdout] 
[INFO] [stdout] error[E0433]: failed to resolve: use of undeclared crate or module `http_types`
[INFO] [stdout]    --> tests/test.rs:167:33
[INFO] [stdout]     |
[INFO] [stdout] 167 | ) -> BoxFuture<Result<Response, http_types::Error>> {
[INFO] [stdout]     |                                 ^^^^^^^^^^ use of undeclared crate or module `http_types`
[INFO] [stdout]     |
[INFO] [stdout] help: there is a crate or module with a similar name
[INFO] [stdout]     |
[INFO] [stdout] 167 | ) -> BoxFuture<Result<Response, li_http_types::Error>> {
[INFO] [stdout]     |                                 ~~~~~~~~~~~~~
[INFO] [stdout] 
[INFO] [stdout] 
[INFO] [stdout] error[E0433]: failed to resolve: use of undeclared crate or module `http_types`
[INFO] [stdout]    --> tests/test.rs:176:48
[INFO] [stdout]     |
[INFO] [stdout] 176 | async fn config_client_headers() -> Result<(), http_types::Error> {
[INFO] [stdout]     |                                                ^^^^^^^^^^ use of undeclared crate or module `http_types`
[INFO] [stdout]     |
[INFO] [stdout] help: there is a crate or module with a similar name
[INFO] [stdout]     |
[INFO] [stdout] 176 | async fn config_client_headers() -> Result<(), li_http_types::Error> {
[INFO] [stdout]     |                                                ~~~~~~~~~~~~~
[INFO] [stdout] 
[INFO] [stdout] 
[INFO] [stdout] error[E0581]: return type references an anonymous lifetime, which is not constrained by the fn input types
[INFO] [stdout]    --> tests/test.rs:155:6
[INFO] [stdout]     |
[INFO] [stdout] 155 | ) -> BoxFuture<Result<Response, http_types::Error>> {
[INFO] [stdout]     |      ^^^^^^^^^^^^^^^^^^^^^^^^^^^^^^^^^^^^^^^^^^^^^^
[INFO] [stdout]     |
[INFO] [stdout]     = note: lifetimes appearing in an associated or opaque type are not considered constrained
[INFO] [stdout]     = note: consider introducing a named lifetime parameter
[INFO] [stdout] 
[INFO] [stdout] 
[INFO] [stdout] error[E0581]: return type references an anonymous lifetime, which is not constrained by the fn input types
[INFO] [stdout]    --> tests/test.rs:167:6
[INFO] [stdout]     |
[INFO] [stdout] 167 | ) -> BoxFuture<Result<Response, http_types::Error>> {
[INFO] [stdout]     |      ^^^^^^^^^^^^^^^^^^^^^^^^^^^^^^^^^^^^^^^^^^^^^^
[INFO] [stdout]     |
[INFO] [stdout]     = note: lifetimes appearing in an associated or opaque type are not considered constrained
[INFO] [stdout]     = note: consider introducing a named lifetime parameter
[INFO] [stdout] 
[INFO] [stdout] 
[INFO] [stdout] error[E0433]: failed to resolve: use of undeclared crate or module `surf`
[INFO] [stdout]   --> tests/test.rs:26:15
[INFO] [stdout]    |
[INFO] [stdout] 26 |     let res = surf::post(mockito::server_url())
[INFO] [stdout]    |               ^^^^ use of undeclared crate or module `surf`
[INFO] [stdout] 
[INFO] [stdout] 
[INFO] [stdout] error[E0433]: failed to resolve: use of undeclared crate or module `surf`
[INFO] [stdout]   --> tests/test.rs:46:24
[INFO] [stdout]    |
[INFO] [stdout] 46 |     let msg: Message = surf::get(uri).recv_json().await?;
[INFO] [stdout]    |                        ^^^^ use of undeclared crate or module `surf`
[INFO] [stdout] 
[INFO] [stdout] 
[INFO] [stdout] error[E0433]: failed to resolve: use of undeclared crate or module `surf`
[INFO] [stdout]   --> tests/test.rs:57:19
[INFO] [stdout]    |
[INFO] [stdout] 57 |     let mut res = surf::get(url).await?;
[INFO] [stdout]    |                   ^^^^ use of undeclared crate or module `surf`
[INFO] [stdout] 
[INFO] [stdout] 
[INFO] [stdout] error[E0433]: failed to resolve: use of undeclared crate or module `surf`
[INFO] [stdout]   --> tests/test.rs:82:19
[INFO] [stdout]    |
[INFO] [stdout] 82 |     let mut res = surf::get(url).await?;
[INFO] [stdout]    |                   ^^^^ use of undeclared crate or module `surf`
[INFO] [stdout] 
[INFO] [stdout] 
[INFO] [stdout] error[E0433]: failed to resolve: use of undeclared crate or module `surf`
[INFO] [stdout]    --> tests/test.rs:134:27
[INFO] [stdout]     |
[INFO] [stdout] 134 |     let original_client = surf::client().with(mw_1);
[INFO] [stdout]     |                           ^^^^ use of undeclared crate or module `surf`
[INFO] [stdout] 
[INFO] [stdout] 
[INFO] [stdout] error[E0433]: failed to resolve: use of undeclared crate or module `surf`
[INFO] [stdout]    --> tests/test.rs:137:15
[INFO] [stdout]     |
[INFO] [stdout] 137 |     let req = surf::get("https://httpbin.org/get");
[INFO] [stdout]     |               ^^^^ use of undeclared crate or module `surf`
[INFO] [stdout] 
[INFO] [stdout] 
[INFO] [stdout] error[E0433]: failed to resolve: use of undeclared crate or module `surf`
[INFO] [stdout]    --> tests/test.rs:142:15
[INFO] [stdout]     |
[INFO] [stdout] 142 |     let req = surf::get("https://httpbin.org/get");
[INFO] [stdout]     |               ^^^^ use of undeclared crate or module `surf`
[INFO] [stdout] 
[INFO] [stdout] 
[INFO] [stdout] error: aborting due to 23 previous errors
[INFO] [stdout] 
[INFO] [stdout] 
[INFO] [stdout] Some errors have detailed explanations: E0432, E0433, E0581.
[INFO] [stdout] 
[INFO] [stdout] For more information about an error, try `rustc --explain E0432`.
[INFO] [stdout] 
[INFO] [stderr] error: could not compile `li-surf` (test "test") due to 24 previous errors
[INFO] running `Command { std: "docker" "inspect" "757fa2abc69f907a0eda8c30c0067e1874f14fef0b2286b7ce4af8662d0bd294", kill_on_drop: false }`
[INFO] running `Command { std: "docker" "rm" "-f" "757fa2abc69f907a0eda8c30c0067e1874f14fef0b2286b7ce4af8662d0bd294", kill_on_drop: false }`
[INFO] [stdout] 757fa2abc69f907a0eda8c30c0067e1874f14fef0b2286b7ce4af8662d0bd294
