[INFO] fetching crate li-http-client 6.5.4...
[INFO] testing li-http-client-6.5.4 against beta-2023-04-20 for beta-1.70-1
[INFO] extracting crate li-http-client 6.5.4 into /workspace/builds/worker-5-tc2/source
[INFO] validating manifest of crates.io crate li-http-client 6.5.4 on toolchain beta-2023-04-20
[INFO] running `Command { std: CARGO_HOME="/workspace/cargo-home" RUSTUP_HOME="/workspace/rustup-home" "/workspace/cargo-home/bin/cargo" "+beta-2023-04-20" "metadata" "--manifest-path" "Cargo.toml" "--no-deps", kill_on_drop: false }`
[INFO] started tweaking crates.io crate li-http-client 6.5.4
[INFO] finished tweaking crates.io crate li-http-client 6.5.4
[INFO] tweaked toml for crates.io crate li-http-client 6.5.4 written to /workspace/builds/worker-5-tc2/source/Cargo.toml
[INFO] crate crates.io crate li-http-client 6.5.4 already has a lockfile, it will not be regenerated
[INFO] running `Command { std: CARGO_HOME="/workspace/cargo-home" RUSTUP_HOME="/workspace/rustup-home" "/workspace/cargo-home/bin/cargo" "+beta-2023-04-20" "fetch" "--manifest-path" "Cargo.toml", kill_on_drop: false }`
[INFO] [stderr]     Blocking waiting for file lock on package cache
[INFO] [stderr]     Updating crates.io index
[INFO] [stderr]  Downloading crates ...
[INFO] [stderr]   Downloaded async-io v1.9.0
[INFO] [stderr]   Downloaded portpicker v0.1.1
[INFO] [stderr]   Downloaded async-global-executor v2.3.0
[INFO] [stderr]   Downloaded assert-json-diff v1.1.0
[INFO] [stderr]   Downloaded async-tls v0.11.0
[INFO] [stderr]   Downloaded send_wrapper v0.6.0
[INFO] [stderr]   Downloaded extend v0.1.2
[INFO] [stderr]   Downloaded li-async-h1 v2.3.3
[INFO] [stderr]   Downloaded async-native-tls v0.3.3
[INFO] [stderr]   Downloaded mockito v0.23.3
[INFO] [stderr]   Downloaded li-http-types v2.12.0
[INFO] [stderr]   Downloaded async-process v1.5.0
[INFO] [stderr]   Downloaded tide v0.15.1
[INFO] [stderr]   Downloaded tide-rustls v0.1.6
[INFO] running `Command { std: "docker" "create" "-v" "/var/lib/crater-agent-workspace/builds/worker-5-tc2/target:/opt/rustwide/target:rw,Z" "-v" "/var/lib/crater-agent-workspace/builds/worker-5-tc2/source:/opt/rustwide/workdir:ro,Z" "-v" "/var/lib/crater-agent-workspace/cargo-home:/opt/rustwide/cargo-home:ro,Z" "-v" "/var/lib/crater-agent-workspace/rustup-home:/opt/rustwide/rustup-home:ro,Z" "-e" "SOURCE_DIR=/opt/rustwide/workdir" "-e" "CARGO_TARGET_DIR=/opt/rustwide/target" "-e" "CARGO_HOME=/opt/rustwide/cargo-home" "-e" "RUSTUP_HOME=/opt/rustwide/rustup-home" "-w" "/opt/rustwide/workdir" "-m" "1610612736" "--user" "0:0" "--network" "none" "ghcr.io/rust-lang/crates-build-env/linux@sha256:5ff2268d62e97bff2cde7d5815dd6ed5b47097566f13b8d0ca110b04b60e07ed" "/opt/rustwide/cargo-home/bin/cargo" "+beta-2023-04-20" "metadata" "--no-deps" "--format-version=1", kill_on_drop: false }`
[INFO] [stdout] 9cdaa5536872b18056a26787c4cebacc649d3c55bf7a8af047276636f61be0d9
[INFO] running `Command { std: "docker" "start" "-a" "9cdaa5536872b18056a26787c4cebacc649d3c55bf7a8af047276636f61be0d9", kill_on_drop: false }`
[INFO] running `Command { std: "docker" "inspect" "9cdaa5536872b18056a26787c4cebacc649d3c55bf7a8af047276636f61be0d9", kill_on_drop: false }`
[INFO] running `Command { std: "docker" "rm" "-f" "9cdaa5536872b18056a26787c4cebacc649d3c55bf7a8af047276636f61be0d9", kill_on_drop: false }`
[INFO] [stdout] 9cdaa5536872b18056a26787c4cebacc649d3c55bf7a8af047276636f61be0d9
[INFO] running `Command { std: "docker" "create" "-v" "/var/lib/crater-agent-workspace/builds/worker-5-tc2/target:/opt/rustwide/target:rw,Z" "-v" "/var/lib/crater-agent-workspace/builds/worker-5-tc2/source:/opt/rustwide/workdir:ro,Z" "-v" "/var/lib/crater-agent-workspace/cargo-home:/opt/rustwide/cargo-home:ro,Z" "-v" "/var/lib/crater-agent-workspace/rustup-home:/opt/rustwide/rustup-home:ro,Z" "-e" "SOURCE_DIR=/opt/rustwide/workdir" "-e" "CARGO_TARGET_DIR=/opt/rustwide/target" "-e" "CARGO_INCREMENTAL=0" "-e" "RUST_BACKTRACE=full" "-e" "RUSTFLAGS=--cap-lints=warn" "-e" "RUSTDOCFLAGS=--cap-lints=warn" "-e" "CARGO_HOME=/opt/rustwide/cargo-home" "-e" "RUSTUP_HOME=/opt/rustwide/rustup-home" "-w" "/opt/rustwide/workdir" "-m" "1610612736" "--user" "0:0" "--network" "none" "ghcr.io/rust-lang/crates-build-env/linux@sha256:5ff2268d62e97bff2cde7d5815dd6ed5b47097566f13b8d0ca110b04b60e07ed" "/opt/rustwide/cargo-home/bin/cargo" "+beta-2023-04-20" "build" "--frozen" "--message-format=json", kill_on_drop: false }`
[INFO] [stdout] 099c7475dd505ae3cf2cc2b6abd0f986cdfb0215013525ef2d3089064979e523
[INFO] running `Command { std: "docker" "start" "-a" "099c7475dd505ae3cf2cc2b6abd0f986cdfb0215013525ef2d3089064979e523", kill_on_drop: false }`
[INFO] [stderr]    Compiling version_check v0.9.4
[INFO] [stderr]    Compiling proc-macro2 v1.0.47
[INFO] [stderr]    Compiling quote v1.0.21
[INFO] [stderr]    Compiling unicode-ident v1.0.5
[INFO] [stderr]    Compiling syn v1.0.102
[INFO] [stderr]    Compiling autocfg v1.1.0
[INFO] [stderr]    Compiling libc v0.2.135
[INFO] [stderr]    Compiling cfg-if v1.0.0
[INFO] [stderr]    Compiling typenum v1.15.0
[INFO] [stderr]    Compiling memchr v2.5.0
[INFO] [stderr]    Compiling futures-core v0.3.24
[INFO] [stderr]    Compiling pin-project-lite v0.2.9
[INFO] [stderr]    Compiling futures-io v0.3.24
[INFO] [stderr]    Compiling log v0.4.17
[INFO] [stderr]    Compiling once_cell v1.15.0
[INFO] [stderr]    Compiling serde_derive v1.0.145
[INFO] [stderr]    Compiling sval v1.0.0-alpha.5
[INFO] [stderr]    Compiling event-listener v2.5.3
[INFO] [stderr]    Compiling cache-padded v1.2.0
[INFO] [stderr]    Compiling serde v1.0.145
[INFO] [stderr]    Compiling concurrent-queue v1.2.4
[INFO] [stderr]    Compiling waker-fn v1.1.0
[INFO] [stderr]    Compiling fastrand v1.8.0
[INFO] [stderr]    Compiling parking v2.0.0
[INFO] [stderr]    Compiling subtle v2.4.1
[INFO] [stderr]    Compiling opaque-debug v0.3.0
[INFO] [stderr]    Compiling generic-array v0.14.6
[INFO] [stderr]    Compiling value-bag v1.0.0-alpha.9
[INFO] [stderr]    Compiling standback v0.2.17
[INFO] [stderr]    Compiling slab v0.4.7
[INFO] [stderr]    Compiling polling v2.3.0
[INFO] [stderr]    Compiling async-io v1.9.0
[INFO] [stderr]    Compiling ryu v1.0.11
[INFO] [stderr]    Compiling proc-macro-hack v0.5.19
[INFO] [stderr]    Compiling pkg-config v0.3.25
[INFO] [stderr]    Compiling crossbeam-utils v0.8.12
[INFO] [stderr]    Compiling percent-encoding v2.2.0
[INFO] [stderr]    Compiling cc v1.0.73
[INFO] [stderr]    Compiling bitflags v1.3.2
[INFO] [stderr]    Compiling getrandom v0.1.16
[INFO] [stderr]    Compiling async-task v4.3.0
[INFO] [stderr]    Compiling futures-lite v1.12.0
[INFO] [stderr]    Compiling signal-hook v0.3.14
[INFO] [stderr]    Compiling pin-utils v0.1.0
[INFO] [stderr]    Compiling tinyvec_macros v0.1.0
[INFO] [stderr]    Compiling ppv-lite86 v0.2.16
[INFO] [stderr]    Compiling tinyvec v1.6.0
[INFO] [stderr]    Compiling socket2 v0.4.7
[INFO] [stderr]    Compiling getrandom v0.2.7
[INFO] [stderr]    Compiling signal-hook-registry v1.4.0
[INFO] [stderr]    Compiling async-process v1.5.0
[INFO] [stderr]    Compiling async-channel v1.7.1
[INFO] [stderr]    Compiling thiserror v1.0.37
[INFO] [stderr]    Compiling atomic-waker v1.0.0
[INFO] [stderr]    Compiling cpuid-bool v0.2.0
[INFO] [stderr]    Compiling const_fn v0.4.9
[INFO] [stderr]    Compiling rand_core v0.6.4
[INFO] [stderr]    Compiling form_urlencoded v1.1.0
[INFO] [stderr]    Compiling blocking v1.2.0
[INFO] [stderr]    Compiling async-executor v1.4.1
[INFO] [stderr]    Compiling time v0.2.27
[INFO] [stderr]    Compiling async-lock v2.5.0
[INFO] [stderr]    Compiling futures-channel v0.3.24
[INFO] [stderr]    Compiling futures-task v0.3.24
[INFO] [stderr]    Compiling unicode-bidi v0.3.8
[INFO] [stderr]    Compiling lexical-core v0.7.6
[INFO] [stderr]    Compiling rand_chacha v0.3.1
[INFO] [stderr]    Compiling cipher v0.2.5
[INFO] [stderr]    Compiling openssl-sys v0.9.76
[INFO] [stderr]    Compiling universal-hash v0.4.1
[INFO] [stderr]    Compiling digest v0.9.0
[INFO] [stderr]    Compiling unicode-normalization v0.1.22
[INFO] [stderr]    Compiling crypto-mac v0.10.1
[INFO] [stderr]    Compiling polyval v0.4.5
[INFO] [stderr]    Compiling aes-soft v0.6.4
[INFO] [stderr]    Compiling ctr v0.6.0
[INFO] [stderr]    Compiling aead v0.3.2
[INFO] [stderr]    Compiling block-buffer v0.9.0
[INFO] [stderr]    Compiling hmac v0.10.1
[INFO] [stderr]    Compiling rand_core v0.5.1
[INFO] [stderr]    Compiling cookie v0.14.4
[INFO] [stderr]    Compiling ghash v0.3.1
[INFO] [stderr]    Compiling nom v5.1.2
[INFO] [stderr]    Compiling futures-util v0.3.24
[INFO] [stderr]    Compiling foreign-types-shared v0.1.1
[INFO] [stderr]    Compiling cpufeatures v0.2.5
[INFO] [stderr]    Compiling static_assertions v1.1.0
[INFO] [stderr]    Compiling aes v0.6.0
[INFO] [stderr]    Compiling openssl v0.10.42
[INFO] [stderr]    Compiling serde_json v1.0.86
[INFO] [stderr]    Compiling futures-sink v0.3.24
[INFO] [stderr]    Compiling itoa v1.0.4
[INFO] [stderr]    Compiling arrayvec v0.5.2
[INFO] [stderr]    Compiling anyhow v1.0.65
[INFO] [stderr]    Compiling aes-gcm v0.8.0
[INFO] [stderr]    Compiling rand_chacha v0.2.2
[INFO] [stderr]    Compiling sha2 v0.9.9
[INFO] [stderr]    Compiling foreign-types v0.3.2
[INFO] [stderr]    Compiling idna v0.3.0
[INFO] [stderr]    Compiling hkdf v0.10.0
[INFO] [stderr]    Compiling rand v0.8.5
[INFO] [stderr]    Compiling lock_api v0.4.9
[INFO] [stderr]    Compiling tokio v1.21.2
[INFO] [stderr]    Compiling async-trait v0.1.57
[INFO] [stderr]    Compiling crossbeam-queue v0.3.6
[INFO] [stderr]    Compiling li-http-types v2.12.0
[INFO] [stderr]    Compiling base64 v0.13.0
[INFO] [stderr]    Compiling parking_lot_core v0.9.3
[INFO] [stderr]    Compiling native-tls v0.2.10
[INFO] [stderr]    Compiling httparse v1.8.0
[INFO] [stderr]    Compiling rand v0.7.3
[INFO] [stderr]    Compiling simple-mutex v1.1.5
[INFO] [stderr]    Compiling infer v0.2.3
[INFO] [stderr]    Compiling openssl-probe v0.1.5
[INFO] [stderr]    Compiling scopeguard v1.1.0
[INFO] [stderr]    Compiling lazy_static v1.4.0
[INFO] [stderr]    Compiling smallvec v1.10.0
[INFO] [stderr]    Compiling async-dup v1.2.2
[INFO] [stderr]    Compiling num_cpus v1.13.1
[INFO] [stderr]    Compiling hashbrown v0.12.3
[INFO] [stderr]    Compiling dashmap v5.4.0
[INFO] [stderr]    Compiling ctor v0.1.23
[INFO] [stderr]    Compiling time-macros-impl v0.1.2
[INFO] [stderr]    Compiling thiserror-impl v1.0.37
[INFO] [stderr]    Compiling async-attributes v1.1.2
[INFO] [stderr]    Compiling futures-macro v0.3.24
[INFO] [stderr]    Compiling openssl-macros v0.1.0
[INFO] [stderr]    Compiling pin-project-internal v1.0.12
[INFO] [stderr]    Compiling time-macros v0.1.1
[INFO] [stderr]    Compiling pin-project v1.0.12
[INFO] [stderr]    Compiling kv-log-macro v1.0.7
[INFO] [stderr]    Compiling async-global-executor v2.3.0
[INFO] [stderr]    Compiling async-std v1.12.0
[INFO] [stderr]    Compiling futures-executor v0.3.24
[INFO] [stderr]    Compiling futures v0.3.24
[INFO] [stderr]    Compiling url v2.3.1
[INFO] [stderr]    Compiling serde_urlencoded v0.7.1
[INFO] [stderr]    Compiling serde_qs v0.8.5
[INFO] [stderr]    Compiling config v0.10.1
[INFO] [stderr]    Compiling deadpool v0.7.0
[INFO] [stderr]    Compiling async-native-tls v0.3.3
[INFO] [stderr]    Compiling li-async-h1 v2.3.3
[INFO] [stderr]    Compiling li-http-client v6.5.4 (/opt/rustwide/workdir)
[INFO] [stderr]     Finished dev [unoptimized + debuginfo] target(s) in 14.42s
[INFO] [stderr] warning: the following packages contain code that will be rejected by a future version of Rust: nom v5.1.2
[INFO] [stderr] note: to see what the problems were, use the option `--future-incompat-report`, or run `cargo report future-incompatibilities --id 1`
[INFO] running `Command { std: "docker" "inspect" "099c7475dd505ae3cf2cc2b6abd0f986cdfb0215013525ef2d3089064979e523", kill_on_drop: false }`
[INFO] running `Command { std: "docker" "rm" "-f" "099c7475dd505ae3cf2cc2b6abd0f986cdfb0215013525ef2d3089064979e523", kill_on_drop: false }`
[INFO] [stdout] 099c7475dd505ae3cf2cc2b6abd0f986cdfb0215013525ef2d3089064979e523
[INFO] running `Command { std: "docker" "create" "-v" "/var/lib/crater-agent-workspace/builds/worker-5-tc2/target:/opt/rustwide/target:rw,Z" "-v" "/var/lib/crater-agent-workspace/builds/worker-5-tc2/source:/opt/rustwide/workdir:ro,Z" "-v" "/var/lib/crater-agent-workspace/cargo-home:/opt/rustwide/cargo-home:ro,Z" "-v" "/var/lib/crater-agent-workspace/rustup-home:/opt/rustwide/rustup-home:ro,Z" "-e" "SOURCE_DIR=/opt/rustwide/workdir" "-e" "CARGO_TARGET_DIR=/opt/rustwide/target" "-e" "CARGO_INCREMENTAL=0" "-e" "RUST_BACKTRACE=full" "-e" "RUSTFLAGS=--cap-lints=warn" "-e" "RUSTDOCFLAGS=--cap-lints=warn" "-e" "CARGO_HOME=/opt/rustwide/cargo-home" "-e" "RUSTUP_HOME=/opt/rustwide/rustup-home" "-w" "/opt/rustwide/workdir" "-m" "1610612736" "--user" "0:0" "--network" "none" "ghcr.io/rust-lang/crates-build-env/linux@sha256:5ff2268d62e97bff2cde7d5815dd6ed5b47097566f13b8d0ca110b04b60e07ed" "/opt/rustwide/cargo-home/bin/cargo" "+beta-2023-04-20" "test" "--frozen" "--no-run" "--message-format=json", kill_on_drop: false }`
[INFO] [stdout] e35b0efe532c8eab6bc9929202783229be48fc6faf1aab430e9a166501879048
[INFO] running `Command { std: "docker" "start" "-a" "e35b0efe532c8eab6bc9929202783229be48fc6faf1aab430e9a166501879048", kill_on_drop: false }`
[INFO] [stderr]    Compiling ring v0.16.20
[INFO] [stderr]    Compiling untrusted v0.7.1
[INFO] [stderr]    Compiling spin v0.5.2
[INFO] [stderr]    Compiling http-types v2.12.0
[INFO] [stderr]    Compiling proc-macro-error-attr v1.0.4
[INFO] [stderr]    Compiling proc-macro-error v1.0.4
[INFO] [stderr]    Compiling pin-project-lite v0.1.12
[INFO] [stderr]    Compiling atty v0.2.14
[INFO] [stderr]    Compiling aho-corasick v0.7.19
[INFO] [stderr]    Compiling route-recognizer v0.2.0
[INFO] [stderr]    Compiling regex-syntax v0.6.27
[INFO] [stderr]    Compiling tokio-macros v0.2.6
[INFO] [stderr]    Compiling bytes v0.5.6
[INFO] [stderr]    Compiling difference v2.0.0
[INFO] [stderr]    Compiling portpicker v0.1.1
[INFO] [stderr]    Compiling colored v1.9.3
[INFO] [stderr]    Compiling tokio v0.2.25
[INFO] [stderr]    Compiling extend v0.1.2
[INFO] [stderr]    Compiling assert-json-diff v1.1.0
[INFO] [stderr]    Compiling async-h1 v2.3.3
[INFO] [stderr]    Compiling http-client v6.5.3
[INFO] [stderr]    Compiling async-sse v4.1.0
[INFO] [stderr]    Compiling regex v1.6.0
[INFO] [stderr]    Compiling tide v0.15.1
[INFO] [stderr]    Compiling mockito v0.23.3
[INFO] [stderr]    Compiling webpki v0.21.4
[INFO] [stderr]    Compiling sct v0.6.1
[INFO] [stderr]    Compiling webpki-roots v0.21.1
[INFO] [stderr]    Compiling rustls v0.19.1
[INFO] [stderr]    Compiling async-tls v0.11.0
[INFO] [stderr]    Compiling tide-rustls v0.1.6
[INFO] [stderr]    Compiling li-http-client v6.5.4 (/opt/rustwide/workdir)
[INFO] [stdout] error[E0432]: unresolved import `http_client`
[INFO] [stdout]  --> examples/print_client_debug.rs:1:5
[INFO] [stdout]   |
[INFO] [stdout] 1 | use http_client::HttpClient;
[INFO] [stdout]   |     ^^^^^^^^^^^ use of undeclared crate or module `http_client`
[INFO] [stdout]   |
[INFO] [stdout] help: there is a crate or module with a similar name
[INFO] [stdout]   |
[INFO] [stdout] 1 | use li_http_client::HttpClient;
[INFO] [stdout]   |     ~~~~~~~~~~~~~~
[INFO] [stdout] 
[INFO] [stdout] 
[INFO] [stdout] error[E0433]: failed to resolve: use of undeclared crate or module `http_client`
[INFO] [stdout]  --> examples/print_client_debug.rs:5:5
[INFO] [stdout]   |
[INFO] [stdout] 5 | use http_client::h1::H1Client as Client;
[INFO] [stdout]   |     ^^^^^^^^^^^ use of undeclared crate or module `http_client`
[INFO] [stdout]   |
[INFO] [stdout] help: there is a crate or module with a similar name
[INFO] [stdout]   |
[INFO] [stdout] 5 | use li_http_client::h1::H1Client as Client;
[INFO] [stdout]   |     ~~~~~~~~~~~~~~
[INFO] [stdout] 
[INFO] [stdout] 
[INFO] [stdout] error[E0432]: unresolved import `http_types`
[INFO] [stdout]  --> examples/print_client_debug.rs:2:5
[INFO] [stdout]   |
[INFO] [stdout] 2 | use http_types::{Method, Request};
[INFO] [stdout]   |     ^^^^^^^^^^ use of undeclared crate or module `http_types`
[INFO] [stdout]   |
[INFO] [stdout] help: there is a crate or module with a similar name
[INFO] [stdout]   |
[INFO] [stdout] 2 | use li_http_types::{Method, Request};
[INFO] [stdout]   |     ~~~~~~~~~~~~~
[INFO] [stdout] 
[INFO] [stdout] 
[INFO] [stdout] error[E0432]: unresolved import `http_client`
[INFO] [stdout]  --> tests/test.rs:3:5
[INFO] [stdout]   |
[INFO] [stdout] 3 | use http_client::HttpClient;
[INFO] [stdout]   |     ^^^^^^^^^^^ use of undeclared crate or module `http_client`
[INFO] [stdout]   |
[INFO] [stdout] help: there is a crate or module with a similar name
[INFO] [stdout]   |
[INFO] [stdout] 3 | use li_http_client::HttpClient;
[INFO] [stdout]   |     ~~~~~~~~~~~~~~
[INFO] [stdout] 
[INFO] [stdout] 
[INFO] [stdout] error[E0433]: failed to resolve: use of undeclared crate or module `http_client`
[INFO] [stdout]   --> tests/test.rs:22:13
[INFO] [stdout]    |
[INFO] [stdout] 22 |         use http_client::h1::H1Client as DefaultClient;
[INFO] [stdout]    |             ^^^^^^^^^^^ use of undeclared crate or module `http_client`
[INFO] [stdout]    |
[INFO] [stdout] help: there is a crate or module with a similar name
[INFO] [stdout]    |
[INFO] [stdout] 22 |         use li_http_client::h1::H1Client as DefaultClient;
[INFO] [stdout]    |             ~~~~~~~~~~~~~~
[INFO] [stdout] 
[INFO] [stdout] 
[INFO] [stdout] error[E0432]: unresolved import `http_types`
[INFO] [stdout]  --> tests/test.rs:4:5
[INFO] [stdout]   |
[INFO] [stdout] 4 | use http_types::{Body, Request, Response, Url};
[INFO] [stdout]   |     ^^^^^^^^^^ use of undeclared crate or module `http_types`
[INFO] [stdout]   |
[INFO] [stdout] help: there is a crate or module with a similar name
[INFO] [stdout]   |
[INFO] [stdout] 4 | use li_http_types::{Body, Request, Response, Url};
[INFO] [stdout]   |     ~~~~~~~~~~~~~
[INFO] [stdout] 
[INFO] [stdout] 
[INFO] [stdout] error[E0433]: failed to resolve: use of undeclared crate or module `http_types`
[INFO] [stdout]   --> tests/test.rs:29:36
[INFO] [stdout]    |
[INFO] [stdout] 29 | async fn post_json() -> Result<(), http_types::Error> {
[INFO] [stdout]    |                                    ^^^^^^^^^^ use of undeclared crate or module `http_types`
[INFO] [stdout]    |
[INFO] [stdout] help: there is a crate or module with a similar name
[INFO] [stdout]    |
[INFO] [stdout] 29 | async fn post_json() -> Result<(), li_http_types::Error> {
[INFO] [stdout]    |                                    ~~~~~~~~~~~~~
[INFO] [stdout] 
[INFO] [stdout] 
[INFO] [stdout] error[E0433]: failed to resolve: use of undeclared crate or module `http_types`
[INFO] [stdout]   --> tests/test.rs:45:9
[INFO] [stdout]    |
[INFO] [stdout] 45 |         http_types::Method::Post,
[INFO] [stdout]    |         ^^^^^^^^^^ use of undeclared crate or module `http_types`
[INFO] [stdout]    |
[INFO] [stdout] help: there is a crate or module with a similar name
[INFO] [stdout]    |
[INFO] [stdout] 45 |         li_http_types::Method::Post,
[INFO] [stdout]    |         ~~~~~~~~~~~~~
[INFO] [stdout] 
[INFO] [stdout] 
[INFO] [stdout] error[E0433]: failed to resolve: use of undeclared crate or module `http_types`
[INFO] [stdout]   --> tests/test.rs:52:30
[INFO] [stdout]    |
[INFO] [stdout] 52 |     assert_eq!(res.status(), http_types::StatusCode::Ok);
[INFO] [stdout]    |                              ^^^^^^^^^^ use of undeclared crate or module `http_types`
[INFO] [stdout]    |
[INFO] [stdout] help: there is a crate or module with a similar name
[INFO] [stdout]    |
[INFO] [stdout] 52 |     assert_eq!(res.status(), li_http_types::StatusCode::Ok);
[INFO] [stdout]    |                              ~~~~~~~~~~~~~
[INFO] [stdout] 
[INFO] [stdout] 
[INFO] [stdout] error[E0433]: failed to resolve: use of undeclared crate or module `http_types`
[INFO] [stdout]   --> tests/test.rs:57:35
[INFO] [stdout]    |
[INFO] [stdout] 57 | async fn get_json() -> Result<(), http_types::Error> {
[INFO] [stdout]    |                                   ^^^^^^^^^^ use of undeclared crate or module `http_types`
[INFO] [stdout]    |
[INFO] [stdout] help: there is a crate or module with a similar name
[INFO] [stdout]    |
[INFO] [stdout] 57 | async fn get_json() -> Result<(), li_http_types::Error> {
[INFO] [stdout]    |                                   ~~~~~~~~~~~~~
[INFO] [stdout] 
[INFO] [stdout] 
[INFO] [stdout] error[E0433]: failed to resolve: use of undeclared crate or module `http_types`
[INFO] [stdout]   --> tests/test.rs:67:9
[INFO] [stdout]    |
[INFO] [stdout] 67 |         http_types::Method::Get,
[INFO] [stdout]    |         ^^^^^^^^^^ use of undeclared crate or module `http_types`
[INFO] [stdout]    |
[INFO] [stdout] help: there is a crate or module with a similar name
[INFO] [stdout]    |
[INFO] [stdout] 67 |         li_http_types::Method::Get,
[INFO] [stdout]    |         ~~~~~~~~~~~~~
[INFO] [stdout] 
[INFO] [stdout] 
[INFO] [stdout] error[E0433]: failed to resolve: use of undeclared crate or module `http_types`
[INFO] [stdout]   --> tests/test.rs:78:37
[INFO] [stdout]    |
[INFO] [stdout] 78 | async fn get_google() -> Result<(), http_types::Error> {
[INFO] [stdout]    |                                     ^^^^^^^^^^ use of undeclared crate or module `http_types`
[INFO] [stdout]    |
[INFO] [stdout] help: there is a crate or module with a similar name
[INFO] [stdout]    |
[INFO] [stdout] 78 | async fn get_google() -> Result<(), li_http_types::Error> {
[INFO] [stdout]    |                                     ~~~~~~~~~~~~~
[INFO] [stdout] 
[INFO] [stdout] 
[INFO] [stdout] error[E0433]: failed to resolve: use of undeclared crate or module `http_types`
[INFO] [stdout]   --> tests/test.rs:80:28
[INFO] [stdout]    |
[INFO] [stdout] 80 |     let req = Request::new(http_types::Method::Get, Url::parse(url).unwrap());
[INFO] [stdout]    |                            ^^^^^^^^^^ use of undeclared crate or module `http_types`
[INFO] [stdout]    |
[INFO] [stdout] help: there is a crate or module with a similar name
[INFO] [stdout]    |
[INFO] [stdout] 80 |     let req = Request::new(li_http_types::Method::Get, Url::parse(url).unwrap());
[INFO] [stdout]    |                            ~~~~~~~~~~~~~
[INFO] [stdout] 
[INFO] [stdout] 
[INFO] [stdout] error[E0433]: failed to resolve: use of undeclared crate or module `http_types`
[INFO] [stdout]   --> tests/test.rs:82:30
[INFO] [stdout]    |
[INFO] [stdout] 82 |     assert_eq!(res.status(), http_types::StatusCode::Ok);
[INFO] [stdout]    |                              ^^^^^^^^^^ use of undeclared crate or module `http_types`
[INFO] [stdout]    |
[INFO] [stdout] help: there is a crate or module with a similar name
[INFO] [stdout]    |
[INFO] [stdout] 82 |     assert_eq!(res.status(), li_http_types::StatusCode::Ok);
[INFO] [stdout]    |                              ~~~~~~~~~~~~~
[INFO] [stdout] 
[INFO] [stdout] 
[INFO] [stdout] error[E0433]: failed to resolve: use of undeclared crate or module `http_types`
[INFO] [stdout]    --> tests/test.rs:102:37
[INFO] [stdout]     |
[INFO] [stdout] 102 | async fn get_github() -> Result<(), http_types::Error> {
[INFO] [stdout]     |                                     ^^^^^^^^^^ use of undeclared crate or module `http_types`
[INFO] [stdout]     |
[INFO] [stdout] help: there is a crate or module with a similar name
[INFO] [stdout]     |
[INFO] [stdout] 102 | async fn get_github() -> Result<(), li_http_types::Error> {
[INFO] [stdout]     |                                     ~~~~~~~~~~~~~
[INFO] [stdout] 
[INFO] [stdout] 
[INFO] [stdout] error[E0433]: failed to resolve: use of undeclared crate or module `http_types`
[INFO] [stdout]    --> tests/test.rs:104:28
[INFO] [stdout]     |
[INFO] [stdout] 104 |     let req = Request::new(http_types::Method::Get, Url::parse(url).unwrap());
[INFO] [stdout]     |                            ^^^^^^^^^^ use of undeclared crate or module `http_types`
[INFO] [stdout]     |
[INFO] [stdout] help: there is a crate or module with a similar name
[INFO] [stdout]     |
[INFO] [stdout] 104 |     let req = Request::new(li_http_types::Method::Get, Url::parse(url).unwrap());
[INFO] [stdout]     |                            ~~~~~~~~~~~~~
[INFO] [stdout] 
[INFO] [stdout] 
[INFO] [stdout] error[E0433]: failed to resolve: use of undeclared crate or module `http_types`
[INFO] [stdout]    --> tests/test.rs:106:30
[INFO] [stdout]     |
[INFO] [stdout] 106 |     assert_eq!(res.status(), http_types::StatusCode::Ok, "{:?}", &res);
[INFO] [stdout]     |                              ^^^^^^^^^^ use of undeclared crate or module `http_types`
[INFO] [stdout]     |
[INFO] [stdout] help: there is a crate or module with a similar name
[INFO] [stdout]     |
[INFO] [stdout] 106 |     assert_eq!(res.status(), li_http_types::StatusCode::Ok, "{:?}", &res);
[INFO] [stdout]     |                              ~~~~~~~~~~~~~
[INFO] [stdout] 
[INFO] [stdout] 
[INFO] [stdout] error[E0433]: failed to resolve: use of undeclared crate or module `http_types`
[INFO] [stdout]    --> tests/test.rs:148:28
[INFO] [stdout]     |
[INFO] [stdout] 148 |     let req = Request::new(http_types::Method::Get, url);
[INFO] [stdout]     |                            ^^^^^^^^^^ use of undeclared crate or module `http_types`
[INFO] [stdout]     |
[INFO] [stdout] help: there is a crate or module with a similar name
[INFO] [stdout]     |
[INFO] [stdout] 148 |     let req = Request::new(li_http_types::Method::Get, url);
[INFO] [stdout]     |                            ~~~~~~~~~~~~~
[INFO] [stdout] 
[INFO] [stdout] 
[INFO] [stdout] error[E0433]: failed to resolve: use of undeclared crate or module `http_types`
[INFO] [stdout]    --> tests/test.rs:165:28
[INFO] [stdout]     |
[INFO] [stdout] 165 |     let req = Request::new(http_types::Method::Get, Url::parse(url).unwrap());
[INFO] [stdout]     |                            ^^^^^^^^^^ use of undeclared crate or module `http_types`
[INFO] [stdout]     |
[INFO] [stdout] help: there is a crate or module with a similar name
[INFO] [stdout]     |
[INFO] [stdout] 165 |     let req = Request::new(li_http_types::Method::Get, Url::parse(url).unwrap());
[INFO] [stdout]     |                            ~~~~~~~~~~~~~
[INFO] [stdout] 
[INFO] [stdout] 
[INFO] [stdout] error: aborting due to 3 previous errors
[INFO] [stdout] 
[INFO] [stdout] 
[INFO] [stdout] Some errors have detailed explanations: E0432, E0433.
[INFO] [stdout] 
[INFO] [stdout] For more information about an error, try `rustc --explain E0432`.
[INFO] [stdout] 
[INFO] [stderr] error: could not compile `li-http-client` (example "print_client_debug") due to 4 previous errors
[INFO] [stderr] warning: build failed, waiting for other jobs to finish...
[INFO] [stdout] error[E0277]: the size for values of type `str` cannot be known at compilation time
[INFO] [stdout]   --> tests/test.rs:71:46
[INFO] [stdout]    |
[INFO] [stdout] 71 |     let msg: Message = serde_json::from_str(&res.body_string().await?)?;
[INFO] [stdout]    |                                              ^^^^^^^^^^^^^^^^^^^^^^^^ doesn't have a size known at compile-time
[INFO] [stdout]    |
[INFO] [stdout]    = help: the trait `Sized` is not implemented for `str`
[INFO] [stdout]    = note: all local variables must have a statically known size
[INFO] [stdout]    = help: unsized locals are gated as an unstable feature
[INFO] [stdout] 
[INFO] [stdout] 
[INFO] [stdout] error[E0277]: the size for values of type `str` cannot be known at compilation time
[INFO] [stdout]   --> tests/test.rs:71:69
[INFO] [stdout]    |
[INFO] [stdout] 71 |     let msg: Message = serde_json::from_str(&res.body_string().await?)?;
[INFO] [stdout]    |                                                                     ^ doesn't have a size known at compile-time
[INFO] [stdout]    |
[INFO] [stdout]    = help: the trait `Sized` is not implemented for `str`
[INFO] [stdout] note: required by a bound in `Break`
[INFO] [stdout]   --> /rustc/1b7dd2252b99671ce5d1cb9664c5f8636329436d/library/core/src/ops/control_flow.rs:93:5
[INFO] [stdout] 
[INFO] [stdout] 
[INFO] [stdout] error[E0277]: the size for values of type `[u8]` cannot be known at compilation time
[INFO] [stdout]   --> tests/test.rs:84:9
[INFO] [stdout]    |
[INFO] [stdout] 84 |     let msg = res.body_bytes().await?;
[INFO] [stdout]    |         ^^^ doesn't have a size known at compile-time
[INFO] [stdout]    |
[INFO] [stdout]    = help: the trait `Sized` is not implemented for `[u8]`
[INFO] [stdout]    = note: all local variables must have a statically known size
[INFO] [stdout]    = help: unsized locals are gated as an unstable feature
[INFO] [stdout] 
[INFO] [stdout] 
[INFO] [stdout] error[E0277]: the size for values of type `[u8]` cannot be known at compilation time
[INFO] [stdout]   --> tests/test.rs:84:15
[INFO] [stdout]    |
[INFO] [stdout] 84 |     let msg = res.body_bytes().await?;
[INFO] [stdout]    |               ^^^^^^^^^^^^^^^^^^^^^^^ doesn't have a size known at compile-time
[INFO] [stdout]    |
[INFO] [stdout]    = help: the trait `Sized` is not implemented for `[u8]`
[INFO] [stdout]    = note: all local variables must have a statically known size
[INFO] [stdout]    = help: unsized locals are gated as an unstable feature
[INFO] [stdout] 
[INFO] [stdout] 
[INFO] [stdout] error[E0277]: the size for values of type `[u8]` cannot be known at compilation time
[INFO] [stdout]   --> tests/test.rs:84:37
[INFO] [stdout]    |
[INFO] [stdout] 84 |     let msg = res.body_bytes().await?;
[INFO] [stdout]    |                                     ^ doesn't have a size known at compile-time
[INFO] [stdout]    |
[INFO] [stdout]    = help: the trait `Sized` is not implemented for `[u8]`
[INFO] [stdout] note: required by a bound in `Break`
[INFO] [stdout]   --> /rustc/1b7dd2252b99671ce5d1cb9664c5f8636329436d/library/core/src/ops/control_flow.rs:93:5
[INFO] [stdout] 
[INFO] [stdout] 
[INFO] [stdout] error: aborting due to 21 previous errors
[INFO] [stdout] 
[INFO] [stdout] 
[INFO] [stdout] Some errors have detailed explanations: E0277, E0432, E0433.
[INFO] [stdout] 
[INFO] [stdout] For more information about an error, try `rustc --explain E0277`.
[INFO] [stdout] 
[INFO] [stderr] error: could not compile `li-http-client` (test "test") due to 22 previous errors
[INFO] [stdout] error[E0277]: the trait bound `tide::StatusCode: From<li_http_types::StatusCode>` is not satisfied
[INFO] [stdout]    --> src/h1/mod.rs:323:32
[INFO] [stdout]     |
[INFO] [stdout] 323 |             let mut response = tide::Response::new(li_http_types::StatusCode::Ok);
[INFO] [stdout]     |                                ^^^^^^^^^^^^^^^^^^^ the trait `From<li_http_types::StatusCode>` is not implemented for `tide::StatusCode`
[INFO] [stdout]     |
[INFO] [stdout]     = help: the trait `TryFrom<u16>` is implemented for `tide::StatusCode`
[INFO] [stdout]     = note: required for `li_http_types::StatusCode` to implement `Into<tide::StatusCode>`
[INFO] [stdout]     = note: required for `tide::StatusCode` to implement `TryFrom<li_http_types::StatusCode>`
[INFO] [stdout] 
[INFO] [stdout] 
[INFO] [stdout] error: aborting due to previous error
[INFO] [stdout] 
[INFO] [stdout] 
[INFO] [stdout] For more information about this error, try `rustc --explain E0277`.
[INFO] [stdout] 
[INFO] [stderr] error: could not compile `li-http-client` (lib test) due to 2 previous errors
[INFO] running `Command { std: "docker" "inspect" "e35b0efe532c8eab6bc9929202783229be48fc6faf1aab430e9a166501879048", kill_on_drop: false }`
[INFO] running `Command { std: "docker" "rm" "-f" "e35b0efe532c8eab6bc9929202783229be48fc6faf1aab430e9a166501879048", kill_on_drop: false }`
[INFO] [stdout] e35b0efe532c8eab6bc9929202783229be48fc6faf1aab430e9a166501879048
