[INFO] fetching crate li-async-h1 2.3.3...
[INFO] testing li-async-h1-2.3.3 against beta-2023-04-20 for beta-1.70-1
[INFO] extracting crate li-async-h1 2.3.3 into /workspace/builds/worker-5-tc2/source
[INFO] validating manifest of crates.io crate li-async-h1 2.3.3 on toolchain beta-2023-04-20
[INFO] running `Command { std: CARGO_HOME="/workspace/cargo-home" RUSTUP_HOME="/workspace/rustup-home" "/workspace/cargo-home/bin/cargo" "+beta-2023-04-20" "metadata" "--manifest-path" "Cargo.toml" "--no-deps", kill_on_drop: false }`
[INFO] started tweaking crates.io crate li-async-h1 2.3.3
[INFO] finished tweaking crates.io crate li-async-h1 2.3.3
[INFO] tweaked toml for crates.io crate li-async-h1 2.3.3 written to /workspace/builds/worker-5-tc2/source/Cargo.toml
[INFO] crate crates.io crate li-async-h1 2.3.3 already has a lockfile, it will not be regenerated
[INFO] running `Command { std: CARGO_HOME="/workspace/cargo-home" RUSTUP_HOME="/workspace/rustup-home" "/workspace/cargo-home/bin/cargo" "+beta-2023-04-20" "fetch" "--manifest-path" "Cargo.toml", kill_on_drop: false }`
[INFO] [stderr]     Updating crates.io index
[INFO] [stderr]  Downloading crates ...
[INFO] [stderr]   Downloaded li-http-types v2.12.0
[INFO] running `Command { std: "docker" "create" "-v" "/var/lib/crater-agent-workspace/builds/worker-5-tc2/target:/opt/rustwide/target:rw,Z" "-v" "/var/lib/crater-agent-workspace/builds/worker-5-tc2/source:/opt/rustwide/workdir:ro,Z" "-v" "/var/lib/crater-agent-workspace/cargo-home:/opt/rustwide/cargo-home:ro,Z" "-v" "/var/lib/crater-agent-workspace/rustup-home:/opt/rustwide/rustup-home:ro,Z" "-e" "SOURCE_DIR=/opt/rustwide/workdir" "-e" "CARGO_TARGET_DIR=/opt/rustwide/target" "-e" "CARGO_HOME=/opt/rustwide/cargo-home" "-e" "RUSTUP_HOME=/opt/rustwide/rustup-home" "-w" "/opt/rustwide/workdir" "-m" "1610612736" "--user" "0:0" "--network" "none" "ghcr.io/rust-lang/crates-build-env/linux@sha256:5ff2268d62e97bff2cde7d5815dd6ed5b47097566f13b8d0ca110b04b60e07ed" "/opt/rustwide/cargo-home/bin/cargo" "+beta-2023-04-20" "metadata" "--no-deps" "--format-version=1", kill_on_drop: false }`
[INFO] [stdout] 7109e454c8c9c7a87248fcd7aa80034303b44b9d7f6dcb3ee02888f6dd6ef1e9
[INFO] running `Command { std: "docker" "start" "-a" "7109e454c8c9c7a87248fcd7aa80034303b44b9d7f6dcb3ee02888f6dd6ef1e9", kill_on_drop: false }`
[INFO] running `Command { std: "docker" "inspect" "7109e454c8c9c7a87248fcd7aa80034303b44b9d7f6dcb3ee02888f6dd6ef1e9", kill_on_drop: false }`
[INFO] running `Command { std: "docker" "rm" "-f" "7109e454c8c9c7a87248fcd7aa80034303b44b9d7f6dcb3ee02888f6dd6ef1e9", kill_on_drop: false }`
[INFO] [stdout] 7109e454c8c9c7a87248fcd7aa80034303b44b9d7f6dcb3ee02888f6dd6ef1e9
[INFO] running `Command { std: "docker" "create" "-v" "/var/lib/crater-agent-workspace/builds/worker-5-tc2/target:/opt/rustwide/target:rw,Z" "-v" "/var/lib/crater-agent-workspace/builds/worker-5-tc2/source:/opt/rustwide/workdir:ro,Z" "-v" "/var/lib/crater-agent-workspace/cargo-home:/opt/rustwide/cargo-home:ro,Z" "-v" "/var/lib/crater-agent-workspace/rustup-home:/opt/rustwide/rustup-home:ro,Z" "-e" "SOURCE_DIR=/opt/rustwide/workdir" "-e" "CARGO_TARGET_DIR=/opt/rustwide/target" "-e" "CARGO_INCREMENTAL=0" "-e" "RUST_BACKTRACE=full" "-e" "RUSTFLAGS=--cap-lints=warn" "-e" "RUSTDOCFLAGS=--cap-lints=warn" "-e" "CARGO_HOME=/opt/rustwide/cargo-home" "-e" "RUSTUP_HOME=/opt/rustwide/rustup-home" "-w" "/opt/rustwide/workdir" "-m" "1610612736" "--user" "0:0" "--network" "none" "ghcr.io/rust-lang/crates-build-env/linux@sha256:5ff2268d62e97bff2cde7d5815dd6ed5b47097566f13b8d0ca110b04b60e07ed" "/opt/rustwide/cargo-home/bin/cargo" "+beta-2023-04-20" "build" "--frozen" "--message-format=json", kill_on_drop: false }`
[INFO] [stdout] a3c2e8a9c353f503f574215ed9ce3e9e40633d1cf6db2c32a9f3329c59c17e82
[INFO] running `Command { std: "docker" "start" "-a" "a3c2e8a9c353f503f574215ed9ce3e9e40633d1cf6db2c32a9f3329c59c17e82", kill_on_drop: false }`
[INFO] [stderr]     Blocking waiting for file lock on package cache
[INFO] [stderr]    Compiling syn v1.0.102
[INFO] [stderr]    Compiling autocfg v1.1.0
[INFO] [stderr]    Compiling libc v0.2.135
[INFO] [stderr]    Compiling cfg-if v1.0.0
[INFO] [stderr]    Compiling futures-core v0.3.24
[INFO] [stderr]    Compiling memchr v2.5.0
[INFO] [stderr]    Compiling futures-io v0.3.24
[INFO] [stderr]    Compiling event-listener v2.5.3
[INFO] [stderr]    Compiling cache-padded v1.2.0
[INFO] [stderr]    Compiling serde_derive v1.0.145
[INFO] [stderr]    Compiling pin-project-lite v0.2.9
[INFO] [stderr]    Compiling parking v2.0.0
[INFO] [stderr]    Compiling value-bag v1.0.0-alpha.9
[INFO] [stderr]    Compiling serde v1.0.145
[INFO] [stderr]    Compiling log v0.4.17
[INFO] [stderr]    Compiling fastrand v1.8.0
[INFO] [stderr]    Compiling waker-fn v1.1.0
[INFO] [stderr]    Compiling getrandom v0.1.16
[INFO] [stderr]    Compiling concurrent-queue v1.2.4
[INFO] [stderr]    Compiling percent-encoding v2.2.0
[INFO] [stderr]    Compiling tinyvec_macros v0.1.0
[INFO] [stderr]    Compiling once_cell v1.15.0
[INFO] [stderr]    Compiling tinyvec v1.6.0
[INFO] [stderr]    Compiling thiserror v1.0.37
[INFO] [stderr]    Compiling async-task v4.3.0
[INFO] [stderr]    Compiling form_urlencoded v1.1.0
[INFO] [stderr]    Compiling ppv-lite86 v0.2.16
[INFO] [stderr]    Compiling itoa v1.0.4
[INFO] [stderr]    Compiling atomic-waker v1.0.0
[INFO] [stderr]    Compiling unicode-bidi v0.3.8
[INFO] [stderr]    Compiling slab v0.4.7
[INFO] [stderr]    Compiling polling v2.3.0
[INFO] [stderr]    Compiling async-channel v1.7.1
[INFO] [stderr]    Compiling async-io v1.9.0
[INFO] [stderr]    Compiling serde_json v1.0.86
[INFO] [stderr]    Compiling ryu v1.0.11
[INFO] [stderr]    Compiling anyhow v1.0.65
[INFO] [stderr]    Compiling crossbeam-utils v0.8.12
[INFO] [stderr]    Compiling async-lock v2.5.0
[INFO] [stderr]    Compiling li-http-types v2.12.0
[INFO] [stderr]    Compiling httparse v1.8.0
[INFO] [stderr]    Compiling simple-mutex v1.1.5
[INFO] [stderr]    Compiling base64 v0.13.0
[INFO] [stderr]    Compiling pin-utils v0.1.0
[INFO] [stderr]    Compiling infer v0.2.3
[INFO] [stderr]    Compiling async-dup v1.2.2
[INFO] [stderr]    Compiling futures-lite v1.12.0
[INFO] [stderr]    Compiling unicode-normalization v0.1.22
[INFO] [stderr]    Compiling socket2 v0.4.7
[INFO] [stderr]    Compiling rand_core v0.5.1
[INFO] [stderr]    Compiling rand_chacha v0.2.2
[INFO] [stderr]    Compiling async-executor v1.4.1
[INFO] [stderr]    Compiling blocking v1.2.0
[INFO] [stderr]    Compiling idna v0.3.0
[INFO] [stderr]    Compiling rand v0.7.3
[INFO] [stderr]    Compiling ctor v0.1.23
[INFO] [stderr]    Compiling thiserror-impl v1.0.37
[INFO] [stderr]    Compiling async-attributes v1.1.2
[INFO] [stderr]    Compiling pin-project-internal v1.0.12
[INFO] [stderr]    Compiling kv-log-macro v1.0.7
[INFO] [stderr]    Compiling pin-project v1.0.12
[INFO] [stderr]    Compiling async-global-executor v2.3.0
[INFO] [stderr]    Compiling async-std v1.12.0
[INFO] [stderr]    Compiling serde_qs v0.8.5
[INFO] [stderr]    Compiling serde_urlencoded v0.7.1
[INFO] [stderr]    Compiling url v2.3.1
[INFO] [stderr]    Compiling li-async-h1 v2.3.3 (/opt/rustwide/workdir)
[INFO] [stderr]     Finished dev [unoptimized + debuginfo] target(s) in 19.80s
[INFO] running `Command { std: "docker" "inspect" "a3c2e8a9c353f503f574215ed9ce3e9e40633d1cf6db2c32a9f3329c59c17e82", kill_on_drop: false }`
[INFO] running `Command { std: "docker" "rm" "-f" "a3c2e8a9c353f503f574215ed9ce3e9e40633d1cf6db2c32a9f3329c59c17e82", kill_on_drop: false }`
[INFO] [stdout] a3c2e8a9c353f503f574215ed9ce3e9e40633d1cf6db2c32a9f3329c59c17e82
[INFO] running `Command { std: "docker" "create" "-v" "/var/lib/crater-agent-workspace/builds/worker-5-tc2/target:/opt/rustwide/target:rw,Z" "-v" "/var/lib/crater-agent-workspace/builds/worker-5-tc2/source:/opt/rustwide/workdir:ro,Z" "-v" "/var/lib/crater-agent-workspace/cargo-home:/opt/rustwide/cargo-home:ro,Z" "-v" "/var/lib/crater-agent-workspace/rustup-home:/opt/rustwide/rustup-home:ro,Z" "-e" "SOURCE_DIR=/opt/rustwide/workdir" "-e" "CARGO_TARGET_DIR=/opt/rustwide/target" "-e" "CARGO_INCREMENTAL=0" "-e" "RUST_BACKTRACE=full" "-e" "RUSTFLAGS=--cap-lints=warn" "-e" "RUSTDOCFLAGS=--cap-lints=warn" "-e" "CARGO_HOME=/opt/rustwide/cargo-home" "-e" "RUSTUP_HOME=/opt/rustwide/rustup-home" "-w" "/opt/rustwide/workdir" "-m" "1610612736" "--user" "0:0" "--network" "none" "ghcr.io/rust-lang/crates-build-env/linux@sha256:5ff2268d62e97bff2cde7d5815dd6ed5b47097566f13b8d0ca110b04b60e07ed" "/opt/rustwide/cargo-home/bin/cargo" "+beta-2023-04-20" "test" "--frozen" "--no-run" "--message-format=json", kill_on_drop: false }`
[INFO] [stdout] b4e8f710be54dee647f7a7c5ed41bf9d7e1bc0abfbf3082de5ae5da07be853cd
[INFO] running `Command { std: "docker" "start" "-a" "b4e8f710be54dee647f7a7c5ed41bf9d7e1bc0abfbf3082de5ae5da07be853cd", kill_on_drop: false }`
[INFO] [stderr]     Blocking waiting for file lock on package cache
[INFO] [stderr]    Compiling ansi_term v0.11.0
[INFO] [stderr]    Compiling difference v2.0.0
[INFO] [stderr]    Compiling pretty_assertions v0.6.1
[INFO] [stderr]    Compiling li-async-h1 v2.3.3 (/opt/rustwide/workdir)
[INFO] [stdout] error[E0432]: unresolved import `async_h1`
[INFO] [stdout]  --> tests/server-chunked-encode-large.rs:1:5
[INFO] [stdout]   |
[INFO] [stdout] 1 | use async_h1::{client, server};
[INFO] [stdout]   |     ^^^^^^^^ use of undeclared crate or module `async_h1`
[INFO] [stdout] 
[INFO] [stdout] 
[INFO] [stdout] error[E0432]: unresolved import `http_types`
[INFO] [stdout]  --> tests/server-chunked-encode-large.rs:2:5
[INFO] [stdout]   |
[INFO] [stdout] 2 | use http_types::Body;
[INFO] [stdout]   |     ^^^^^^^^^^ use of undeclared crate or module `http_types`
[INFO] [stdout]   |
[INFO] [stdout] help: there is a crate or module with a similar name
[INFO] [stdout]   |
[INFO] [stdout] 2 | use li_http_types::Body;
[INFO] [stdout]   |     ~~~~~~~~~~~~~
[INFO] [stdout] 
[INFO] [stdout] 
[INFO] [stdout] error[E0432]: unresolved import `http_types`
[INFO] [stdout]  --> tests/server-chunked-encode-large.rs:3:5
[INFO] [stdout]   |
[INFO] [stdout] 3 | use http_types::Method;
[INFO] [stdout]   |     ^^^^^^^^^^ use of undeclared crate or module `http_types`
[INFO] [stdout]   |
[INFO] [stdout] help: there is a crate or module with a similar name
[INFO] [stdout]   |
[INFO] [stdout] 3 | use li_http_types::Method;
[INFO] [stdout]   |     ~~~~~~~~~~~~~
[INFO] [stdout] 
[INFO] [stdout] 
[INFO] [stdout] error[E0432]: unresolved import `http_types`
[INFO] [stdout]  --> tests/server-chunked-encode-large.rs:4:5
[INFO] [stdout]   |
[INFO] [stdout] 4 | use http_types::Request;
[INFO] [stdout]   |     ^^^^^^^^^^ use of undeclared crate or module `http_types`
[INFO] [stdout]   |
[INFO] [stdout] help: there is a crate or module with a similar name
[INFO] [stdout]   |
[INFO] [stdout] 4 | use li_http_types::Request;
[INFO] [stdout]   |     ~~~~~~~~~~~~~
[INFO] [stdout] 
[INFO] [stdout] 
[INFO] [stdout] error[E0432]: unresolved import `http_types`
[INFO] [stdout]  --> tests/server-chunked-encode-large.rs:5:5
[INFO] [stdout]   |
[INFO] [stdout] 5 | use http_types::Url;
[INFO] [stdout]   |     ^^^^^^^^^^ use of undeclared crate or module `http_types`
[INFO] [stdout]   |
[INFO] [stdout] help: there is a crate or module with a similar name
[INFO] [stdout]   |
[INFO] [stdout] 5 | use li_http_types::Url;
[INFO] [stdout]   |     ~~~~~~~~~~~~~
[INFO] [stdout] 
[INFO] [stdout] 
[INFO] [stdout] error[E0433]: failed to resolve: use of undeclared crate or module `async_h1`
[INFO] [stdout]  --> tests/test_utils.rs:1:5
[INFO] [stdout]   |
[INFO] [stdout] 1 | use async_h1::{
[INFO] [stdout]   |     ^^^^^^^^ use of undeclared crate or module `async_h1`
[INFO] [stdout] 
[INFO] [stdout] 
[INFO] [stdout] error[E0432]: unresolved import `http_types`
[INFO] [stdout]  --> tests/server-chunked-encode-large.rs:6:5
[INFO] [stdout]   |
[INFO] [stdout] 6 | use http_types::{Response, Result};
[INFO] [stdout]   |     ^^^^^^^^^^ use of undeclared crate or module `http_types`
[INFO] [stdout]   |
[INFO] [stdout] help: there is a crate or module with a similar name
[INFO] [stdout]   |
[INFO] [stdout] 6 | use li_http_types::{Response, Result};
[INFO] [stdout]   |     ~~~~~~~~~~~~~
[INFO] [stdout] 
[INFO] [stdout] 
[INFO] [stdout] error[E0432]: unresolved import `http_types`
[INFO] [stdout]  --> tests/test_utils.rs:6:5
[INFO] [stdout]   |
[INFO] [stdout] 6 | use http_types::{Request, Response, Result};
[INFO] [stdout]   |     ^^^^^^^^^^ use of undeclared crate or module `http_types`
[INFO] [stdout]   |
[INFO] [stdout] help: there is a crate or module with a similar name
[INFO] [stdout]   |
[INFO] [stdout] 6 | use li_http_types::{Request, Response, Result};
[INFO] [stdout]   |     ~~~~~~~~~~~~~
[INFO] [stdout] 
[INFO] [stdout] 
[INFO] [stdout] error[E0433]: failed to resolve: use of undeclared crate or module `http_types`
[INFO] [stdout]   --> tests/test_utils.rs:40:43
[INFO] [stdout]    |
[INFO] [stdout] 40 |     pub async fn accept_one(&mut self) -> http_types::Result<ConnectionStatus> {
[INFO] [stdout]    |                                           ^^^^^^^^^^ use of undeclared crate or module `http_types`
[INFO] [stdout]    |
[INFO] [stdout] help: there is a crate or module with a similar name
[INFO] [stdout]    |
[INFO] [stdout] 40 |     pub async fn accept_one(&mut self) -> li_http_types::Result<ConnectionStatus> {
[INFO] [stdout]    |                                           ~~~~~~~~~~~~~
[INFO] [stdout] 
[INFO] [stdout] 
[INFO] [stdout] error[E0433]: failed to resolve: use of undeclared crate or module `async_h1`
[INFO] [stdout]  --> tests/test_utils.rs:1:5
[INFO] [stdout]   |
[INFO] [stdout] 1 | use async_h1::{
[INFO] [stdout]   |     ^^^^^^^^ use of undeclared crate or module `async_h1`
[INFO] [stdout] 
[INFO] [stdout] 
[INFO] [stdout] error[E0432]: unresolved import `http_types`
[INFO] [stdout]  --> tests/test_utils.rs:6:5
[INFO] [stdout]   |
[INFO] [stdout] 6 | use http_types::{Request, Response, Result};
[INFO] [stdout]   |     ^^^^^^^^^^ use of undeclared crate or module `http_types`
[INFO] [stdout]   |
[INFO] [stdout] help: there is a crate or module with a similar name
[INFO] [stdout]   |
[INFO] [stdout] 6 | use li_http_types::{Request, Response, Result};
[INFO] [stdout]   |     ~~~~~~~~~~~~~
[INFO] [stdout] 
[INFO] [stdout] 
[INFO] [stdout] error[E0433]: failed to resolve: use of undeclared crate or module `http_types`
[INFO] [stdout]   --> tests/test_utils.rs:40:43
[INFO] [stdout]    |
[INFO] [stdout] 40 |     pub async fn accept_one(&mut self) -> http_types::Result<ConnectionStatus> {
[INFO] [stdout]    |                                           ^^^^^^^^^^ use of undeclared crate or module `http_types`
[INFO] [stdout]    |
[INFO] [stdout] help: there is a crate or module with a similar name
[INFO] [stdout]    |
[INFO] [stdout] 40 |     pub async fn accept_one(&mut self) -> li_http_types::Result<ConnectionStatus> {
[INFO] [stdout]    |                                           ~~~~~~~~~~~~~
[INFO] [stdout] 
[INFO] [stdout] 
[INFO] [stdout] error[E0433]: failed to resolve: use of undeclared crate or module `async_h1`
[INFO] [stdout]  --> tests/test_utils.rs:1:5
[INFO] [stdout]   |
[INFO] [stdout] 1 | use async_h1::{
[INFO] [stdout]   |     ^^^^^^^^ use of undeclared crate or module `async_h1`
[INFO] [stdout] 
[INFO] [stdout] 
[INFO] [stdout] error[E0432]: unresolved import `http_types`
[INFO] [stdout]  --> tests/test_utils.rs:6:5
[INFO] [stdout]   |
[INFO] [stdout] 6 | use http_types::{Request, Response, Result};
[INFO] [stdout]   |     ^^^^^^^^^^ use of undeclared crate or module `http_types`
[INFO] [stdout]   |
[INFO] [stdout] help: there is a crate or module with a similar name
[INFO] [stdout]   |
[INFO] [stdout] 6 | use li_http_types::{Request, Response, Result};
[INFO] [stdout]   |     ~~~~~~~~~~~~~
[INFO] [stdout] 
[INFO] [stdout] 
[INFO] [stdout] error[E0432]: unresolved import `http_types`
[INFO] [stdout]  --> tests/continue.rs:4:5
[INFO] [stdout]   |
[INFO] [stdout] 4 | use http_types::Result;
[INFO] [stdout]   |     ^^^^^^^^^^ use of undeclared crate or module `http_types`
[INFO] [stdout]   |
[INFO] [stdout] help: there is a crate or module with a similar name
[INFO] [stdout]   |
[INFO] [stdout] 4 | use li_http_types::Result;
[INFO] [stdout]   |     ~~~~~~~~~~~~~
[INFO] [stdout] 
[INFO] [stdout] 
[INFO] [stdout] error[E0433]: failed to resolve: use of undeclared crate or module `http_types`
[INFO] [stdout]   --> tests/test_utils.rs:40:43
[INFO] [stdout]    |
[INFO] [stdout] 40 |     pub async fn accept_one(&mut self) -> http_types::Result<ConnectionStatus> {
[INFO] [stdout]    |                                           ^^^^^^^^^^ use of undeclared crate or module `http_types`
[INFO] [stdout]    |
[INFO] [stdout] help: there is a crate or module with a similar name
[INFO] [stdout]    |
[INFO] [stdout] 40 |     pub async fn accept_one(&mut self) -> li_http_types::Result<ConnectionStatus> {
[INFO] [stdout]    |                                           ~~~~~~~~~~~~~
[INFO] [stdout] 
[INFO] [stdout] 
[INFO] [stdout] error[E0433]: failed to resolve: use of undeclared crate or module `async_h1`
[INFO] [stdout]  --> tests/test_utils.rs:1:5
[INFO] [stdout]   |
[INFO] [stdout] 1 | use async_h1::{
[INFO] [stdout]   |     ^^^^^^^^ use of undeclared crate or module `async_h1`
[INFO] [stdout] 
[INFO] [stdout] 
[INFO] [stdout] error[E0433]: failed to resolve: use of undeclared crate or module `async_h1`
[INFO] [stdout]  --> tests/server_encode.rs:2:9
[INFO] [stdout]   |
[INFO] [stdout] 2 |     use async_h1::server::Encoder;
[INFO] [stdout]   |         ^^^^^^^^ use of undeclared crate or module `async_h1`
[INFO] [stdout] 
[INFO] [stdout] 
[INFO] [stdout] error[E0432]: unresolved import `http_types`
[INFO] [stdout]  --> tests/test_utils.rs:6:5
[INFO] [stdout]   |
[INFO] [stdout] 6 | use http_types::{Request, Response, Result};
[INFO] [stdout]   |     ^^^^^^^^^^ use of undeclared crate or module `http_types`
[INFO] [stdout]   |
[INFO] [stdout] help: there is a crate or module with a similar name
[INFO] [stdout]   |
[INFO] [stdout] 6 | use li_http_types::{Request, Response, Result};
[INFO] [stdout]   |     ~~~~~~~~~~~~~
[INFO] [stdout] 
[INFO] [stdout] 
[INFO] [stdout] error[E0432]: unresolved import `async_h1`
[INFO] [stdout]  --> tests/client_decode.rs:7:9
[INFO] [stdout]   |
[INFO] [stdout] 7 |     use async_h1::client;
[INFO] [stdout]   |         ^^^^^^^^ use of undeclared crate or module `async_h1`
[INFO] [stdout] 
[INFO] [stdout] 
[INFO] [stdout] error[E0432]: unresolved import `http_types`
[INFO] [stdout]  --> tests/client_decode.rs:9:9
[INFO] [stdout]   |
[INFO] [stdout] 9 |     use http_types::headers;
[INFO] [stdout]   |         ^^^^^^^^^^ use of undeclared crate or module `http_types`
[INFO] [stdout]   |
[INFO] [stdout] help: there is a crate or module with a similar name
[INFO] [stdout]   |
[INFO] [stdout] 9 |     use li_http_types::headers;
[INFO] [stdout]   |         ~~~~~~~~~~~~~
[INFO] [stdout] 
[INFO] [stdout] 
[INFO] [stdout] error[E0432]: unresolved import `http_types`
[INFO] [stdout]   --> tests/client_decode.rs:10:9
[INFO] [stdout]    |
[INFO] [stdout] 10 |     use http_types::Response;
[INFO] [stdout]    |         ^^^^^^^^^^ use of undeclared crate or module `http_types`
[INFO] [stdout]    |
[INFO] [stdout] help: there is a crate or module with a similar name
[INFO] [stdout]    |
[INFO] [stdout] 10 |     use li_http_types::Response;
[INFO] [stdout]    |         ~~~~~~~~~~~~~
[INFO] [stdout] 
[INFO] [stdout] 
[INFO] [stdout] error[E0432]: unresolved import `http_types`
[INFO] [stdout]   --> tests/client_decode.rs:11:9
[INFO] [stdout]    |
[INFO] [stdout] 11 |     use http_types::Result;
[INFO] [stdout]    |         ^^^^^^^^^^ use of undeclared crate or module `http_types`
[INFO] [stdout]    |
[INFO] [stdout] help: there is a crate or module with a similar name
[INFO] [stdout]    |
[INFO] [stdout] 11 |     use li_http_types::Result;
[INFO] [stdout]    |         ~~~~~~~~~~~~~
[INFO] [stdout] 
[INFO] [stdout] 
[INFO] [stdout] error[E0433]: failed to resolve: use of undeclared crate or module `http_types`
[INFO] [stdout]   --> tests/test_utils.rs:40:43
[INFO] [stdout]    |
[INFO] [stdout] 40 |     pub async fn accept_one(&mut self) -> http_types::Result<ConnectionStatus> {
[INFO] [stdout]    |                                           ^^^^^^^^^^ use of undeclared crate or module `http_types`
[INFO] [stdout]    |
[INFO] [stdout] help: there is a crate or module with a similar name
[INFO] [stdout]    |
[INFO] [stdout] 40 |     pub async fn accept_one(&mut self) -> li_http_types::Result<ConnectionStatus> {
[INFO] [stdout]    |                                           ~~~~~~~~~~~~~
[INFO] [stdout] 
[INFO] [stdout] 
[INFO] [stdout] error[E0432]: unresolved import `http_types`
[INFO] [stdout]  --> tests/server_encode.rs:5:9
[INFO] [stdout]   |
[INFO] [stdout] 5 |     use http_types::Body;
[INFO] [stdout]   |         ^^^^^^^^^^ use of undeclared crate or module `http_types`
[INFO] [stdout]   |
[INFO] [stdout] help: there is a crate or module with a similar name
[INFO] [stdout]   |
[INFO] [stdout] 5 |     use li_http_types::Body;
[INFO] [stdout]   |         ~~~~~~~~~~~~~
[INFO] [stdout] 
[INFO] [stdout] 
[INFO] [stdout] error[E0432]: unresolved import `http_types`
[INFO] [stdout]  --> tests/server_encode.rs:6:9
[INFO] [stdout]   |
[INFO] [stdout] 6 |     use http_types::Result;
[INFO] [stdout]   |         ^^^^^^^^^^ use of undeclared crate or module `http_types`
[INFO] [stdout]   |
[INFO] [stdout] help: there is a crate or module with a similar name
[INFO] [stdout]   |
[INFO] [stdout] 6 |     use li_http_types::Result;
[INFO] [stdout]   |         ~~~~~~~~~~~~~
[INFO] [stdout] 
[INFO] [stdout] 
[INFO] [stdout] error[E0432]: unresolved import `http_types`
[INFO] [stdout]  --> tests/server_encode.rs:7:9
[INFO] [stdout]   |
[INFO] [stdout] 7 |     use http_types::StatusCode;
[INFO] [stdout]   |         ^^^^^^^^^^ use of undeclared crate or module `http_types`
[INFO] [stdout]   |
[INFO] [stdout] help: there is a crate or module with a similar name
[INFO] [stdout]   |
[INFO] [stdout] 7 |     use li_http_types::StatusCode;
[INFO] [stdout]   |         ~~~~~~~~~~~~~
[INFO] [stdout] 
[INFO] [stdout] 
[INFO] [stdout] error[E0432]: unresolved import `http_types`
[INFO] [stdout]  --> tests/server_encode.rs:8:9
[INFO] [stdout]   |
[INFO] [stdout] 8 |     use http_types::{Method, Response};
[INFO] [stdout]   |         ^^^^^^^^^^ use of undeclared crate or module `http_types`
[INFO] [stdout]   |
[INFO] [stdout] help: there is a crate or module with a similar name
[INFO] [stdout]   |
[INFO] [stdout] 8 |     use li_http_types::{Method, Response};
[INFO] [stdout]   |         ~~~~~~~~~~~~~
[INFO] [stdout] 
[INFO] [stdout] 
[INFO] [stdout] error[E0433]: failed to resolve: use of undeclared crate or module `http_types`
[INFO] [stdout]   --> tests/server_encode.rs:15:10
[INFO] [stdout]    |
[INFO] [stdout] 15 |     ) -> http_types::Result<String> {
[INFO] [stdout]    |          ^^^^^^^^^^ use of undeclared crate or module `http_types`
[INFO] [stdout]    |
[INFO] [stdout] help: there is a crate or module with a similar name
[INFO] [stdout]    |
[INFO] [stdout] 15 |     ) -> li_http_types::Result<String> {
[INFO] [stdout]    |          ~~~~~~~~~~~~~
[INFO] [stdout] 
[INFO] [stdout] 
[INFO] [stdout] error[E0433]: failed to resolve: use of undeclared crate or module `async_h1`
[INFO] [stdout]  --> tests/test_utils.rs:1:5
[INFO] [stdout]   |
[INFO] [stdout] 1 | use async_h1::{
[INFO] [stdout]   |     ^^^^^^^^ use of undeclared crate or module `async_h1`
[INFO] [stdout] 
[INFO] [stdout] 
[INFO] [stdout] error[E0433]: failed to resolve: use of undeclared crate or module `async_h1`
[INFO] [stdout]  --> tests/test_utils.rs:1:5
[INFO] [stdout]   |
[INFO] [stdout] 1 | use async_h1::{
[INFO] [stdout]   |     ^^^^^^^^ use of undeclared crate or module `async_h1`
[INFO] [stdout] 
[INFO] [stdout] 
[INFO] [stdout] error[E0433]: failed to resolve: use of undeclared crate or module `async_h1`
[INFO] [stdout]  --> tests/accept.rs:4:9
[INFO] [stdout]   |
[INFO] [stdout] 4 |     use async_h1::{client::Encoder, server::ConnectionStatus};
[INFO] [stdout]   |         ^^^^^^^^ use of undeclared crate or module `async_h1`
[INFO] [stdout] 
[INFO] [stdout] 
[INFO] [stdout] error[E0433]: failed to resolve: use of undeclared crate or module `http_types`
[INFO] [stdout]  --> tests/accept.rs:6:9
[INFO] [stdout]   |
[INFO] [stdout] 6 |     use http_types::{headers::CONNECTION, Body, Request, Response, Result};
[INFO] [stdout]   |         ^^^^^^^^^^ use of undeclared crate or module `http_types`
[INFO] [stdout]   |
[INFO] [stdout] help: there is a crate or module with a similar name
[INFO] [stdout]   |
[INFO] [stdout] 6 |     use li_http_types::{headers::CONNECTION, Body, Request, Response, Result};
[INFO] [stdout]   |         ~~~~~~~~~~~~~
[INFO] [stdout] 
[INFO] [stdout] 
[INFO] [stdout] error[E0432]: unresolved import `http_types`
[INFO] [stdout]  --> tests/test_utils.rs:6:5
[INFO] [stdout]   |
[INFO] [stdout] 6 | use http_types::{Request, Response, Result};
[INFO] [stdout]   |     ^^^^^^^^^^ use of undeclared crate or module `http_types`
[INFO] [stdout]   |
[INFO] [stdout] help: there is a crate or module with a similar name
[INFO] [stdout]   |
[INFO] [stdout] 6 | use li_http_types::{Request, Response, Result};
[INFO] [stdout]   |     ~~~~~~~~~~~~~
[INFO] [stdout] 
[INFO] [stdout] 
[INFO] [stdout] error[E0433]: failed to resolve: use of undeclared crate or module `async_h1`
[INFO] [stdout]   --> tests/continue.rs:19:28
[INFO] [stdout]    |
[INFO] [stdout] 19 |     let (mut request, _) = async_h1::server::decode(server).await?.unwrap();
[INFO] [stdout]    |                            ^^^^^^^^ use of undeclared crate or module `async_h1`
[INFO] [stdout] 
[INFO] [stdout] 
[INFO] [stdout] error[E0432]: unresolved import `http_types`
[INFO] [stdout]  --> tests/accept.rs:6:9
[INFO] [stdout]   |
[INFO] [stdout] 6 |     use http_types::{headers::CONNECTION, Body, Request, Response, Result};
[INFO] [stdout]   |         ^^^^^^^^^^ use of undeclared crate or module `http_types`
[INFO] [stdout]   |
[INFO] [stdout] help: there is a crate or module with a similar name
[INFO] [stdout]   |
[INFO] [stdout] 6 |     use li_http_types::{headers::CONNECTION, Body, Request, Response, Result};
[INFO] [stdout]   |         ~~~~~~~~~~~~~
[INFO] [stdout] 
[INFO] [stdout] 
[INFO] [stdout] error[E0433]: failed to resolve: use of undeclared crate or module `http_types`
[INFO] [stdout]   --> tests/test_utils.rs:40:43
[INFO] [stdout]    |
[INFO] [stdout] 40 |     pub async fn accept_one(&mut self) -> http_types::Result<ConnectionStatus> {
[INFO] [stdout]    |                                           ^^^^^^^^^^ use of undeclared crate or module `http_types`
[INFO] [stdout]    |
[INFO] [stdout] help: there is a crate or module with a similar name
[INFO] [stdout]    |
[INFO] [stdout] 40 |     pub async fn accept_one(&mut self) -> li_http_types::Result<ConnectionStatus> {
[INFO] [stdout]    |                                           ~~~~~~~~~~~~~
[INFO] [stdout] 
[INFO] [stdout] 
[INFO] [stdout] error[E0433]: failed to resolve: use of undeclared crate or module `async_h1`
[INFO] [stdout]   --> tests/continue.rs:47:18
[INFO] [stdout]    |
[INFO] [stdout] 47 |     let (_, _) = async_h1::server::decode(server).await?.unwrap();
[INFO] [stdout]    |                  ^^^^^^^^ use of undeclared crate or module `async_h1`
[INFO] [stdout] 
[INFO] [stdout] 
[INFO] [stdout] error[E0433]: failed to resolve: use of undeclared crate or module `http_types`
[INFO] [stdout]  --> tests/server_decode.rs:5:9
[INFO] [stdout]   |
[INFO] [stdout] 5 |     use http_types::headers::TRANSFER_ENCODING;
[INFO] [stdout]   |         ^^^^^^^^^^ use of undeclared crate or module `http_types`
[INFO] [stdout]   |
[INFO] [stdout] help: there is a crate or module with a similar name
[INFO] [stdout]   |
[INFO] [stdout] 5 |     use li_http_types::headers::TRANSFER_ENCODING;
[INFO] [stdout]   |         ~~~~~~~~~~~~~
[INFO] [stdout] 
[INFO] [stdout] 
[INFO] [stdout] error[E0432]: unresolved import `http_types`
[INFO] [stdout]  --> tests/test_utils.rs:6:5
[INFO] [stdout]   |
[INFO] [stdout] 6 | use http_types::{Request, Response, Result};
[INFO] [stdout]   |     ^^^^^^^^^^ use of undeclared crate or module `http_types`
[INFO] [stdout]   |
[INFO] [stdout] help: there is a crate or module with a similar name
[INFO] [stdout]   |
[INFO] [stdout] 6 | use li_http_types::{Request, Response, Result};
[INFO] [stdout]   |     ~~~~~~~~~~~~~
[INFO] [stdout] 
[INFO] [stdout] 
[INFO] [stdout] error[E0432]: unresolved import `http_types`
[INFO] [stdout]  --> tests/server_decode.rs:6:9
[INFO] [stdout]   |
[INFO] [stdout] 6 |     use http_types::Request;
[INFO] [stdout]   |         ^^^^^^^^^^ use of undeclared crate or module `http_types`
[INFO] [stdout]   |
[INFO] [stdout] help: there is a crate or module with a similar name
[INFO] [stdout]   |
[INFO] [stdout] 6 |     use li_http_types::Request;
[INFO] [stdout]   |         ~~~~~~~~~~~~~
[INFO] [stdout] 
[INFO] [stdout] 
[INFO] [stdout] error[E0432]: unresolved import `http_types`
[INFO] [stdout]  --> tests/server_decode.rs:7:9
[INFO] [stdout]   |
[INFO] [stdout] 7 |     use http_types::Result;
[INFO] [stdout]   |         ^^^^^^^^^^ use of undeclared crate or module `http_types`
[INFO] [stdout]   |
[INFO] [stdout] help: there is a crate or module with a similar name
[INFO] [stdout]   |
[INFO] [stdout] 7 |     use li_http_types::Result;
[INFO] [stdout]   |         ~~~~~~~~~~~~~
[INFO] [stdout] 
[INFO] [stdout] 
[INFO] [stdout] error[E0432]: unresolved import `http_types`
[INFO] [stdout]  --> tests/server_decode.rs:8:9
[INFO] [stdout]   |
[INFO] [stdout] 8 |     use http_types::Url;
[INFO] [stdout]   |         ^^^^^^^^^^ use of undeclared crate or module `http_types`
[INFO] [stdout]   |
[INFO] [stdout] help: there is a crate or module with a similar name
[INFO] [stdout]   |
[INFO] [stdout] 8 |     use li_http_types::Url;
[INFO] [stdout]   |         ~~~~~~~~~~~~~
[INFO] [stdout] 
[INFO] [stdout] 
[INFO] [stdout] error[E0432]: unresolved import `http_types`
[INFO] [stdout]  --> examples/server.rs:4:5
[INFO] [stdout]   |
[INFO] [stdout] 4 | use http_types::{Response, StatusCode};
[INFO] [stdout]   |     ^^^^^^^^^^ use of undeclared crate or module `http_types`
[INFO] [stdout]   |
[INFO] [stdout] help: there is a crate or module with a similar name
[INFO] [stdout]   |
[INFO] [stdout] 4 | use li_http_types::{Response, StatusCode};
[INFO] [stdout]   |     ~~~~~~~~~~~~~
[INFO] [stdout] 
[INFO] [stdout] 
[INFO] [stdout] error[E0433]: failed to resolve: use of undeclared crate or module `http_types`
[INFO] [stdout]  --> examples/server.rs:7:20
[INFO] [stdout]   |
[INFO] [stdout] 7 | async fn main() -> http_types::Result<()> {
[INFO] [stdout]   |                    ^^^^^^^^^^ use of undeclared crate or module `http_types`
[INFO] [stdout]   |
[INFO] [stdout] help: there is a crate or module with a similar name
[INFO] [stdout]   |
[INFO] [stdout] 7 | async fn main() -> li_http_types::Result<()> {
[INFO] [stdout]   |                    ~~~~~~~~~~~~~
[INFO] [stdout] 
[INFO] [stdout] 
[INFO] [stdout] error[E0433]: failed to resolve: use of undeclared crate or module `http_types`
[INFO] [stdout]   --> examples/server.rs:27:39
[INFO] [stdout]    |
[INFO] [stdout] 27 | async fn accept(stream: TcpStream) -> http_types::Result<()> {
[INFO] [stdout]    |                                       ^^^^^^^^^^ use of undeclared crate or module `http_types`
[INFO] [stdout]    |
[INFO] [stdout] help: there is a crate or module with a similar name
[INFO] [stdout]    |
[INFO] [stdout] 27 | async fn accept(stream: TcpStream) -> li_http_types::Result<()> {
[INFO] [stdout]    |                                       ~~~~~~~~~~~~~
[INFO] [stdout] 
[INFO] [stdout] 
[INFO] [stdout] error[E0433]: failed to resolve: use of undeclared crate or module `http_types`
[INFO] [stdout]   --> tests/test_utils.rs:40:43
[INFO] [stdout]    |
[INFO] [stdout] 40 |     pub async fn accept_one(&mut self) -> http_types::Result<ConnectionStatus> {
[INFO] [stdout]    |                                           ^^^^^^^^^^ use of undeclared crate or module `http_types`
[INFO] [stdout]    |
[INFO] [stdout] help: there is a crate or module with a similar name
[INFO] [stdout]    |
[INFO] [stdout] 40 |     pub async fn accept_one(&mut self) -> li_http_types::Result<ConnectionStatus> {
[INFO] [stdout]    |                                           ~~~~~~~~~~~~~
[INFO] [stdout] 
[INFO] [stdout] 
[INFO] [stdout] error[E0433]: failed to resolve: use of undeclared crate or module `async_h1`
[INFO] [stdout]   --> tests/server_decode.rs:16:9
[INFO] [stdout]    |
[INFO] [stdout] 16 |         async_h1::server::decode(server)
[INFO] [stdout]    |         ^^^^^^^^ use of undeclared crate or module `async_h1`
[INFO] [stdout] 
[INFO] [stdout] 
[INFO] [stdout] error[E0433]: failed to resolve: use of undeclared crate or module `http_types`
[INFO] [stdout]   --> tests/server_decode.rs:37:38
[INFO] [stdout]    |
[INFO] [stdout] 37 |         assert_eq!(request.method(), http_types::Method::Post);
[INFO] [stdout]    |                                      ^^^^^^^^^^ use of undeclared crate or module `http_types`
[INFO] [stdout]    |
[INFO] [stdout] help: there is a crate or module with a similar name
[INFO] [stdout]    |
[INFO] [stdout] 37 |         assert_eq!(request.method(), li_http_types::Method::Post);
[INFO] [stdout]    |                                      ~~~~~~~~~~~~~
[INFO] [stdout] 
[INFO] [stdout] 
[INFO] [stdout] error[E0433]: failed to resolve: use of undeclared crate or module `http_types`
[INFO] [stdout]   --> tests/server_decode.rs:39:49
[INFO] [stdout]    |
[INFO] [stdout] 39 |         assert_eq!(request.content_type(), Some(http_types::mime::PLAIN));
[INFO] [stdout]    |                                                 ^^^^^^^^^^ use of undeclared crate or module `http_types`
[INFO] [stdout]    |
[INFO] [stdout] help: there is a crate or module with a similar name
[INFO] [stdout]    |
[INFO] [stdout] 39 |         assert_eq!(request.content_type(), Some(li_http_types::mime::PLAIN));
[INFO] [stdout]    |                                                 ~~~~~~~~~~~~~
[INFO] [stdout] 
[INFO] [stdout] 
[INFO] [stdout] error[E0433]: failed to resolve: use of undeclared crate or module `http_types`
[INFO] [stdout]   --> tests/server_decode.rs:40:44
[INFO] [stdout]    |
[INFO] [stdout] 40 |         assert_eq!(request.version(), Some(http_types::Version::Http1_1));
[INFO] [stdout]    |                                            ^^^^^^^^^^ use of undeclared crate or module `http_types`
[INFO] [stdout]    |
[INFO] [stdout] help: there is a crate or module with a similar name
[INFO] [stdout]    |
[INFO] [stdout] 40 |         assert_eq!(request.version(), Some(li_http_types::Version::Http1_1));
[INFO] [stdout]    |                                            ~~~~~~~~~~~~~
[INFO] [stdout] 
[INFO] [stdout] 
[INFO] [stdout] error[E0432]: unresolved import `async_h1`
[INFO] [stdout]  --> examples/client.rs:1:5
[INFO] [stdout]   |
[INFO] [stdout] 1 | use async_h1::client;
[INFO] [stdout]   |     ^^^^^^^^ use of undeclared crate or module `async_h1`
[INFO] [stdout] 
[INFO] [stdout] 
[INFO] [stdout] error[E0432]: unresolved import `http_types`
[INFO] [stdout]  --> examples/client.rs:3:5
[INFO] [stdout]   |
[INFO] [stdout] 3 | use http_types::{Error, Method, Request, Url};
[INFO] [stdout]   |     ^^^^^^^^^^ use of undeclared crate or module `http_types`
[INFO] [stdout]   |
[INFO] [stdout] help: there is a crate or module with a similar name
[INFO] [stdout]   |
[INFO] [stdout] 3 | use li_http_types::{Error, Method, Request, Url};
[INFO] [stdout]   |     ~~~~~~~~~~~~~
[INFO] [stdout] 
[INFO] [stdout] 
[INFO] [stdout] error[E0433]: failed to resolve: use of undeclared crate or module `async_h1`
[INFO] [stdout]   --> examples/server.rs:29:5
[INFO] [stdout]    |
[INFO] [stdout] 29 |     async_h1::accept(stream.clone(), |_req| async move {
[INFO] [stdout]    |     ^^^^^^^^ use of undeclared crate or module `async_h1`
[INFO] [stdout] 
[INFO] [stdout] 
[INFO] [stdout] error[E0432]: unresolved import `async_h1`
[INFO] [stdout]  --> tests/client_encode.rs:2:9
[INFO] [stdout]   |
[INFO] [stdout] 2 |     use async_h1::client;
[INFO] [stdout]   |         ^^^^^^^^ use of undeclared crate or module `async_h1`
[INFO] [stdout] 
[INFO] [stdout] 
[INFO] [stdout] error[E0432]: unresolved import `http_types`
[INFO] [stdout]  --> tests/client_encode.rs:6:9
[INFO] [stdout]   |
[INFO] [stdout] 6 |     use http_types::Body;
[INFO] [stdout]   |         ^^^^^^^^^^ use of undeclared crate or module `http_types`
[INFO] [stdout]   |
[INFO] [stdout] help: there is a crate or module with a similar name
[INFO] [stdout]   |
[INFO] [stdout] 6 |     use li_http_types::Body;
[INFO] [stdout]   |         ~~~~~~~~~~~~~
[INFO] [stdout] 
[INFO] [stdout] 
[INFO] [stdout] error[E0432]: unresolved import `http_types`
[INFO] [stdout]  --> tests/client_encode.rs:7:9
[INFO] [stdout]   |
[INFO] [stdout] 7 |     use http_types::Result;
[INFO] [stdout]   |         ^^^^^^^^^^ use of undeclared crate or module `http_types`
[INFO] [stdout]   |
[INFO] [stdout] help: there is a crate or module with a similar name
[INFO] [stdout]   |
[INFO] [stdout] 7 |     use li_http_types::Result;
[INFO] [stdout]   |         ~~~~~~~~~~~~~
[INFO] [stdout] 
[INFO] [stdout] 
[INFO] [stdout] error[E0432]: unresolved imports `http_types`, `client::Encoder`
[INFO] [stdout]  --> tests/client_encode.rs:5:9
[INFO] [stdout]   |
[INFO] [stdout] 5 |     use client::Encoder;
[INFO] [stdout]   |         ^^^^^^^^^^^^^^^
[INFO] [stdout] ...
[INFO] [stdout] 8 |     use http_types::{Method, Request, Url};
[INFO] [stdout]   |         ^^^^^^^^^^ use of undeclared crate or module `http_types`
[INFO] [stdout]   |
[INFO] [stdout] help: there is a crate or module with a similar name
[INFO] [stdout]   |
[INFO] [stdout] 8 |     use li_http_types::{Method, Request, Url};
[INFO] [stdout]   |         ~~~~~~~~~~~~~
[INFO] [stdout] 
[INFO] [stdout] 
[INFO] [stdout] error[E0433]: failed to resolve: use of undeclared crate or module `http_types`
[INFO] [stdout]   --> tests/client_encode.rs:11:64
[INFO] [stdout]    |
[INFO] [stdout] 11 |     async fn encode_to_string(request: Request, len: usize) -> http_types::Result<String> {
[INFO] [stdout]    |                                                                ^^^^^^^^^^ use of undeclared crate or module `http_types`
[INFO] [stdout]    |
[INFO] [stdout] help: there is a crate or module with a similar name
[INFO] [stdout]    |
[INFO] [stdout] 11 |     async fn encode_to_string(request: Request, len: usize) -> li_http_types::Result<String> {
[INFO] [stdout]    |                                                                ~~~~~~~~~~~~~
[INFO] [stdout] 
[INFO] [stdout] 
[INFO] [stdout] warning: unused import: `async_std::io::ReadExt`
[INFO] [stdout]  --> tests/server_encode.rs:4:9
[INFO] [stdout]   |
[INFO] [stdout] 4 |     use async_std::io::ReadExt;
[INFO] [stdout]   |         ^^^^^^^^^^^^^^^^^^^^^^
[INFO] [stdout]   |
[INFO] [stdout]   = note: `#[warn(unused_imports)]` on by default
[INFO] [stdout] 
[INFO] [stdout] 
[INFO] [stdout] error[E0392]: parameter `F` is never used
[INFO] [stdout]   --> tests/test_utils.rs:19:23
[INFO] [stdout]    |
[INFO] [stdout] 19 | pub struct TestServer<F, Fut> {
[INFO] [stdout]    |                       ^ unused parameter
[INFO] [stdout]    |
[INFO] [stdout]    = help: consider removing `F`, referring to it in a field, or using a marker such as `PhantomData`
[INFO] [stdout]    = help: if you intended `F` to be a const parameter, use `const F: usize` instead
[INFO] [stdout] 
[INFO] [stdout] 
[INFO] [stdout] error[E0392]: parameter `Fut` is never used
[INFO] [stdout]   --> tests/test_utils.rs:19:26
[INFO] [stdout]    |
[INFO] [stdout] 19 | pub struct TestServer<F, Fut> {
[INFO] [stdout]    |                          ^^^ unused parameter
[INFO] [stdout]    |
[INFO] [stdout]    = help: consider removing `Fut`, referring to it in a field, or using a marker such as `PhantomData`
[INFO] [stdout]    = help: if you intended `Fut` to be a const parameter, use `const Fut: usize` instead
[INFO] [stdout] 
[INFO] [stdout] 
[INFO] [stdout] error[E0392]: parameter `F` is never used
[INFO] [stdout]   --> tests/test_utils.rs:19:23
[INFO] [stdout]    |
[INFO] [stdout] 19 | pub struct TestServer<F, Fut> {
[INFO] [stdout]    |                       ^ unused parameter
[INFO] [stdout]    |
[INFO] [stdout]    = help: consider removing `F`, referring to it in a field, or using a marker such as `PhantomData`
[INFO] [stdout]    = help: if you intended `F` to be a const parameter, use `const F: usize` instead
[INFO] [stdout] 
[INFO] [stdout] 
[INFO] [stdout] error[E0392]: parameter `Fut` is never used
[INFO] [stdout]   --> tests/test_utils.rs:19:26
[INFO] [stdout]    |
[INFO] [stdout] 19 | pub struct TestServer<F, Fut> {
[INFO] [stdout]    |                          ^^^ unused parameter
[INFO] [stdout]    |
[INFO] [stdout]    = help: consider removing `Fut`, referring to it in a field, or using a marker such as `PhantomData`
[INFO] [stdout]    = help: if you intended `Fut` to be a const parameter, use `const Fut: usize` instead
[INFO] [stdout] 
[INFO] [stdout] 
[INFO] [stdout] error: aborting due to 2 previous errors
[INFO] [stdout] 
[INFO] [stdout] 
[INFO] [stdout] For more information about this error, try `rustc --explain E0432`.
[INFO] [stdout] 
[INFO] [stdout] error: aborting due to 4 previous errors
[INFO] [stdout] 
[INFO] [stdout] 
[INFO] [stdout] Some errors have detailed explanations: E0432, E0433.
[INFO] [stdout] 
[INFO] [stdout] For more information about an error, try `rustc --explain E0432`.
[INFO] [stdout] 
[INFO] [stdout] error[E0392]: parameter `F` is never used
[INFO] [stdout]   --> tests/test_utils.rs:19:23
[INFO] [stdout]    |
[INFO] [stdout] 19 | pub struct TestServer<F, Fut> {
[INFO] [stdout]    |                       ^ unused parameter
[INFO] [stdout]    |
[INFO] [stdout]    = help: consider removing `F`, referring to it in a field, or using a marker such as `PhantomData`
[INFO] [stdout]    = help: if you intended `F` to be a const parameter, use `const F: usize` instead
[INFO] [stdout] 
[INFO] [stdout] 
[INFO] [stdout] error[E0392]: parameter `Fut` is never used
[INFO] [stdout]   --> tests/test_utils.rs:19:26
[INFO] [stdout]    |
[INFO] [stdout] 19 | pub struct TestServer<F, Fut> {
[INFO] [stdout]    |                          ^^^ unused parameter
[INFO] [stdout]    |
[INFO] [stdout]    = help: consider removing `Fut`, referring to it in a field, or using a marker such as `PhantomData`
[INFO] [stdout]    = help: if you intended `Fut` to be a const parameter, use `const Fut: usize` instead
[INFO] [stdout] 
[INFO] [stdout] 
[INFO] [stdout] error[E0392]: parameter `F` is never used
[INFO] [stdout]   --> tests/test_utils.rs:19:23
[INFO] [stdout]    |
[INFO] [stdout] 19 | pub struct TestServer<F, Fut> {
[INFO] [stdout]    |                       ^ unused parameter
[INFO] [stdout]    |
[INFO] [stdout]    = help: consider removing `F`, referring to it in a field, or using a marker such as `PhantomData`
[INFO] [stdout]    = help: if you intended `F` to be a const parameter, use `const F: usize` instead
[INFO] [stdout] 
[INFO] [stdout] 
[INFO] [stderr] error: could not compile `li-async-h1` (example "server") due to 5 previous errors
[INFO] [stdout] error[E0392]: parameter `Fut` is never used
[INFO] [stdout]   --> tests/test_utils.rs:19:26
[INFO] [stdout]    |
[INFO] [stdout] 19 | pub struct TestServer<F, Fut> {
[INFO] [stdout]    |                          ^^^ unused parameter
[INFO] [stdout]    |
[INFO] [stdout]    = help: consider removing `Fut`, referring to it in a field, or using a marker such as `PhantomData`
[INFO] [stdout]    = help: if you intended `Fut` to be a const parameter, use `const Fut: usize` instead
[INFO] [stdout] 
[INFO] [stdout] 
[INFO] [stderr] warning: build failed, waiting for other jobs to finish...
[INFO] [stdout] error: aborting due to 6 previous errors; 1 warning emitted
[INFO] [stdout] 
[INFO] [stdout] 
[INFO] [stderr] error: could not compile `li-async-h1` (example "client") due to 3 previous errors
[INFO] [stdout] Some errors have detailed explanations: E0432, E0433.
[INFO] [stdout] 
[INFO] [stdout] For more information about an error, try `rustc --explain E0432`.
[INFO] [stdout] 
[INFO] [stdout] error[E0392]: parameter `F` is never used
[INFO] [stdout]   --> tests/test_utils.rs:19:23
[INFO] [stdout]    |
[INFO] [stdout] 19 | pub struct TestServer<F, Fut> {
[INFO] [stdout]    |                       ^ unused parameter
[INFO] [stdout]    |
[INFO] [stdout]    = help: consider removing `F`, referring to it in a field, or using a marker such as `PhantomData`
[INFO] [stdout]    = help: if you intended `F` to be a const parameter, use `const F: usize` instead
[INFO] [stdout] 
[INFO] [stdout] 
[INFO] [stdout] error[E0392]: parameter `Fut` is never used
[INFO] [stdout]   --> tests/test_utils.rs:19:26
[INFO] [stdout]    |
[INFO] [stdout] 19 | pub struct TestServer<F, Fut> {
[INFO] [stdout]    |                          ^^^ unused parameter
[INFO] [stdout]    |
[INFO] [stdout]    = help: consider removing `Fut`, referring to it in a field, or using a marker such as `PhantomData`
[INFO] [stdout]    = help: if you intended `Fut` to be a const parameter, use `const Fut: usize` instead
[INFO] [stdout] 
[INFO] [stdout] 
[INFO] [stderr] error: could not compile `li-async-h1` (test "server_encode") due to 7 previous errors; 1 warning emitted
[INFO] [stdout] error: aborting due to 5 previous errors
[INFO] [stdout] 
[INFO] [stdout] 
[INFO] [stdout] Some errors have detailed explanations: E0392, E0432, E0433.
[INFO] [stdout] 
[INFO] [stdout] For more information about an error, try `rustc --explain E0392`.
[INFO] [stdout] 
[INFO] [stdout] error: aborting due to 8 previous errors
[INFO] [stdout] 
[INFO] [stdout] 
[INFO] [stdout] Some errors have detailed explanations: E0392, E0432, E0433.
[INFO] [stdout] 
[INFO] [stdout] For more information about an error, try `rustc --explain E0392`.
[INFO] [stdout] 
[INFO] [stdout] warning: unused import: `async_std::prelude`
[INFO] [stdout]  --> tests/client_encode.rs:4:9
[INFO] [stdout]   |
[INFO] [stdout] 4 |     use async_std::prelude::*;
[INFO] [stdout]   |         ^^^^^^^^^^^^^^^^^^
[INFO] [stdout]   |
[INFO] [stdout]   = note: `#[warn(unused_imports)]` on by default
[INFO] [stdout] 
[INFO] [stdout] 
[INFO] [stdout] error: aborting due to 5 previous errors; 1 warning emitted
[INFO] [stdout] 
[INFO] [stdout] 
[INFO] [stdout] Some errors have detailed explanations: E0432, E0433.
[INFO] [stdout] 
[INFO] [stderr] error: could not compile `li-async-h1` (test "accept") due to 9 previous errors
[INFO] [stdout] For more information about an error, try `rustc --explain E0432`.
[INFO] [stdout] 
[INFO] [stdout] error: aborting due to 8 previous errors
[INFO] [stdout] 
[INFO] [stdout] 
[INFO] [stderr] error: could not compile `li-async-h1` (test "client_encode") due to 6 previous errors; 1 warning emitted
[INFO] [stdout] Some errors have detailed explanations: E0392, E0432, E0433.
[INFO] [stdout] 
[INFO] [stdout] For more information about an error, try `rustc --explain E0392`.
[INFO] [stdout] 
[INFO] [stdout] error[E0392]: parameter `F` is never used
[INFO] [stdout]   --> tests/test_utils.rs:19:23
[INFO] [stdout]    |
[INFO] [stdout] 19 | pub struct TestServer<F, Fut> {
[INFO] [stdout]    |                       ^ unused parameter
[INFO] [stdout]    |
[INFO] [stdout]    = help: consider removing `F`, referring to it in a field, or using a marker such as `PhantomData`
[INFO] [stdout]    = help: if you intended `F` to be a const parameter, use `const F: usize` instead
[INFO] [stdout] 
[INFO] [stdout] 
[INFO] [stdout] error[E0392]: parameter `Fut` is never used
[INFO] [stdout]   --> tests/test_utils.rs:19:26
[INFO] [stdout]    |
[INFO] [stdout] 19 | pub struct TestServer<F, Fut> {
[INFO] [stdout]    |                          ^^^ unused parameter
[INFO] [stdout]    |
[INFO] [stdout]    = help: consider removing `Fut`, referring to it in a field, or using a marker such as `PhantomData`
[INFO] [stdout]    = help: if you intended `Fut` to be a const parameter, use `const Fut: usize` instead
[INFO] [stdout] 
[INFO] [stdout] 
[INFO] [stdout] error: aborting due to 9 previous errors
[INFO] [stdout] 
[INFO] [stdout] 
[INFO] [stderr] error: could not compile `li-async-h1` (test "continue") due to 9 previous errors
[INFO] [stdout] Some errors have detailed explanations: E0392, E0432, E0433.
[INFO] [stdout] 
[INFO] [stdout] For more information about an error, try `rustc --explain E0392`.
[INFO] [stdout] 
[INFO] [stdout] error: aborting due to 13 previous errors
[INFO] [stdout] 
[INFO] [stdout] 
[INFO] [stdout] Some errors have detailed explanations: E0392, E0432, E0433.
[INFO] [stdout] 
[INFO] [stdout] For more information about an error, try `rustc --explain E0392`.
[INFO] [stdout] 
[INFO] [stderr] error: could not compile `li-async-h1` (test "test_utils") due to 6 previous errors
[INFO] [stderr] error: could not compile `li-async-h1` (test "server_decode") due to 14 previous errors
[INFO] [stdout] error: aborting due to 11 previous errors
[INFO] [stdout] 
[INFO] [stdout] 
[INFO] [stdout] Some errors have detailed explanations: E0392, E0432, E0433.
[INFO] [stdout] 
[INFO] [stdout] For more information about an error, try `rustc --explain E0392`.
[INFO] [stdout] 
[INFO] [stderr] error: could not compile `li-async-h1` (test "client_decode") due to 10 previous errors
[INFO] [stderr] error: could not compile `li-async-h1` (test "server-chunked-encode-large") due to 12 previous errors
[INFO] running `Command { std: "docker" "inspect" "b4e8f710be54dee647f7a7c5ed41bf9d7e1bc0abfbf3082de5ae5da07be853cd", kill_on_drop: false }`
[INFO] running `Command { std: "docker" "rm" "-f" "b4e8f710be54dee647f7a7c5ed41bf9d7e1bc0abfbf3082de5ae5da07be853cd", kill_on_drop: false }`
[INFO] [stdout] b4e8f710be54dee647f7a7c5ed41bf9d7e1bc0abfbf3082de5ae5da07be853cd
