[INFO] fetching crate ley 0.0.5...
[INFO] testing ley-0.0.5 against 1.69.0 for beta-1.70-1
[INFO] extracting crate ley 0.0.5 into /workspace/builds/worker-1-tc1/source
[INFO] validating manifest of crates.io crate ley 0.0.5 on toolchain 1.69.0
[INFO] running `Command { std: CARGO_HOME="/workspace/cargo-home" RUSTUP_HOME="/workspace/rustup-home" "/workspace/cargo-home/bin/cargo" "+1.69.0" "metadata" "--manifest-path" "Cargo.toml" "--no-deps", kill_on_drop: false }`
[INFO] started tweaking crates.io crate ley 0.0.5
[INFO] finished tweaking crates.io crate ley 0.0.5
[INFO] tweaked toml for crates.io crate ley 0.0.5 written to /workspace/builds/worker-1-tc1/source/Cargo.toml
[INFO] crate crates.io crate ley 0.0.5 already has a lockfile, it will not be regenerated
[INFO] running `Command { std: CARGO_HOME="/workspace/cargo-home" RUSTUP_HOME="/workspace/rustup-home" "/workspace/cargo-home/bin/cargo" "+1.69.0" "fetch" "--manifest-path" "Cargo.toml", kill_on_drop: false }`
[INFO] running `Command { std: "docker" "create" "-v" "/var/lib/crater-agent-workspace/builds/worker-1-tc1/target:/opt/rustwide/target:rw,Z" "-v" "/var/lib/crater-agent-workspace/builds/worker-1-tc1/source:/opt/rustwide/workdir:ro,Z" "-v" "/var/lib/crater-agent-workspace/cargo-home:/opt/rustwide/cargo-home:ro,Z" "-v" "/var/lib/crater-agent-workspace/rustup-home:/opt/rustwide/rustup-home:ro,Z" "-e" "SOURCE_DIR=/opt/rustwide/workdir" "-e" "CARGO_TARGET_DIR=/opt/rustwide/target" "-e" "CARGO_HOME=/opt/rustwide/cargo-home" "-e" "RUSTUP_HOME=/opt/rustwide/rustup-home" "-w" "/opt/rustwide/workdir" "-m" "1610612736" "--user" "0:0" "--network" "none" "ghcr.io/rust-lang/crates-build-env/linux@sha256:5ff2268d62e97bff2cde7d5815dd6ed5b47097566f13b8d0ca110b04b60e07ed" "/opt/rustwide/cargo-home/bin/cargo" "+1.69.0" "metadata" "--no-deps" "--format-version=1", kill_on_drop: false }`
[INFO] [stdout] b29b0c0cee36bb6f8ac152a6fb4444d44bb15cb614687d6efeed3299eee23d53
[INFO] running `Command { std: "docker" "start" "-a" "b29b0c0cee36bb6f8ac152a6fb4444d44bb15cb614687d6efeed3299eee23d53", kill_on_drop: false }`
[INFO] running `Command { std: "docker" "inspect" "b29b0c0cee36bb6f8ac152a6fb4444d44bb15cb614687d6efeed3299eee23d53", kill_on_drop: false }`
[INFO] running `Command { std: "docker" "rm" "-f" "b29b0c0cee36bb6f8ac152a6fb4444d44bb15cb614687d6efeed3299eee23d53", kill_on_drop: false }`
[INFO] [stdout] b29b0c0cee36bb6f8ac152a6fb4444d44bb15cb614687d6efeed3299eee23d53
[INFO] running `Command { std: "docker" "create" "-v" "/var/lib/crater-agent-workspace/builds/worker-1-tc1/target:/opt/rustwide/target:rw,Z" "-v" "/var/lib/crater-agent-workspace/builds/worker-1-tc1/source:/opt/rustwide/workdir:ro,Z" "-v" "/var/lib/crater-agent-workspace/cargo-home:/opt/rustwide/cargo-home:ro,Z" "-v" "/var/lib/crater-agent-workspace/rustup-home:/opt/rustwide/rustup-home:ro,Z" "-e" "SOURCE_DIR=/opt/rustwide/workdir" "-e" "CARGO_TARGET_DIR=/opt/rustwide/target" "-e" "CARGO_INCREMENTAL=0" "-e" "RUST_BACKTRACE=full" "-e" "RUSTFLAGS=--cap-lints=warn" "-e" "RUSTDOCFLAGS=--cap-lints=warn" "-e" "CARGO_HOME=/opt/rustwide/cargo-home" "-e" "RUSTUP_HOME=/opt/rustwide/rustup-home" "-w" "/opt/rustwide/workdir" "-m" "1610612736" "--user" "0:0" "--network" "none" "ghcr.io/rust-lang/crates-build-env/linux@sha256:5ff2268d62e97bff2cde7d5815dd6ed5b47097566f13b8d0ca110b04b60e07ed" "/opt/rustwide/cargo-home/bin/cargo" "+1.69.0" "build" "--frozen" "--message-format=json", kill_on_drop: false }`
[INFO] [stdout] 8236c973847a20bd6eda8c9b13e6ec4c58c1cd409a62768f4eb0657193e8c6d1
[INFO] running `Command { std: "docker" "start" "-a" "8236c973847a20bd6eda8c9b13e6ec4c58c1cd409a62768f4eb0657193e8c6d1", kill_on_drop: false }`
[INFO] [stderr]    Compiling ley v0.0.5 (/opt/rustwide/workdir)
[INFO] [stdout] error[E0412]: cannot find type `NoneError` in module `std::option`
[INFO] [stdout]    --> src/ley.rs:427:28
[INFO] [stdout]     |
[INFO] [stdout] 427 | impl<'a> From<std::option::NoneError> for ParseError<'a> {
[INFO] [stdout]     |                            ^^^^^^^^^ not found in `std::option`
[INFO] [stdout] 
[INFO] [stdout] 
[INFO] [stdout] error[E0412]: cannot find type `NoneError` in module `std::option`
[INFO] [stdout]    --> src/ley.rs:428:29
[INFO] [stdout]     |
[INFO] [stdout] 428 |     fn from(_: std::option::NoneError) -> Self {
[INFO] [stdout]     |                             ^^^^^^^^^ not found in `std::option`
[INFO] [stdout] 
[INFO] [stdout] 
[INFO] [stdout] warning: unused import: `collections::VecDeque`
[INFO] [stdout]  --> src/main.rs:3:11
[INFO] [stdout]   |
[INFO] [stdout] 3 | use std::{collections::VecDeque, env, fs::{File, read_dir}, io::{Read, Write}, path::Path};
[INFO] [stdout]   |           ^^^^^^^^^^^^^^^^^^^^^
[INFO] [stdout]   |
[INFO] [stdout]   = note: `#[warn(unused_imports)]` on by default
[INFO] [stdout] 
[INFO] [stdout] 
[INFO] [stdout] warning: unused import: `self`
[INFO] [stdout]  --> src/fmt.rs:1:40
[INFO] [stdout]   |
[INFO] [stdout] 1 | use std::{fmt::Display, fs::File, io::{self, Write}, path::PathBuf};
[INFO] [stdout]   |                                        ^^^^
[INFO] [stdout] 
[INFO] [stdout] 
[INFO] [stdout] warning: unused import: `std::collections::VecDeque`
[INFO] [stdout]  --> src/fmt.rs:2:5
[INFO] [stdout]   |
[INFO] [stdout] 2 | use std::collections::VecDeque;
[INFO] [stdout]   |     ^^^^^^^^^^^^^^^^^^^^^^^^^^
[INFO] [stdout] 
[INFO] [stdout] 
[INFO] [stdout] warning: unused import: `super::catch`
[INFO] [stdout]  --> src/fmt.rs:5:5
[INFO] [stdout]   |
[INFO] [stdout] 5 | use super::catch;
[INFO] [stdout]   |     ^^^^^^^^^^^^
[INFO] [stdout] 
[INFO] [stdout] 
[INFO] [stdout] error[E0554]: `#![feature]` may not be used on the stable release channel
[INFO] [stdout]  --> src/main.rs:1:12
[INFO] [stdout]   |
[INFO] [stdout] 1 | #![feature(try_trait)]
[INFO] [stdout]   |            ^^^^^^^^^
[INFO] [stdout] 
[INFO] [stdout] 
[INFO] [stdout] error[E0635]: unknown feature `try_trait`
[INFO] [stdout]  --> src/main.rs:1:12
[INFO] [stdout]   |
[INFO] [stdout] 1 | #![feature(try_trait)]
[INFO] [stdout]   |            ^^^^^^^^^
[INFO] [stdout] 
[INFO] [stdout] 
[INFO] [stdout] error[E0277]: the `?` operator can only be used on `Result`s, not `Option`s, in a method that returns `Result`
[INFO] [stdout]    --> src/ley.rs:137:34
[INFO] [stdout]     |
[INFO] [stdout] 135 |     pub fn parse(token_stream: &mut TokenIter<'a, '_, '_>) -> Result<Self, ParseError<'a>> {
[INFO] [stdout]     |     -------------------------------------------------------------------------------------- this function returns a `Result`
[INFO] [stdout] 136 |         use Token::*;
[INFO] [stdout] 137 |         match token_stream.next()? {
[INFO] [stdout]     |                                  ^ use `.ok_or(...)?` to provide an error compatible with `Result<ley::LeyLine<'_>, ParseError<'_>>`
[INFO] [stdout]     |
[INFO] [stdout]     = help: the trait `FromResidual<Option<Infallible>>` is not implemented for `Result<ley::LeyLine<'_>, ParseError<'_>>`
[INFO] [stdout]     = help: the following other types implement trait `FromResidual<R>`:
[INFO] [stdout]               <Result<T, F> as FromResidual<Result<Infallible, E>>>
[INFO] [stdout]               <Result<T, F> as FromResidual<Yeet<E>>>
[INFO] [stdout] 
[INFO] [stdout] 
[INFO] [stdout] error[E0277]: the `?` operator can only be used on `Result`s, not `Option`s, in a method that returns `Result`
[INFO] [stdout]    --> src/ley.rs:140:56
[INFO] [stdout]     |
[INFO] [stdout] 135 |     pub fn parse(token_stream: &mut TokenIter<'a, '_, '_>) -> Result<Self, ParseError<'a>> {
[INFO] [stdout]     |     -------------------------------------------------------------------------------------- this function returns a `Result`
[INFO] [stdout] ...
[INFO] [stdout] 140 |                 let comment = match token_stream.next()? {
[INFO] [stdout]     |                                                        ^ use `.ok_or(...)?` to provide an error compatible with `Result<ley::LeyLine<'_>, ParseError<'_>>`
[INFO] [stdout]     |
[INFO] [stdout]     = help: the trait `FromResidual<Option<Infallible>>` is not implemented for `Result<ley::LeyLine<'_>, ParseError<'_>>`
[INFO] [stdout]     = help: the following other types implement trait `FromResidual<R>`:
[INFO] [stdout]               <Result<T, F> as FromResidual<Result<Infallible, E>>>
[INFO] [stdout]               <Result<T, F> as FromResidual<Yeet<E>>>
[INFO] [stdout] 
[INFO] [stdout] 
[INFO] [stdout] error[E0277]: the `?` operator can only be used on `Result`s, not `Option`s, in a method that returns `Result`
[INFO] [stdout]    --> src/ley.rs:145:53
[INFO] [stdout]     |
[INFO] [stdout] 135 |     pub fn parse(token_stream: &mut TokenIter<'a, '_, '_>) -> Result<Self, ParseError<'a>> {
[INFO] [stdout]     |     -------------------------------------------------------------------------------------- this function returns a `Result`
[INFO] [stdout] ...
[INFO] [stdout] 145 |                 let kind = match token_stream.next()? {
[INFO] [stdout]     |                                                     ^ use `.ok_or(...)?` to provide an error compatible with `Result<ley::LeyLine<'_>, ParseError<'_>>`
[INFO] [stdout]     |
[INFO] [stdout]     = help: the trait `FromResidual<Option<Infallible>>` is not implemented for `Result<ley::LeyLine<'_>, ParseError<'_>>`
[INFO] [stdout]     = help: the following other types implement trait `FromResidual<R>`:
[INFO] [stdout]               <Result<T, F> as FromResidual<Result<Infallible, E>>>
[INFO] [stdout]               <Result<T, F> as FromResidual<Yeet<E>>>
[INFO] [stdout] 
[INFO] [stdout] 
[INFO] [stdout] error[E0277]: the `?` operator can only be used on `Result`s, not `Option`s, in a method that returns `Result`
[INFO] [stdout]    --> src/ley.rs:147:48
[INFO] [stdout]     |
[INFO] [stdout] 135 |     pub fn parse(token_stream: &mut TokenIter<'a, '_, '_>) -> Result<Self, ParseError<'a>> {
[INFO] [stdout]     |     -------------------------------------------------------------------------------------- this function returns a `Result`
[INFO] [stdout] ...
[INFO] [stdout] 147 |                         if *token_stream.next()? != Token::OpenBrace {
[INFO] [stdout]     |                                                ^ use `.ok_or(...)?` to provide an error compatible with `Result<ley::LeyLine<'_>, ParseError<'_>>`
[INFO] [stdout]     |
[INFO] [stdout]     = help: the trait `FromResidual<Option<Infallible>>` is not implemented for `Result<ley::LeyLine<'_>, ParseError<'_>>`
[INFO] [stdout]     = help: the following other types implement trait `FromResidual<R>`:
[INFO] [stdout]               <Result<T, F> as FromResidual<Result<Infallible, E>>>
[INFO] [stdout]               <Result<T, F> as FromResidual<Yeet<E>>>
[INFO] [stdout] 
[INFO] [stdout] 
[INFO] [stdout] error[E0277]: the `?` operator can only be used on `Result`s, not `Option`s, in a method that returns `Result`
[INFO] [stdout]    --> src/ley.rs:160:43
[INFO] [stdout]     |
[INFO] [stdout] 135 |     pub fn parse(token_stream: &mut TokenIter<'a, '_, '_>) -> Result<Self, ParseError<'a>> {
[INFO] [stdout]     |     -------------------------------------------------------------------------------------- this function returns a `Result`
[INFO] [stdout] ...
[INFO] [stdout] 160 |                 while *token_stream.peek()? != CloseBrace {
[INFO] [stdout]     |                                           ^ use `.ok_or(...)?` to provide an error compatible with `Result<ley::LeyLine<'_>, ParseError<'_>>`
[INFO] [stdout]     |
[INFO] [stdout]     = help: the trait `FromResidual<Option<Infallible>>` is not implemented for `Result<ley::LeyLine<'_>, ParseError<'_>>`
[INFO] [stdout]     = help: the following other types implement trait `FromResidual<R>`:
[INFO] [stdout]               <Result<T, F> as FromResidual<Result<Infallible, E>>>
[INFO] [stdout]               <Result<T, F> as FromResidual<Yeet<E>>>
[INFO] [stdout] 
[INFO] [stdout] 
[INFO] [stdout] error: aborting due to 9 previous errors; 4 warnings emitted
[INFO] [stdout] 
[INFO] [stdout] 
[INFO] [stdout] Some errors have detailed explanations: E0277, E0412, E0554, E0635.
[INFO] [stdout] 
[INFO] [stdout] For more information about an error, try `rustc --explain E0277`.
[INFO] [stdout] 
[INFO] [stderr] error: could not compile `ley` due to 10 previous errors; 4 warnings emitted
[INFO] running `Command { std: "docker" "inspect" "8236c973847a20bd6eda8c9b13e6ec4c58c1cd409a62768f4eb0657193e8c6d1", kill_on_drop: false }`
[INFO] running `Command { std: "docker" "rm" "-f" "8236c973847a20bd6eda8c9b13e6ec4c58c1cd409a62768f4eb0657193e8c6d1", kill_on_drop: false }`
[INFO] [stdout] 8236c973847a20bd6eda8c9b13e6ec4c58c1cd409a62768f4eb0657193e8c6d1
