[INFO] fetching crate lenient_semver_version_builder 0.4.2...
[INFO] testing lenient_semver_version_builder-0.4.2 against beta-2023-04-20 for beta-1.70-1
[INFO] extracting crate lenient_semver_version_builder 0.4.2 into /workspace/builds/worker-6-tc2/source
[INFO] validating manifest of crates.io crate lenient_semver_version_builder 0.4.2 on toolchain beta-2023-04-20
[INFO] running `Command { std: CARGO_HOME="/workspace/cargo-home" RUSTUP_HOME="/workspace/rustup-home" "/workspace/cargo-home/bin/cargo" "+beta-2023-04-20" "metadata" "--manifest-path" "Cargo.toml" "--no-deps", kill_on_drop: false }`
[INFO] started tweaking crates.io crate lenient_semver_version_builder 0.4.2
[INFO] finished tweaking crates.io crate lenient_semver_version_builder 0.4.2
[INFO] tweaked toml for crates.io crate lenient_semver_version_builder 0.4.2 written to /workspace/builds/worker-6-tc2/source/Cargo.toml
[INFO] running `Command { std: CARGO_HOME="/workspace/cargo-home" RUSTUP_HOME="/workspace/rustup-home" __CARGO_TEST_CHANNEL_OVERRIDE_DO_NOT_USE_THIS="nightly" "/workspace/cargo-home/bin/cargo" "+beta-2023-04-20" "generate-lockfile" "--manifest-path" "Cargo.toml" "-Zno-index-update", kill_on_drop: false }`
[INFO] running `Command { std: CARGO_HOME="/workspace/cargo-home" RUSTUP_HOME="/workspace/rustup-home" "/workspace/cargo-home/bin/cargo" "+beta-2023-04-20" "fetch" "--manifest-path" "Cargo.toml", kill_on_drop: false }`
[INFO] [stderr]  Downloading crates ...
[INFO] [stderr]   Downloaded test-case v1.2.3
[INFO] running `Command { std: "docker" "create" "-v" "/var/lib/crater-agent-workspace/builds/worker-6-tc2/target:/opt/rustwide/target:rw,Z" "-v" "/var/lib/crater-agent-workspace/builds/worker-6-tc2/source:/opt/rustwide/workdir:ro,Z" "-v" "/var/lib/crater-agent-workspace/cargo-home:/opt/rustwide/cargo-home:ro,Z" "-v" "/var/lib/crater-agent-workspace/rustup-home:/opt/rustwide/rustup-home:ro,Z" "-e" "SOURCE_DIR=/opt/rustwide/workdir" "-e" "CARGO_TARGET_DIR=/opt/rustwide/target" "-e" "CARGO_HOME=/opt/rustwide/cargo-home" "-e" "RUSTUP_HOME=/opt/rustwide/rustup-home" "-w" "/opt/rustwide/workdir" "-m" "1610612736" "--user" "0:0" "--network" "none" "ghcr.io/rust-lang/crates-build-env/linux@sha256:5ff2268d62e97bff2cde7d5815dd6ed5b47097566f13b8d0ca110b04b60e07ed" "/opt/rustwide/cargo-home/bin/cargo" "+beta-2023-04-20" "metadata" "--no-deps" "--format-version=1", kill_on_drop: false }`
[INFO] [stdout] 0aeddef70f6b822ca398d0541458d4fd39e8b4d2fb58d42327d4a633cba722a0
[INFO] running `Command { std: "docker" "start" "-a" "0aeddef70f6b822ca398d0541458d4fd39e8b4d2fb58d42327d4a633cba722a0", kill_on_drop: false }`
[INFO] running `Command { std: "docker" "inspect" "0aeddef70f6b822ca398d0541458d4fd39e8b4d2fb58d42327d4a633cba722a0", kill_on_drop: false }`
[INFO] running `Command { std: "docker" "rm" "-f" "0aeddef70f6b822ca398d0541458d4fd39e8b4d2fb58d42327d4a633cba722a0", kill_on_drop: false }`
[INFO] [stdout] 0aeddef70f6b822ca398d0541458d4fd39e8b4d2fb58d42327d4a633cba722a0
[INFO] running `Command { std: "docker" "create" "-v" "/var/lib/crater-agent-workspace/builds/worker-6-tc2/target:/opt/rustwide/target:rw,Z" "-v" "/var/lib/crater-agent-workspace/builds/worker-6-tc2/source:/opt/rustwide/workdir:ro,Z" "-v" "/var/lib/crater-agent-workspace/cargo-home:/opt/rustwide/cargo-home:ro,Z" "-v" "/var/lib/crater-agent-workspace/rustup-home:/opt/rustwide/rustup-home:ro,Z" "-e" "SOURCE_DIR=/opt/rustwide/workdir" "-e" "CARGO_TARGET_DIR=/opt/rustwide/target" "-e" "CARGO_INCREMENTAL=0" "-e" "RUST_BACKTRACE=full" "-e" "RUSTFLAGS=--cap-lints=warn" "-e" "RUSTDOCFLAGS=--cap-lints=warn" "-e" "CARGO_HOME=/opt/rustwide/cargo-home" "-e" "RUSTUP_HOME=/opt/rustwide/rustup-home" "-w" "/opt/rustwide/workdir" "-m" "1610612736" "--user" "0:0" "--network" "none" "ghcr.io/rust-lang/crates-build-env/linux@sha256:5ff2268d62e97bff2cde7d5815dd6ed5b47097566f13b8d0ca110b04b60e07ed" "/opt/rustwide/cargo-home/bin/cargo" "+beta-2023-04-20" "build" "--frozen" "--message-format=json", kill_on_drop: false }`
[INFO] [stdout] d1ca74e103f0f9d9ba8cae59e09fe92deeb440e3169eb1e5198535d00dd2baf4
[INFO] running `Command { std: "docker" "start" "-a" "d1ca74e103f0f9d9ba8cae59e09fe92deeb440e3169eb1e5198535d00dd2baf4", kill_on_drop: false }`
[INFO] [stderr]    Compiling semver v1.0.17
[INFO] [stderr]    Compiling lenient_semver_version_builder v0.4.2 (/opt/rustwide/workdir)
[INFO] [stdout] warning: lint `const_err` has been removed: converted into hard error, see issue #71800 <https://github.com/rust-lang/rust/issues/71800> for more information
[INFO] [stdout]  --> src/lib.rs:4:5
[INFO] [stdout]   |
[INFO] [stdout] 4 |     const_err,
[INFO] [stdout]   |     ^^^^^^^^^
[INFO] [stdout]   |
[INFO] [stdout]   = note: `#[warn(renamed_and_removed_lints)]` on by default
[INFO] [stdout] 
[INFO] [stdout] 
[INFO] [stdout] warning: 1 warning emitted
[INFO] [stdout] 
[INFO] [stdout] 
[INFO] [stderr]     Finished dev [unoptimized + debuginfo] target(s) in 1.41s
[INFO] running `Command { std: "docker" "inspect" "d1ca74e103f0f9d9ba8cae59e09fe92deeb440e3169eb1e5198535d00dd2baf4", kill_on_drop: false }`
[INFO] running `Command { std: "docker" "rm" "-f" "d1ca74e103f0f9d9ba8cae59e09fe92deeb440e3169eb1e5198535d00dd2baf4", kill_on_drop: false }`
[INFO] [stdout] d1ca74e103f0f9d9ba8cae59e09fe92deeb440e3169eb1e5198535d00dd2baf4
[INFO] running `Command { std: "docker" "create" "-v" "/var/lib/crater-agent-workspace/builds/worker-6-tc2/target:/opt/rustwide/target:rw,Z" "-v" "/var/lib/crater-agent-workspace/builds/worker-6-tc2/source:/opt/rustwide/workdir:ro,Z" "-v" "/var/lib/crater-agent-workspace/cargo-home:/opt/rustwide/cargo-home:ro,Z" "-v" "/var/lib/crater-agent-workspace/rustup-home:/opt/rustwide/rustup-home:ro,Z" "-e" "SOURCE_DIR=/opt/rustwide/workdir" "-e" "CARGO_TARGET_DIR=/opt/rustwide/target" "-e" "CARGO_INCREMENTAL=0" "-e" "RUST_BACKTRACE=full" "-e" "RUSTFLAGS=--cap-lints=warn" "-e" "RUSTDOCFLAGS=--cap-lints=warn" "-e" "CARGO_HOME=/opt/rustwide/cargo-home" "-e" "RUSTUP_HOME=/opt/rustwide/rustup-home" "-w" "/opt/rustwide/workdir" "-m" "1610612736" "--user" "0:0" "--network" "none" "ghcr.io/rust-lang/crates-build-env/linux@sha256:5ff2268d62e97bff2cde7d5815dd6ed5b47097566f13b8d0ca110b04b60e07ed" "/opt/rustwide/cargo-home/bin/cargo" "+beta-2023-04-20" "test" "--frozen" "--no-run" "--message-format=json", kill_on_drop: false }`
[INFO] [stdout] dfc66424789fdb36016f53cfa6346f49cef1aeac4fe7052ff8c6689b4cda4e27
[INFO] running `Command { std: "docker" "start" "-a" "dfc66424789fdb36016f53cfa6346f49cef1aeac4fe7052ff8c6689b4cda4e27", kill_on_drop: false }`
[INFO] [stderr]    Compiling version_check v0.9.4
[INFO] [stderr]    Compiling syn v1.0.109
[INFO] [stdout] warning: lint `const_err` has been removed: converted into hard error, see issue #71800 <https://github.com/rust-lang/rust/issues/71800> for more information
[INFO] [stdout]  --> src/lib.rs:4:5
[INFO] [stdout]   |
[INFO] [stdout] 4 |     const_err,
[INFO] [stdout]   |     ^^^^^^^^^
[INFO] [stdout]   |
[INFO] [stdout]   = note: `#[warn(renamed_and_removed_lints)]` on by default
[INFO] [stdout] 
[INFO] [stdout] 
[INFO] [stdout] warning: 1 warning emitted
[INFO] [stdout] 
[INFO] [stdout] 
[INFO] [stderr]    Compiling test-case v1.2.3
[INFO] [stderr]    Compiling lenient_semver_version_builder v0.4.2 (/opt/rustwide/workdir)
[INFO] [stdout] error[E0433]: failed to resolve: use of undeclared crate or module `semver011`
[INFO] [stdout]    --> src/lib.rs:171:41
[INFO] [stdout]     |
[INFO] [stdout] 171 | impl<'input> VersionBuilder<'input> for semver011::Version {
[INFO] [stdout]     |                                         ^^^^^^^^^ use of undeclared crate or module `semver011`
[INFO] [stdout]     |
[INFO] [stdout] help: there is a crate or module with a similar name
[INFO] [stdout]     |
[INFO] [stdout] 171 | impl<'input> VersionBuilder<'input> for semver::Version {
[INFO] [stdout]     |                                         ~~~~~~
[INFO] [stdout] 
[INFO] [stdout] 
[INFO] [stdout] error[E0433]: failed to resolve: use of undeclared crate or module `semver011`
[INFO] [stdout]    --> src/lib.rs:191:25
[INFO] [stdout]     |
[INFO] [stdout] 191 |         self.build.push(semver011::Identifier::Numeric(num))
[INFO] [stdout]     |                         ^^^^^^^^^ use of undeclared crate or module `semver011`
[INFO] [stdout]     |
[INFO] [stdout] help: there is a crate or module with a similar name
[INFO] [stdout]     |
[INFO] [stdout] 191 |         self.build.push(semver::Identifier::Numeric(num))
[INFO] [stdout]     |                         ~~~~~~
[INFO] [stdout] 
[INFO] [stdout] 
[INFO] [stdout] error[E0433]: failed to resolve: use of undeclared crate or module `semver011`
[INFO] [stdout]    --> src/lib.rs:392:34
[INFO] [stdout]     |
[INFO] [stdout] 392 | fn try_num_semver011(s: &str) -> semver011::Identifier {
[INFO] [stdout]     |                                  ^^^^^^^^^ use of undeclared crate or module `semver011`
[INFO] [stdout]     |
[INFO] [stdout] help: there is a crate or module with a similar name
[INFO] [stdout]     |
[INFO] [stdout] 392 | fn try_num_semver011(s: &str) -> semver::Identifier {
[INFO] [stdout]     |                                  ~~~~~~
[INFO] [stdout] 
[INFO] [stdout] 
[INFO] [stdout] error[E0433]: failed to resolve: use of undeclared crate or module `semver011`
[INFO] [stdout]    --> src/lib.rs:394:9
[INFO] [stdout]     |
[INFO] [stdout] 394 |         semver011::Identifier::AlphaNumeric,
[INFO] [stdout]     |         ^^^^^^^^^ use of undeclared crate or module `semver011`
[INFO] [stdout]     |
[INFO] [stdout] help: there is a crate or module with a similar name
[INFO] [stdout]     |
[INFO] [stdout] 394 |         semver::Identifier::AlphaNumeric,
[INFO] [stdout]     |         ~~~~~~
[INFO] [stdout] 
[INFO] [stdout] 
[INFO] [stdout] error[E0433]: failed to resolve: use of undeclared crate or module `semver011`
[INFO] [stdout]    --> src/lib.rs:395:9
[INFO] [stdout]     |
[INFO] [stdout] 395 |         semver011::Identifier::Numeric,
[INFO] [stdout]     |         ^^^^^^^^^ use of undeclared crate or module `semver011`
[INFO] [stdout]     |
[INFO] [stdout] help: there is a crate or module with a similar name
[INFO] [stdout]     |
[INFO] [stdout] 395 |         semver::Identifier::Numeric,
[INFO] [stdout]     |         ~~~~~~
[INFO] [stdout] 
[INFO] [stdout] 
[INFO] [stdout] error[E0433]: failed to resolve: use of undeclared crate or module `semver011`
[INFO] [stdout]    --> src/lib.rs:175:9
[INFO] [stdout]     |
[INFO] [stdout] 175 |         semver011::Version::new(0, 0, 0)
[INFO] [stdout]     |         ^^^^^^^^^ use of undeclared crate or module `semver011`
[INFO] [stdout]     |
[INFO] [stdout] help: there is a crate or module with a similar name
[INFO] [stdout]     |
[INFO] [stdout] 175 |         semver::Version::new(0, 0, 0)
[INFO] [stdout]     |         ~~~~~~
[INFO] [stdout] help: consider importing this struct
[INFO] [stdout]     |
[INFO] [stdout] 32  + use semver::Version;
[INFO] [stdout]     |
[INFO] [stdout] help: if you import `Version`, refer to it directly
[INFO] [stdout]     |
[INFO] [stdout] 175 -         semver011::Version::new(0, 0, 0)
[INFO] [stdout] 175 +         Version::new(0, 0, 0)
[INFO] [stdout]     |
[INFO] [stdout] 
[INFO] [stdout] 
[INFO] [stdout] warning: lint `const_err` has been removed: converted into hard error, see issue #71800 <https://github.com/rust-lang/rust/issues/71800> for more information
[INFO] [stdout]  --> src/lib.rs:4:5
[INFO] [stdout]   |
[INFO] [stdout] 4 |     const_err,
[INFO] [stdout]   |     ^^^^^^^^^
[INFO] [stdout]   |
[INFO] [stdout]   = note: `#[warn(renamed_and_removed_lints)]` on by default
[INFO] [stdout] 
[INFO] [stdout] 
[INFO] [stdout] error[E0425]: cannot find function `split_pre_release_011` in this scope
[INFO] [stdout]    --> src/lib.rs:195:25
[INFO] [stdout]     |
[INFO] [stdout] 195 |         self.pre.extend(split_pre_release_011(pre_release));
[INFO] [stdout]     |                         ^^^^^^^^^^^^^^^^^^^^^ not found in this scope
[INFO] [stdout] 
[INFO] [stdout] 
[INFO] [stdout] error[E0425]: cannot find function `split_build_011` in this scope
[INFO] [stdout]    --> src/lib.rs:199:27
[INFO] [stdout]     |
[INFO] [stdout] 199 |         self.build.extend(split_build_011(build));
[INFO] [stdout]     |                           ^^^^^^^^^^^^^^^ not found in this scope
[INFO] [stdout] 
[INFO] [stdout] 
[INFO] [stdout] error: aborting due to 8 previous errors; 1 warning emitted
[INFO] [stdout] 
[INFO] [stdout] 
[INFO] [stdout] Some errors have detailed explanations: E0425, E0433.
[INFO] [stdout] 
[INFO] [stdout] For more information about an error, try `rustc --explain E0425`.
[INFO] [stdout] 
[INFO] [stderr] error: could not compile `lenient_semver_version_builder` (lib test) due to 9 previous errors; 1 warning emitted
[INFO] running `Command { std: "docker" "inspect" "dfc66424789fdb36016f53cfa6346f49cef1aeac4fe7052ff8c6689b4cda4e27", kill_on_drop: false }`
[INFO] running `Command { std: "docker" "rm" "-f" "dfc66424789fdb36016f53cfa6346f49cef1aeac4fe7052ff8c6689b4cda4e27", kill_on_drop: false }`
[INFO] [stdout] dfc66424789fdb36016f53cfa6346f49cef1aeac4fe7052ff8c6689b4cda4e27
