[INFO] fetching crate lang_extension 1.0.1...
[INFO] testing lang_extension-1.0.1 against 1.69.0 for beta-1.70-1
[INFO] extracting crate lang_extension 1.0.1 into /workspace/builds/worker-4-tc1/source
[INFO] validating manifest of crates.io crate lang_extension 1.0.1 on toolchain 1.69.0
[INFO] running `Command { std: CARGO_HOME="/workspace/cargo-home" RUSTUP_HOME="/workspace/rustup-home" "/workspace/cargo-home/bin/cargo" "+1.69.0" "metadata" "--manifest-path" "Cargo.toml" "--no-deps", kill_on_drop: false }`
[INFO] started tweaking crates.io crate lang_extension 1.0.1
[INFO] finished tweaking crates.io crate lang_extension 1.0.1
[INFO] tweaked toml for crates.io crate lang_extension 1.0.1 written to /workspace/builds/worker-4-tc1/source/Cargo.toml
[INFO] running `Command { std: CARGO_HOME="/workspace/cargo-home" RUSTUP_HOME="/workspace/rustup-home" __CARGO_TEST_CHANNEL_OVERRIDE_DO_NOT_USE_THIS="nightly" "/workspace/cargo-home/bin/cargo" "+1.69.0" "generate-lockfile" "--manifest-path" "Cargo.toml" "-Zno-index-update", kill_on_drop: false }`
[INFO] running `Command { std: CARGO_HOME="/workspace/cargo-home" RUSTUP_HOME="/workspace/rustup-home" "/workspace/cargo-home/bin/cargo" "+1.69.0" "fetch" "--manifest-path" "Cargo.toml", kill_on_drop: false }`
[INFO] running `Command { std: "docker" "create" "-v" "/var/lib/crater-agent-workspace/builds/worker-4-tc1/target:/opt/rustwide/target:rw,Z" "-v" "/var/lib/crater-agent-workspace/builds/worker-4-tc1/source:/opt/rustwide/workdir:ro,Z" "-v" "/var/lib/crater-agent-workspace/cargo-home:/opt/rustwide/cargo-home:ro,Z" "-v" "/var/lib/crater-agent-workspace/rustup-home:/opt/rustwide/rustup-home:ro,Z" "-e" "SOURCE_DIR=/opt/rustwide/workdir" "-e" "CARGO_TARGET_DIR=/opt/rustwide/target" "-e" "CARGO_HOME=/opt/rustwide/cargo-home" "-e" "RUSTUP_HOME=/opt/rustwide/rustup-home" "-w" "/opt/rustwide/workdir" "-m" "1610612736" "--user" "0:0" "--network" "none" "ghcr.io/rust-lang/crates-build-env/linux@sha256:5ff2268d62e97bff2cde7d5815dd6ed5b47097566f13b8d0ca110b04b60e07ed" "/opt/rustwide/cargo-home/bin/cargo" "+1.69.0" "metadata" "--no-deps" "--format-version=1", kill_on_drop: false }`
[INFO] [stdout] 88ecf0d7c1866db784d2a0dd2df43e517bcbd8ea2389e680685b863f097eb22a
[INFO] running `Command { std: "docker" "start" "-a" "88ecf0d7c1866db784d2a0dd2df43e517bcbd8ea2389e680685b863f097eb22a", kill_on_drop: false }`
[INFO] running `Command { std: "docker" "inspect" "88ecf0d7c1866db784d2a0dd2df43e517bcbd8ea2389e680685b863f097eb22a", kill_on_drop: false }`
[INFO] running `Command { std: "docker" "rm" "-f" "88ecf0d7c1866db784d2a0dd2df43e517bcbd8ea2389e680685b863f097eb22a", kill_on_drop: false }`
[INFO] [stdout] 88ecf0d7c1866db784d2a0dd2df43e517bcbd8ea2389e680685b863f097eb22a
[INFO] running `Command { std: "docker" "create" "-v" "/var/lib/crater-agent-workspace/builds/worker-4-tc1/target:/opt/rustwide/target:rw,Z" "-v" "/var/lib/crater-agent-workspace/builds/worker-4-tc1/source:/opt/rustwide/workdir:ro,Z" "-v" "/var/lib/crater-agent-workspace/cargo-home:/opt/rustwide/cargo-home:ro,Z" "-v" "/var/lib/crater-agent-workspace/rustup-home:/opt/rustwide/rustup-home:ro,Z" "-e" "SOURCE_DIR=/opt/rustwide/workdir" "-e" "CARGO_TARGET_DIR=/opt/rustwide/target" "-e" "CARGO_INCREMENTAL=0" "-e" "RUST_BACKTRACE=full" "-e" "RUSTFLAGS=--cap-lints=warn" "-e" "RUSTDOCFLAGS=--cap-lints=warn" "-e" "CARGO_HOME=/opt/rustwide/cargo-home" "-e" "RUSTUP_HOME=/opt/rustwide/rustup-home" "-w" "/opt/rustwide/workdir" "-m" "1610612736" "--user" "0:0" "--network" "none" "ghcr.io/rust-lang/crates-build-env/linux@sha256:5ff2268d62e97bff2cde7d5815dd6ed5b47097566f13b8d0ca110b04b60e07ed" "/opt/rustwide/cargo-home/bin/cargo" "+1.69.0" "build" "--frozen" "--message-format=json", kill_on_drop: false }`
[INFO] [stdout] 32460ae4faec41b1bd813fa4dad57a58ab30c0b53be9fdb6c73f3477c469326f
[INFO] running `Command { std: "docker" "start" "-a" "32460ae4faec41b1bd813fa4dad57a58ab30c0b53be9fdb6c73f3477c469326f", kill_on_drop: false }`
[INFO] [stderr]    Compiling lang_extension v1.0.1 (/opt/rustwide/workdir)
[INFO] [stderr]     Finished dev [unoptimized + debuginfo] target(s) in 0.33s
[INFO] running `Command { std: "docker" "inspect" "32460ae4faec41b1bd813fa4dad57a58ab30c0b53be9fdb6c73f3477c469326f", kill_on_drop: false }`
[INFO] running `Command { std: "docker" "rm" "-f" "32460ae4faec41b1bd813fa4dad57a58ab30c0b53be9fdb6c73f3477c469326f", kill_on_drop: false }`
[INFO] [stdout] 32460ae4faec41b1bd813fa4dad57a58ab30c0b53be9fdb6c73f3477c469326f
[INFO] running `Command { std: "docker" "create" "-v" "/var/lib/crater-agent-workspace/builds/worker-4-tc1/target:/opt/rustwide/target:rw,Z" "-v" "/var/lib/crater-agent-workspace/builds/worker-4-tc1/source:/opt/rustwide/workdir:ro,Z" "-v" "/var/lib/crater-agent-workspace/cargo-home:/opt/rustwide/cargo-home:ro,Z" "-v" "/var/lib/crater-agent-workspace/rustup-home:/opt/rustwide/rustup-home:ro,Z" "-e" "SOURCE_DIR=/opt/rustwide/workdir" "-e" "CARGO_TARGET_DIR=/opt/rustwide/target" "-e" "CARGO_INCREMENTAL=0" "-e" "RUST_BACKTRACE=full" "-e" "RUSTFLAGS=--cap-lints=warn" "-e" "RUSTDOCFLAGS=--cap-lints=warn" "-e" "CARGO_HOME=/opt/rustwide/cargo-home" "-e" "RUSTUP_HOME=/opt/rustwide/rustup-home" "-w" "/opt/rustwide/workdir" "-m" "1610612736" "--user" "0:0" "--network" "none" "ghcr.io/rust-lang/crates-build-env/linux@sha256:5ff2268d62e97bff2cde7d5815dd6ed5b47097566f13b8d0ca110b04b60e07ed" "/opt/rustwide/cargo-home/bin/cargo" "+1.69.0" "test" "--frozen" "--no-run" "--message-format=json", kill_on_drop: false }`
[INFO] [stdout] dea32970f30ee5c82c40da2edaad310ae1089999f2d88947a1aa45ea78ba64bf
[INFO] running `Command { std: "docker" "start" "-a" "dea32970f30ee5c82c40da2edaad310ae1089999f2d88947a1aa45ea78ba64bf", kill_on_drop: false }`
[INFO] [stderr]    Compiling lang_extension v1.0.1 (/opt/rustwide/workdir)
[INFO] [stdout] error[E0310]: the parameter type `K` may not live long enough
[INFO] [stdout]    --> src/any/as_macro.rs:47:25
[INFO] [stdout]     |
[INFO] [stdout] 47  |         state.write_u64(self.as_ref().hashcode());
[INFO] [stdout]     |                         ^^^^^^^^^^^^^^^^^^^^^^^^ ...so that the type `K` will meet its required lifetime bounds
[INFO] [stdout] ...
[INFO] [stdout] 278 |     as_boxed!(impl Hash for SomeType1<K>);
[INFO] [stdout]     |     ------------------------------------- in this macro invocation
[INFO] [stdout]     |
[INFO] [stdout]     = note: this error originates in the macro `as_boxed` (in Nightly builds, run with -Z macro-backtrace for more info)
[INFO] [stdout] help: consider adding an explicit lifetime bound...
[INFO] [stdout]     |
[INFO] [stdout] 45  | impl<$($param): 'static, *> std::hash::Hash for Box<dyn $trait<$($param), *>> {
[INFO] [stdout]     |               +++++++++
[INFO] [stdout] 
[INFO] [stdout] 
[INFO] [stdout] error[E0310]: the parameter type `K` may not live long enough
[INFO] [stdout]    --> src/any/as_macro.rs:95:9
[INFO] [stdout]     |
[INFO] [stdout] 95  |         self.as_ref().equals(other.as_ref().as_any_ref())
[INFO] [stdout]     |         ^^^^^^^^^^^^^^^^^^^^^^^^^^^^^^^^^^^^^^^^^^^^^^^^^ ...so that the type `K` will meet its required lifetime bounds
[INFO] [stdout] ...
[INFO] [stdout] 279 |     as_boxed!(impl PartialEq for SomeType1<K>);
[INFO] [stdout]     |     ------------------------------------------ in this macro invocation
[INFO] [stdout]     |
[INFO] [stdout]     = note: this error originates in the macro `as_boxed` (in Nightly builds, run with -Z macro-backtrace for more info)
[INFO] [stdout] help: consider adding an explicit lifetime bound...
[INFO] [stdout]     |
[INFO] [stdout] 93  | impl<$($param): 'static, *> PartialEq for Box<dyn $trait<$($param), *>> {
[INFO] [stdout]     |               +++++++++
[INFO] [stdout] 
[INFO] [stdout] 
[INFO] [stdout] error[E0310]: the parameter type `K` may not live long enough
[INFO] [stdout]    --> src/any/as_macro.rs:167:42
[INFO] [stdout]     |
[INFO] [stdout] 167 |         $trait::clone_boxed(self.as_ref())
[INFO] [stdout]     |                                          ^ ...so that the type `K` will meet its required lifetime bounds
[INFO] [stdout] ...
[INFO] [stdout] 281 |     as_boxed!(impl Clone for SomeType1<K>);
[INFO] [stdout]     |     -------------------------------------- in this macro invocation
[INFO] [stdout]     |
[INFO] [stdout]     = note: this error originates in the macro `as_boxed` (in Nightly builds, run with -Z macro-backtrace for more info)
[INFO] [stdout] help: consider adding an explicit lifetime bound...
[INFO] [stdout]     |
[INFO] [stdout] 165 | impl<$($param): 'static, *> Clone for Box<dyn $trait<$($param), *>> {
[INFO] [stdout]     |               +++++++++
[INFO] [stdout] 
[INFO] [stdout] 
[INFO] [stdout] error[E0310]: the parameter type `V` may not live long enough
[INFO] [stdout]    --> src/any/as_macro.rs:47:25
[INFO] [stdout]     |
[INFO] [stdout] 47  |         state.write_u64(self.as_ref().hashcode());
[INFO] [stdout]     |                         ^^^^^^^^^^^^^^^^^^^^^^^^ ...so that the type `V` will meet its required lifetime bounds
[INFO] [stdout] ...
[INFO] [stdout] 304 |     as_boxed!(impl Hash for SomeType2<K, V>);
[INFO] [stdout]     |     ---------------------------------------- in this macro invocation
[INFO] [stdout]     |
[INFO] [stdout]     = note: this error originates in the macro `as_boxed` (in Nightly builds, run with -Z macro-backtrace for more info)
[INFO] [stdout] help: consider adding an explicit lifetime bound...
[INFO] [stdout]     |
[INFO] [stdout] 304 |     as_boxed!(impl Hash for SomeType2<K, V: 'static>);
[INFO] [stdout]     |                                           +++++++++
[INFO] [stdout] 
[INFO] [stdout] 
[INFO] [stdout] error[E0310]: the parameter type `K` may not live long enough
[INFO] [stdout]    --> src/any/as_macro.rs:47:25
[INFO] [stdout]     |
[INFO] [stdout] 47  |         state.write_u64(self.as_ref().hashcode());
[INFO] [stdout]     |                         ^^^^^^^^^^^^^^^^^^^^^^^^ ...so that the type `K` will meet its required lifetime bounds
[INFO] [stdout] ...
[INFO] [stdout] 304 |     as_boxed!(impl Hash for SomeType2<K, V>);
[INFO] [stdout]     |     ---------------------------------------- in this macro invocation
[INFO] [stdout]     |
[INFO] [stdout]     = note: this error originates in the macro `as_boxed` (in Nightly builds, run with -Z macro-backtrace for more info)
[INFO] [stdout] help: consider adding an explicit lifetime bound...
[INFO] [stdout]     |
[INFO] [stdout] 304 |     as_boxed!(impl Hash for SomeType2<K: 'static, V>);
[INFO] [stdout]     |                                        +++++++++
[INFO] [stdout] 
[INFO] [stdout] 
[INFO] [stdout] error[E0310]: the parameter type `V` may not live long enough
[INFO] [stdout]    --> src/any/as_macro.rs:95:9
[INFO] [stdout]     |
[INFO] [stdout] 95  |         self.as_ref().equals(other.as_ref().as_any_ref())
[INFO] [stdout]     |         ^^^^^^^^^^^^^^^^^^^^^^^^^^^^^^^^^^^^^^^^^^^^^^^^^ ...so that the type `V` will meet its required lifetime bounds
[INFO] [stdout] ...
[INFO] [stdout] 305 |     as_boxed!(impl PartialEq for SomeType2<K, V>);
[INFO] [stdout]     |     --------------------------------------------- in this macro invocation
[INFO] [stdout]     |
[INFO] [stdout]     = note: this error originates in the macro `as_boxed` (in Nightly builds, run with -Z macro-backtrace for more info)
[INFO] [stdout] help: consider adding an explicit lifetime bound...
[INFO] [stdout]     |
[INFO] [stdout] 305 |     as_boxed!(impl PartialEq for SomeType2<K, V: 'static>);
[INFO] [stdout]     |                                                +++++++++
[INFO] [stdout] 
[INFO] [stdout] 
[INFO] [stdout] error[E0310]: the parameter type `K` may not live long enough
[INFO] [stdout]    --> src/any/as_macro.rs:95:9
[INFO] [stdout]     |
[INFO] [stdout] 95  |         self.as_ref().equals(other.as_ref().as_any_ref())
[INFO] [stdout]     |         ^^^^^^^^^^^^^^^^^^^^^^^^^^^^^^^^^^^^^^^^^^^^^^^^^ ...so that the type `K` will meet its required lifetime bounds
[INFO] [stdout] ...
[INFO] [stdout] 305 |     as_boxed!(impl PartialEq for SomeType2<K, V>);
[INFO] [stdout]     |     --------------------------------------------- in this macro invocation
[INFO] [stdout]     |
[INFO] [stdout]     = note: this error originates in the macro `as_boxed` (in Nightly builds, run with -Z macro-backtrace for more info)
[INFO] [stdout] help: consider adding an explicit lifetime bound...
[INFO] [stdout]     |
[INFO] [stdout] 305 |     as_boxed!(impl PartialEq for SomeType2<K: 'static, V>);
[INFO] [stdout]     |                                             +++++++++
[INFO] [stdout] 
[INFO] [stdout] 
[INFO] [stdout] error[E0310]: the parameter type `V` may not live long enough
[INFO] [stdout]    --> src/any/as_macro.rs:167:42
[INFO] [stdout]     |
[INFO] [stdout] 167 |         $trait::clone_boxed(self.as_ref())
[INFO] [stdout]     |                                          ^ ...so that the type `V` will meet its required lifetime bounds
[INFO] [stdout] ...
[INFO] [stdout] 307 |     as_boxed!(impl Clone for SomeType2<K, V>);
[INFO] [stdout]     |     ----------------------------------------- in this macro invocation
[INFO] [stdout]     |
[INFO] [stdout]     = note: this error originates in the macro `as_boxed` (in Nightly builds, run with -Z macro-backtrace for more info)
[INFO] [stdout] help: consider adding an explicit lifetime bound...
[INFO] [stdout]     |
[INFO] [stdout] 307 |     as_boxed!(impl Clone for SomeType2<K, V: 'static>);
[INFO] [stdout]     |                                            +++++++++
[INFO] [stdout] 
[INFO] [stdout] 
[INFO] [stdout] error[E0310]: the parameter type `K` may not live long enough
[INFO] [stdout]    --> src/any/as_macro.rs:167:42
[INFO] [stdout]     |
[INFO] [stdout] 167 |         $trait::clone_boxed(self.as_ref())
[INFO] [stdout]     |                                          ^ ...so that the type `K` will meet its required lifetime bounds
[INFO] [stdout] ...
[INFO] [stdout] 307 |     as_boxed!(impl Clone for SomeType2<K, V>);
[INFO] [stdout]     |     ----------------------------------------- in this macro invocation
[INFO] [stdout]     |
[INFO] [stdout]     = note: this error originates in the macro `as_boxed` (in Nightly builds, run with -Z macro-backtrace for more info)
[INFO] [stdout] help: consider adding an explicit lifetime bound...
[INFO] [stdout]     |
[INFO] [stdout] 307 |     as_boxed!(impl Clone for SomeType2<K: 'static, V>);
[INFO] [stdout]     |                                         +++++++++
[INFO] [stdout] 
[INFO] [stdout] 
[INFO] [stdout] error: aborting due to 9 previous errors
[INFO] [stdout] 
[INFO] [stdout] 
[INFO] [stdout] For more information about this error, try `rustc --explain E0310`.
[INFO] [stdout] 
[INFO] [stderr] error: could not compile `lang_extension` due to 10 previous errors
[INFO] running `Command { std: "docker" "inspect" "dea32970f30ee5c82c40da2edaad310ae1089999f2d88947a1aa45ea78ba64bf", kill_on_drop: false }`
[INFO] running `Command { std: "docker" "rm" "-f" "dea32970f30ee5c82c40da2edaad310ae1089999f2d88947a1aa45ea78ba64bf", kill_on_drop: false }`
[INFO] [stdout] dea32970f30ee5c82c40da2edaad310ae1089999f2d88947a1aa45ea78ba64bf
