[INFO] fetching crate krnlc 0.0.2...
[INFO] testing krnlc-0.0.2 against beta-2023-04-20 for beta-1.70-1
[INFO] extracting crate krnlc 0.0.2 into /workspace/builds/worker-2-tc2/source
[INFO] validating manifest of crates.io crate krnlc 0.0.2 on toolchain beta-2023-04-20
[INFO] running `Command { std: CARGO_HOME="/workspace/cargo-home" RUSTUP_HOME="/workspace/rustup-home" "/workspace/cargo-home/bin/cargo" "+beta-2023-04-20" "metadata" "--manifest-path" "Cargo.toml" "--no-deps", kill_on_drop: false }`
[INFO] removed /workspace/builds/worker-2-tc2/source/.cargo/config.toml
[INFO] removed /workspace/builds/worker-2-tc2/source/rust-toolchain.toml
[INFO] started tweaking crates.io crate krnlc 0.0.2
[INFO] finished tweaking crates.io crate krnlc 0.0.2
[INFO] tweaked toml for crates.io crate krnlc 0.0.2 written to /workspace/builds/worker-2-tc2/source/Cargo.toml
[INFO] crate crates.io crate krnlc 0.0.2 already has a lockfile, it will not be regenerated
[INFO] running `Command { std: CARGO_HOME="/workspace/cargo-home" RUSTUP_HOME="/workspace/rustup-home" "/workspace/cargo-home/bin/cargo" "+beta-2023-04-20" "fetch" "--manifest-path" "Cargo.toml", kill_on_drop: false }`
[INFO] [stderr]     Updating crates.io index
[INFO] [stderr]  Downloading crates ...
[INFO] [stderr]   Downloaded symlink v0.1.0
[INFO] [stderr]   Downloaded ar v0.9.0
[INFO] [stderr]   Downloaded internal-iterator v0.2.1
[INFO] [stderr]   Downloaded rustc_codegen_spirv-types v0.7.0
[INFO] [stderr]   Downloaded bincode2 v2.0.1
[INFO] [stderr]   Downloaded elsa v1.8.1
[INFO] [stderr]   Downloaded rspirv v0.11.0+1.5.4
[INFO] [stderr]   Downloaded rustc_codegen_spirv v0.7.0
[INFO] [stderr]   Downloaded spirv-builder v0.7.0
[INFO] [stderr]   Downloaded raw-string v0.3.5
[INFO] [stderr]   Downloaded spirv-tools v0.9.0
[INFO] [stderr]   Downloaded spirt v0.2.0
[INFO] [stderr]   Downloaded spirv-tools-sys v0.7.0
[INFO] running `Command { std: "docker" "create" "-v" "/var/lib/crater-agent-workspace/builds/worker-2-tc2/target:/opt/rustwide/target:rw,Z" "-v" "/var/lib/crater-agent-workspace/builds/worker-2-tc2/source:/opt/rustwide/workdir:ro,Z" "-v" "/var/lib/crater-agent-workspace/cargo-home:/opt/rustwide/cargo-home:ro,Z" "-v" "/var/lib/crater-agent-workspace/rustup-home:/opt/rustwide/rustup-home:ro,Z" "-e" "SOURCE_DIR=/opt/rustwide/workdir" "-e" "CARGO_TARGET_DIR=/opt/rustwide/target" "-e" "CARGO_HOME=/opt/rustwide/cargo-home" "-e" "RUSTUP_HOME=/opt/rustwide/rustup-home" "-w" "/opt/rustwide/workdir" "-m" "1610612736" "--user" "0:0" "--network" "none" "ghcr.io/rust-lang/crates-build-env/linux@sha256:5ff2268d62e97bff2cde7d5815dd6ed5b47097566f13b8d0ca110b04b60e07ed" "/opt/rustwide/cargo-home/bin/cargo" "+beta-2023-04-20" "metadata" "--no-deps" "--format-version=1", kill_on_drop: false }`
[INFO] [stdout] a505db21b89d18c2a212fa095224d9bc91b16f9873b9af0f4b04e5a455682e90
[INFO] running `Command { std: "docker" "start" "-a" "a505db21b89d18c2a212fa095224d9bc91b16f9873b9af0f4b04e5a455682e90", kill_on_drop: false }`
[INFO] running `Command { std: "docker" "inspect" "a505db21b89d18c2a212fa095224d9bc91b16f9873b9af0f4b04e5a455682e90", kill_on_drop: false }`
[INFO] running `Command { std: "docker" "rm" "-f" "a505db21b89d18c2a212fa095224d9bc91b16f9873b9af0f4b04e5a455682e90", kill_on_drop: false }`
[INFO] [stdout] a505db21b89d18c2a212fa095224d9bc91b16f9873b9af0f4b04e5a455682e90
[INFO] running `Command { std: "docker" "create" "-v" "/var/lib/crater-agent-workspace/builds/worker-2-tc2/target:/opt/rustwide/target:rw,Z" "-v" "/var/lib/crater-agent-workspace/builds/worker-2-tc2/source:/opt/rustwide/workdir:ro,Z" "-v" "/var/lib/crater-agent-workspace/cargo-home:/opt/rustwide/cargo-home:ro,Z" "-v" "/var/lib/crater-agent-workspace/rustup-home:/opt/rustwide/rustup-home:ro,Z" "-e" "SOURCE_DIR=/opt/rustwide/workdir" "-e" "CARGO_TARGET_DIR=/opt/rustwide/target" "-e" "CARGO_INCREMENTAL=0" "-e" "RUST_BACKTRACE=full" "-e" "RUSTFLAGS=--cap-lints=warn" "-e" "RUSTDOCFLAGS=--cap-lints=warn" "-e" "CARGO_HOME=/opt/rustwide/cargo-home" "-e" "RUSTUP_HOME=/opt/rustwide/rustup-home" "-w" "/opt/rustwide/workdir" "-m" "1610612736" "--user" "0:0" "--network" "none" "ghcr.io/rust-lang/crates-build-env/linux@sha256:5ff2268d62e97bff2cde7d5815dd6ed5b47097566f13b8d0ca110b04b60e07ed" "/opt/rustwide/cargo-home/bin/cargo" "+beta-2023-04-20" "build" "--frozen" "--message-format=json", kill_on_drop: false }`
[INFO] [stdout] da1eb01c46698b4c092189d934deed9900738360908c81606479325f15ccded7
[INFO] running `Command { std: "docker" "start" "-a" "da1eb01c46698b4c092189d934deed9900738360908c81606479325f15ccded7", kill_on_drop: false }`
[INFO] [stderr]    Compiling unicode-ident v1.0.8
[INFO] [stderr]    Compiling proc-macro2 v1.0.56
[INFO] [stderr]    Compiling quote v1.0.26
[INFO] [stderr]    Compiling autocfg v1.1.0
[INFO] [stderr]    Compiling libc v0.2.142
[INFO] [stderr]    Compiling serde_derive v1.0.160
[INFO] [stderr]    Compiling serde v1.0.160
[INFO] [stderr]    Compiling cfg-if v1.0.0
[INFO] [stderr]    Compiling bitflags v1.3.2
[INFO] [stderr]    Compiling libm v0.2.6
[INFO] [stderr]    Compiling io-lifetimes v1.0.10
[INFO] [stderr]    Compiling memchr v2.5.0
[INFO] [stderr]    Compiling serde_json v1.0.96
[INFO] [stderr]    Compiling rustix v0.37.14
[INFO] [stderr]    Compiling crossbeam-utils v0.8.15
[INFO] [stderr]    Compiling jobserver v0.1.26
[INFO] [stderr]    Compiling itoa v1.0.6
[INFO] [stderr]    Compiling syn v1.0.109
[INFO] [stderr]    Compiling cc v1.0.79
[INFO] [stderr]    Compiling linux-raw-sys v0.3.4
[INFO] [stderr]    Compiling ryu v1.0.13
[INFO] [stderr]    Compiling byteorder v1.4.3
[INFO] [stderr]    Compiling once_cell v1.17.1
[INFO] [stderr]    Compiling num-traits v0.2.15
[INFO] [stderr]    Compiling memoffset v0.8.0
[INFO] [stderr]    Compiling indexmap v1.9.3
[INFO] [stderr]    Compiling crossbeam-epoch v0.9.14
[INFO] [stderr]    Compiling ahash v0.7.6
[INFO] [stderr]    Compiling either v1.8.1
[INFO] [stderr]    Compiling hashbrown v0.12.3
[INFO] [stderr]    Compiling utf8parse v0.2.1
[INFO] [stderr]    Compiling fxhash v0.2.1
[INFO] [stderr]    Compiling stable_deref_trait v1.2.0
[INFO] [stderr]    Compiling anstyle-parse v0.2.0
[INFO] [stderr]    Compiling thiserror v1.0.40
[INFO] [stderr]    Compiling anstyle v1.0.0
[INFO] [stderr]    Compiling camino v1.1.4
[INFO] [stderr]    Compiling semver v1.0.17
[INFO] [stderr]    Compiling syn v2.0.15
[INFO] [stderr]    Compiling colorchoice v1.0.0
[INFO] [stderr]    Compiling regex-syntax v0.7.1
[INFO] [stderr]    Compiling anstyle-query v1.0.0
[INFO] [stderr]    Compiling lazy_static v1.4.0
[INFO] [stderr]    Compiling rustversion v1.0.12
[INFO] [stderr]    Compiling scopeguard v1.1.0
[INFO] [stderr]    Compiling itertools v0.10.5
[INFO] [stderr]    Compiling internal-iterator v0.2.1
[INFO] [stderr]    Compiling aho-corasick v1.0.1
[INFO] [stderr]    Compiling crc32fast v1.3.2
[INFO] [stderr]    Compiling rayon-core v1.11.0
[INFO] [stderr]    Compiling heck v0.4.1
[INFO] [stderr]    Compiling doc-comment v0.3.3
[INFO] [stderr]    Compiling arrayvec v0.7.2
[INFO] [stderr]    Compiling elsa v1.8.1
[INFO] [stderr]    Compiling rustc-hash v1.1.0
[INFO] [stderr]    Compiling spirv-tools-sys v0.7.0
[INFO] [stderr]    Compiling strsim v0.10.0
[INFO] [stderr]    Compiling clap_lex v0.4.1
[INFO] [stderr]    Compiling longest-increasing-subsequence v0.1.0
[INFO] [stderr]    Compiling bytemuck v1.13.1
[INFO] [stderr]    Compiling getrandom v0.2.9
[INFO] [stderr]    Compiling num_cpus v1.15.0
[INFO] [stderr]    Compiling crossbeam-deque v0.8.3
[INFO] [stderr]    Compiling crossbeam-channel v0.5.8
[INFO] [stderr]    Compiling rustc-demangle v0.1.23
[INFO] [stderr]    Compiling spirv v0.2.0+1.5.4
[INFO] [stderr]    Compiling hashbrown v0.11.2
[INFO] [stderr]    Compiling anyhow v1.0.70
[INFO] [stderr]    Compiling ar v0.9.0
[INFO] [stderr]    Compiling adler v1.0.2
[INFO] [stderr]    Compiling krnlc v0.0.2 (/opt/rustwide/workdir)
[INFO] [stdout] error: krnlc requires nightly-2023-03-04, install with rustup:
[INFO] [stdout]        rustup component add --toolchain nightly-2023-03-04 rust-src rustc-dev llvm-tools-preview
[INFO] [stdout]   --> build.rs:17:9
[INFO] [stdout]    |
[INFO] [stdout] 17 |           compile_error!($msg);
[INFO] [stdout]    |           ^^^^^^^^^^^^^^^^^^^^
[INFO] [stdout] ...
[INFO] [stdout] 24 | / toolchain_check!(
[INFO] [stdout] 25 | |     "krnlc requires nightly-2023-03-04, install with rustup:
[INFO] [stdout] 26 | | rustup component add --toolchain nightly-2023-03-04 rust-src rustc-dev llvm-tools-preview"
[INFO] [stdout] 27 | | );
[INFO] [stdout]    | |_- in this macro invocation
[INFO] [stdout]    |
[INFO] [stdout]    = note: this error originates in the macro `toolchain_check` (in Nightly builds, run with -Z macro-backtrace for more info)
[INFO] [stdout] 
[INFO] [stdout] 
[INFO] [stderr]    Compiling miniz_oxide v0.6.2
[INFO] [stdout] error: aborting due to previous error
[INFO] [stdout] 
[INFO] [stdout] 
[INFO] [stderr] error: could not compile `krnlc` (build script) due to 2 previous errors
[INFO] [stderr] warning: build failed, waiting for other jobs to finish...
[INFO] [stderr] The following warnings were emitted during compilation:
[INFO] [stderr] 
[INFO] [stderr] warning: c++: fatal error: Killed signal terminated program cc1plus
[INFO] [stderr] warning: compilation terminated.
[INFO] [stderr] warning: c++: fatal error: Killed signal terminated program cc1plus
[INFO] [stderr] warning: compilation terminated.
[INFO] [stderr] warning: c++: fatal error: Killed signal terminated program cc1plus
[INFO] [stderr] warning: compilation terminated.
[INFO] [stderr] warning: c++: fatal error: Killed signal terminated program cc1plus
[INFO] [stderr] warning: compilation terminated.
[INFO] [stderr] warning: c++: fatal error: Killed signal terminated program cc1plus
[INFO] [stderr] warning: compilation terminated.
[INFO] [stderr] warning: c++: fatal error: Killed signal terminated program cc1plus
[INFO] [stderr] warning: compilation terminated.
[INFO] [stderr] warning: c++: fatal error: Killed signal terminated program cc1plus
[INFO] [stderr] warning: compilation terminated.
[INFO] [stderr] 
[INFO] [stderr] error: failed to run custom build command for `spirv-tools-sys v0.7.0`
[INFO] [stderr] note: To improve backtraces for build dependencies, set the CARGO_PROFILE_DEV_BUILD_OVERRIDE_DEBUG=true environment variable to enable debug information generation.
[INFO] [stderr] 
[INFO] [stderr] Caused by:
[INFO] [stderr]   process didn't exit successfully: `/opt/rustwide/target/debug/build/spirv-tools-sys-fdc5e9e1cf000e0a/build-script-build` (exit status: 1)
[INFO] [stderr]   --- stdout
[INFO] [stderr]   OPT_LEVEL = Some("0")
[INFO] [stderr]   TARGET = Some("x86_64-unknown-linux-gnu")
[INFO] [stderr]   HOST = Some("x86_64-unknown-linux-gnu")
[INFO] [stderr]   cargo:rerun-if-env-changed=CC_x86_64-unknown-linux-gnu
[INFO] [stderr]   CC_x86_64-unknown-linux-gnu = None
[INFO] [stderr]   cargo:rerun-if-env-changed=CC_x86_64_unknown_linux_gnu
[INFO] [stderr]   CC_x86_64_unknown_linux_gnu = None
[INFO] [stderr]   cargo:rerun-if-env-changed=HOST_CC
[INFO] [stderr]   HOST_CC = None
[INFO] [stderr]   cargo:rerun-if-env-changed=CC
[INFO] [stderr]   CC = None
[INFO] [stderr]   cargo:rerun-if-env-changed=CFLAGS_x86_64-unknown-linux-gnu
[INFO] [stderr]   CFLAGS_x86_64-unknown-linux-gnu = None
[INFO] [stderr]   cargo:rerun-if-env-changed=CFLAGS_x86_64_unknown_linux_gnu
[INFO] [stderr]   CFLAGS_x86_64_unknown_linux_gnu = None
[INFO] [stderr]   cargo:rerun-if-env-changed=HOST_CFLAGS
[INFO] [stderr]   HOST_CFLAGS = None
[INFO] [stderr]   cargo:rerun-if-env-changed=CFLAGS
[INFO] [stderr]   CFLAGS = None
[INFO] [stderr]   cargo:rerun-if-env-changed=CRATE_CC_NO_DEFAULTS
[INFO] [stderr]   CRATE_CC_NO_DEFAULTS = None
[INFO] [stderr]   DEBUG = Some("true")
[INFO] [stderr]   CARGO_CFG_TARGET_FEATURE = Some("fxsr,sse,sse2")
[INFO] [stderr]   cargo:rerun-if-env-changed=CXX_x86_64-unknown-linux-gnu
[INFO] [stderr]   CXX_x86_64-unknown-linux-gnu = None
[INFO] [stderr]   cargo:rerun-if-env-changed=CXX_x86_64_unknown_linux_gnu
[INFO] [stderr]   CXX_x86_64_unknown_linux_gnu = None
[INFO] [stderr]   cargo:rerun-if-env-changed=HOST_CXX
[INFO] [stderr]   HOST_CXX = None
[INFO] [stderr]   cargo:rerun-if-env-changed=CXX
[INFO] [stderr]   CXX = None
[INFO] [stderr]   cargo:rerun-if-env-changed=CXXFLAGS_x86_64-unknown-linux-gnu
[INFO] [stderr]   CXXFLAGS_x86_64-unknown-linux-gnu = None
[INFO] [stderr]   cargo:rerun-if-env-changed=CXXFLAGS_x86_64_unknown_linux_gnu
[INFO] [stderr]   CXXFLAGS_x86_64_unknown_linux_gnu = None
[INFO] [stderr]   cargo:rerun-if-env-changed=HOST_CXXFLAGS
[INFO] [stderr]   HOST_CXXFLAGS = None
[INFO] [stderr]   cargo:rerun-if-env-changed=CXXFLAGS
[INFO] [stderr]   CXXFLAGS = None
[INFO] [stderr]   running: "c++" "-O0" "-ffunction-sections" "-fdata-sections" "-fPIC" "-gdwarf-4" "-fno-omit-frame-pointer" "-m64" "-I" "spirv-tools/" "-I" "spirv-tools/include" "-I" "generated/" "-I" "spirv-headers/include" "-I" "spirv-headers/include/spirv/unified1" "-Wall" "-Wextra" "-Wall" "-Wextra" "-Wnon-virtual-dtor" "-Wno-missing-field-initializers" "-Werror" "-std=c++11" "-fno-exceptions" "-fno-rtti" "-Wno-long-long" "-Wshadow" "-Wundef" "-Wconversion" "-Wno-sign-conversion" "-Wno-deprecated-declarations" "-std=gnu++11" "-DSPIRV_CHECK_CONTEXT" "-DSPIRV_LINUX" "-o" "/opt/rustwide/target/debug/build/spirv-tools-sys-ddf90a63d78d6ffb/out/spirv-tools/source/util/bit_vector.o" "-c" "spirv-tools/source/util/bit_vector.cpp"
[INFO] [stderr]   running: "c++" "-O0" "-ffunction-sections" "-fdata-sections" "-fPIC" "-gdwarf-4" "-fno-omit-frame-pointer" "-m64" "-I" "spirv-tools/" "-I" "spirv-tools/include" "-I" "generated/" "-I" "spirv-headers/include" "-I" "spirv-headers/include/spirv/unified1" "-Wall" "-Wextra" "-Wall" "-Wextra" "-Wnon-virtual-dtor" "-Wno-missing-field-initializers" "-Werror" "-std=c++11" "-fno-exceptions" "-fno-rtti" "-Wno-long-long" "-Wshadow" "-Wundef" "-Wconversion" "-Wno-sign-conversion" "-Wno-deprecated-declarations" "-std=gnu++11" "-DSPIRV_CHECK_CONTEXT" "-DSPIRV_LINUX" "-o" "/opt/rustwide/target/debug/build/spirv-tools-sys-ddf90a63d78d6ffb/out/spirv-tools/source/util/parse_number.o" "-c" "spirv-tools/source/util/parse_number.cpp"
[INFO] [stderr]   running: "c++" "-O0" "-ffunction-sections" "-fdata-sections" "-fPIC" "-gdwarf-4" "-fno-omit-frame-pointer" "-m64" "-I" "spirv-tools/" "-I" "spirv-tools/include" "-I" "generated/" "-I" "spirv-headers/include" "-I" "spirv-headers/include/spirv/unified1" "-Wall" "-Wextra" "-Wall" "-Wextra" "-Wnon-virtual-dtor" "-Wno-missing-field-initializers" "-Werror" "-std=c++11" "-fno-exceptions" "-fno-rtti" "-Wno-long-long" "-Wshadow" "-Wundef" "-Wconversion" "-Wno-sign-conversion" "-Wno-deprecated-declarations" "-std=gnu++11" "-DSPIRV_CHECK_CONTEXT" "-DSPIRV_LINUX" "-o" "/opt/rustwide/target/debug/build/spirv-tools-sys-ddf90a63d78d6ffb/out/spirv-tools/source/util/string_utils.o" "-c" "spirv-tools/source/util/string_utils.cpp"
[INFO] [stderr]   running: "c++" "-O0" "-ffunction-sections" "-fdata-sections" "-fPIC" "-gdwarf-4" "-fno-omit-frame-pointer" "-m64" "-I" "spirv-tools/" "-I" "spirv-tools/include" "-I" "generated/" "-I" "spirv-headers/include" "-I" "spirv-headers/include/spirv/unified1" "-Wall" "-Wextra" "-Wall" "-Wextra" "-Wnon-virtual-dtor" "-Wno-missing-field-initializers" "-Werror" "-std=c++11" "-fno-exceptions" "-fno-rtti" "-Wno-long-long" "-Wshadow" "-Wundef" "-Wconversion" "-Wno-sign-conversion" "-Wno-deprecated-declarations" "-std=gnu++11" "-DSPIRV_CHECK_CONTEXT" "-DSPIRV_LINUX" "-o" "/opt/rustwide/target/debug/build/spirv-tools-sys-ddf90a63d78d6ffb/out/spirv-tools/source/assembly_grammar.o" "-c" "spirv-tools/source/assembly_grammar.cpp"
[INFO] [stderr]   running: "c++" "-O0" "-ffunction-sections" "-fdata-sections" "-fPIC" "-gdwarf-4" "-fno-omit-frame-pointer" "-m64" "-I" "spirv-tools/" "-I" "spirv-tools/include" "-I" "generated/" "-I" "spirv-headers/include" "-I" "spirv-headers/include/spirv/unified1" "-Wall" "-Wextra" "-Wall" "-Wextra" "-Wnon-virtual-dtor" "-Wno-missing-field-initializers" "-Werror" "-std=c++11" "-fno-exceptions" "-fno-rtti" "-Wno-long-long" "-Wshadow" "-Wundef" "-Wconversion" "-Wno-sign-conversion" "-Wno-deprecated-declarations" "-std=gnu++11" "-DSPIRV_CHECK_CONTEXT" "-DSPIRV_LINUX" "-o" "/opt/rustwide/target/debug/build/spirv-tools-sys-ddf90a63d78d6ffb/out/spirv-tools/source/binary.o" "-c" "spirv-tools/source/binary.cpp"
[INFO] [stderr]   running: "c++" "-O0" "-ffunction-sections" "-fdata-sections" "-fPIC" "-gdwarf-4" "-fno-omit-frame-pointer" "-m64" "-I" "spirv-tools/" "-I" "spirv-tools/include" "-I" "generated/" "-I" "spirv-headers/include" "-I" "spirv-headers/include/spirv/unified1" "-Wall" "-Wextra" "-Wall" "-Wextra" "-Wnon-virtual-dtor" "-Wno-missing-field-initializers" "-Werror" "-std=c++11" "-fno-exceptions" "-fno-rtti" "-Wno-long-long" "-Wshadow" "-Wundef" "-Wconversion" "-Wno-sign-conversion" "-Wno-deprecated-declarations" "-std=gnu++11" "-DSPIRV_CHECK_CONTEXT" "-DSPIRV_LINUX" "-o" "/opt/rustwide/target/debug/build/spirv-tools-sys-ddf90a63d78d6ffb/out/spirv-tools/source/diagnostic.o" "-c" "spirv-tools/source/diagnostic.cpp"
[INFO] [stderr]   running: "c++" "-O0" "-ffunction-sections" "-fdata-sections" "-fPIC" "-gdwarf-4" "-fno-omit-frame-pointer" "-m64" "-I" "spirv-tools/" "-I" "spirv-tools/include" "-I" "generated/" "-I" "spirv-headers/include" "-I" "spirv-headers/include/spirv/unified1" "-Wall" "-Wextra" "-Wall" "-Wextra" "-Wnon-virtual-dtor" "-Wno-missing-field-initializers" "-Werror" "-std=c++11" "-fno-exceptions" "-fno-rtti" "-Wno-long-long" "-Wshadow" "-Wundef" "-Wconversion" "-Wno-sign-conversion" "-Wno-deprecated-declarations" "-std=gnu++11" "-DSPIRV_CHECK_CONTEXT" "-DSPIRV_LINUX" "-o" "/opt/rustwide/target/debug/build/spirv-tools-sys-ddf90a63d78d6ffb/out/spirv-tools/source/disassemble.o" "-c" "spirv-tools/source/disassemble.cpp"
[INFO] [stderr]   exit status: 0
[INFO] [stderr]   running: "c++" "-O0" "-ffunction-sections" "-fdata-sections" "-fPIC" "-gdwarf-4" "-fno-omit-frame-pointer" "-m64" "-I" "spirv-tools/" "-I" "spirv-tools/include" "-I" "generated/" "-I" "spirv-headers/include" "-I" "spirv-headers/include/spirv/unified1" "-Wall" "-Wextra" "-Wall" "-Wextra" "-Wnon-virtual-dtor" "-Wno-missing-field-initializers" "-Werror" "-std=c++11" "-fno-exceptions" "-fno-rtti" "-Wno-long-long" "-Wshadow" "-Wundef" "-Wconversion" "-Wno-sign-conversion" "-Wno-deprecated-declarations" "-std=gnu++11" "-DSPIRV_CHECK_CONTEXT" "-DSPIRV_LINUX" "-o" "/opt/rustwide/target/debug/build/spirv-tools-sys-ddf90a63d78d6ffb/out/spirv-tools/source/enum_string_mapping.o" "-c" "spirv-tools/source/enum_string_mapping.cpp"
[INFO] [stderr]   exit status: 0
[INFO] [stderr]   running: "c++" "-O0" "-ffunction-sections" "-fdata-sections" "-fPIC" "-gdwarf-4" "-fno-omit-frame-pointer" "-m64" "-I" "spirv-tools/" "-I" "spirv-tools/include" "-I" "generated/" "-I" "spirv-headers/include" "-I" "spirv-headers/include/spirv/unified1" "-Wall" "-Wextra" "-Wall" "-Wextra" "-Wnon-virtual-dtor" "-Wno-missing-field-initializers" "-Werror" "-std=c++11" "-fno-exceptions" "-fno-rtti" "-Wno-long-long" "-Wshadow" "-Wundef" "-Wconversion" "-Wno-sign-conversion" "-Wno-deprecated-declarations" "-std=gnu++11" "-DSPIRV_CHECK_CONTEXT" "-DSPIRV_LINUX" "-o" "/opt/rustwide/target/debug/build/spirv-tools-sys-ddf90a63d78d6ffb/out/spirv-tools/source/ext_inst.o" "-c" "spirv-tools/source/ext_inst.cpp"
[INFO] [stderr]   exit status: 0
[INFO] [stderr]   exit status: 0
[INFO] [stderr]   running: "c++" "-O0" "-ffunction-sections" "-fdata-sections" "-fPIC" "-gdwarf-4" "-fno-omit-frame-pointer" "-m64" "-I" "spirv-tools/" "-I" "spirv-tools/include" "-I" "generated/" "-I" "spirv-headers/include" "-I" "spirv-headers/include/spirv/unified1" "-Wall" "-Wextra" "-Wall" "-Wextra" "-Wnon-virtual-dtor" "-Wno-missing-field-initializers" "-Werror" "-std=c++11" "-fno-exceptions" "-fno-rtti" "-Wno-long-long" "-Wshadow" "-Wundef" "-Wconversion" "-Wno-sign-conversion" "-Wno-deprecated-declarations" "-std=gnu++11" "-DSPIRV_CHECK_CONTEXT" "-DSPIRV_LINUX" "-o" "/opt/rustwide/target/debug/build/spirv-tools-sys-ddf90a63d78d6ffb/out/spirv-tools/source/extensions.o" "-c" "spirv-tools/source/extensions.cpp"
[INFO] [stderr]   exit status: 0
[INFO] [stderr]   running: "c++" "-O0" "-ffunction-sections" "-fdata-sections" "-fPIC" "-gdwarf-4" "-fno-omit-frame-pointer" "-m64" "-I" "spirv-tools/" "-I" "spirv-tools/include" "-I" "generated/" "-I" "spirv-headers/include" "-I" "spirv-headers/include/spirv/unified1" "-Wall" "-Wextra" "-Wall" "-Wextra" "-Wnon-virtual-dtor" "-Wno-missing-field-initializers" "-Werror" "-std=c++11" "-fno-exceptions" "-fno-rtti" "-Wno-long-long" "-Wshadow" "-Wundef" "-Wconversion" "-Wno-sign-conversion" "-Wno-deprecated-declarations" "-std=gnu++11" "-DSPIRV_CHECK_CONTEXT" "-DSPIRV_LINUX" "-o" "/opt/rustwide/target/debug/build/spirv-tools-sys-ddf90a63d78d6ffb/out/spirv-tools/source/libspirv.o" "-c" "spirv-tools/source/libspirv.cpp"
[INFO] [stderr]   exit status: 0
[INFO] [stderr]   running: "c++" "-O0" "-ffunction-sections" "-fdata-sections" "-fPIC" "-gdwarf-4" "-fno-omit-frame-pointer" "-m64" "-I" "spirv-tools/" "-I" "spirv-tools/include" "-I" "generated/" "-I" "spirv-headers/include" "-I" "spirv-headers/include/spirv/unified1" "-Wall" "-Wextra" "-Wall" "-Wextra" "-Wnon-virtual-dtor" "-Wno-missing-field-initializers" "-Werror" "-std=c++11" "-fno-exceptions" "-fno-rtti" "-Wno-long-long" "-Wshadow" "-Wundef" "-Wconversion" "-Wno-sign-conversion" "-Wno-deprecated-declarations" "-std=gnu++11" "-DSPIRV_CHECK_CONTEXT" "-DSPIRV_LINUX" "-o" "/opt/rustwide/target/debug/build/spirv-tools-sys-ddf90a63d78d6ffb/out/spirv-tools/source/name_mapper.o" "-c" "spirv-tools/source/name_mapper.cpp"
[INFO] [stderr]   running: "c++" "-O0" "-ffunction-sections" "-fdata-sections" "-fPIC" "-gdwarf-4" "-fno-omit-frame-pointer" "-m64" "-I" "spirv-tools/" "-I" "spirv-tools/include" "-I" "generated/" "-I" "spirv-headers/include" "-I" "spirv-headers/include/spirv/unified1" "-Wall" "-Wextra" "-Wall" "-Wextra" "-Wnon-virtual-dtor" "-Wno-missing-field-initializers" "-Werror" "-std=c++11" "-fno-exceptions" "-fno-rtti" "-Wno-long-long" "-Wshadow" "-Wundef" "-Wconversion" "-Wno-sign-conversion" "-Wno-deprecated-declarations" "-std=gnu++11" "-DSPIRV_CHECK_CONTEXT" "-DSPIRV_LINUX" "-o" "/opt/rustwide/target/debug/build/spirv-tools-sys-ddf90a63d78d6ffb/out/spirv-tools/source/opcode.o" "-c" "spirv-tools/source/opcode.cpp"
[INFO] [stderr]   running: "c++" "-O0" "-ffunction-sections" "-fdata-sections" "-fPIC" "-gdwarf-4" "-fno-omit-frame-pointer" "-m64" "-I" "spirv-tools/" "-I" "spirv-tools/include" "-I" "generated/" "-I" "spirv-headers/include" "-I" "spirv-headers/include/spirv/unified1" "-Wall" "-Wextra" "-Wall" "-Wextra" "-Wnon-virtual-dtor" "-Wno-missing-field-initializers" "-Werror" "-std=c++11" "-fno-exceptions" "-fno-rtti" "-Wno-long-long" "-Wshadow" "-Wundef" "-Wconversion" "-Wno-sign-conversion" "-Wno-deprecated-declarations" "-std=gnu++11" "-DSPIRV_CHECK_CONTEXT" "-DSPIRV_LINUX" "-o" "/opt/rustwide/target/debug/build/spirv-tools-sys-ddf90a63d78d6ffb/out/spirv-tools/source/operand.o" "-c" "spirv-tools/source/operand.cpp"
[INFO] [stderr]   exit status: 0
[INFO] [stderr]   running: "c++" "-O0" "-ffunction-sections" "-fdata-sections" "-fPIC" "-gdwarf-4" "-fno-omit-frame-pointer" "-m64" "-I" "spirv-tools/" "-I" "spirv-tools/include" "-I" "generated/" "-I" "spirv-headers/include" "-I" "spirv-headers/include/spirv/unified1" "-Wall" "-Wextra" "-Wall" "-Wextra" "-Wnon-virtual-dtor" "-Wno-missing-field-initializers" "-Werror" "-std=c++11" "-fno-exceptions" "-fno-rtti" "-Wno-long-long" "-Wshadow" "-Wundef" "-Wconversion" "-Wno-sign-conversion" "-Wno-deprecated-declarations" "-std=gnu++11" "-DSPIRV_CHECK_CONTEXT" "-DSPIRV_LINUX" "-o" "/opt/rustwide/target/debug/build/spirv-tools-sys-ddf90a63d78d6ffb/out/spirv-tools/source/parsed_operand.o" "-c" "spirv-tools/source/parsed_operand.cpp"
[INFO] [stderr]   exit status: 0
[INFO] [stderr]   running: "c++" "-O0" "-ffunction-sections" "-fdata-sections" "-fPIC" "-gdwarf-4" "-fno-omit-frame-pointer" "-m64" "-I" "spirv-tools/" "-I" "spirv-tools/include" "-I" "generated/" "-I" "spirv-headers/include" "-I" "spirv-headers/include/spirv/unified1" "-Wall" "-Wextra" "-Wall" "-Wextra" "-Wnon-virtual-dtor" "-Wno-missing-field-initializers" "-Werror" "-std=c++11" "-fno-exceptions" "-fno-rtti" "-Wno-long-long" "-Wshadow" "-Wundef" "-Wconversion" "-Wno-sign-conversion" "-Wno-deprecated-declarations" "-std=gnu++11" "-DSPIRV_CHECK_CONTEXT" "-DSPIRV_LINUX" "-o" "/opt/rustwide/target/debug/build/spirv-tools-sys-ddf90a63d78d6ffb/out/spirv-tools/source/print.o" "-c" "spirv-tools/source/print.cpp"
[INFO] [stderr]   exit status: 0
[INFO] [stderr]   running: "c++" "-O0" "-ffunction-sections" "-fdata-sections" "-fPIC" "-gdwarf-4" "-fno-omit-frame-pointer" "-m64" "-I" "spirv-tools/" "-I" "spirv-tools/include" "-I" "generated/" "-I" "spirv-headers/include" "-I" "spirv-headers/include/spirv/unified1" "-Wall" "-Wextra" "-Wall" "-Wextra" "-Wnon-virtual-dtor" "-Wno-missing-field-initializers" "-Werror" "-std=c++11" "-fno-exceptions" "-fno-rtti" "-Wno-long-long" "-Wshadow" "-Wundef" "-Wconversion" "-Wno-sign-conversion" "-Wno-deprecated-declarations" "-std=gnu++11" "-DSPIRV_CHECK_CONTEXT" "-DSPIRV_LINUX" "-o" "/opt/rustwide/target/debug/build/spirv-tools-sys-ddf90a63d78d6ffb/out/spirv-tools/source/software_version.o" "-c" "spirv-tools/source/software_version.cpp"
[INFO] [stderr]   running: "c++" "-O0" "-ffunction-sections" "-fdata-sections" "-fPIC" "-gdwarf-4" "-fno-omit-frame-pointer" "-m64" "-I" "spirv-tools/" "-I" "spirv-tools/include" "-I" "generated/" "-I" "spirv-headers/include" "-I" "spirv-headers/include/spirv/unified1" "-Wall" "-Wextra" "-Wall" "-Wextra" "-Wnon-virtual-dtor" "-Wno-missing-field-initializers" "-Werror" "-std=c++11" "-fno-exceptions" "-fno-rtti" "-Wno-long-long" "-Wshadow" "-Wundef" "-Wconversion" "-Wno-sign-conversion" "-Wno-deprecated-declarations" "-std=gnu++11" "-DSPIRV_CHECK_CONTEXT" "-DSPIRV_LINUX" "-o" "/opt/rustwide/target/debug/build/spirv-tools-sys-ddf90a63d78d6ffb/out/spirv-tools/source/spirv_endian.o" "-c" "spirv-tools/source/spirv_endian.cpp"
[INFO] [stderr]   exit status: 0
[INFO] [stderr]   exit status: 0
[INFO] [stderr]   exit status: 0
[INFO] [stderr]   running: "c++" "-O0" "-ffunction-sections" "-fdata-sections" "-fPIC" "-gdwarf-4" "-fno-omit-frame-pointer" "-m64" "-I" "spirv-tools/" "-I" "spirv-tools/include" "-I" "generated/" "-I" "spirv-headers/include" "-I" "spirv-headers/include/spirv/unified1" "-Wall" "-Wextra" "-Wall" "-Wextra" "-Wnon-virtual-dtor" "-Wno-missing-field-initializers" "-Werror" "-std=c++11" "-fno-exceptions" "-fno-rtti" "-Wno-long-long" "-Wshadow" "-Wundef" "-Wconversion" "-Wno-sign-conversion" "-Wno-deprecated-declarations" "-std=gnu++11" "-DSPIRV_CHECK_CONTEXT" "-DSPIRV_LINUX" "-o" "/opt/rustwide/target/debug/build/spirv-tools-sys-ddf90a63d78d6ffb/out/spirv-tools/source/spirv_fuzzer_options.o" "-c" "spirv-tools/source/spirv_fuzzer_options.cpp"
[INFO] [stderr]   running: "c++" "-O0" "-ffunction-sections" "-fdata-sections" "-fPIC" "-gdwarf-4" "-fno-omit-frame-pointer" "-m64" "-I" "spirv-tools/" "-I" "spirv-tools/include" "-I" "generated/" "-I" "spirv-headers/include" "-I" "spirv-headers/include/spirv/unified1" "-Wall" "-Wextra" "-Wall" "-Wextra" "-Wnon-virtual-dtor" "-Wno-missing-field-initializers" "-Werror" "-std=c++11" "-fno-exceptions" "-fno-rtti" "-Wno-long-long" "-Wshadow" "-Wundef" "-Wconversion" "-Wno-sign-conversion" "-Wno-deprecated-declarations" "-std=gnu++11" "-DSPIRV_CHECK_CONTEXT" "-DSPIRV_LINUX" "-o" "/opt/rustwide/target/debug/build/spirv-tools-sys-ddf90a63d78d6ffb/out/spirv-tools/source/spirv_optimizer_options.o" "-c" "spirv-tools/source/spirv_optimizer_options.cpp"
[INFO] [stderr]   running: "c++" "-O0" "-ffunction-sections" "-fdata-sections" "-fPIC" "-gdwarf-4" "-fno-omit-frame-pointer" "-m64" "-I" "spirv-tools/" "-I" "spirv-tools/include" "-I" "generated/" "-I" "spirv-headers/include" "-I" "spirv-headers/include/spirv/unified1" "-Wall" "-Wextra" "-Wall" "-Wextra" "-Wnon-virtual-dtor" "-Wno-missing-field-initializers" "-Werror" "-std=c++11" "-fno-exceptions" "-fno-rtti" "-Wno-long-long" "-Wshadow" "-Wundef" "-Wconversion" "-Wno-sign-conversion" "-Wno-deprecated-declarations" "-std=gnu++11" "-DSPIRV_CHECK_CONTEXT" "-DSPIRV_LINUX" "-o" "/opt/rustwide/target/debug/build/spirv-tools-sys-ddf90a63d78d6ffb/out/spirv-tools/source/spirv_reducer_options.o" "-c" "spirv-tools/source/spirv_reducer_options.cpp"
[INFO] [stderr]   exit status: 0
[INFO] [stderr]   running: "c++" "-O0" "-ffunction-sections" "-fdata-sections" "-fPIC" "-gdwarf-4" "-fno-omit-frame-pointer" "-m64" "-I" "spirv-tools/" "-I" "spirv-tools/include" "-I" "generated/" "-I" "spirv-headers/include" "-I" "spirv-headers/include/spirv/unified1" "-Wall" "-Wextra" "-Wall" "-Wextra" "-Wnon-virtual-dtor" "-Wno-missing-field-initializers" "-Werror" "-std=c++11" "-fno-exceptions" "-fno-rtti" "-Wno-long-long" "-Wshadow" "-Wundef" "-Wconversion" "-Wno-sign-conversion" "-Wno-deprecated-declarations" "-std=gnu++11" "-DSPIRV_CHECK_CONTEXT" "-DSPIRV_LINUX" "-o" "/opt/rustwide/target/debug/build/spirv-tools-sys-ddf90a63d78d6ffb/out/spirv-tools/source/spirv_validator_options.o" "-c" "spirv-tools/source/spirv_validator_options.cpp"
[INFO] [stderr]   running: "c++" "-O0" "-ffunction-sections" "-fdata-sections" "-fPIC" "-gdwarf-4" "-fno-omit-frame-pointer" "-m64" "-I" "spirv-tools/" "-I" "spirv-tools/include" "-I" "generated/" "-I" "spirv-headers/include" "-I" "spirv-headers/include/spirv/unified1" "-Wall" "-Wextra" "-Wall" "-Wextra" "-Wnon-virtual-dtor" "-Wno-missing-field-initializers" "-Werror" "-std=c++11" "-fno-exceptions" "-fno-rtti" "-Wno-long-long" "-Wshadow" "-Wundef" "-Wconversion" "-Wno-sign-conversion" "-Wno-deprecated-declarations" "-std=gnu++11" "-DSPIRV_CHECK_CONTEXT" "-DSPIRV_LINUX" "-o" "/opt/rustwide/target/debug/build/spirv-tools-sys-ddf90a63d78d6ffb/out/spirv-tools/source/spirv_target_env.o" "-c" "spirv-tools/source/spirv_target_env.cpp"
[INFO] [stderr]   exit status: 0
[INFO] [stderr]   running: "c++" "-O0" "-ffunction-sections" "-fdata-sections" "-fPIC" "-gdwarf-4" "-fno-omit-frame-pointer" "-m64" "-I" "spirv-tools/" "-I" "spirv-tools/include" "-I" "generated/" "-I" "spirv-headers/include" "-I" "spirv-headers/include/spirv/unified1" "-Wall" "-Wextra" "-Wall" "-Wextra" "-Wnon-virtual-dtor" "-Wno-missing-field-initializers" "-Werror" "-std=c++11" "-fno-exceptions" "-fno-rtti" "-Wno-long-long" "-Wshadow" "-Wundef" "-Wconversion" "-Wno-sign-conversion" "-Wno-deprecated-declarations" "-std=gnu++11" "-DSPIRV_CHECK_CONTEXT" "-DSPIRV_LINUX" "-o" "/opt/rustwide/target/debug/build/spirv-tools-sys-ddf90a63d78d6ffb/out/spirv-tools/source/text.o" "-c" "spirv-tools/source/text.cpp"
[INFO] [stderr]   exit status: 0
[INFO] [stderr]   running: "c++" "-O0" "-ffunction-sections" "-fdata-sections" "-fPIC" "-gdwarf-4" "-fno-omit-frame-pointer" "-m64" "-I" "spirv-tools/" "-I" "spirv-tools/include" "-I" "generated/" "-I" "spirv-headers/include" "-I" "spirv-headers/include/spirv/unified1" "-Wall" "-Wextra" "-Wall" "-Wextra" "-Wnon-virtual-dtor" "-Wno-missing-field-initializers" "-Werror" "-std=c++11" "-fno-exceptions" "-fno-rtti" "-Wno-long-long" "-Wshadow" "-Wundef" "-Wconversion" "-Wno-sign-conversion" "-Wno-deprecated-declarations" "-std=gnu++11" "-DSPIRV_CHECK_CONTEXT" "-DSPIRV_LINUX" "-o" "/opt/rustwide/target/debug/build/spirv-tools-sys-ddf90a63d78d6ffb/out/spirv-tools/source/table.o" "-c" "spirv-tools/source/table.cpp"
[INFO] [stderr]   running: "c++" "-O0" "-ffunction-sections" "-fdata-sections" "-fPIC" "-gdwarf-4" "-fno-omit-frame-pointer" "-m64" "-I" "spirv-tools/" "-I" "spirv-tools/include" "-I" "generated/" "-I" "spirv-headers/include" "-I" "spirv-headers/include/spirv/unified1" "-Wall" "-Wextra" "-Wall" "-Wextra" "-Wnon-virtual-dtor" "-Wno-missing-field-initializers" "-Werror" "-std=c++11" "-fno-exceptions" "-fno-rtti" "-Wno-long-long" "-Wshadow" "-Wundef" "-Wconversion" "-Wno-sign-conversion" "-Wno-deprecated-declarations" "-std=gnu++11" "-DSPIRV_CHECK_CONTEXT" "-DSPIRV_LINUX" "-o" "/opt/rustwide/target/debug/build/spirv-tools-sys-ddf90a63d78d6ffb/out/spirv-tools/source/text_handler.o" "-c" "spirv-tools/source/text_handler.cpp"
[INFO] [stderr]   running: "c++" "-O0" "-ffunction-sections" "-fdata-sections" "-fPIC" "-gdwarf-4" "-fno-omit-frame-pointer" "-m64" "-I" "spirv-tools/" "-I" "spirv-tools/include" "-I" "generated/" "-I" "spirv-headers/include" "-I" "spirv-headers/include/spirv/unified1" "-Wall" "-Wextra" "-Wall" "-Wextra" "-Wnon-virtual-dtor" "-Wno-missing-field-initializers" "-Werror" "-std=c++11" "-fno-exceptions" "-fno-rtti" "-Wno-long-long" "-Wshadow" "-Wundef" "-Wconversion" "-Wno-sign-conversion" "-Wno-deprecated-declarations" "-std=gnu++11" "-DSPIRV_CHECK_CONTEXT" "-DSPIRV_LINUX" "-o" "/opt/rustwide/target/debug/build/spirv-tools-sys-ddf90a63d78d6ffb/out/spirv-tools/source/val/validate.o" "-c" "spirv-tools/source/val/validate.cpp"
[INFO] [stderr]   exit status: 0
[INFO] [stderr]   exit status: 0
[INFO] [stderr]   running: "c++" "-O0" "-ffunction-sections" "-fdata-sections" "-fPIC" "-gdwarf-4" "-fno-omit-frame-pointer" "-m64" "-I" "spirv-tools/" "-I" "spirv-tools/include" "-I" "generated/" "-I" "spirv-headers/include" "-I" "spirv-headers/include/spirv/unified1" "-Wall" "-Wextra" "-Wall" "-Wextra" "-Wnon-virtual-dtor" "-Wno-missing-field-initializers" "-Werror" "-std=c++11" "-fno-exceptions" "-fno-rtti" "-Wno-long-long" "-Wshadow" "-Wundef" "-Wconversion" "-Wno-sign-conversion" "-Wno-deprecated-declarations" "-std=gnu++11" "-DSPIRV_CHECK_CONTEXT" "-DSPIRV_LINUX" "-o" "/opt/rustwide/target/debug/build/spirv-tools-sys-ddf90a63d78d6ffb/out/spirv-tools/source/val/validate_adjacency.o" "-c" "spirv-tools/source/val/validate_adjacency.cpp"
[INFO] [stderr]   running: "c++" "-O0" "-ffunction-sections" "-fdata-sections" "-fPIC" "-gdwarf-4" "-fno-omit-frame-pointer" "-m64" "-I" "spirv-tools/" "-I" "spirv-tools/include" "-I" "generated/" "-I" "spirv-headers/include" "-I" "spirv-headers/include/spirv/unified1" "-Wall" "-Wextra" "-Wall" "-Wextra" "-Wnon-virtual-dtor" "-Wno-missing-field-initializers" "-Werror" "-std=c++11" "-fno-exceptions" "-fno-rtti" "-Wno-long-long" "-Wshadow" "-Wundef" "-Wconversion" "-Wno-sign-conversion" "-Wno-deprecated-declarations" "-std=gnu++11" "-DSPIRV_CHECK_CONTEXT" "-DSPIRV_LINUX" "-o" "/opt/rustwide/target/debug/build/spirv-tools-sys-ddf90a63d78d6ffb/out/spirv-tools/source/val/validate_annotation.o" "-c" "spirv-tools/source/val/validate_annotation.cpp"
[INFO] [stderr]   running: "c++" "-O0" "-ffunction-sections" "-fdata-sections" "-fPIC" "-gdwarf-4" "-fno-omit-frame-pointer" "-m64" "-I" "spirv-tools/" "-I" "spirv-tools/include" "-I" "generated/" "-I" "spirv-headers/include" "-I" "spirv-headers/include/spirv/unified1" "-Wall" "-Wextra" "-Wall" "-Wextra" "-Wnon-virtual-dtor" "-Wno-missing-field-initializers" "-Werror" "-std=c++11" "-fno-exceptions" "-fno-rtti" "-Wno-long-long" "-Wshadow" "-Wundef" "-Wconversion" "-Wno-sign-conversion" "-Wno-deprecated-declarations" "-std=gnu++11" "-DSPIRV_CHECK_CONTEXT" "-DSPIRV_LINUX" "-o" "/opt/rustwide/target/debug/build/spirv-tools-sys-ddf90a63d78d6ffb/out/spirv-tools/source/val/validate_atomics.o" "-c" "spirv-tools/source/val/validate_atomics.cpp"
[INFO] [stderr]   running: "c++" "-O0" "-ffunction-sections" "-fdata-sections" "-fPIC" "-gdwarf-4" "-fno-omit-frame-pointer" "-m64" "-I" "spirv-tools/" "-I" "spirv-tools/include" "-I" "generated/" "-I" "spirv-headers/include" "-I" "spirv-headers/include/spirv/unified1" "-Wall" "-Wextra" "-Wall" "-Wextra" "-Wnon-virtual-dtor" "-Wno-missing-field-initializers" "-Werror" "-std=c++11" "-fno-exceptions" "-fno-rtti" "-Wno-long-long" "-Wshadow" "-Wundef" "-Wconversion" "-Wno-sign-conversion" "-Wno-deprecated-declarations" "-std=gnu++11" "-DSPIRV_CHECK_CONTEXT" "-DSPIRV_LINUX" "-o" "/opt/rustwide/target/debug/build/spirv-tools-sys-ddf90a63d78d6ffb/out/spirv-tools/source/val/validate_arithmetics.o" "-c" "spirv-tools/source/val/validate_arithmetics.cpp"
[INFO] [stderr]   exit status: 0
[INFO] [stderr]   running: "c++" "-O0" "-ffunction-sections" "-fdata-sections" "-fPIC" "-gdwarf-4" "-fno-omit-frame-pointer" "-m64" "-I" "spirv-tools/" "-I" "spirv-tools/include" "-I" "generated/" "-I" "spirv-headers/include" "-I" "spirv-headers/include/spirv/unified1" "-Wall" "-Wextra" "-Wall" "-Wextra" "-Wnon-virtual-dtor" "-Wno-missing-field-initializers" "-Werror" "-std=c++11" "-fno-exceptions" "-fno-rtti" "-Wno-long-long" "-Wshadow" "-Wundef" "-Wconversion" "-Wno-sign-conversion" "-Wno-deprecated-declarations" "-std=gnu++11" "-DSPIRV_CHECK_CONTEXT" "-DSPIRV_LINUX" "-o" "/opt/rustwide/target/debug/build/spirv-tools-sys-ddf90a63d78d6ffb/out/spirv-tools/source/val/validate_barriers.o" "-c" "spirv-tools/source/val/validate_barriers.cpp"
[INFO] [stderr]   exit status: 0
[INFO] [stderr]   exit status: 0
[INFO] [stderr]   running: "c++" "-O0" "-ffunction-sections" "-fdata-sections" "-fPIC" "-gdwarf-4" "-fno-omit-frame-pointer" "-m64" "-I" "spirv-tools/" "-I" "spirv-tools/include" "-I" "generated/" "-I" "spirv-headers/include" "-I" "spirv-headers/include/spirv/unified1" "-Wall" "-Wextra" "-Wall" "-Wextra" "-Wnon-virtual-dtor" "-Wno-missing-field-initializers" "-Werror" "-std=c++11" "-fno-exceptions" "-fno-rtti" "-Wno-long-long" "-Wshadow" "-Wundef" "-Wconversion" "-Wno-sign-conversion" "-Wno-deprecated-declarations" "-std=gnu++11" "-DSPIRV_CHECK_CONTEXT" "-DSPIRV_LINUX" "-o" "/opt/rustwide/target/debug/build/spirv-tools-sys-ddf90a63d78d6ffb/out/spirv-tools/source/val/validate_bitwise.o" "-c" "spirv-tools/source/val/validate_bitwise.cpp"
[INFO] [stderr]   exit status: 0
[INFO] [stderr]   exit status: 0
[INFO] [stderr]   running: "c++" "-O0" "-ffunction-sections" "-fdata-sections" "-fPIC" "-gdwarf-4" "-fno-omit-frame-pointer" "-m64" "-I" "spirv-tools/" "-I" "spirv-tools/include" "-I" "generated/" "-I" "spirv-headers/include" "-I" "spirv-headers/include/spirv/unified1" "-Wall" "-Wextra" "-Wall" "-Wextra" "-Wnon-virtual-dtor" "-Wno-missing-field-initializers" "-Werror" "-std=c++11" "-fno-exceptions" "-fno-rtti" "-Wno-long-long" "-Wshadow" "-Wundef" "-Wconversion" "-Wno-sign-conversion" "-Wno-deprecated-declarations" "-std=gnu++11" "-DSPIRV_CHECK_CONTEXT" "-DSPIRV_LINUX" "-o" "/opt/rustwide/target/debug/build/spirv-tools-sys-ddf90a63d78d6ffb/out/spirv-tools/source/val/validate_builtins.o" "-c" "spirv-tools/source/val/validate_builtins.cpp"
[INFO] [stderr]   exit status: 0
[INFO] [stderr]   exit status: 0
[INFO] [stderr]   running: "c++" "-O0" "-ffunction-sections" "-fdata-sections" "-fPIC" "-gdwarf-4" "-fno-omit-frame-pointer" "-m64" "-I" "spirv-tools/" "-I" "spirv-tools/include" "-I" "generated/" "-I" "spirv-headers/include" "-I" "spirv-headers/include/spirv/unified1" "-Wall" "-Wextra" "-Wall" "-Wextra" "-Wnon-virtual-dtor" "-Wno-missing-field-initializers" "-Werror" "-std=c++11" "-fno-exceptions" "-fno-rtti" "-Wno-long-long" "-Wshadow" "-Wundef" "-Wconversion" "-Wno-sign-conversion" "-Wno-deprecated-declarations" "-std=gnu++11" "-DSPIRV_CHECK_CONTEXT" "-DSPIRV_LINUX" "-o" "/opt/rustwide/target/debug/build/spirv-tools-sys-ddf90a63d78d6ffb/out/spirv-tools/source/val/validate_capability.o" "-c" "spirv-tools/source/val/validate_capability.cpp"
[INFO] [stderr]   running: "c++" "-O0" "-ffunction-sections" "-fdata-sections" "-fPIC" "-gdwarf-4" "-fno-omit-frame-pointer" "-m64" "-I" "spirv-tools/" "-I" "spirv-tools/include" "-I" "generated/" "-I" "spirv-headers/include" "-I" "spirv-headers/include/spirv/unified1" "-Wall" "-Wextra" "-Wall" "-Wextra" "-Wnon-virtual-dtor" "-Wno-missing-field-initializers" "-Werror" "-std=c++11" "-fno-exceptions" "-fno-rtti" "-Wno-long-long" "-Wshadow" "-Wundef" "-Wconversion" "-Wno-sign-conversion" "-Wno-deprecated-declarations" "-std=gnu++11" "-DSPIRV_CHECK_CONTEXT" "-DSPIRV_LINUX" "-o" "/opt/rustwide/target/debug/build/spirv-tools-sys-ddf90a63d78d6ffb/out/spirv-tools/source/val/validate_cfg.o" "-c" "spirv-tools/source/val/validate_cfg.cpp"
[INFO] [stderr]   running: "c++" "-O0" "-ffunction-sections" "-fdata-sections" "-fPIC" "-gdwarf-4" "-fno-omit-frame-pointer" "-m64" "-I" "spirv-tools/" "-I" "spirv-tools/include" "-I" "generated/" "-I" "spirv-headers/include" "-I" "spirv-headers/include/spirv/unified1" "-Wall" "-Wextra" "-Wall" "-Wextra" "-Wnon-virtual-dtor" "-Wno-missing-field-initializers" "-Werror" "-std=c++11" "-fno-exceptions" "-fno-rtti" "-Wno-long-long" "-Wshadow" "-Wundef" "-Wconversion" "-Wno-sign-conversion" "-Wno-deprecated-declarations" "-std=gnu++11" "-DSPIRV_CHECK_CONTEXT" "-DSPIRV_LINUX" "-o" "/opt/rustwide/target/debug/build/spirv-tools-sys-ddf90a63d78d6ffb/out/spirv-tools/source/val/validate_composites.o" "-c" "spirv-tools/source/val/validate_composites.cpp"
[INFO] [stderr]   running: "c++" "-O0" "-ffunction-sections" "-fdata-sections" "-fPIC" "-gdwarf-4" "-fno-omit-frame-pointer" "-m64" "-I" "spirv-tools/" "-I" "spirv-tools/include" "-I" "generated/" "-I" "spirv-headers/include" "-I" "spirv-headers/include/spirv/unified1" "-Wall" "-Wextra" "-Wall" "-Wextra" "-Wnon-virtual-dtor" "-Wno-missing-field-initializers" "-Werror" "-std=c++11" "-fno-exceptions" "-fno-rtti" "-Wno-long-long" "-Wshadow" "-Wundef" "-Wconversion" "-Wno-sign-conversion" "-Wno-deprecated-declarations" "-std=gnu++11" "-DSPIRV_CHECK_CONTEXT" "-DSPIRV_LINUX" "-o" "/opt/rustwide/target/debug/build/spirv-tools-sys-ddf90a63d78d6ffb/out/spirv-tools/source/val/validate_constants.o" "-c" "spirv-tools/source/val/validate_constants.cpp"
[INFO] [stderr]   running: "c++" "-O0" "-ffunction-sections" "-fdata-sections" "-fPIC" "-gdwarf-4" "-fno-omit-frame-pointer" "-m64" "-I" "spirv-tools/" "-I" "spirv-tools/include" "-I" "generated/" "-I" "spirv-headers/include" "-I" "spirv-headers/include/spirv/unified1" "-Wall" "-Wextra" "-Wall" "-Wextra" "-Wnon-virtual-dtor" "-Wno-missing-field-initializers" "-Werror" "-std=c++11" "-fno-exceptions" "-fno-rtti" "-Wno-long-long" "-Wshadow" "-Wundef" "-Wconversion" "-Wno-sign-conversion" "-Wno-deprecated-declarations" "-std=gnu++11" "-DSPIRV_CHECK_CONTEXT" "-DSPIRV_LINUX" "-o" "/opt/rustwide/target/debug/build/spirv-tools-sys-ddf90a63d78d6ffb/out/spirv-tools/source/val/validate_conversion.o" "-c" "spirv-tools/source/val/validate_conversion.cpp"
[INFO] [stderr]   running: "c++" "-O0" "-ffunction-sections" "-fdata-sections" "-fPIC" "-gdwarf-4" "-fno-omit-frame-pointer" "-m64" "-I" "spirv-tools/" "-I" "spirv-tools/include" "-I" "generated/" "-I" "spirv-headers/include" "-I" "spirv-headers/include/spirv/unified1" "-Wall" "-Wextra" "-Wall" "-Wextra" "-Wnon-virtual-dtor" "-Wno-missing-field-initializers" "-Werror" "-std=c++11" "-fno-exceptions" "-fno-rtti" "-Wno-long-long" "-Wshadow" "-Wundef" "-Wconversion" "-Wno-sign-conversion" "-Wno-deprecated-declarations" "-std=gnu++11" "-DSPIRV_CHECK_CONTEXT" "-DSPIRV_LINUX" "-o" "/opt/rustwide/target/debug/build/spirv-tools-sys-ddf90a63d78d6ffb/out/spirv-tools/source/val/validate_debug.o" "-c" "spirv-tools/source/val/validate_debug.cpp"
[INFO] [stderr]   cargo:warning=c++: fatal error: Killed signal terminated program cc1plus
[INFO] [stderr]   cargo:warning=compilation terminated.
[INFO] [stderr]   exit status: 1
[INFO] [stderr]   running: "c++" "-O0" "-ffunction-sections" "-fdata-sections" "-fPIC" "-gdwarf-4" "-fno-omit-frame-pointer" "-m64" "-I" "spirv-tools/" "-I" "spirv-tools/include" "-I" "generated/" "-I" "spirv-headers/include" "-I" "spirv-headers/include/spirv/unified1" "-Wall" "-Wextra" "-Wall" "-Wextra" "-Wnon-virtual-dtor" "-Wno-missing-field-initializers" "-Werror" "-std=c++11" "-fno-exceptions" "-fno-rtti" "-Wno-long-long" "-Wshadow" "-Wundef" "-Wconversion" "-Wno-sign-conversion" "-Wno-deprecated-declarations" "-std=gnu++11" "-DSPIRV_CHECK_CONTEXT" "-DSPIRV_LINUX" "-o" "/opt/rustwide/target/debug/build/spirv-tools-sys-ddf90a63d78d6ffb/out/spirv-tools/source/val/validate_decorations.o" "-c" "spirv-tools/source/val/validate_decorations.cpp"
[INFO] [stderr]   cargo:warning=c++: fatal error: Killed signal terminated program cc1plus
[INFO] [stderr]   cargo:warning=compilation terminated.
[INFO] [stderr]   exit status: 1
[INFO] [stderr]   cargo:warning=c++: fatal error: Killed signal terminated program cc1plus
[INFO] [stderr]   cargo:warning=compilation terminated.
[INFO] [stderr]   exit status: 1
[INFO] [stderr]   cargo:warning=c++: fatal error: Killed signal terminated program cc1plus
[INFO] [stderr]   cargo:warning=compilation terminated.
[INFO] [stderr]   exit status: 1
[INFO] [stderr]   cargo:warning=c++: fatal error: Killed signal terminated program cc1plus
[INFO] [stderr]   cargo:warning=compilation terminated.
[INFO] [stderr]   exit status: 1
[INFO] [stderr]   exit status: 0
[INFO] [stderr]   exit status: 0
[INFO] [stderr]   cargo:warning=c++: fatal error: Killed signal terminated program cc1plus
[INFO] [stderr]   cargo:warning=compilation terminated.
[INFO] [stderr]   exit status: 1
[INFO] [stderr]   cargo:warning=c++: fatal error: Killed signal terminated program cc1plus
[INFO] [stderr]   cargo:warning=compilation terminated.
[INFO] [stderr]   exit status: 1
[INFO] [stderr]   exit status: 0
[INFO] [stderr]   exit status: 0
[INFO] [stderr]   exit status: 0
[INFO] [stderr]   exit status: 0
[INFO] [stderr]   exit status: 0
[INFO] [stderr]   exit status: 0
[INFO] [stderr]   exit status: 0
[INFO] [stderr]   exit status: 0
[INFO] [stderr] 
[INFO] [stderr]   --- stderr
[INFO] [stderr] 
[INFO] [stderr] 
[INFO] [stderr]   error occurred: Command "c++" "-O0" "-ffunction-sections" "-fdata-sections" "-fPIC" "-gdwarf-4" "-fno-omit-frame-pointer" "-m64" "-I" "spirv-tools/" "-I" "spirv-tools/include" "-I" "generated/" "-I" "spirv-headers/include" "-I" "spirv-headers/include/spirv/unified1" "-Wall" "-Wextra" "-Wall" "-Wextra" "-Wnon-virtual-dtor" "-Wno-missing-field-initializers" "-Werror" "-std=c++11" "-fno-exceptions" "-fno-rtti" "-Wno-long-long" "-Wshadow" "-Wundef" "-Wconversion" "-Wno-sign-conversion" "-Wno-deprecated-declarations" "-std=gnu++11" "-DSPIRV_CHECK_CONTEXT" "-DSPIRV_LINUX" "-o" "/opt/rustwide/target/debug/build/spirv-tools-sys-ddf90a63d78d6ffb/out/spirv-tools/source/val/validate.o" "-c" "spirv-tools/source/val/validate.cpp" with args "c++" did not execute successfully (status code exit status: 1).
[INFO] [stderr] 
[INFO] [stderr] 
[INFO] running `Command { std: "docker" "inspect" "da1eb01c46698b4c092189d934deed9900738360908c81606479325f15ccded7", kill_on_drop: false }`
[INFO] running `Command { std: "docker" "rm" "-f" "da1eb01c46698b4c092189d934deed9900738360908c81606479325f15ccded7", kill_on_drop: false }`
[INFO] [stdout] da1eb01c46698b4c092189d934deed9900738360908c81606479325f15ccded7
