[INFO] fetching crate kqueue2-sys 0.1.5...
[INFO] testing kqueue2-sys-0.1.5 against beta-2023-04-20 for beta-1.70-1
[INFO] extracting crate kqueue2-sys 0.1.5 into /workspace/builds/worker-7-tc2/source
[INFO] validating manifest of crates.io crate kqueue2-sys 0.1.5 on toolchain beta-2023-04-20
[INFO] running `Command { std: CARGO_HOME="/workspace/cargo-home" RUSTUP_HOME="/workspace/rustup-home" "/workspace/cargo-home/bin/cargo" "+beta-2023-04-20" "metadata" "--manifest-path" "Cargo.toml" "--no-deps", kill_on_drop: false }`
[INFO] started tweaking crates.io crate kqueue2-sys 0.1.5
[INFO] finished tweaking crates.io crate kqueue2-sys 0.1.5
[INFO] tweaked toml for crates.io crate kqueue2-sys 0.1.5 written to /workspace/builds/worker-7-tc2/source/Cargo.toml
[INFO] running `Command { std: CARGO_HOME="/workspace/cargo-home" RUSTUP_HOME="/workspace/rustup-home" __CARGO_TEST_CHANNEL_OVERRIDE_DO_NOT_USE_THIS="nightly" "/workspace/cargo-home/bin/cargo" "+beta-2023-04-20" "generate-lockfile" "--manifest-path" "Cargo.toml" "-Zno-index-update", kill_on_drop: false }`
[INFO] running `Command { std: CARGO_HOME="/workspace/cargo-home" RUSTUP_HOME="/workspace/rustup-home" "/workspace/cargo-home/bin/cargo" "+beta-2023-04-20" "fetch" "--manifest-path" "Cargo.toml", kill_on_drop: false }`
[INFO] running `Command { std: "docker" "create" "-v" "/var/lib/crater-agent-workspace/builds/worker-7-tc2/target:/opt/rustwide/target:rw,Z" "-v" "/var/lib/crater-agent-workspace/builds/worker-7-tc2/source:/opt/rustwide/workdir:ro,Z" "-v" "/var/lib/crater-agent-workspace/cargo-home:/opt/rustwide/cargo-home:ro,Z" "-v" "/var/lib/crater-agent-workspace/rustup-home:/opt/rustwide/rustup-home:ro,Z" "-e" "SOURCE_DIR=/opt/rustwide/workdir" "-e" "CARGO_TARGET_DIR=/opt/rustwide/target" "-e" "CARGO_HOME=/opt/rustwide/cargo-home" "-e" "RUSTUP_HOME=/opt/rustwide/rustup-home" "-w" "/opt/rustwide/workdir" "-m" "1610612736" "--user" "0:0" "--network" "none" "ghcr.io/rust-lang/crates-build-env/linux@sha256:5ff2268d62e97bff2cde7d5815dd6ed5b47097566f13b8d0ca110b04b60e07ed" "/opt/rustwide/cargo-home/bin/cargo" "+beta-2023-04-20" "metadata" "--no-deps" "--format-version=1", kill_on_drop: false }`
[INFO] [stdout] 1ddce13404a8f2c3619b02c883d44cb5e86ae83ecc0f37a0948e0401ece8fc29
[INFO] running `Command { std: "docker" "start" "-a" "1ddce13404a8f2c3619b02c883d44cb5e86ae83ecc0f37a0948e0401ece8fc29", kill_on_drop: false }`
[INFO] running `Command { std: "docker" "inspect" "1ddce13404a8f2c3619b02c883d44cb5e86ae83ecc0f37a0948e0401ece8fc29", kill_on_drop: false }`
[INFO] running `Command { std: "docker" "rm" "-f" "1ddce13404a8f2c3619b02c883d44cb5e86ae83ecc0f37a0948e0401ece8fc29", kill_on_drop: false }`
[INFO] [stdout] 1ddce13404a8f2c3619b02c883d44cb5e86ae83ecc0f37a0948e0401ece8fc29
[INFO] running `Command { std: "docker" "create" "-v" "/var/lib/crater-agent-workspace/builds/worker-7-tc2/target:/opt/rustwide/target:rw,Z" "-v" "/var/lib/crater-agent-workspace/builds/worker-7-tc2/source:/opt/rustwide/workdir:ro,Z" "-v" "/var/lib/crater-agent-workspace/cargo-home:/opt/rustwide/cargo-home:ro,Z" "-v" "/var/lib/crater-agent-workspace/rustup-home:/opt/rustwide/rustup-home:ro,Z" "-e" "SOURCE_DIR=/opt/rustwide/workdir" "-e" "CARGO_TARGET_DIR=/opt/rustwide/target" "-e" "CARGO_INCREMENTAL=0" "-e" "RUST_BACKTRACE=full" "-e" "RUSTFLAGS=--cap-lints=warn" "-e" "RUSTDOCFLAGS=--cap-lints=warn" "-e" "CARGO_HOME=/opt/rustwide/cargo-home" "-e" "RUSTUP_HOME=/opt/rustwide/rustup-home" "-w" "/opt/rustwide/workdir" "-m" "1610612736" "--user" "0:0" "--network" "none" "ghcr.io/rust-lang/crates-build-env/linux@sha256:5ff2268d62e97bff2cde7d5815dd6ed5b47097566f13b8d0ca110b04b60e07ed" "/opt/rustwide/cargo-home/bin/cargo" "+beta-2023-04-20" "build" "--frozen" "--message-format=json", kill_on_drop: false }`
[INFO] [stdout] 003ff2947ac32475cd48890e1483ea13d7ed982f032718766228a53a23cb6138
[INFO] running `Command { std: "docker" "start" "-a" "003ff2947ac32475cd48890e1483ea13d7ed982f032718766228a53a23cb6138", kill_on_drop: false }`
[INFO] [stderr]    Compiling libc v0.2.142
[INFO] [stderr]    Compiling bitflags v0.7.0
[INFO] [stderr]    Compiling kqueue2-sys v0.1.5 (/opt/rustwide/workdir)
[INFO] [stdout] error[E0412]: cannot find type `EventFilter` in this scope
[INFO] [stdout]   --> src/lib.rs:25:17
[INFO] [stdout]    |
[INFO] [stdout] 25 |     pub filter: EventFilter,
[INFO] [stdout]    |                 ^^^^^^^^^^^ not found in this scope
[INFO] [stdout] 
[INFO] [stdout] 
[INFO] [stdout] error[E0412]: cannot find type `EventFlag` in this scope
[INFO] [stdout]   --> src/lib.rs:26:16
[INFO] [stdout]    |
[INFO] [stdout] 26 |     pub flags: EventFlag,
[INFO] [stdout]    |                ^^^^^^^^^ not found in this scope
[INFO] [stdout] 
[INFO] [stdout] 
[INFO] [stdout] error[E0412]: cannot find type `FilterFlag` in this scope
[INFO] [stdout]   --> src/lib.rs:27:17
[INFO] [stdout]    |
[INFO] [stdout] 27 |     pub fflags: FilterFlag,
[INFO] [stdout]    |                 ^^^^^^^^^^ not found in this scope
[INFO] [stdout] 
[INFO] [stdout] 
[INFO] [stdout] error[E0412]: cannot find type `EventFilter` in this scope
[INFO] [stdout]   --> src/lib.rs:25:17
[INFO] [stdout]    |
[INFO] [stdout] 25 |     pub filter: EventFilter,
[INFO] [stdout]    |                 ^^^^^^^^^^^ not found in this scope
[INFO] [stdout]    |
[INFO] [stdout] help: you might be missing a type parameter
[INFO] [stdout]    |
[INFO] [stdout] 23 | pub struct kevent<EventFilter> {
[INFO] [stdout]    |                  +++++++++++++
[INFO] [stdout] 
[INFO] [stdout] 
[INFO] [stdout] error[E0412]: cannot find type `EventFlag` in this scope
[INFO] [stdout]   --> src/lib.rs:26:16
[INFO] [stdout]    |
[INFO] [stdout] 26 |     pub flags: EventFlag,
[INFO] [stdout]    |                ^^^^^^^^^ not found in this scope
[INFO] [stdout]    |
[INFO] [stdout] help: you might be missing a type parameter
[INFO] [stdout]    |
[INFO] [stdout] 23 | pub struct kevent<EventFlag> {
[INFO] [stdout]    |                  +++++++++++
[INFO] [stdout] 
[INFO] [stdout] 
[INFO] [stdout] error[E0412]: cannot find type `FilterFlag` in this scope
[INFO] [stdout]   --> src/lib.rs:27:17
[INFO] [stdout]    |
[INFO] [stdout] 27 |     pub fflags: FilterFlag,
[INFO] [stdout]    |                 ^^^^^^^^^^ not found in this scope
[INFO] [stdout]    |
[INFO] [stdout] help: you might be missing a type parameter
[INFO] [stdout]    |
[INFO] [stdout] 23 | pub struct kevent<FilterFlag> {
[INFO] [stdout]    |                  ++++++++++++
[INFO] [stdout] 
[INFO] [stdout] 
[INFO] [stdout] warning: unused `#[macro_use]` import
[INFO] [stdout]  --> src/lib.rs:2:1
[INFO] [stdout]   |
[INFO] [stdout] 2 | #[macro_use]
[INFO] [stdout]   | ^^^^^^^^^^^^
[INFO] [stdout]   |
[INFO] [stdout]   = note: `#[warn(unused_imports)]` on by default
[INFO] [stdout] 
[INFO] [stdout] 
[INFO] [stdout] warning: use of deprecated type alias `libc::int64_t`: Use i64 instead.
[INFO] [stdout]  --> src/lib.rs:7:57
[INFO] [stdout]   |
[INFO] [stdout] 7 | use libc::{c_int, uintptr_t, c_short, c_ushort, c_uint, int64_t, intptr_t, uint32_t, c_void,
[INFO] [stdout]   |                                                         ^^^^^^^
[INFO] [stdout]   |
[INFO] [stdout]   = note: `#[warn(deprecated)]` on by default
[INFO] [stdout] 
[INFO] [stdout] 
[INFO] [stdout] warning: use of deprecated type alias `libc::uint32_t`: Use u32 instead.
[INFO] [stdout]  --> src/lib.rs:7:76
[INFO] [stdout]   |
[INFO] [stdout] 7 | use libc::{c_int, uintptr_t, c_short, c_ushort, c_uint, int64_t, intptr_t, uint32_t, c_void,
[INFO] [stdout]   |                                                                            ^^^^^^^^
[INFO] [stdout] 
[INFO] [stdout] 
[INFO] [stdout] warning: use of deprecated type alias `libc::int64_t`: Use i64 instead.
[INFO] [stdout]   --> src/lib.rs:28:15
[INFO] [stdout]    |
[INFO] [stdout] 28 |     pub data: int64_t,
[INFO] [stdout]    |               ^^^^^^^
[INFO] [stdout] 
[INFO] [stdout] 
[INFO] [stdout] error: aborting due to 6 previous errors; 4 warnings emitted
[INFO] [stdout] 
[INFO] [stdout] 
[INFO] [stdout] For more information about this error, try `rustc --explain E0412`.
[INFO] [stdout] 
[INFO] [stderr] error: could not compile `kqueue2-sys` (lib) due to 7 previous errors; 4 warnings emitted
[INFO] running `Command { std: "docker" "inspect" "003ff2947ac32475cd48890e1483ea13d7ed982f032718766228a53a23cb6138", kill_on_drop: false }`
[INFO] running `Command { std: "docker" "rm" "-f" "003ff2947ac32475cd48890e1483ea13d7ed982f032718766228a53a23cb6138", kill_on_drop: false }`
[INFO] [stdout] 003ff2947ac32475cd48890e1483ea13d7ed982f032718766228a53a23cb6138
