[INFO] fetching crate kproc_macros 6.0.0...
[INFO] testing kproc_macros-6.0.0 against 1.69.0 for beta-1.70-1
[INFO] extracting crate kproc_macros 6.0.0 into /workspace/builds/worker-7-tc1/source
[INFO] validating manifest of crates.io crate kproc_macros 6.0.0 on toolchain 1.69.0
[INFO] running `Command { std: CARGO_HOME="/workspace/cargo-home" RUSTUP_HOME="/workspace/rustup-home" "/workspace/cargo-home/bin/cargo" "+1.69.0" "metadata" "--manifest-path" "Cargo.toml" "--no-deps", kill_on_drop: false }`
[INFO] started tweaking crates.io crate kproc_macros 6.0.0
[INFO] removed 0 missing tests
[INFO] finished tweaking crates.io crate kproc_macros 6.0.0
[INFO] tweaked toml for crates.io crate kproc_macros 6.0.0 written to /workspace/builds/worker-7-tc1/source/Cargo.toml
[INFO] running `Command { std: CARGO_HOME="/workspace/cargo-home" RUSTUP_HOME="/workspace/rustup-home" __CARGO_TEST_CHANNEL_OVERRIDE_DO_NOT_USE_THIS="nightly" "/workspace/cargo-home/bin/cargo" "+1.69.0" "generate-lockfile" "--manifest-path" "Cargo.toml" "-Zno-index-update", kill_on_drop: false }`
[INFO] running `Command { std: CARGO_HOME="/workspace/cargo-home" RUSTUP_HOME="/workspace/rustup-home" "/workspace/cargo-home/bin/cargo" "+1.69.0" "fetch" "--manifest-path" "Cargo.toml", kill_on_drop: false }`
[INFO] running `Command { std: "docker" "create" "-v" "/var/lib/crater-agent-workspace/builds/worker-7-tc1/target:/opt/rustwide/target:rw,Z" "-v" "/var/lib/crater-agent-workspace/builds/worker-7-tc1/source:/opt/rustwide/workdir:ro,Z" "-v" "/var/lib/crater-agent-workspace/cargo-home:/opt/rustwide/cargo-home:ro,Z" "-v" "/var/lib/crater-agent-workspace/rustup-home:/opt/rustwide/rustup-home:ro,Z" "-e" "SOURCE_DIR=/opt/rustwide/workdir" "-e" "CARGO_TARGET_DIR=/opt/rustwide/target" "-e" "CARGO_HOME=/opt/rustwide/cargo-home" "-e" "RUSTUP_HOME=/opt/rustwide/rustup-home" "-w" "/opt/rustwide/workdir" "-m" "1610612736" "--user" "0:0" "--network" "none" "ghcr.io/rust-lang/crates-build-env/linux@sha256:97d61d7686bf65f8ecb15491ab51835e82dc9176a96a831f143a431b191fc501" "/opt/rustwide/cargo-home/bin/cargo" "+1.69.0" "metadata" "--no-deps" "--format-version=1", kill_on_drop: false }`
[INFO] [stdout] 39ea394b4c156f7cd8c5668035d475b4a3563b7f06ce908d437e0a76bde5c056
[INFO] running `Command { std: "docker" "start" "-a" "39ea394b4c156f7cd8c5668035d475b4a3563b7f06ce908d437e0a76bde5c056", kill_on_drop: false }`
[INFO] running `Command { std: "docker" "inspect" "39ea394b4c156f7cd8c5668035d475b4a3563b7f06ce908d437e0a76bde5c056", kill_on_drop: false }`
[INFO] running `Command { std: "docker" "rm" "-f" "39ea394b4c156f7cd8c5668035d475b4a3563b7f06ce908d437e0a76bde5c056", kill_on_drop: false }`
[INFO] [stdout] 39ea394b4c156f7cd8c5668035d475b4a3563b7f06ce908d437e0a76bde5c056
[INFO] running `Command { std: "docker" "create" "-v" "/var/lib/crater-agent-workspace/builds/worker-7-tc1/target:/opt/rustwide/target:rw,Z" "-v" "/var/lib/crater-agent-workspace/builds/worker-7-tc1/source:/opt/rustwide/workdir:ro,Z" "-v" "/var/lib/crater-agent-workspace/cargo-home:/opt/rustwide/cargo-home:ro,Z" "-v" "/var/lib/crater-agent-workspace/rustup-home:/opt/rustwide/rustup-home:ro,Z" "-e" "SOURCE_DIR=/opt/rustwide/workdir" "-e" "CARGO_TARGET_DIR=/opt/rustwide/target" "-e" "CARGO_INCREMENTAL=0" "-e" "RUST_BACKTRACE=full" "-e" "RUSTFLAGS=--cap-lints=warn" "-e" "RUSTDOCFLAGS=--cap-lints=warn" "-e" "CARGO_HOME=/opt/rustwide/cargo-home" "-e" "RUSTUP_HOME=/opt/rustwide/rustup-home" "-w" "/opt/rustwide/workdir" "-m" "1610612736" "--user" "0:0" "--network" "none" "ghcr.io/rust-lang/crates-build-env/linux@sha256:97d61d7686bf65f8ecb15491ab51835e82dc9176a96a831f143a431b191fc501" "/opt/rustwide/cargo-home/bin/cargo" "+1.69.0" "build" "--frozen" "--message-format=json", kill_on_drop: false }`
[INFO] [stdout] 62f0f8d672ee5bb1004995dfaee9e3f0e0d3a40ebb1b69d5155ae16c8bfba187
[INFO] running `Command { std: "docker" "start" "-a" "62f0f8d672ee5bb1004995dfaee9e3f0e0d3a40ebb1b69d5155ae16c8bfba187", kill_on_drop: false }`
[INFO] [stderr]    Compiling proc-macro2 v1.0.56
[INFO] [stderr]    Compiling quote v1.0.26
[INFO] [stderr]    Compiling unicode-ident v1.0.8
[INFO] [stderr]    Compiling syn v1.0.109
[INFO] [stderr]    Compiling kmacros_shim v6.0.0
[INFO] [stderr]    Compiling kproc_macros v6.0.0 (/opt/rustwide/workdir)
[INFO] [stderr]     Finished dev [unoptimized + debuginfo] target(s) in 11.59s
[INFO] running `Command { std: "docker" "inspect" "62f0f8d672ee5bb1004995dfaee9e3f0e0d3a40ebb1b69d5155ae16c8bfba187", kill_on_drop: false }`
[INFO] running `Command { std: "docker" "rm" "-f" "62f0f8d672ee5bb1004995dfaee9e3f0e0d3a40ebb1b69d5155ae16c8bfba187", kill_on_drop: false }`
[INFO] [stdout] 62f0f8d672ee5bb1004995dfaee9e3f0e0d3a40ebb1b69d5155ae16c8bfba187
[INFO] running `Command { std: "docker" "create" "-v" "/var/lib/crater-agent-workspace/builds/worker-7-tc1/target:/opt/rustwide/target:rw,Z" "-v" "/var/lib/crater-agent-workspace/builds/worker-7-tc1/source:/opt/rustwide/workdir:ro,Z" "-v" "/var/lib/crater-agent-workspace/cargo-home:/opt/rustwide/cargo-home:ro,Z" "-v" "/var/lib/crater-agent-workspace/rustup-home:/opt/rustwide/rustup-home:ro,Z" "-e" "SOURCE_DIR=/opt/rustwide/workdir" "-e" "CARGO_TARGET_DIR=/opt/rustwide/target" "-e" "CARGO_INCREMENTAL=0" "-e" "RUST_BACKTRACE=full" "-e" "RUSTFLAGS=--cap-lints=warn" "-e" "RUSTDOCFLAGS=--cap-lints=warn" "-e" "CARGO_HOME=/opt/rustwide/cargo-home" "-e" "RUSTUP_HOME=/opt/rustwide/rustup-home" "-w" "/opt/rustwide/workdir" "-m" "1610612736" "--user" "0:0" "--network" "none" "ghcr.io/rust-lang/crates-build-env/linux@sha256:97d61d7686bf65f8ecb15491ab51835e82dc9176a96a831f143a431b191fc501" "/opt/rustwide/cargo-home/bin/cargo" "+1.69.0" "test" "--frozen" "--no-run" "--message-format=json", kill_on_drop: false }`
[INFO] [stdout] 50425021db5b118e09a09ecb3f32fa72d2e6db1ff85dabd3040bf0e9fc4e0b75
[INFO] running `Command { std: "docker" "start" "-a" "50425021db5b118e09a09ecb3f32fa72d2e6db1ff85dabd3040bf0e9fc4e0b75", kill_on_drop: false }`
[INFO] [stderr]    Compiling proc-macro2 v1.0.56
[INFO] [stderr]    Compiling unicode-ident v1.0.8
[INFO] [stderr]    Compiling serde v1.0.160
[INFO] [stderr]    Compiling serde_derive v1.0.160
[INFO] [stderr]    Compiling serde_json v1.0.96
[INFO] [stderr]    Compiling itoa v1.0.6
[INFO] [stderr]    Compiling quote v1.0.26
[INFO] [stderr]    Compiling syn v1.0.109
[INFO] [stderr]    Compiling trybuild v1.0.80
[INFO] [stderr]    Compiling ryu v1.0.13
[INFO] [stderr]    Compiling dissimilar v1.0.6
[INFO] [stderr]    Compiling termcolor v1.2.0
[INFO] [stderr]    Compiling once_cell v1.17.1
[INFO] [stderr]    Compiling kmacros_shim v6.0.0
[INFO] [stderr]    Compiling glob v0.3.1
[INFO] [stderr]    Compiling syn v2.0.15
[INFO] [stderr]    Compiling basic-toml v0.1.2
[INFO] [stderr]    Compiling kproc_macros v6.0.0 (/opt/rustwide/workdir)
[INFO] [stdout] error[E0432]: unresolved import `kmacros`
[INFO] [stdout]   --> tests/03-clearable.rs:19:9
[INFO] [stdout]    |
[INFO] [stdout] 19 |     use kmacros::Clearable;
[INFO] [stdout]    |         ^^^^^^^ use of undeclared crate or module `kmacros`
[INFO] [stdout] 
[INFO] [stdout] 
[INFO] [stdout] error[E0433]: failed to resolve: use of undeclared crate or module `kmacros`
[INFO] [stdout]  --> tests/03-clearable.rs:1:10
[INFO] [stdout]   |
[INFO] [stdout] 1 | #[derive(kmacros::Clearable)]
[INFO] [stdout]   |          ^^^^^^^ use of undeclared crate or module `kmacros`
[INFO] [stdout] 
[INFO] [stdout] 
[INFO] [stdout] error: cannot find attribute `clearable` in this scope
[INFO] [stdout]  --> tests/03-clearable.rs:4:7
[INFO] [stdout]   |
[INFO] [stdout] 4 |     #[clearable(skip)]
[INFO] [stdout]   |       ^^^^^^^^^
[INFO] [stdout] 
[INFO] [stdout] 
[INFO] [stdout] error: cannot find attribute `clearable` in this scope
[INFO] [stdout]  --> tests/03-clearable.rs:6:7
[INFO] [stdout]   |
[INFO] [stdout] 6 |     #[clearable(default)]
[INFO] [stdout]   |       ^^^^^^^^^
[INFO] [stdout] 
[INFO] [stdout] 
[INFO] [stdout] error: cannot find attribute `clearable` in this scope
[INFO] [stdout]  --> tests/03-clearable.rs:8:7
[INFO] [stdout]   |
[INFO] [stdout] 8 |     #[clearable(expr = "{} = 3")]
[INFO] [stdout]   |       ^^^^^^^^^
[INFO] [stdout] 
[INFO] [stdout] 
[INFO] [stdout] error: cannot find attribute `clearable` in this scope
[INFO] [stdout]   --> tests/03-clearable.rs:10:7
[INFO] [stdout]    |
[INFO] [stdout] 10 |     #[clearable(expr = "{} += 1")]
[INFO] [stdout]    |       ^^^^^^^^^
[INFO] [stdout] 
[INFO] [stdout] 
[INFO] [stdout] error: cannot find attribute `clearable` in this scope
[INFO] [stdout]   --> tests/03-clearable.rs:12:7
[INFO] [stdout]    |
[INFO] [stdout] 12 |     #[clearable(expr = "{}.push(123)")]
[INFO] [stdout]    |       ^^^^^^^^^
[INFO] [stdout] 
[INFO] [stdout] 
[INFO] [stdout] error: cannot find attribute `clearable` in this scope
[INFO] [stdout]   --> tests/03-clearable.rs:14:7
[INFO] [stdout]    |
[INFO] [stdout] 14 |     #[clearable(raw_expr = "self.i = format!(\"{}\", 123)")]
[INFO] [stdout]    |       ^^^^^^^^^
[INFO] [stdout] 
[INFO] [stdout] 
[INFO] [stdout] error[E0599]: no method named `clear` found for struct `Foo` in the current scope
[INFO] [stdout]   --> tests/03-clearable.rs:29:9
[INFO] [stdout]    |
[INFO] [stdout] 2  | pub struct Foo {
[INFO] [stdout]    | -------------- method `clear` not found for this struct
[INFO] [stdout] ...
[INFO] [stdout] 29 |     foo.clear();
[INFO] [stdout]    |         ^^^^^ method not found in `Foo`
[INFO] [stdout]    |
[INFO] [stdout] help: some of the expressions' fields have a method of the same name
[INFO] [stdout]    |
[INFO] [stdout] 29 |     foo.a.clear();
[INFO] [stdout]    |         ++
[INFO] [stdout] 29 |     foo.h.clear();
[INFO] [stdout]    |         ++
[INFO] [stdout] 29 |     foo.i.clear();
[INFO] [stdout]    |         ++
[INFO] [stdout] 
[INFO] [stdout] 
[INFO] [stdout] error[E0599]: no method named `clear` found for struct `Foo` in the current scope
[INFO] [stdout]   --> tests/03-clearable.rs:36:9
[INFO] [stdout]    |
[INFO] [stdout] 2  | pub struct Foo {
[INFO] [stdout]    | -------------- method `clear` not found for this struct
[INFO] [stdout] ...
[INFO] [stdout] 36 |     foo.clear();
[INFO] [stdout]    |         ^^^^^ method not found in `Foo`
[INFO] [stdout]    |
[INFO] [stdout] help: some of the expressions' fields have a method of the same name
[INFO] [stdout]    |
[INFO] [stdout] 36 |     foo.a.clear();
[INFO] [stdout]    |         ++
[INFO] [stdout] 36 |     foo.h.clear();
[INFO] [stdout]    |         ++
[INFO] [stdout] 36 |     foo.i.clear();
[INFO] [stdout]    |         ++
[INFO] [stdout] 
[INFO] [stdout] 
[INFO] [stdout] error: aborting due to 10 previous errors
[INFO] [stdout] 
[INFO] [stdout] 
[INFO] [stdout] Some errors have detailed explanations: E0432, E0433, E0599.
[INFO] [stdout] 
[INFO] [stdout] For more information about an error, try `rustc --explain E0432`.
[INFO] [stdout] 
[INFO] [stderr] error: could not compile `kproc_macros` due to 11 previous errors
[INFO] [stderr] warning: build failed, waiting for other jobs to finish...
[INFO] running `Command { std: "docker" "inspect" "50425021db5b118e09a09ecb3f32fa72d2e6db1ff85dabd3040bf0e9fc4e0b75", kill_on_drop: false }`
[INFO] running `Command { std: "docker" "rm" "-f" "50425021db5b118e09a09ecb3f32fa72d2e6db1ff85dabd3040bf0e9fc4e0b75", kill_on_drop: false }`
[INFO] [stdout] 50425021db5b118e09a09ecb3f32fa72d2e6db1ff85dabd3040bf0e9fc4e0b75
