[INFO] fetching crate komple-framework-mint-module 1.1.1-beta...
[INFO] testing komple-framework-mint-module-1.1.1-beta against beta-2023-04-20 for beta-1.70-1
[INFO] extracting crate komple-framework-mint-module 1.1.1-beta into /workspace/builds/worker-6-tc2/source
[INFO] validating manifest of crates.io crate komple-framework-mint-module 1.1.1-beta on toolchain beta-2023-04-20
[INFO] running `Command { std: CARGO_HOME="/workspace/cargo-home" RUSTUP_HOME="/workspace/rustup-home" "/workspace/cargo-home/bin/cargo" "+beta-2023-04-20" "metadata" "--manifest-path" "Cargo.toml" "--no-deps", kill_on_drop: false }`
[INFO] removed /workspace/builds/worker-6-tc2/source/.cargo/config
[INFO] started tweaking crates.io crate komple-framework-mint-module 1.1.1-beta
[INFO] finished tweaking crates.io crate komple-framework-mint-module 1.1.1-beta
[INFO] tweaked toml for crates.io crate komple-framework-mint-module 1.1.1-beta written to /workspace/builds/worker-6-tc2/source/Cargo.toml
[INFO] crate crates.io crate komple-framework-mint-module 1.1.1-beta already has a lockfile, it will not be regenerated
[INFO] running `Command { std: CARGO_HOME="/workspace/cargo-home" RUSTUP_HOME="/workspace/rustup-home" "/workspace/cargo-home/bin/cargo" "+beta-2023-04-20" "fetch" "--manifest-path" "Cargo.toml", kill_on_drop: false }`
[INFO] [stderr]     Blocking waiting for file lock on package cache
[INFO] [stderr]     Updating crates.io index
[INFO] [stderr]  Downloading crates ...
[INFO] [stderr]   Downloaded syn v1.0.108
[INFO] [stderr]   Downloaded komple-framework-metadata-module v1.1.1-beta
[INFO] [stderr]   Downloaded cw-multi-test v0.15.1
[INFO] [stderr]   Downloaded komple-framework-fee-module v1.1.1-beta
[INFO] [stderr]   Downloaded komple-framework-permission-module v1.1.1-beta
[INFO] [stderr]   Downloaded komple-framework-utils v1.1.1-beta
[INFO] [stderr]   Downloaded cw-utils v0.15.1
[INFO] [stderr]   Downloaded cw721-base v0.15.0
[INFO] [stderr]   Downloaded ed25519-zebra v3.0.0
[INFO] [stderr]   Downloaded komple-framework-types v1.1.1-beta
[INFO] [stderr]   Downloaded dyn-clone v1.0.5
[INFO] [stderr]   Downloaded komple-framework-token-module v1.1.1-beta
[INFO] [stderr]   Downloaded cosmwasm-storage v1.2.1
[INFO] [stderr]   Downloaded cw-storage-plus v0.15.1
[INFO] [stderr]   Downloaded cw2 v0.15.1
[INFO] [stderr]   Downloaded cw721 v0.15.0
[INFO] [stderr]   Downloaded zeroize v1.5.5
[INFO] [stderr]   Downloaded komple-framework-whitelist-module v1.1.1-beta
[INFO] running `Command { std: "docker" "create" "-v" "/var/lib/crater-agent-workspace/builds/worker-6-tc2/target:/opt/rustwide/target:rw,Z" "-v" "/var/lib/crater-agent-workspace/builds/worker-6-tc2/source:/opt/rustwide/workdir:ro,Z" "-v" "/var/lib/crater-agent-workspace/cargo-home:/opt/rustwide/cargo-home:ro,Z" "-v" "/var/lib/crater-agent-workspace/rustup-home:/opt/rustwide/rustup-home:ro,Z" "-e" "SOURCE_DIR=/opt/rustwide/workdir" "-e" "CARGO_TARGET_DIR=/opt/rustwide/target" "-e" "CARGO_HOME=/opt/rustwide/cargo-home" "-e" "RUSTUP_HOME=/opt/rustwide/rustup-home" "-w" "/opt/rustwide/workdir" "-m" "1610612736" "--user" "0:0" "--network" "none" "ghcr.io/rust-lang/crates-build-env/linux@sha256:5ff2268d62e97bff2cde7d5815dd6ed5b47097566f13b8d0ca110b04b60e07ed" "/opt/rustwide/cargo-home/bin/cargo" "+beta-2023-04-20" "metadata" "--no-deps" "--format-version=1", kill_on_drop: false }`
[INFO] [stdout] 513cb7d05e99980eaec0263745a3ce0a08f0c07251dc22eb97660062bcb8efe3
[INFO] running `Command { std: "docker" "start" "-a" "513cb7d05e99980eaec0263745a3ce0a08f0c07251dc22eb97660062bcb8efe3", kill_on_drop: false }`
[INFO] running `Command { std: "docker" "inspect" "513cb7d05e99980eaec0263745a3ce0a08f0c07251dc22eb97660062bcb8efe3", kill_on_drop: false }`
[INFO] running `Command { std: "docker" "rm" "-f" "513cb7d05e99980eaec0263745a3ce0a08f0c07251dc22eb97660062bcb8efe3", kill_on_drop: false }`
[INFO] [stdout] 513cb7d05e99980eaec0263745a3ce0a08f0c07251dc22eb97660062bcb8efe3
[INFO] running `Command { std: "docker" "create" "-v" "/var/lib/crater-agent-workspace/builds/worker-6-tc2/target:/opt/rustwide/target:rw,Z" "-v" "/var/lib/crater-agent-workspace/builds/worker-6-tc2/source:/opt/rustwide/workdir:ro,Z" "-v" "/var/lib/crater-agent-workspace/cargo-home:/opt/rustwide/cargo-home:ro,Z" "-v" "/var/lib/crater-agent-workspace/rustup-home:/opt/rustwide/rustup-home:ro,Z" "-e" "SOURCE_DIR=/opt/rustwide/workdir" "-e" "CARGO_TARGET_DIR=/opt/rustwide/target" "-e" "CARGO_INCREMENTAL=0" "-e" "RUST_BACKTRACE=full" "-e" "RUSTFLAGS=--cap-lints=warn" "-e" "RUSTDOCFLAGS=--cap-lints=warn" "-e" "CARGO_HOME=/opt/rustwide/cargo-home" "-e" "RUSTUP_HOME=/opt/rustwide/rustup-home" "-w" "/opt/rustwide/workdir" "-m" "1610612736" "--user" "0:0" "--network" "none" "ghcr.io/rust-lang/crates-build-env/linux@sha256:5ff2268d62e97bff2cde7d5815dd6ed5b47097566f13b8d0ca110b04b60e07ed" "/opt/rustwide/cargo-home/bin/cargo" "+beta-2023-04-20" "build" "--frozen" "--message-format=json", kill_on_drop: false }`
[INFO] [stdout] c6dd3d5ed5d7e43c73cabf9ecae51420cf7ecf1da08840f2ee66f49c70c70d0c
[INFO] running `Command { std: "docker" "start" "-a" "c6dd3d5ed5d7e43c73cabf9ecae51420cf7ecf1da08840f2ee66f49c70c70d0c", kill_on_drop: false }`
[INFO] [stderr]    Compiling typenum v1.15.0
[INFO] [stderr]    Compiling version_check v0.9.4
[INFO] [stderr]    Compiling proc-macro2 v1.0.51
[INFO] [stderr]    Compiling unicode-ident v1.0.0
[INFO] [stderr]    Compiling cfg-if v1.0.0
[INFO] [stderr]    Compiling syn v1.0.108
[INFO] [stderr]    Compiling libc v0.2.126
[INFO] [stderr]    Compiling subtle v2.4.1
[INFO] [stderr]    Compiling zeroize v1.5.5
[INFO] [stderr]    Compiling serde_derive v1.0.152
[INFO] [stderr]    Compiling const-oid v0.9.1
[INFO] [stderr]    Compiling serde v1.0.152
[INFO] [stderr]    Compiling base64ct v1.5.0
[INFO] [stderr]    Compiling getrandom v0.1.16
[INFO] [stderr]    Compiling base16ct v0.1.1
[INFO] [stderr]    Compiling cpufeatures v0.2.2
[INFO] [stderr]    Compiling serde_json v1.0.81
[INFO] [stderr]    Compiling byteorder v1.4.3
[INFO] [stderr]    Compiling schemars v0.8.11
[INFO] [stderr]    Compiling der v0.6.1
[INFO] [stderr]    Compiling opaque-debug v0.3.0
[INFO] [stderr]    Compiling itoa v1.0.2
[INFO] [stderr]    Compiling crunchy v0.2.2
[INFO] [stderr]    Compiling hex v0.4.3
[INFO] [stderr]    Compiling ryu v1.0.10
[INFO] [stderr]    Compiling dyn-clone v1.0.5
[INFO] [stderr]    Compiling static_assertions v1.1.0
[INFO] [stderr]    Compiling forward_ref v1.0.0
[INFO] [stderr]    Compiling base64 v0.13.0
[INFO] [stderr]    Compiling semver v1.0.16
[INFO] [stderr]    Compiling generic-array v0.14.5
[INFO] [stderr]    Compiling quote v1.0.18
[INFO] [stderr]    Compiling uint v0.9.3
[INFO] [stderr]    Compiling getrandom v0.2.6
[INFO] [stderr]    Compiling spki v0.6.0
[INFO] [stderr]    Compiling rand_core v0.5.1
[INFO] [stderr]    Compiling rand_core v0.6.3
[INFO] [stderr]    Compiling pkcs8 v0.9.0
[INFO] [stderr]    Compiling ff v0.12.1
[INFO] [stderr]    Compiling group v0.12.1
[INFO] [stderr]    Compiling block-buffer v0.10.3
[INFO] [stderr]    Compiling crypto-common v0.1.6
[INFO] [stderr]    Compiling crypto-bigint v0.4.9
[INFO] [stderr]    Compiling sec1 v0.3.0
[INFO] [stderr]    Compiling digest v0.9.0
[INFO] [stderr]    Compiling block-buffer v0.9.0
[INFO] [stderr]    Compiling digest v0.10.6
[INFO] [stderr]    Compiling curve25519-dalek v3.2.0
[INFO] [stderr]    Compiling sha2 v0.9.9
[INFO] [stderr]    Compiling hmac v0.12.1
[INFO] [stderr]    Compiling signature v1.6.4
[INFO] [stderr]    Compiling sha2 v0.10.6
[INFO] [stderr]    Compiling elliptic-curve v0.12.3
[INFO] [stderr]    Compiling rfc6979 v0.3.1
[INFO] [stderr]    Compiling ecdsa v0.14.8
[INFO] [stderr]    Compiling k256 v0.11.6
[INFO] [stderr]    Compiling serde_derive_internals v0.26.0
[INFO] [stderr]    Compiling thiserror-impl v1.0.31
[INFO] [stderr]    Compiling schemars_derive v0.8.11
[INFO] [stderr]    Compiling derivative v2.2.0
[INFO] [stderr]    Compiling cosmwasm-derive v1.2.1
[INFO] [stderr]    Compiling cosmwasm-schema-derive v1.2.1
[INFO] [stderr]    Compiling thiserror v1.0.31
[INFO] [stderr]    Compiling ed25519-zebra v3.0.0
[INFO] [stderr]    Compiling serde-json-wasm v0.5.0
[INFO] [stderr]    Compiling cosmwasm-crypto v1.2.1
[INFO] [stderr]    Compiling cosmwasm-std v1.2.1
[INFO] [stderr]    Compiling cosmwasm-schema v1.2.1
[INFO] [stderr]    Compiling cw-storage-plus v0.15.1
[INFO] [stderr]    Compiling cw-storage-plus v0.16.0
[INFO] [stderr]    Compiling komple-framework-types v1.1.1-beta
[INFO] [stderr]    Compiling cosmwasm-storage v1.2.1
[INFO] [stderr]    Compiling cw2 v0.16.0
[INFO] [stderr]    Compiling cw2 v0.15.1
[INFO] [stderr]    Compiling cw-utils v0.16.0
[INFO] [stderr]    Compiling cw-utils v0.15.1
[INFO] [stderr]    Compiling cw20 v0.16.0
[INFO] [stderr]    Compiling cw721 v0.15.0
[INFO] [stderr]    Compiling cw721-base v0.15.0
[INFO] [stderr]    Compiling komple-framework-utils v1.1.1-beta
[INFO] [stderr]    Compiling komple-framework-metadata-module v1.1.1-beta
[INFO] [stderr]    Compiling komple-framework-whitelist-module v1.1.1-beta
[INFO] [stderr]    Compiling komple-framework-fee-module v1.1.1-beta
[INFO] [stderr]    Compiling komple-framework-permission-module v1.1.1-beta
[INFO] [stderr]    Compiling komple-framework-token-module v1.1.1-beta
[INFO] [stderr]    Compiling komple-framework-mint-module v1.1.1-beta (/opt/rustwide/workdir)
[INFO] [stderr]     Finished dev [unoptimized + debuginfo] target(s) in 30.42s
[INFO] running `Command { std: "docker" "inspect" "c6dd3d5ed5d7e43c73cabf9ecae51420cf7ecf1da08840f2ee66f49c70c70d0c", kill_on_drop: false }`
[INFO] running `Command { std: "docker" "rm" "-f" "c6dd3d5ed5d7e43c73cabf9ecae51420cf7ecf1da08840f2ee66f49c70c70d0c", kill_on_drop: false }`
[INFO] [stdout] c6dd3d5ed5d7e43c73cabf9ecae51420cf7ecf1da08840f2ee66f49c70c70d0c
[INFO] running `Command { std: "docker" "create" "-v" "/var/lib/crater-agent-workspace/builds/worker-6-tc2/target:/opt/rustwide/target:rw,Z" "-v" "/var/lib/crater-agent-workspace/builds/worker-6-tc2/source:/opt/rustwide/workdir:ro,Z" "-v" "/var/lib/crater-agent-workspace/cargo-home:/opt/rustwide/cargo-home:ro,Z" "-v" "/var/lib/crater-agent-workspace/rustup-home:/opt/rustwide/rustup-home:ro,Z" "-e" "SOURCE_DIR=/opt/rustwide/workdir" "-e" "CARGO_TARGET_DIR=/opt/rustwide/target" "-e" "CARGO_INCREMENTAL=0" "-e" "RUST_BACKTRACE=full" "-e" "RUSTFLAGS=--cap-lints=warn" "-e" "RUSTDOCFLAGS=--cap-lints=warn" "-e" "CARGO_HOME=/opt/rustwide/cargo-home" "-e" "RUSTUP_HOME=/opt/rustwide/rustup-home" "-w" "/opt/rustwide/workdir" "-m" "1610612736" "--user" "0:0" "--network" "none" "ghcr.io/rust-lang/crates-build-env/linux@sha256:5ff2268d62e97bff2cde7d5815dd6ed5b47097566f13b8d0ca110b04b60e07ed" "/opt/rustwide/cargo-home/bin/cargo" "+beta-2023-04-20" "test" "--frozen" "--no-run" "--message-format=json", kill_on_drop: false }`
[INFO] [stdout] 636a7793bde4a9edd5c91ddc5ed7c9ffa4adf361b9691e740df15ccb0f5f39a3
[INFO] running `Command { std: "docker" "start" "-a" "636a7793bde4a9edd5c91ddc5ed7c9ffa4adf361b9691e740df15ccb0f5f39a3", kill_on_drop: false }`
[INFO] [stderr]    Compiling anyhow v1.0.57
[INFO] [stderr]    Compiling either v1.6.1
[INFO] [stderr]    Compiling bytes v1.1.0
[INFO] [stderr]    Compiling cw20-base v0.16.0
[INFO] [stderr]    Compiling itertools v0.10.3
[INFO] [stderr]    Compiling prost-derive v0.9.0
[INFO] [stderr]    Compiling prost v0.9.0
[INFO] [stderr]    Compiling cw-multi-test v0.15.1
[INFO] [stderr]    Compiling komple-framework-mint-module v1.1.1-beta (/opt/rustwide/workdir)
[INFO] [stdout] error[E0433]: failed to resolve: use of undeclared crate or module `komple_framework_metadata_module`
[INFO] [stdout]  --> tests/helpers/mod.rs:3:5
[INFO] [stdout]   |
[INFO] [stdout] 3 | use komple_framework_metadata_module::msg::InstantiateMsg as MetadataInstantiateMsg;
[INFO] [stdout]   |     ^^^^^^^^^^^^^^^^^^^^^^^^^^^^^^^^ use of undeclared crate or module `komple_framework_metadata_module`
[INFO] [stdout]   |
[INFO] [stdout] help: there is a crate or module with a similar name
[INFO] [stdout]   |
[INFO] [stdout] 3 | use komple_framework_mint_module::msg::InstantiateMsg as MetadataInstantiateMsg;
[INFO] [stdout]   |     ~~~~~~~~~~~~~~~~~~~~~~~~~~~~
[INFO] [stdout] 
[INFO] [stdout] 
[INFO] [stdout] error[E0433]: failed to resolve: use of undeclared crate or module `komple_framework_metadata_module`
[INFO] [stdout]   --> tests/helpers/mod.rs:37:9
[INFO] [stdout]    |
[INFO] [stdout] 37 |         komple_framework_metadata_module::contract::execute,
[INFO] [stdout]    |         ^^^^^^^^^^^^^^^^^^^^^^^^^^^^^^^^ use of undeclared crate or module `komple_framework_metadata_module`
[INFO] [stdout]    |
[INFO] [stdout] help: there is a crate or module with a similar name
[INFO] [stdout]    |
[INFO] [stdout] 37 |         komple_framework_mint_module::contract::execute,
[INFO] [stdout]    |         ~~~~~~~~~~~~~~~~~~~~~~~~~~~~
[INFO] [stdout] 
[INFO] [stdout] 
[INFO] [stdout] error[E0433]: failed to resolve: use of undeclared crate or module `komple_framework_metadata_module`
[INFO] [stdout]   --> tests/helpers/mod.rs:38:9
[INFO] [stdout]    |
[INFO] [stdout] 38 |         komple_framework_metadata_module::contract::instantiate,
[INFO] [stdout]    |         ^^^^^^^^^^^^^^^^^^^^^^^^^^^^^^^^ use of undeclared crate or module `komple_framework_metadata_module`
[INFO] [stdout]    |
[INFO] [stdout] help: there is a crate or module with a similar name
[INFO] [stdout]    |
[INFO] [stdout] 38 |         komple_framework_mint_module::contract::instantiate,
[INFO] [stdout]    |         ~~~~~~~~~~~~~~~~~~~~~~~~~~~~
[INFO] [stdout] 
[INFO] [stdout] 
[INFO] [stdout] error[E0433]: failed to resolve: use of undeclared crate or module `komple_framework_metadata_module`
[INFO] [stdout]   --> tests/helpers/mod.rs:39:9
[INFO] [stdout]    |
[INFO] [stdout] 39 |         komple_framework_metadata_module::contract::query,
[INFO] [stdout]    |         ^^^^^^^^^^^^^^^^^^^^^^^^^^^^^^^^ use of undeclared crate or module `komple_framework_metadata_module`
[INFO] [stdout]    |
[INFO] [stdout] help: there is a crate or module with a similar name
[INFO] [stdout]    |
[INFO] [stdout] 39 |         komple_framework_mint_module::contract::query,
[INFO] [stdout]    |         ~~~~~~~~~~~~~~~~~~~~~~~~~~~~
[INFO] [stdout] 
[INFO] [stdout] 
[INFO] [stdout] error[E0433]: failed to resolve: use of undeclared crate or module `komple_framework_hub_module`
[INFO] [stdout]  --> tests/fee_integration.rs:8:5
[INFO] [stdout]   |
[INFO] [stdout] 8 | use komple_framework_hub_module::msg::{
[INFO] [stdout]   |     ^^^^^^^^^^^^^^^^^^^^^^^^^^^ use of undeclared crate or module `komple_framework_hub_module`
[INFO] [stdout]   |
[INFO] [stdout] help: there is a crate or module with a similar name
[INFO] [stdout]   |
[INFO] [stdout] 8 | use komple_framework_fee_module::msg::{
[INFO] [stdout]   |     ~~~~~~~~~~~~~~~~~~~~~~~~~~~
[INFO] [stdout] 
[INFO] [stdout] 
[INFO] [stdout] error[E0433]: failed to resolve: use of undeclared crate or module `komple_framework_hub_module`
[INFO] [stdout]   --> tests/fee_integration.rs:11:5
[INFO] [stdout]    |
[INFO] [stdout] 11 | use komple_framework_hub_module::state::HubInfo;
[INFO] [stdout]    |     ^^^^^^^^^^^^^^^^^^^^^^^^^^^ use of undeclared crate or module `komple_framework_hub_module`
[INFO] [stdout]    |
[INFO] [stdout] help: there is a crate or module with a similar name
[INFO] [stdout]    |
[INFO] [stdout] 11 | use komple_framework_fee_module::state::HubInfo;
[INFO] [stdout]    |     ~~~~~~~~~~~~~~~~~~~~~~~~~~~
[INFO] [stdout] 
[INFO] [stdout] 
[INFO] [stdout] error[E0433]: failed to resolve: use of undeclared crate or module `komple_framework_metadata_module`
[INFO] [stdout]   --> tests/fee_integration.rs:12:5
[INFO] [stdout]    |
[INFO] [stdout] 12 | use komple_framework_metadata_module::msg::InstantiateMsg as MetadataInstantiateMsg;
[INFO] [stdout]    |     ^^^^^^^^^^^^^^^^^^^^^^^^^^^^^^^^ use of undeclared crate or module `komple_framework_metadata_module`
[INFO] [stdout]    |
[INFO] [stdout] help: there is a crate or module with a similar name
[INFO] [stdout]    |
[INFO] [stdout] 12 | use komple_framework_mint_module::msg::InstantiateMsg as MetadataInstantiateMsg;
[INFO] [stdout]    |     ~~~~~~~~~~~~~~~~~~~~~~~~~~~~
[INFO] [stdout] 
[INFO] [stdout] 
[INFO] [stdout] error[E0433]: failed to resolve: use of undeclared crate or module `komple_framework_hub_module`
[INFO] [stdout]   --> tests/fee_integration.rs:36:9
[INFO] [stdout]    |
[INFO] [stdout] 36 |         komple_framework_hub_module::contract::execute,
[INFO] [stdout]    |         ^^^^^^^^^^^^^^^^^^^^^^^^^^^ use of undeclared crate or module `komple_framework_hub_module`
[INFO] [stdout]    |
[INFO] [stdout] help: there is a crate or module with a similar name
[INFO] [stdout]    |
[INFO] [stdout] 36 |         komple_framework_fee_module::contract::execute,
[INFO] [stdout]    |         ~~~~~~~~~~~~~~~~~~~~~~~~~~~
[INFO] [stdout] 
[INFO] [stdout] 
[INFO] [stdout] error[E0433]: failed to resolve: use of undeclared crate or module `komple_framework_hub_module`
[INFO] [stdout]   --> tests/fee_integration.rs:37:9
[INFO] [stdout]    |
[INFO] [stdout] 37 |         komple_framework_hub_module::contract::instantiate,
[INFO] [stdout]    |         ^^^^^^^^^^^^^^^^^^^^^^^^^^^ use of undeclared crate or module `komple_framework_hub_module`
[INFO] [stdout]    |
[INFO] [stdout] help: there is a crate or module with a similar name
[INFO] [stdout]    |
[INFO] [stdout] 37 |         komple_framework_fee_module::contract::instantiate,
[INFO] [stdout]    |         ~~~~~~~~~~~~~~~~~~~~~~~~~~~
[INFO] [stdout] 
[INFO] [stdout] 
[INFO] [stdout] error[E0433]: failed to resolve: use of undeclared crate or module `komple_framework_hub_module`
[INFO] [stdout]   --> tests/fee_integration.rs:38:9
[INFO] [stdout]    |
[INFO] [stdout] 38 |         komple_framework_hub_module::contract::query,
[INFO] [stdout]    |         ^^^^^^^^^^^^^^^^^^^^^^^^^^^ use of undeclared crate or module `komple_framework_hub_module`
[INFO] [stdout]    |
[INFO] [stdout] help: there is a crate or module with a similar name
[INFO] [stdout]    |
[INFO] [stdout] 38 |         komple_framework_fee_module::contract::query,
[INFO] [stdout]    |         ~~~~~~~~~~~~~~~~~~~~~~~~~~~
[INFO] [stdout] 
[INFO] [stdout] 
[INFO] [stdout] error[E0433]: failed to resolve: use of undeclared crate or module `komple_framework_hub_module`
[INFO] [stdout]   --> tests/fee_integration.rs:40:17
[INFO] [stdout]    |
[INFO] [stdout] 40 |     .with_reply(komple_framework_hub_module::contract::reply);
[INFO] [stdout]    |                 ^^^^^^^^^^^^^^^^^^^^^^^^^^^ use of undeclared crate or module `komple_framework_hub_module`
[INFO] [stdout]    |
[INFO] [stdout] help: there is a crate or module with a similar name
[INFO] [stdout]    |
[INFO] [stdout] 40 |     .with_reply(komple_framework_fee_module::contract::reply);
[INFO] [stdout]    |                 ~~~~~~~~~~~~~~~~~~~~~~~~~~~
[INFO] [stdout] 
[INFO] [stdout] 
[INFO] [stdout] error[E0433]: failed to resolve: use of undeclared crate or module `komple_framework_metadata_module`
[INFO] [stdout]   --> tests/fee_integration.rs:66:9
[INFO] [stdout]    |
[INFO] [stdout] 66 |         komple_framework_metadata_module::contract::execute,
[INFO] [stdout]    |         ^^^^^^^^^^^^^^^^^^^^^^^^^^^^^^^^ use of undeclared crate or module `komple_framework_metadata_module`
[INFO] [stdout]    |
[INFO] [stdout] help: there is a crate or module with a similar name
[INFO] [stdout]    |
[INFO] [stdout] 66 |         komple_framework_mint_module::contract::execute,
[INFO] [stdout]    |         ~~~~~~~~~~~~~~~~~~~~~~~~~~~~
[INFO] [stdout] 
[INFO] [stdout] 
[INFO] [stdout] error[E0433]: failed to resolve: use of undeclared crate or module `komple_framework_metadata_module`
[INFO] [stdout]   --> tests/fee_integration.rs:67:9
[INFO] [stdout]    |
[INFO] [stdout] 67 |         komple_framework_metadata_module::contract::instantiate,
[INFO] [stdout]    |         ^^^^^^^^^^^^^^^^^^^^^^^^^^^^^^^^ use of undeclared crate or module `komple_framework_metadata_module`
[INFO] [stdout]    |
[INFO] [stdout] help: there is a crate or module with a similar name
[INFO] [stdout]    |
[INFO] [stdout] 67 |         komple_framework_mint_module::contract::instantiate,
[INFO] [stdout]    |         ~~~~~~~~~~~~~~~~~~~~~~~~~~~~
[INFO] [stdout] 
[INFO] [stdout] 
[INFO] [stdout] error[E0433]: failed to resolve: use of undeclared crate or module `komple_framework_metadata_module`
[INFO] [stdout]   --> tests/fee_integration.rs:68:9
[INFO] [stdout]    |
[INFO] [stdout] 68 |         komple_framework_metadata_module::contract::query,
[INFO] [stdout]    |         ^^^^^^^^^^^^^^^^^^^^^^^^^^^^^^^^ use of undeclared crate or module `komple_framework_metadata_module`
[INFO] [stdout]    |
[INFO] [stdout] help: there is a crate or module with a similar name
[INFO] [stdout]    |
[INFO] [stdout] 68 |         komple_framework_mint_module::contract::query,
[INFO] [stdout]    |         ~~~~~~~~~~~~~~~~~~~~~~~~~~~~
[INFO] [stdout] 
[INFO] [stdout] 
[INFO] [stdout] error[E0433]: failed to resolve: use of undeclared crate or module `komple_framework_hub_module`
[INFO] [stdout]  --> tests/permission_integration.rs:4:5
[INFO] [stdout]   |
[INFO] [stdout] 4 | use komple_framework_hub_module::msg::{
[INFO] [stdout]   |     ^^^^^^^^^^^^^^^^^^^^^^^^^^^ use of undeclared crate or module `komple_framework_hub_module`
[INFO] [stdout]   |
[INFO] [stdout] help: there is a crate or module with a similar name
[INFO] [stdout]   |
[INFO] [stdout] 4 | use komple_framework_fee_module::msg::{
[INFO] [stdout]   |     ~~~~~~~~~~~~~~~~~~~~~~~~~~~
[INFO] [stdout] 
[INFO] [stdout] 
[INFO] [stdout] error[E0433]: failed to resolve: use of undeclared crate or module `komple_framework_hub_module`
[INFO] [stdout]  --> tests/permission_integration.rs:7:5
[INFO] [stdout]   |
[INFO] [stdout] 7 | use komple_framework_hub_module::state::HubInfo;
[INFO] [stdout]   |     ^^^^^^^^^^^^^^^^^^^^^^^^^^^ use of undeclared crate or module `komple_framework_hub_module`
[INFO] [stdout]   |
[INFO] [stdout] help: there is a crate or module with a similar name
[INFO] [stdout]   |
[INFO] [stdout] 7 | use komple_framework_fee_module::state::HubInfo;
[INFO] [stdout]   |     ~~~~~~~~~~~~~~~~~~~~~~~~~~~
[INFO] [stdout] 
[INFO] [stdout] 
[INFO] [stdout] error[E0433]: failed to resolve: use of undeclared crate or module `komple_framework_metadata_module`
[INFO] [stdout]  --> tests/permission_integration.rs:8:5
[INFO] [stdout]   |
[INFO] [stdout] 8 | use komple_framework_metadata_module::msg::InstantiateMsg as MetadataInstantiateMsg;
[INFO] [stdout]   |     ^^^^^^^^^^^^^^^^^^^^^^^^^^^^^^^^ use of undeclared crate or module `komple_framework_metadata_module`
[INFO] [stdout]   |
[INFO] [stdout] help: there is a crate or module with a similar name
[INFO] [stdout]   |
[INFO] [stdout] 8 | use komple_framework_mint_module::msg::InstantiateMsg as MetadataInstantiateMsg;
[INFO] [stdout]   |     ~~~~~~~~~~~~~~~~~~~~~~~~~~~~
[INFO] [stdout] 
[INFO] [stdout] 
[INFO] [stdout] error[E0433]: failed to resolve: use of undeclared crate or module `komple_framework_ownership_permission`
[INFO] [stdout]    --> tests/permission_integration.rs:369:9
[INFO] [stdout]     |
[INFO] [stdout] 369 |     use komple_framework_ownership_permission::msg::OwnershipMsg;
[INFO] [stdout]     |         ^^^^^^^^^^^^^^^^^^^^^^^^^^^^^^^^^^^^^ use of undeclared crate or module `komple_framework_ownership_permission`
[INFO] [stdout] 
[INFO] [stdout] 
[INFO] [stdout] error[E0432]: unresolved import `komple_framework_hub_module`
[INFO] [stdout]    --> tests/permission_integration.rs:308:9
[INFO] [stdout]     |
[INFO] [stdout] 308 |     use komple_framework_hub_module::ContractError;
[INFO] [stdout]     |         ^^^^^^^^^^^^^^^^^^^^^^^^^^^ use of undeclared crate or module `komple_framework_hub_module`
[INFO] [stdout]     |
[INFO] [stdout] help: there is a crate or module with a similar name
[INFO] [stdout]     |
[INFO] [stdout] 308 |     use komple_framework_fee_module::ContractError;
[INFO] [stdout]     |         ~~~~~~~~~~~~~~~~~~~~~~~~~~~
[INFO] [stdout] 
[INFO] [stdout] 
[INFO] [stdout] error[E0433]: failed to resolve: use of undeclared crate or module `komple_framework_hub_module`
[INFO] [stdout]   --> tests/permission_integration.rs:29:9
[INFO] [stdout]    |
[INFO] [stdout] 29 |         komple_framework_hub_module::contract::execute,
[INFO] [stdout]    |         ^^^^^^^^^^^^^^^^^^^^^^^^^^^ use of undeclared crate or module `komple_framework_hub_module`
[INFO] [stdout]    |
[INFO] [stdout] help: there is a crate or module with a similar name
[INFO] [stdout]    |
[INFO] [stdout] 29 |         komple_framework_fee_module::contract::execute,
[INFO] [stdout]    |         ~~~~~~~~~~~~~~~~~~~~~~~~~~~
[INFO] [stdout] 
[INFO] [stdout] 
[INFO] [stdout] error[E0433]: failed to resolve: use of undeclared crate or module `komple_framework_hub_module`
[INFO] [stdout]   --> tests/permission_integration.rs:30:9
[INFO] [stdout]    |
[INFO] [stdout] 30 |         komple_framework_hub_module::contract::instantiate,
[INFO] [stdout]    |         ^^^^^^^^^^^^^^^^^^^^^^^^^^^ use of undeclared crate or module `komple_framework_hub_module`
[INFO] [stdout]    |
[INFO] [stdout] help: there is a crate or module with a similar name
[INFO] [stdout]    |
[INFO] [stdout] 30 |         komple_framework_fee_module::contract::instantiate,
[INFO] [stdout]    |         ~~~~~~~~~~~~~~~~~~~~~~~~~~~
[INFO] [stdout] 
[INFO] [stdout] 
[INFO] [stdout] error[E0433]: failed to resolve: use of undeclared crate or module `komple_framework_hub_module`
[INFO] [stdout]   --> tests/permission_integration.rs:31:9
[INFO] [stdout]    |
[INFO] [stdout] 31 |         komple_framework_hub_module::contract::query,
[INFO] [stdout]    |         ^^^^^^^^^^^^^^^^^^^^^^^^^^^ use of undeclared crate or module `komple_framework_hub_module`
[INFO] [stdout]    |
[INFO] [stdout] help: there is a crate or module with a similar name
[INFO] [stdout]    |
[INFO] [stdout] 31 |         komple_framework_fee_module::contract::query,
[INFO] [stdout]    |         ~~~~~~~~~~~~~~~~~~~~~~~~~~~
[INFO] [stdout] 
[INFO] [stdout] 
[INFO] [stdout] error[E0433]: failed to resolve: use of undeclared crate or module `komple_framework_hub_module`
[INFO] [stdout]   --> tests/permission_integration.rs:33:17
[INFO] [stdout]    |
[INFO] [stdout] 33 |     .with_reply(komple_framework_hub_module::contract::reply);
[INFO] [stdout]    |                 ^^^^^^^^^^^^^^^^^^^^^^^^^^^ use of undeclared crate or module `komple_framework_hub_module`
[INFO] [stdout]    |
[INFO] [stdout] help: there is a crate or module with a similar name
[INFO] [stdout]    |
[INFO] [stdout] 33 |     .with_reply(komple_framework_fee_module::contract::reply);
[INFO] [stdout]    |                 ~~~~~~~~~~~~~~~~~~~~~~~~~~~
[INFO] [stdout] 
[INFO] [stdout] 
[INFO] [stdout] error[E0433]: failed to resolve: use of undeclared crate or module `komple_framework_metadata_module`
[INFO] [stdout]  --> tests/helpers/mod.rs:3:5
[INFO] [stdout]   |
[INFO] [stdout] 3 | use komple_framework_metadata_module::msg::InstantiateMsg as MetadataInstantiateMsg;
[INFO] [stdout]   |     ^^^^^^^^^^^^^^^^^^^^^^^^^^^^^^^^ use of undeclared crate or module `komple_framework_metadata_module`
[INFO] [stdout]   |
[INFO] [stdout] help: there is a crate or module with a similar name
[INFO] [stdout]   |
[INFO] [stdout] 3 | use komple_framework_mint_module::msg::InstantiateMsg as MetadataInstantiateMsg;
[INFO] [stdout]   |     ~~~~~~~~~~~~~~~~~~~~~~~~~~~~
[INFO] [stdout] 
[INFO] [stdout] 
[INFO] [stdout] error[E0433]: failed to resolve: use of undeclared crate or module `komple_framework_metadata_module`
[INFO] [stdout]  --> tests/token_integration.rs:4:5
[INFO] [stdout]   |
[INFO] [stdout] 4 | use komple_framework_metadata_module::{
[INFO] [stdout]   |     ^^^^^^^^^^^^^^^^^^^^^^^^^^^^^^^^ use of undeclared crate or module `komple_framework_metadata_module`
[INFO] [stdout]   |
[INFO] [stdout] help: there is a crate or module with a similar name
[INFO] [stdout]   |
[INFO] [stdout] 4 | use komple_framework_mint_module::{
[INFO] [stdout]   |     ~~~~~~~~~~~~~~~~~~~~~~~~~~~~
[INFO] [stdout] 
[INFO] [stdout] 
[INFO] [stdout] error[E0433]: failed to resolve: use of undeclared crate or module `komple_framework_metadata_module`
[INFO] [stdout]   --> tests/permission_integration.rs:69:9
[INFO] [stdout]    |
[INFO] [stdout] 69 |         komple_framework_metadata_module::contract::execute,
[INFO] [stdout]    |         ^^^^^^^^^^^^^^^^^^^^^^^^^^^^^^^^ use of undeclared crate or module `komple_framework_metadata_module`
[INFO] [stdout]    |
[INFO] [stdout] help: there is a crate or module with a similar name
[INFO] [stdout]    |
[INFO] [stdout] 69 |         komple_framework_mint_module::contract::execute,
[INFO] [stdout]    |         ~~~~~~~~~~~~~~~~~~~~~~~~~~~~
[INFO] [stdout] 
[INFO] [stdout] 
[INFO] [stdout] error[E0433]: failed to resolve: use of undeclared crate or module `komple_framework_metadata_module`
[INFO] [stdout]   --> tests/permission_integration.rs:70:9
[INFO] [stdout]    |
[INFO] [stdout] 70 |         komple_framework_metadata_module::contract::instantiate,
[INFO] [stdout]    |         ^^^^^^^^^^^^^^^^^^^^^^^^^^^^^^^^ use of undeclared crate or module `komple_framework_metadata_module`
[INFO] [stdout]    |
[INFO] [stdout] help: there is a crate or module with a similar name
[INFO] [stdout]    |
[INFO] [stdout] 70 |         komple_framework_mint_module::contract::instantiate,
[INFO] [stdout]    |         ~~~~~~~~~~~~~~~~~~~~~~~~~~~~
[INFO] [stdout] 
[INFO] [stdout] 
[INFO] [stdout] error[E0433]: failed to resolve: use of undeclared crate or module `komple_framework_metadata_module`
[INFO] [stdout]     --> tests/token_integration.rs:1343:17
[INFO] [stdout]      |
[INFO] [stdout] 1343 |             use komple_framework_metadata_module::msg::MetadataResponse;
[INFO] [stdout]      |                 ^^^^^^^^^^^^^^^^^^^^^^^^^^^^^^^^ use of undeclared crate or module `komple_framework_metadata_module`
[INFO] [stdout]      |
[INFO] [stdout] help: there is a crate or module with a similar name
[INFO] [stdout]      |
[INFO] [stdout] 1343 |             use komple_framework_mint_module::msg::MetadataResponse;
[INFO] [stdout]      |                 ~~~~~~~~~~~~~~~~~~~~~~~~~~~~
[INFO] [stdout] 
[INFO] [stdout] 
[INFO] [stdout] error[E0433]: failed to resolve: use of undeclared crate or module `komple_framework_metadata_module`
[INFO] [stdout]   --> tests/permission_integration.rs:71:9
[INFO] [stdout]    |
[INFO] [stdout] 71 |         komple_framework_metadata_module::contract::query,
[INFO] [stdout]    |         ^^^^^^^^^^^^^^^^^^^^^^^^^^^^^^^^ use of undeclared crate or module `komple_framework_metadata_module`
[INFO] [stdout]    |
[INFO] [stdout] help: there is a crate or module with a similar name
[INFO] [stdout]    |
[INFO] [stdout] 71 |         komple_framework_mint_module::contract::query,
[INFO] [stdout]    |         ~~~~~~~~~~~~~~~~~~~~~~~~~~~~
[INFO] [stdout] 
[INFO] [stdout] 
[INFO] [stdout] error[E0433]: failed to resolve: use of undeclared crate or module `komple_framework_ownership_permission`
[INFO] [stdout]   --> tests/permission_integration.rs:78:9
[INFO] [stdout]    |
[INFO] [stdout] 78 |         komple_framework_ownership_permission::contract::execute,
[INFO] [stdout]    |         ^^^^^^^^^^^^^^^^^^^^^^^^^^^^^^^^^^^^^ use of undeclared crate or module `komple_framework_ownership_permission`
[INFO] [stdout] 
[INFO] [stdout] 
[INFO] [stdout] error[E0433]: failed to resolve: use of undeclared crate or module `komple_framework_ownership_permission`
[INFO] [stdout]   --> tests/permission_integration.rs:79:9
[INFO] [stdout]    |
[INFO] [stdout] 79 |         komple_framework_ownership_permission::contract::instantiate,
[INFO] [stdout]    |         ^^^^^^^^^^^^^^^^^^^^^^^^^^^^^^^^^^^^^ use of undeclared crate or module `komple_framework_ownership_permission`
[INFO] [stdout] 
[INFO] [stdout] 
[INFO] [stdout] error[E0433]: failed to resolve: use of undeclared crate or module `komple_framework_metadata_module`
[INFO] [stdout]   --> tests/helpers/mod.rs:37:9
[INFO] [stdout]    |
[INFO] [stdout] 37 |         komple_framework_metadata_module::contract::execute,
[INFO] [stdout]    |         ^^^^^^^^^^^^^^^^^^^^^^^^^^^^^^^^ use of undeclared crate or module `komple_framework_metadata_module`
[INFO] [stdout]    |
[INFO] [stdout] help: there is a crate or module with a similar name
[INFO] [stdout]    |
[INFO] [stdout] 37 |         komple_framework_mint_module::contract::execute,
[INFO] [stdout]    |         ~~~~~~~~~~~~~~~~~~~~~~~~~~~~
[INFO] [stdout] 
[INFO] [stdout] 
[INFO] [stdout] error[E0433]: failed to resolve: use of undeclared crate or module `komple_framework_ownership_permission`
[INFO] [stdout]   --> tests/permission_integration.rs:80:9
[INFO] [stdout]    |
[INFO] [stdout] 80 |         komple_framework_ownership_permission::contract::query,
[INFO] [stdout]    |         ^^^^^^^^^^^^^^^^^^^^^^^^^^^^^^^^^^^^^ use of undeclared crate or module `komple_framework_ownership_permission`
[INFO] [stdout] 
[INFO] [stdout] 
[INFO] [stdout] error[E0433]: failed to resolve: use of undeclared crate or module `komple_framework_metadata_module`
[INFO] [stdout]   --> tests/helpers/mod.rs:38:9
[INFO] [stdout]    |
[INFO] [stdout] 38 |         komple_framework_metadata_module::contract::instantiate,
[INFO] [stdout]    |         ^^^^^^^^^^^^^^^^^^^^^^^^^^^^^^^^ use of undeclared crate or module `komple_framework_metadata_module`
[INFO] [stdout]    |
[INFO] [stdout] help: there is a crate or module with a similar name
[INFO] [stdout]    |
[INFO] [stdout] 38 |         komple_framework_mint_module::contract::instantiate,
[INFO] [stdout]    |         ~~~~~~~~~~~~~~~~~~~~~~~~~~~~
[INFO] [stdout] 
[INFO] [stdout] 
[INFO] [stdout] error[E0433]: failed to resolve: use of undeclared crate or module `komple_framework_metadata_module`
[INFO] [stdout]   --> tests/helpers/mod.rs:39:9
[INFO] [stdout]    |
[INFO] [stdout] 39 |         komple_framework_metadata_module::contract::query,
[INFO] [stdout]    |         ^^^^^^^^^^^^^^^^^^^^^^^^^^^^^^^^ use of undeclared crate or module `komple_framework_metadata_module`
[INFO] [stdout]    |
[INFO] [stdout] help: there is a crate or module with a similar name
[INFO] [stdout]    |
[INFO] [stdout] 39 |         komple_framework_mint_module::contract::query,
[INFO] [stdout]    |         ~~~~~~~~~~~~~~~~~~~~~~~~~~~~
[INFO] [stdout] 
[INFO] [stdout] 
[INFO] [stdout] error[E0433]: failed to resolve: use of undeclared crate or module `komple_framework_metadata_module`
[INFO] [stdout]  --> tests/integration.rs:4:5
[INFO] [stdout]   |
[INFO] [stdout] 4 | use komple_framework_metadata_module::msg::InstantiateMsg as MetadataInstantiateMsg;
[INFO] [stdout]   |     ^^^^^^^^^^^^^^^^^^^^^^^^^^^^^^^^ use of undeclared crate or module `komple_framework_metadata_module`
[INFO] [stdout]   |
[INFO] [stdout] help: there is a crate or module with a similar name
[INFO] [stdout]   |
[INFO] [stdout] 4 | use komple_framework_mint_module::msg::InstantiateMsg as MetadataInstantiateMsg;
[INFO] [stdout]   |     ~~~~~~~~~~~~~~~~~~~~~~~~~~~~
[INFO] [stdout] 
[INFO] [stdout] 
[INFO] [stdout] error[E0433]: failed to resolve: use of undeclared crate or module `komple_framework_metadata_module`
[INFO] [stdout]   --> tests/integration.rs:43:9
[INFO] [stdout]    |
[INFO] [stdout] 43 |         komple_framework_metadata_module::contract::execute,
[INFO] [stdout]    |         ^^^^^^^^^^^^^^^^^^^^^^^^^^^^^^^^ use of undeclared crate or module `komple_framework_metadata_module`
[INFO] [stdout]    |
[INFO] [stdout] help: there is a crate or module with a similar name
[INFO] [stdout]    |
[INFO] [stdout] 43 |         komple_framework_mint_module::contract::execute,
[INFO] [stdout]    |         ~~~~~~~~~~~~~~~~~~~~~~~~~~~~
[INFO] [stdout] 
[INFO] [stdout] 
[INFO] [stdout] error[E0433]: failed to resolve: use of undeclared crate or module `komple_framework_metadata_module`
[INFO] [stdout]   --> tests/integration.rs:44:9
[INFO] [stdout]    |
[INFO] [stdout] 44 |         komple_framework_metadata_module::contract::instantiate,
[INFO] [stdout]    |         ^^^^^^^^^^^^^^^^^^^^^^^^^^^^^^^^ use of undeclared crate or module `komple_framework_metadata_module`
[INFO] [stdout]    |
[INFO] [stdout] help: there is a crate or module with a similar name
[INFO] [stdout]    |
[INFO] [stdout] 44 |         komple_framework_mint_module::contract::instantiate,
[INFO] [stdout]    |         ~~~~~~~~~~~~~~~~~~~~~~~~~~~~
[INFO] [stdout] 
[INFO] [stdout] 
[INFO] [stdout] error[E0433]: failed to resolve: use of undeclared crate or module `komple_framework_metadata_module`
[INFO] [stdout]   --> tests/integration.rs:45:9
[INFO] [stdout]    |
[INFO] [stdout] 45 |         komple_framework_metadata_module::contract::query,
[INFO] [stdout]    |         ^^^^^^^^^^^^^^^^^^^^^^^^^^^^^^^^ use of undeclared crate or module `komple_framework_metadata_module`
[INFO] [stdout]    |
[INFO] [stdout] help: there is a crate or module with a similar name
[INFO] [stdout]    |
[INFO] [stdout] 45 |         komple_framework_mint_module::contract::query,
[INFO] [stdout]    |         ~~~~~~~~~~~~~~~~~~~~~~~~~~~~
[INFO] [stdout] 
[INFO] [stdout] 
[INFO] [stdout] error: aborting due to 4 previous errors
[INFO] [stdout] 
[INFO] [stdout] 
[INFO] [stdout] For more information about this error, try `rustc --explain E0433`.
[INFO] [stdout] 
[INFO] [stderr] error: could not compile `komple-framework-mint-module` (test "whitelist_integration") due to 5 previous errors
[INFO] [stderr] warning: build failed, waiting for other jobs to finish...
[INFO] [stdout] error: aborting due to 10 previous errors
[INFO] [stdout] 
[INFO] [stdout] 
[INFO] [stdout] For more information about this error, try `rustc --explain E0433`.
[INFO] [stdout] 
[INFO] [stdout] error: aborting due to 15 previous errors
[INFO] [stdout] 
[INFO] [stdout] 
[INFO] [stdout] Some errors have detailed explanations: E0432, E0433.
[INFO] [stdout] 
[INFO] [stdout] For more information about an error, try `rustc --explain E0432`.
[INFO] [stdout] 
[INFO] [stderr] error: could not compile `komple-framework-mint-module` (test "fee_integration") due to 11 previous errors
[INFO] [stderr] error: could not compile `komple-framework-mint-module` (test "permission_integration") due to 16 previous errors
[INFO] [stdout] error: aborting due to 4 previous errors
[INFO] [stdout] 
[INFO] [stdout] 
[INFO] [stdout] For more information about this error, try `rustc --explain E0433`.
[INFO] [stdout] 
[INFO] [stderr] error: could not compile `komple-framework-mint-module` (test "integration") due to 5 previous errors
[INFO] [stdout] error: aborting due to 6 previous errors
[INFO] [stdout] 
[INFO] [stdout] 
[INFO] [stdout] For more information about this error, try `rustc --explain E0433`.
[INFO] [stdout] 
[INFO] [stderr] error: could not compile `komple-framework-mint-module` (test "token_integration") due to 7 previous errors
[INFO] running `Command { std: "docker" "inspect" "636a7793bde4a9edd5c91ddc5ed7c9ffa4adf361b9691e740df15ccb0f5f39a3", kill_on_drop: false }`
[INFO] running `Command { std: "docker" "rm" "-f" "636a7793bde4a9edd5c91ddc5ed7c9ffa4adf361b9691e740df15ccb0f5f39a3", kill_on_drop: false }`
[INFO] [stdout] 636a7793bde4a9edd5c91ddc5ed7c9ffa4adf361b9691e740df15ccb0f5f39a3
