[INFO] fetching crate komple-framework-hub-module 1.1.1-beta...
[INFO] testing komple-framework-hub-module-1.1.1-beta against beta-2023-04-20 for beta-1.70-1
[INFO] extracting crate komple-framework-hub-module 1.1.1-beta into /workspace/builds/worker-4-tc2/source
[INFO] validating manifest of crates.io crate komple-framework-hub-module 1.1.1-beta on toolchain beta-2023-04-20
[INFO] running `Command { std: CARGO_HOME="/workspace/cargo-home" RUSTUP_HOME="/workspace/rustup-home" "/workspace/cargo-home/bin/cargo" "+beta-2023-04-20" "metadata" "--manifest-path" "Cargo.toml" "--no-deps", kill_on_drop: false }`
[INFO] removed /workspace/builds/worker-4-tc2/source/.cargo/config
[INFO] started tweaking crates.io crate komple-framework-hub-module 1.1.1-beta
[INFO] finished tweaking crates.io crate komple-framework-hub-module 1.1.1-beta
[INFO] tweaked toml for crates.io crate komple-framework-hub-module 1.1.1-beta written to /workspace/builds/worker-4-tc2/source/Cargo.toml
[INFO] crate crates.io crate komple-framework-hub-module 1.1.1-beta already has a lockfile, it will not be regenerated
[INFO] running `Command { std: CARGO_HOME="/workspace/cargo-home" RUSTUP_HOME="/workspace/rustup-home" "/workspace/cargo-home/bin/cargo" "+beta-2023-04-20" "fetch" "--manifest-path" "Cargo.toml", kill_on_drop: false }`
[INFO] [stderr]     Updating crates.io index
[INFO] [stderr]  Downloading crates ...
[INFO] [stderr]   Downloaded zeroize v1.5.5
[INFO] [stderr]   Downloaded const-oid v0.9.1
[INFO] [stderr]   Downloaded cw-utils v0.15.1
[INFO] [stderr]   Downloaded cosmwasm-schema-derive v1.2.1
[INFO] [stderr]   Downloaded cw-storage-plus v0.15.1
[INFO] [stderr]   Downloaded cw2 v0.15.1
[INFO] [stderr]   Downloaded cw721-base v0.15.0
[INFO] [stderr]   Downloaded cw-multi-test v0.15.1
[INFO] [stderr]   Downloaded dyn-clone v1.0.5
[INFO] [stderr]   Downloaded cosmwasm-derive v1.2.1
[INFO] [stderr]   Downloaded cosmwasm-crypto v1.2.1
[INFO] [stderr]   Downloaded cosmwasm-storage v1.2.1
[INFO] [stderr]   Downloaded cw2 v0.16.0
[INFO] [stderr]   Downloaded cw-utils v0.16.0
[INFO] [stderr]   Downloaded cw721 v0.15.0
[INFO] [stderr]   Downloaded ed25519-zebra v3.0.0
[INFO] [stderr]   Downloaded komple-framework-types v1.1.1-beta
[INFO] [stderr]   Downloaded cw20 v0.16.0
[INFO] [stderr]   Downloaded cosmwasm-schema v1.2.1
[INFO] [stderr]   Downloaded base64ct v1.5.0
[INFO] [stderr]   Downloaded cosmwasm-std v1.2.1
[INFO] [stderr]   Downloaded komple-framework-utils v1.1.1-beta
[INFO] [stderr]   Downloaded cw-storage-plus v0.16.0
[INFO] running `Command { std: "docker" "create" "-v" "/var/lib/crater-agent-workspace/builds/worker-4-tc2/target:/opt/rustwide/target:rw,Z" "-v" "/var/lib/crater-agent-workspace/builds/worker-4-tc2/source:/opt/rustwide/workdir:ro,Z" "-v" "/var/lib/crater-agent-workspace/cargo-home:/opt/rustwide/cargo-home:ro,Z" "-v" "/var/lib/crater-agent-workspace/rustup-home:/opt/rustwide/rustup-home:ro,Z" "-e" "SOURCE_DIR=/opt/rustwide/workdir" "-e" "CARGO_TARGET_DIR=/opt/rustwide/target" "-e" "CARGO_HOME=/opt/rustwide/cargo-home" "-e" "RUSTUP_HOME=/opt/rustwide/rustup-home" "-w" "/opt/rustwide/workdir" "-m" "1610612736" "--user" "0:0" "--network" "none" "ghcr.io/rust-lang/crates-build-env/linux@sha256:5ff2268d62e97bff2cde7d5815dd6ed5b47097566f13b8d0ca110b04b60e07ed" "/opt/rustwide/cargo-home/bin/cargo" "+beta-2023-04-20" "metadata" "--no-deps" "--format-version=1", kill_on_drop: false }`
[INFO] [stdout] 91ad4ffc47560b46d0f5675f6464e1b0bd4fbdc59e18f26129e549899c6bdcd8
[INFO] running `Command { std: "docker" "start" "-a" "91ad4ffc47560b46d0f5675f6464e1b0bd4fbdc59e18f26129e549899c6bdcd8", kill_on_drop: false }`
[INFO] running `Command { std: "docker" "inspect" "91ad4ffc47560b46d0f5675f6464e1b0bd4fbdc59e18f26129e549899c6bdcd8", kill_on_drop: false }`
[INFO] running `Command { std: "docker" "rm" "-f" "91ad4ffc47560b46d0f5675f6464e1b0bd4fbdc59e18f26129e549899c6bdcd8", kill_on_drop: false }`
[INFO] [stdout] 91ad4ffc47560b46d0f5675f6464e1b0bd4fbdc59e18f26129e549899c6bdcd8
[INFO] running `Command { std: "docker" "create" "-v" "/var/lib/crater-agent-workspace/builds/worker-4-tc2/target:/opt/rustwide/target:rw,Z" "-v" "/var/lib/crater-agent-workspace/builds/worker-4-tc2/source:/opt/rustwide/workdir:ro,Z" "-v" "/var/lib/crater-agent-workspace/cargo-home:/opt/rustwide/cargo-home:ro,Z" "-v" "/var/lib/crater-agent-workspace/rustup-home:/opt/rustwide/rustup-home:ro,Z" "-e" "SOURCE_DIR=/opt/rustwide/workdir" "-e" "CARGO_TARGET_DIR=/opt/rustwide/target" "-e" "CARGO_INCREMENTAL=0" "-e" "RUST_BACKTRACE=full" "-e" "RUSTFLAGS=--cap-lints=warn" "-e" "RUSTDOCFLAGS=--cap-lints=warn" "-e" "CARGO_HOME=/opt/rustwide/cargo-home" "-e" "RUSTUP_HOME=/opt/rustwide/rustup-home" "-w" "/opt/rustwide/workdir" "-m" "1610612736" "--user" "0:0" "--network" "none" "ghcr.io/rust-lang/crates-build-env/linux@sha256:5ff2268d62e97bff2cde7d5815dd6ed5b47097566f13b8d0ca110b04b60e07ed" "/opt/rustwide/cargo-home/bin/cargo" "+beta-2023-04-20" "build" "--frozen" "--message-format=json", kill_on_drop: false }`
[INFO] [stdout] ef86006c69d919ed17c8feec8a58cb12e6a6e5639d1b01f046e8dbe9e55e3b76
[INFO] running `Command { std: "docker" "start" "-a" "ef86006c69d919ed17c8feec8a58cb12e6a6e5639d1b01f046e8dbe9e55e3b76", kill_on_drop: false }`
[INFO] [stderr]    Compiling typenum v1.15.0
[INFO] [stderr]    Compiling generic-array v0.14.5
[INFO] [stderr]    Compiling proc-macro2 v1.0.51
[INFO] [stderr]    Compiling unicode-ident v1.0.0
[INFO] [stderr]    Compiling libc v0.2.126
[INFO] [stderr]    Compiling syn v1.0.108
[INFO] [stderr]    Compiling subtle v2.4.1
[INFO] [stderr]    Compiling zeroize v1.5.5
[INFO] [stderr]    Compiling serde_derive v1.0.152
[INFO] [stderr]    Compiling const-oid v0.9.1
[INFO] [stderr]    Compiling serde v1.0.152
[INFO] [stderr]    Compiling der v0.6.1
[INFO] [stderr]    Compiling base64ct v1.5.0
[INFO] [stderr]    Compiling getrandom v0.1.16
[INFO] [stderr]    Compiling base16ct v0.1.1
[INFO] [stderr]    Compiling cpufeatures v0.2.2
[INFO] [stderr]    Compiling byteorder v1.4.3
[INFO] [stderr]    Compiling serde_json v1.0.81
[INFO] [stderr]    Compiling quote v1.0.18
[INFO] [stderr]    Compiling hex v0.4.3
[INFO] [stderr]    Compiling getrandom v0.2.6
[INFO] [stderr]    Compiling rand_core v0.6.3
[INFO] [stderr]    Compiling rand_core v0.5.1
[INFO] [stderr]    Compiling spki v0.6.0
[INFO] [stderr]    Compiling schemars v0.8.11
[INFO] [stderr]    Compiling ff v0.12.1
[INFO] [stderr]    Compiling pkcs8 v0.9.0
[INFO] [stderr]    Compiling group v0.12.1
[INFO] [stderr]    Compiling opaque-debug v0.3.0
[INFO] [stderr]    Compiling crunchy v0.2.2
[INFO] [stderr]    Compiling dyn-clone v1.0.5
[INFO] [stderr]    Compiling static_assertions v1.1.0
[INFO] [stderr]    Compiling base64 v0.13.0
[INFO] [stderr]    Compiling forward_ref v1.0.0
[INFO] [stderr]    Compiling semver v1.0.16
[INFO] [stderr]    Compiling uint v0.9.3
[INFO] [stderr]    Compiling block-buffer v0.10.3
[INFO] [stderr]    Compiling crypto-common v0.1.6
[INFO] [stderr]    Compiling crypto-bigint v0.4.9
[INFO] [stderr]    Compiling digest v0.9.0
[INFO] [stderr]    Compiling sec1 v0.3.0
[INFO] [stderr]    Compiling block-buffer v0.9.0
[INFO] [stderr]    Compiling curve25519-dalek v3.2.0
[INFO] [stderr]    Compiling sha2 v0.9.9
[INFO] [stderr]    Compiling digest v0.10.6
[INFO] [stderr]    Compiling hmac v0.12.1
[INFO] [stderr]    Compiling signature v1.6.4
[INFO] [stderr]    Compiling sha2 v0.10.6
[INFO] [stderr]    Compiling rfc6979 v0.3.1
[INFO] [stderr]    Compiling elliptic-curve v0.12.3
[INFO] [stderr]    Compiling ecdsa v0.14.8
[INFO] [stderr]    Compiling k256 v0.11.6
[INFO] [stderr]    Compiling serde_derive_internals v0.26.0
[INFO] [stderr]    Compiling thiserror-impl v1.0.31
[INFO] [stderr]    Compiling schemars_derive v0.8.11
[INFO] [stderr]    Compiling derivative v2.2.0
[INFO] [stderr]    Compiling cosmwasm-derive v1.2.1
[INFO] [stderr]    Compiling cosmwasm-schema-derive v1.2.1
[INFO] [stderr]    Compiling thiserror v1.0.31
[INFO] [stderr]    Compiling ed25519-zebra v3.0.0
[INFO] [stderr]    Compiling serde-json-wasm v0.5.0
[INFO] [stderr]    Compiling cosmwasm-crypto v1.2.1
[INFO] [stderr]    Compiling cosmwasm-std v1.2.1
[INFO] [stderr]    Compiling cosmwasm-schema v1.2.1
[INFO] [stderr]    Compiling cw-storage-plus v0.15.1
[INFO] [stderr]    Compiling cw-storage-plus v0.16.0
[INFO] [stderr]    Compiling komple-framework-types v1.1.1-beta
[INFO] [stderr]    Compiling cosmwasm-storage v1.2.1
[INFO] [stderr]    Compiling cw2 v0.15.1
[INFO] [stderr]    Compiling cw2 v0.16.0
[INFO] [stderr]    Compiling cw-utils v0.15.1
[INFO] [stderr]    Compiling cw-utils v0.16.0
[INFO] [stderr]    Compiling cw20 v0.16.0
[INFO] [stderr]    Compiling cw721 v0.15.0
[INFO] [stderr]    Compiling cw721-base v0.15.0
[INFO] [stderr]    Compiling komple-framework-utils v1.1.1-beta
[INFO] [stderr]    Compiling komple-framework-hub-module v1.1.1-beta (/opt/rustwide/workdir)
[INFO] [stderr]     Finished dev [unoptimized + debuginfo] target(s) in 34.47s
[INFO] running `Command { std: "docker" "inspect" "ef86006c69d919ed17c8feec8a58cb12e6a6e5639d1b01f046e8dbe9e55e3b76", kill_on_drop: false }`
[INFO] running `Command { std: "docker" "rm" "-f" "ef86006c69d919ed17c8feec8a58cb12e6a6e5639d1b01f046e8dbe9e55e3b76", kill_on_drop: false }`
[INFO] [stdout] ef86006c69d919ed17c8feec8a58cb12e6a6e5639d1b01f046e8dbe9e55e3b76
[INFO] running `Command { std: "docker" "create" "-v" "/var/lib/crater-agent-workspace/builds/worker-4-tc2/target:/opt/rustwide/target:rw,Z" "-v" "/var/lib/crater-agent-workspace/builds/worker-4-tc2/source:/opt/rustwide/workdir:ro,Z" "-v" "/var/lib/crater-agent-workspace/cargo-home:/opt/rustwide/cargo-home:ro,Z" "-v" "/var/lib/crater-agent-workspace/rustup-home:/opt/rustwide/rustup-home:ro,Z" "-e" "SOURCE_DIR=/opt/rustwide/workdir" "-e" "CARGO_TARGET_DIR=/opt/rustwide/target" "-e" "CARGO_INCREMENTAL=0" "-e" "RUST_BACKTRACE=full" "-e" "RUSTFLAGS=--cap-lints=warn" "-e" "RUSTDOCFLAGS=--cap-lints=warn" "-e" "CARGO_HOME=/opt/rustwide/cargo-home" "-e" "RUSTUP_HOME=/opt/rustwide/rustup-home" "-w" "/opt/rustwide/workdir" "-m" "1610612736" "--user" "0:0" "--network" "none" "ghcr.io/rust-lang/crates-build-env/linux@sha256:5ff2268d62e97bff2cde7d5815dd6ed5b47097566f13b8d0ca110b04b60e07ed" "/opt/rustwide/cargo-home/bin/cargo" "+beta-2023-04-20" "test" "--frozen" "--no-run" "--message-format=json", kill_on_drop: false }`
[INFO] [stdout] daf35047a6ce3f5b5f5d6154b29a23cfe3f461e9f8755f60b101b17c41d40bac
[INFO] running `Command { std: "docker" "start" "-a" "daf35047a6ce3f5b5f5d6154b29a23cfe3f461e9f8755f60b101b17c41d40bac", kill_on_drop: false }`
[INFO] [stderr]    Compiling anyhow v1.0.57
[INFO] [stderr]    Compiling either v1.6.1
[INFO] [stderr]    Compiling bytes v1.1.0
[INFO] [stderr]    Compiling itertools v0.10.3
[INFO] [stderr]    Compiling prost-derive v0.9.0
[INFO] [stderr]    Compiling prost v0.9.0
[INFO] [stderr]    Compiling cw-multi-test v0.15.1
[INFO] [stderr]    Compiling komple-framework-hub-module v1.1.1-beta (/opt/rustwide/workdir)
[INFO] [stdout] error[E0433]: failed to resolve: use of undeclared crate or module `komple_framework_fee_module`
[INFO] [stdout]  --> tests/integration.rs:4:5
[INFO] [stdout]   |
[INFO] [stdout] 4 | use komple_framework_fee_module::{
[INFO] [stdout]   |     ^^^^^^^^^^^^^^^^^^^^^^^^^^^ use of undeclared crate or module `komple_framework_fee_module`
[INFO] [stdout]   |
[INFO] [stdout] help: there is a crate or module with a similar name
[INFO] [stdout]   |
[INFO] [stdout] 4 | use komple_framework_hub_module::{
[INFO] [stdout]   |     ~~~~~~~~~~~~~~~~~~~~~~~~~~~
[INFO] [stdout] 
[INFO] [stdout] 
[INFO] [stdout] error[E0433]: failed to resolve: use of undeclared crate or module `komple_framework_marketplace_module`
[INFO] [stdout]   --> tests/integration.rs:12:5
[INFO] [stdout]    |
[INFO] [stdout] 12 | use komple_framework_marketplace_module::msg::{
[INFO] [stdout]    |     ^^^^^^^^^^^^^^^^^^^^^^^^^^^^^^^^^^^ use of undeclared crate or module `komple_framework_marketplace_module`
[INFO] [stdout]    |
[INFO] [stdout] help: there is a crate or module with a similar name
[INFO] [stdout]    |
[INFO] [stdout] 12 | use komple_framework_hub_module::msg::{
[INFO] [stdout]    |     ~~~~~~~~~~~~~~~~~~~~~~~~~~~
[INFO] [stdout] 
[INFO] [stdout] 
[INFO] [stdout] error[E0433]: failed to resolve: use of undeclared crate or module `komple_framework_marketplace_module`
[INFO] [stdout]   --> tests/integration.rs:15:5
[INFO] [stdout]    |
[INFO] [stdout] 15 | use komple_framework_marketplace_module::{
[INFO] [stdout]    |     ^^^^^^^^^^^^^^^^^^^^^^^^^^^^^^^^^^^ use of undeclared crate or module `komple_framework_marketplace_module`
[INFO] [stdout]    |
[INFO] [stdout] help: there is a crate or module with a similar name
[INFO] [stdout]    |
[INFO] [stdout] 15 | use komple_framework_hub_module::{
[INFO] [stdout]    |     ~~~~~~~~~~~~~~~~~~~~~~~~~~~
[INFO] [stdout] 
[INFO] [stdout] 
[INFO] [stdout] error[E0432]: unresolved import `komple_framework_fee_module`
[INFO] [stdout]  --> tests/integration.rs:4:5
[INFO] [stdout]   |
[INFO] [stdout] 4 | use komple_framework_fee_module::{
[INFO] [stdout]   |     ^^^^^^^^^^^^^^^^^^^^^^^^^^^ use of undeclared crate or module `komple_framework_fee_module`
[INFO] [stdout]   |
[INFO] [stdout] help: there is a crate or module with a similar name
[INFO] [stdout]   |
[INFO] [stdout] 4 | use komple_framework_hub_module::{
[INFO] [stdout]   |     ~~~~~~~~~~~~~~~~~~~~~~~~~~~
[INFO] [stdout] 
[INFO] [stdout] 
[INFO] [stdout] error[E0433]: failed to resolve: use of undeclared crate or module `komple_framework_merge_module`
[INFO] [stdout]   --> tests/integration.rs:18:5
[INFO] [stdout]    |
[INFO] [stdout] 18 | use komple_framework_merge_module::{
[INFO] [stdout]    |     ^^^^^^^^^^^^^^^^^^^^^^^^^^^^^ use of undeclared crate or module `komple_framework_merge_module`
[INFO] [stdout]    |
[INFO] [stdout] help: there is a crate or module with a similar name
[INFO] [stdout]    |
[INFO] [stdout] 18 | use komple_framework_hub_module::{
[INFO] [stdout]    |     ~~~~~~~~~~~~~~~~~~~~~~~~~~~
[INFO] [stdout] 
[INFO] [stdout] 
[INFO] [stdout] error[E0432]: unresolved import `komple_framework_marketplace_module`
[INFO] [stdout]   --> tests/integration.rs:15:5
[INFO] [stdout]    |
[INFO] [stdout] 15 | use komple_framework_marketplace_module::{
[INFO] [stdout]    |     ^^^^^^^^^^^^^^^^^^^^^^^^^^^^^^^^^^^ use of undeclared crate or module `komple_framework_marketplace_module`
[INFO] [stdout]    |
[INFO] [stdout] help: there is a crate or module with a similar name
[INFO] [stdout]    |
[INFO] [stdout] 15 | use komple_framework_hub_module::{
[INFO] [stdout]    |     ~~~~~~~~~~~~~~~~~~~~~~~~~~~
[INFO] [stdout] 
[INFO] [stdout] 
[INFO] [stdout] error[E0433]: failed to resolve: use of undeclared crate or module `komple_framework_mint_module`
[INFO] [stdout]   --> tests/integration.rs:21:5
[INFO] [stdout]    |
[INFO] [stdout] 21 | use komple_framework_mint_module::{
[INFO] [stdout]    |     ^^^^^^^^^^^^^^^^^^^^^^^^^^^^ use of undeclared crate or module `komple_framework_mint_module`
[INFO] [stdout]    |
[INFO] [stdout] help: there is a crate or module with a similar name
[INFO] [stdout]    |
[INFO] [stdout] 21 | use komple_framework_hub_module::{
[INFO] [stdout]    |     ~~~~~~~~~~~~~~~~~~~~~~~~~~~
[INFO] [stdout] 
[INFO] [stdout] 
[INFO] [stdout] error[E0432]: unresolved import `komple_framework_merge_module`
[INFO] [stdout]   --> tests/integration.rs:18:5
[INFO] [stdout]    |
[INFO] [stdout] 18 | use komple_framework_merge_module::{
[INFO] [stdout]    |     ^^^^^^^^^^^^^^^^^^^^^^^^^^^^^ use of undeclared crate or module `komple_framework_merge_module`
[INFO] [stdout]    |
[INFO] [stdout] help: there is a crate or module with a similar name
[INFO] [stdout]    |
[INFO] [stdout] 18 | use komple_framework_hub_module::{
[INFO] [stdout]    |     ~~~~~~~~~~~~~~~~~~~~~~~~~~~
[INFO] [stdout] 
[INFO] [stdout] 
[INFO] [stdout] error[E0433]: failed to resolve: use of undeclared crate or module `komple_framework_permission_module`
[INFO] [stdout]   --> tests/integration.rs:24:5
[INFO] [stdout]    |
[INFO] [stdout] 24 | use komple_framework_permission_module::{
[INFO] [stdout]    |     ^^^^^^^^^^^^^^^^^^^^^^^^^^^^^^^^^^ use of undeclared crate or module `komple_framework_permission_module`
[INFO] [stdout]    |
[INFO] [stdout] help: there is a crate or module with a similar name
[INFO] [stdout]    |
[INFO] [stdout] 24 | use komple_framework_hub_module::{
[INFO] [stdout]    |     ~~~~~~~~~~~~~~~~~~~~~~~~~~~
[INFO] [stdout] 
[INFO] [stdout] 
[INFO] [stdout] error[E0432]: unresolved import `komple_framework_mint_module`
[INFO] [stdout]   --> tests/integration.rs:21:5
[INFO] [stdout]    |
[INFO] [stdout] 21 | use komple_framework_mint_module::{
[INFO] [stdout]    |     ^^^^^^^^^^^^^^^^^^^^^^^^^^^^ use of undeclared crate or module `komple_framework_mint_module`
[INFO] [stdout]    |
[INFO] [stdout] help: there is a crate or module with a similar name
[INFO] [stdout]    |
[INFO] [stdout] 21 | use komple_framework_hub_module::{
[INFO] [stdout]    |     ~~~~~~~~~~~~~~~~~~~~~~~~~~~
[INFO] [stdout] 
[INFO] [stdout] 
[INFO] [stdout] error[E0432]: unresolved import `komple_framework_permission_module`
[INFO] [stdout]   --> tests/integration.rs:24:5
[INFO] [stdout]    |
[INFO] [stdout] 24 | use komple_framework_permission_module::{
[INFO] [stdout]    |     ^^^^^^^^^^^^^^^^^^^^^^^^^^^^^^^^^^ use of undeclared crate or module `komple_framework_permission_module`
[INFO] [stdout]    |
[INFO] [stdout] help: there is a crate or module with a similar name
[INFO] [stdout]    |
[INFO] [stdout] 24 | use komple_framework_hub_module::{
[INFO] [stdout]    |     ~~~~~~~~~~~~~~~~~~~~~~~~~~~
[INFO] [stdout] 
[INFO] [stdout] 
[INFO] [stdout] error[E0433]: failed to resolve: use of undeclared crate or module `komple_framework_mint_module`
[INFO] [stdout]   --> tests/integration.rs:43:9
[INFO] [stdout]    |
[INFO] [stdout] 43 |         komple_framework_mint_module::contract::execute,
[INFO] [stdout]    |         ^^^^^^^^^^^^^^^^^^^^^^^^^^^^ use of undeclared crate or module `komple_framework_mint_module`
[INFO] [stdout]    |
[INFO] [stdout] help: there is a crate or module with a similar name
[INFO] [stdout]    |
[INFO] [stdout] 43 |         komple_framework_hub_module::contract::execute,
[INFO] [stdout]    |         ~~~~~~~~~~~~~~~~~~~~~~~~~~~
[INFO] [stdout] 
[INFO] [stdout] 
[INFO] [stdout] error[E0433]: failed to resolve: use of undeclared crate or module `komple_framework_mint_module`
[INFO] [stdout]   --> tests/integration.rs:44:9
[INFO] [stdout]    |
[INFO] [stdout] 44 |         komple_framework_mint_module::contract::instantiate,
[INFO] [stdout]    |         ^^^^^^^^^^^^^^^^^^^^^^^^^^^^ use of undeclared crate or module `komple_framework_mint_module`
[INFO] [stdout]    |
[INFO] [stdout] help: there is a crate or module with a similar name
[INFO] [stdout]    |
[INFO] [stdout] 44 |         komple_framework_hub_module::contract::instantiate,
[INFO] [stdout]    |         ~~~~~~~~~~~~~~~~~~~~~~~~~~~
[INFO] [stdout] 
[INFO] [stdout] 
[INFO] [stdout] error[E0433]: failed to resolve: use of undeclared crate or module `komple_framework_mint_module`
[INFO] [stdout]   --> tests/integration.rs:45:9
[INFO] [stdout]    |
[INFO] [stdout] 45 |         komple_framework_mint_module::contract::query,
[INFO] [stdout]    |         ^^^^^^^^^^^^^^^^^^^^^^^^^^^^ use of undeclared crate or module `komple_framework_mint_module`
[INFO] [stdout]    |
[INFO] [stdout] help: there is a crate or module with a similar name
[INFO] [stdout]    |
[INFO] [stdout] 45 |         komple_framework_hub_module::contract::query,
[INFO] [stdout]    |         ~~~~~~~~~~~~~~~~~~~~~~~~~~~
[INFO] [stdout] 
[INFO] [stdout] 
[INFO] [stdout] error[E0433]: failed to resolve: use of undeclared crate or module `komple_framework_mint_module`
[INFO] [stdout]   --> tests/integration.rs:47:17
[INFO] [stdout]    |
[INFO] [stdout] 47 |     .with_reply(komple_framework_mint_module::contract::reply);
[INFO] [stdout]    |                 ^^^^^^^^^^^^^^^^^^^^^^^^^^^^ use of undeclared crate or module `komple_framework_mint_module`
[INFO] [stdout]    |
[INFO] [stdout] help: there is a crate or module with a similar name
[INFO] [stdout]    |
[INFO] [stdout] 47 |     .with_reply(komple_framework_hub_module::contract::reply);
[INFO] [stdout]    |                 ~~~~~~~~~~~~~~~~~~~~~~~~~~~
[INFO] [stdout] 
[INFO] [stdout] 
[INFO] [stdout] error[E0433]: failed to resolve: use of undeclared crate or module `komple_framework_permission_module`
[INFO] [stdout]   --> tests/integration.rs:53:9
[INFO] [stdout]    |
[INFO] [stdout] 53 |         komple_framework_permission_module::contract::execute,
[INFO] [stdout]    |         ^^^^^^^^^^^^^^^^^^^^^^^^^^^^^^^^^^ use of undeclared crate or module `komple_framework_permission_module`
[INFO] [stdout]    |
[INFO] [stdout] help: there is a crate or module with a similar name
[INFO] [stdout]    |
[INFO] [stdout] 53 |         komple_framework_hub_module::contract::execute,
[INFO] [stdout]    |         ~~~~~~~~~~~~~~~~~~~~~~~~~~~
[INFO] [stdout] 
[INFO] [stdout] 
[INFO] [stdout] error[E0433]: failed to resolve: use of undeclared crate or module `komple_framework_permission_module`
[INFO] [stdout]   --> tests/integration.rs:54:9
[INFO] [stdout]    |
[INFO] [stdout] 54 |         komple_framework_permission_module::contract::instantiate,
[INFO] [stdout]    |         ^^^^^^^^^^^^^^^^^^^^^^^^^^^^^^^^^^ use of undeclared crate or module `komple_framework_permission_module`
[INFO] [stdout]    |
[INFO] [stdout] help: there is a crate or module with a similar name
[INFO] [stdout]    |
[INFO] [stdout] 54 |         komple_framework_hub_module::contract::instantiate,
[INFO] [stdout]    |         ~~~~~~~~~~~~~~~~~~~~~~~~~~~
[INFO] [stdout] 
[INFO] [stdout] 
[INFO] [stdout] error[E0433]: failed to resolve: use of undeclared crate or module `komple_framework_permission_module`
[INFO] [stdout]   --> tests/integration.rs:55:9
[INFO] [stdout]    |
[INFO] [stdout] 55 |         komple_framework_permission_module::contract::query,
[INFO] [stdout]    |         ^^^^^^^^^^^^^^^^^^^^^^^^^^^^^^^^^^ use of undeclared crate or module `komple_framework_permission_module`
[INFO] [stdout]    |
[INFO] [stdout] help: there is a crate or module with a similar name
[INFO] [stdout]    |
[INFO] [stdout] 55 |         komple_framework_hub_module::contract::query,
[INFO] [stdout]    |         ~~~~~~~~~~~~~~~~~~~~~~~~~~~
[INFO] [stdout] 
[INFO] [stdout] 
[INFO] [stdout] error[E0433]: failed to resolve: use of undeclared crate or module `komple_framework_merge_module`
[INFO] [stdout]   --> tests/integration.rs:62:9
[INFO] [stdout]    |
[INFO] [stdout] 62 |         komple_framework_merge_module::contract::execute,
[INFO] [stdout]    |         ^^^^^^^^^^^^^^^^^^^^^^^^^^^^^ use of undeclared crate or module `komple_framework_merge_module`
[INFO] [stdout]    |
[INFO] [stdout] help: there is a crate or module with a similar name
[INFO] [stdout]    |
[INFO] [stdout] 62 |         komple_framework_hub_module::contract::execute,
[INFO] [stdout]    |         ~~~~~~~~~~~~~~~~~~~~~~~~~~~
[INFO] [stdout] 
[INFO] [stdout] 
[INFO] [stdout] error[E0433]: failed to resolve: use of undeclared crate or module `komple_framework_merge_module`
[INFO] [stdout]   --> tests/integration.rs:63:9
[INFO] [stdout]    |
[INFO] [stdout] 63 |         komple_framework_merge_module::contract::instantiate,
[INFO] [stdout]    |         ^^^^^^^^^^^^^^^^^^^^^^^^^^^^^ use of undeclared crate or module `komple_framework_merge_module`
[INFO] [stdout]    |
[INFO] [stdout] help: there is a crate or module with a similar name
[INFO] [stdout]    |
[INFO] [stdout] 63 |         komple_framework_hub_module::contract::instantiate,
[INFO] [stdout]    |         ~~~~~~~~~~~~~~~~~~~~~~~~~~~
[INFO] [stdout] 
[INFO] [stdout] 
[INFO] [stdout] error[E0433]: failed to resolve: use of undeclared crate or module `komple_framework_merge_module`
[INFO] [stdout]   --> tests/integration.rs:64:9
[INFO] [stdout]    |
[INFO] [stdout] 64 |         komple_framework_merge_module::contract::query,
[INFO] [stdout]    |         ^^^^^^^^^^^^^^^^^^^^^^^^^^^^^ use of undeclared crate or module `komple_framework_merge_module`
[INFO] [stdout]    |
[INFO] [stdout] help: there is a crate or module with a similar name
[INFO] [stdout]    |
[INFO] [stdout] 64 |         komple_framework_hub_module::contract::query,
[INFO] [stdout]    |         ~~~~~~~~~~~~~~~~~~~~~~~~~~~
[INFO] [stdout] 
[INFO] [stdout] 
[INFO] [stdout] error[E0433]: failed to resolve: use of undeclared crate or module `komple_framework_marketplace_module`
[INFO] [stdout]   --> tests/integration.rs:71:9
[INFO] [stdout]    |
[INFO] [stdout] 71 |         komple_framework_marketplace_module::contract::execute,
[INFO] [stdout]    |         ^^^^^^^^^^^^^^^^^^^^^^^^^^^^^^^^^^^ use of undeclared crate or module `komple_framework_marketplace_module`
[INFO] [stdout]    |
[INFO] [stdout] help: there is a crate or module with a similar name
[INFO] [stdout]    |
[INFO] [stdout] 71 |         komple_framework_hub_module::contract::execute,
[INFO] [stdout]    |         ~~~~~~~~~~~~~~~~~~~~~~~~~~~
[INFO] [stdout] 
[INFO] [stdout] 
[INFO] [stdout] error[E0433]: failed to resolve: use of undeclared crate or module `komple_framework_marketplace_module`
[INFO] [stdout]   --> tests/integration.rs:72:9
[INFO] [stdout]    |
[INFO] [stdout] 72 |         komple_framework_marketplace_module::contract::instantiate,
[INFO] [stdout]    |         ^^^^^^^^^^^^^^^^^^^^^^^^^^^^^^^^^^^ use of undeclared crate or module `komple_framework_marketplace_module`
[INFO] [stdout]    |
[INFO] [stdout] help: there is a crate or module with a similar name
[INFO] [stdout]    |
[INFO] [stdout] 72 |         komple_framework_hub_module::contract::instantiate,
[INFO] [stdout]    |         ~~~~~~~~~~~~~~~~~~~~~~~~~~~
[INFO] [stdout] 
[INFO] [stdout] 
[INFO] [stdout] error[E0433]: failed to resolve: use of undeclared crate or module `komple_framework_marketplace_module`
[INFO] [stdout]   --> tests/integration.rs:73:9
[INFO] [stdout]    |
[INFO] [stdout] 73 |         komple_framework_marketplace_module::contract::query,
[INFO] [stdout]    |         ^^^^^^^^^^^^^^^^^^^^^^^^^^^^^^^^^^^ use of undeclared crate or module `komple_framework_marketplace_module`
[INFO] [stdout]    |
[INFO] [stdout] help: there is a crate or module with a similar name
[INFO] [stdout]    |
[INFO] [stdout] 73 |         komple_framework_hub_module::contract::query,
[INFO] [stdout]    |         ~~~~~~~~~~~~~~~~~~~~~~~~~~~
[INFO] [stdout] 
[INFO] [stdout] 
[INFO] [stdout] error[E0433]: failed to resolve: use of undeclared crate or module `komple_framework_fee_module`
[INFO] [stdout]   --> tests/integration.rs:80:9
[INFO] [stdout]    |
[INFO] [stdout] 80 |         komple_framework_fee_module::contract::execute,
[INFO] [stdout]    |         ^^^^^^^^^^^^^^^^^^^^^^^^^^^ use of undeclared crate or module `komple_framework_fee_module`
[INFO] [stdout]    |
[INFO] [stdout] help: there is a crate or module with a similar name
[INFO] [stdout]    |
[INFO] [stdout] 80 |         komple_framework_hub_module::contract::execute,
[INFO] [stdout]    |         ~~~~~~~~~~~~~~~~~~~~~~~~~~~
[INFO] [stdout] 
[INFO] [stdout] 
[INFO] [stdout] error[E0433]: failed to resolve: use of undeclared crate or module `komple_framework_fee_module`
[INFO] [stdout]   --> tests/integration.rs:81:9
[INFO] [stdout]    |
[INFO] [stdout] 81 |         komple_framework_fee_module::contract::instantiate,
[INFO] [stdout]    |         ^^^^^^^^^^^^^^^^^^^^^^^^^^^ use of undeclared crate or module `komple_framework_fee_module`
[INFO] [stdout]    |
[INFO] [stdout] help: there is a crate or module with a similar name
[INFO] [stdout]    |
[INFO] [stdout] 81 |         komple_framework_hub_module::contract::instantiate,
[INFO] [stdout]    |         ~~~~~~~~~~~~~~~~~~~~~~~~~~~
[INFO] [stdout] 
[INFO] [stdout] 
[INFO] [stdout] error[E0433]: failed to resolve: use of undeclared crate or module `komple_framework_fee_module`
[INFO] [stdout]   --> tests/integration.rs:82:9
[INFO] [stdout]    |
[INFO] [stdout] 82 |         komple_framework_fee_module::contract::query,
[INFO] [stdout]    |         ^^^^^^^^^^^^^^^^^^^^^^^^^^^ use of undeclared crate or module `komple_framework_fee_module`
[INFO] [stdout]    |
[INFO] [stdout] help: there is a crate or module with a similar name
[INFO] [stdout]    |
[INFO] [stdout] 82 |         komple_framework_hub_module::contract::query,
[INFO] [stdout]    |         ~~~~~~~~~~~~~~~~~~~~~~~~~~~
[INFO] [stdout] 
[INFO] [stdout] 
[INFO] [stdout] error: aborting due to 27 previous errors
[INFO] [stdout] 
[INFO] [stdout] 
[INFO] [stdout] Some errors have detailed explanations: E0432, E0433.
[INFO] [stdout] 
[INFO] [stdout] For more information about an error, try `rustc --explain E0432`.
[INFO] [stdout] 
[INFO] [stderr] error: could not compile `komple-framework-hub-module` (test "integration") due to 28 previous errors
[INFO] [stderr] warning: build failed, waiting for other jobs to finish...
[INFO] running `Command { std: "docker" "inspect" "daf35047a6ce3f5b5f5d6154b29a23cfe3f461e9f8755f60b101b17c41d40bac", kill_on_drop: false }`
[INFO] running `Command { std: "docker" "rm" "-f" "daf35047a6ce3f5b5f5d6154b29a23cfe3f461e9f8755f60b101b17c41d40bac", kill_on_drop: false }`
[INFO] [stdout] daf35047a6ce3f5b5f5d6154b29a23cfe3f461e9f8755f60b101b17c41d40bac
