[INFO] fetching crate kfl-derive 0.0.17...
[INFO] testing kfl-derive-0.0.17 against 1.69.0 for beta-1.70-1
[INFO] extracting crate kfl-derive 0.0.17 into /workspace/builds/worker-5-tc1/source
[INFO] validating manifest of crates.io crate kfl-derive 0.0.17 on toolchain 1.69.0
[INFO] running `Command { std: CARGO_HOME="/workspace/cargo-home" RUSTUP_HOME="/workspace/rustup-home" "/workspace/cargo-home/bin/cargo" "+1.69.0" "metadata" "--manifest-path" "Cargo.toml" "--no-deps", kill_on_drop: false }`
[INFO] started tweaking crates.io crate kfl-derive 0.0.17
[INFO] finished tweaking crates.io crate kfl-derive 0.0.17
[INFO] tweaked toml for crates.io crate kfl-derive 0.0.17 written to /workspace/builds/worker-5-tc1/source/Cargo.toml
[INFO] running `Command { std: CARGO_HOME="/workspace/cargo-home" RUSTUP_HOME="/workspace/rustup-home" __CARGO_TEST_CHANNEL_OVERRIDE_DO_NOT_USE_THIS="nightly" "/workspace/cargo-home/bin/cargo" "+1.69.0" "generate-lockfile" "--manifest-path" "Cargo.toml" "-Zno-index-update", kill_on_drop: false }`
[INFO] running `Command { std: CARGO_HOME="/workspace/cargo-home" RUSTUP_HOME="/workspace/rustup-home" "/workspace/cargo-home/bin/cargo" "+1.69.0" "fetch" "--manifest-path" "Cargo.toml", kill_on_drop: false }`
[INFO] running `Command { std: "docker" "create" "-v" "/var/lib/crater-agent-workspace/builds/worker-5-tc1/target:/opt/rustwide/target:rw,Z" "-v" "/var/lib/crater-agent-workspace/builds/worker-5-tc1/source:/opt/rustwide/workdir:ro,Z" "-v" "/var/lib/crater-agent-workspace/cargo-home:/opt/rustwide/cargo-home:ro,Z" "-v" "/var/lib/crater-agent-workspace/rustup-home:/opt/rustwide/rustup-home:ro,Z" "-e" "SOURCE_DIR=/opt/rustwide/workdir" "-e" "CARGO_TARGET_DIR=/opt/rustwide/target" "-e" "CARGO_HOME=/opt/rustwide/cargo-home" "-e" "RUSTUP_HOME=/opt/rustwide/rustup-home" "-w" "/opt/rustwide/workdir" "-m" "1610612736" "--user" "0:0" "--network" "none" "ghcr.io/rust-lang/crates-build-env/linux@sha256:97d61d7686bf65f8ecb15491ab51835e82dc9176a96a831f143a431b191fc501" "/opt/rustwide/cargo-home/bin/cargo" "+1.69.0" "metadata" "--no-deps" "--format-version=1", kill_on_drop: false }`
[INFO] [stdout] 38ca5bbac5bc487825534e112fea2407762a66715665348d1a3c64e3b7889cdb
[INFO] running `Command { std: "docker" "start" "-a" "38ca5bbac5bc487825534e112fea2407762a66715665348d1a3c64e3b7889cdb", kill_on_drop: false }`
[INFO] running `Command { std: "docker" "inspect" "38ca5bbac5bc487825534e112fea2407762a66715665348d1a3c64e3b7889cdb", kill_on_drop: false }`
[INFO] running `Command { std: "docker" "rm" "-f" "38ca5bbac5bc487825534e112fea2407762a66715665348d1a3c64e3b7889cdb", kill_on_drop: false }`
[INFO] [stdout] 38ca5bbac5bc487825534e112fea2407762a66715665348d1a3c64e3b7889cdb
[INFO] running `Command { std: "docker" "create" "-v" "/var/lib/crater-agent-workspace/builds/worker-5-tc1/target:/opt/rustwide/target:rw,Z" "-v" "/var/lib/crater-agent-workspace/builds/worker-5-tc1/source:/opt/rustwide/workdir:ro,Z" "-v" "/var/lib/crater-agent-workspace/cargo-home:/opt/rustwide/cargo-home:ro,Z" "-v" "/var/lib/crater-agent-workspace/rustup-home:/opt/rustwide/rustup-home:ro,Z" "-e" "SOURCE_DIR=/opt/rustwide/workdir" "-e" "CARGO_TARGET_DIR=/opt/rustwide/target" "-e" "CARGO_INCREMENTAL=0" "-e" "RUST_BACKTRACE=full" "-e" "RUSTFLAGS=--cap-lints=warn" "-e" "RUSTDOCFLAGS=--cap-lints=warn" "-e" "CARGO_HOME=/opt/rustwide/cargo-home" "-e" "RUSTUP_HOME=/opt/rustwide/rustup-home" "-w" "/opt/rustwide/workdir" "-m" "1610612736" "--user" "0:0" "--network" "none" "ghcr.io/rust-lang/crates-build-env/linux@sha256:97d61d7686bf65f8ecb15491ab51835e82dc9176a96a831f143a431b191fc501" "/opt/rustwide/cargo-home/bin/cargo" "+1.69.0" "build" "--frozen" "--message-format=json", kill_on_drop: false }`
[INFO] [stdout] 5cab15a3b38f6376bb3fe2a869ece94979511473a13903fd269547ebcbbbeadc
[INFO] running `Command { std: "docker" "start" "-a" "5cab15a3b38f6376bb3fe2a869ece94979511473a13903fd269547ebcbbbeadc", kill_on_drop: false }`
[INFO] [stderr]    Compiling syn v1.0.109
[INFO] [stderr]    Compiling proc-macro-error-attr v1.0.4
[INFO] [stderr]    Compiling proc-macro-error v1.0.4
[INFO] [stderr]    Compiling kfl-derive v0.0.17 (/opt/rustwide/workdir)
[INFO] [stderr]     Finished dev [unoptimized + debuginfo] target(s) in 10.09s
[INFO] running `Command { std: "docker" "inspect" "5cab15a3b38f6376bb3fe2a869ece94979511473a13903fd269547ebcbbbeadc", kill_on_drop: false }`
[INFO] running `Command { std: "docker" "rm" "-f" "5cab15a3b38f6376bb3fe2a869ece94979511473a13903fd269547ebcbbbeadc", kill_on_drop: false }`
[INFO] [stdout] 5cab15a3b38f6376bb3fe2a869ece94979511473a13903fd269547ebcbbbeadc
[INFO] running `Command { std: "docker" "create" "-v" "/var/lib/crater-agent-workspace/builds/worker-5-tc1/target:/opt/rustwide/target:rw,Z" "-v" "/var/lib/crater-agent-workspace/builds/worker-5-tc1/source:/opt/rustwide/workdir:ro,Z" "-v" "/var/lib/crater-agent-workspace/cargo-home:/opt/rustwide/cargo-home:ro,Z" "-v" "/var/lib/crater-agent-workspace/rustup-home:/opt/rustwide/rustup-home:ro,Z" "-e" "SOURCE_DIR=/opt/rustwide/workdir" "-e" "CARGO_TARGET_DIR=/opt/rustwide/target" "-e" "CARGO_INCREMENTAL=0" "-e" "RUST_BACKTRACE=full" "-e" "RUSTFLAGS=--cap-lints=warn" "-e" "RUSTDOCFLAGS=--cap-lints=warn" "-e" "CARGO_HOME=/opt/rustwide/cargo-home" "-e" "RUSTUP_HOME=/opt/rustwide/rustup-home" "-w" "/opt/rustwide/workdir" "-m" "1610612736" "--user" "0:0" "--network" "none" "ghcr.io/rust-lang/crates-build-env/linux@sha256:97d61d7686bf65f8ecb15491ab51835e82dc9176a96a831f143a431b191fc501" "/opt/rustwide/cargo-home/bin/cargo" "+1.69.0" "test" "--frozen" "--no-run" "--message-format=json", kill_on_drop: false }`
[INFO] [stdout] 9a5f9d4532cad774f0b269219e3ae20de2c98a32747805512e167cb28d3d8577
[INFO] running `Command { std: "docker" "start" "-a" "9a5f9d4532cad774f0b269219e3ae20de2c98a32747805512e167cb28d3d8577", kill_on_drop: false }`
[INFO] [stderr]    Compiling memchr v2.5.0
[INFO] [stderr]    Compiling rustix v0.37.18
[INFO] [stderr]    Compiling getrandom v0.2.9
[INFO] [stderr]    Compiling ahash v0.7.6
[INFO] [stderr]    Compiling regex-syntax v0.7.1
[INFO] [stderr]    Compiling syn v2.0.15
[INFO] [stderr]    Compiling syn v1.0.109
[INFO] [stderr]    Compiling smawk v0.3.1
[INFO] [stderr]    Compiling is_ci v1.1.1
[INFO] [stderr]    Compiling proc-macro-error v1.0.4
[INFO] [stderr]    Compiling terminal_size v0.1.17
[INFO] [stderr]    Compiling hashbrown v0.12.3
[INFO] [stderr]    Compiling owo-colors v3.5.0
[INFO] [stderr]    Compiling aho-corasick v1.0.1
[INFO] [stderr]    Compiling object v0.30.3
[INFO] [stderr]    Compiling heck v0.4.1
[INFO] [stderr]    Compiling thiserror-impl v1.0.40
[INFO] [stderr]    Compiling is-terminal v0.4.7
[INFO] [stderr]    Compiling regex v1.8.1
[INFO] [stderr]    Compiling supports-unicode v2.0.0
[INFO] [stderr]    Compiling supports-color v2.0.0
[INFO] [stderr]    Compiling supports-hyperlinks v2.1.0
[INFO] [stderr]    Compiling miette-derive v5.8.0
[INFO] [stderr]    Compiling thiserror v1.0.40
[INFO] [stderr]    Compiling backtrace v0.3.67
[INFO] [stderr]    Compiling backtrace-ext v0.2.1
[INFO] [stderr]    Compiling unicode-linebreak v0.1.4
[INFO] [stderr]    Compiling kfl-derive v0.0.17 (/opt/rustwide/workdir)
[INFO] [stderr]    Compiling textwrap v0.15.2
[INFO] [stderr]    Compiling miette v5.8.0
[INFO] [stdout] error[E0432]: unresolved import `kfl`
[INFO] [stdout]  --> tests/flatten.rs:3:5
[INFO] [stdout]   |
[INFO] [stdout] 3 | use kfl::{Decode, DecodePartial};
[INFO] [stdout]   |     ^^^ use of undeclared crate or module `kfl`
[INFO] [stdout] 
[INFO] [stdout] 
[INFO] [stdout] error: cannot determine resolution for the derive macro `Decode`
[INFO] [stdout]  --> tests/flatten.rs:5:10
[INFO] [stdout]   |
[INFO] [stdout] 5 | #[derive(Decode, Debug, PartialEq)]
[INFO] [stdout]   |          ^^^^^^
[INFO] [stdout]   |
[INFO] [stdout]   = note: import resolution is stuck, try simplifying macro imports
[INFO] [stdout] 
[INFO] [stdout] 
[INFO] [stdout] error[E0432]: unresolved import `kfl`
[INFO] [stdout]  --> tests/scalar.rs:3:5
[INFO] [stdout]   |
[INFO] [stdout] 3 | use kfl::{Decode, DecodeScalar};
[INFO] [stdout]   |     ^^^ use of undeclared crate or module `kfl`
[INFO] [stdout] 
[INFO] [stdout] 
[INFO] [stdout] error: cannot determine resolution for the derive macro `Decode`
[INFO] [stdout]   --> tests/scalar.rs:25:14
[INFO] [stdout]    |
[INFO] [stdout] 25 |     #[derive(Decode, Debug, PartialEq)]
[INFO] [stdout]    |              ^^^^^^
[INFO] [stdout]    |
[INFO] [stdout]    = note: import resolution is stuck, try simplifying macro imports
[INFO] [stdout] 
[INFO] [stdout] 
[INFO] [stdout] error: cannot find attribute `kfl` in this scope
[INFO] [stdout]  --> tests/flatten.rs:6:17
[INFO] [stdout]   |
[INFO] [stdout] 6 | struct Child1(#[kfl(argument)] String);
[INFO] [stdout]   |                 ^^^
[INFO] [stdout] 
[INFO] [stdout] 
[INFO] [stdout] error: cannot determine resolution for the derive macro `Decode`
[INFO] [stdout]  --> tests/flatten.rs:8:10
[INFO] [stdout]   |
[INFO] [stdout] 8 | #[derive(Decode, Debug, PartialEq)]
[INFO] [stdout]   |          ^^^^^^
[INFO] [stdout]   |
[INFO] [stdout]   = note: import resolution is stuck, try simplifying macro imports
[INFO] [stdout] 
[INFO] [stdout] 
[INFO] [stdout] error: cannot find attribute `kfl` in this scope
[INFO] [stdout]  --> tests/flatten.rs:9:17
[INFO] [stdout]   |
[INFO] [stdout] 9 | struct Child2(#[kfl(argument)] String);
[INFO] [stdout]   |                 ^^^
[INFO] [stdout] 
[INFO] [stdout] 
[INFO] [stdout] error: cannot determine resolution for the derive macro `DecodePartial`
[INFO] [stdout]   --> tests/flatten.rs:11:10
[INFO] [stdout]    |
[INFO] [stdout] 11 | #[derive(DecodePartial, Debug, Default, PartialEq)]
[INFO] [stdout]    |          ^^^^^^^^^^^^^
[INFO] [stdout]    |
[INFO] [stdout]    = note: import resolution is stuck, try simplifying macro imports
[INFO] [stdout] 
[INFO] [stdout] 
[INFO] [stdout] error: cannot find attribute `kfl` in this scope
[INFO] [stdout]   --> tests/flatten.rs:13:7
[INFO] [stdout]    |
[INFO] [stdout] 13 |     #[kfl(child, default)]
[INFO] [stdout]    |       ^^^
[INFO] [stdout] 
[INFO] [stdout] 
[INFO] [stdout] error: cannot find attribute `kfl` in this scope
[INFO] [stdout]   --> tests/flatten.rs:15:7
[INFO] [stdout]    |
[INFO] [stdout] 15 |     #[kfl(children, default)]
[INFO] [stdout]    |       ^^^
[INFO] [stdout] 
[INFO] [stdout] 
[INFO] [stdout] error: cannot determine resolution for the derive macro `Decode`
[INFO] [stdout]   --> tests/flatten.rs:19:10
[INFO] [stdout]    |
[INFO] [stdout] 19 | #[derive(Decode, Debug, PartialEq)]
[INFO] [stdout]    |          ^^^^^^
[INFO] [stdout]    |
[INFO] [stdout]    = note: import resolution is stuck, try simplifying macro imports
[INFO] [stdout] 
[INFO] [stdout] 
[INFO] [stdout] error: cannot find attribute `kfl` in this scope
[INFO] [stdout]   --> tests/flatten.rs:21:7
[INFO] [stdout]    |
[INFO] [stdout] 21 |     #[kfl(flatten)]
[INFO] [stdout]    |       ^^^
[INFO] [stdout] 
[INFO] [stdout] 
[INFO] [stdout] error: cannot determine resolution for the derive macro `Decode`
[INFO] [stdout]   --> tests/flatten.rs:27:14
[INFO] [stdout]    |
[INFO] [stdout] 27 |     #[derive(Decode, Debug, PartialEq)]
[INFO] [stdout]    |              ^^^^^^
[INFO] [stdout]    |
[INFO] [stdout]    = note: import resolution is stuck, try simplifying macro imports
[INFO] [stdout] 
[INFO] [stdout] 
[INFO] [stdout] error: cannot find attribute `kfl` in this scope
[INFO] [stdout]   --> tests/flatten.rs:28:21
[INFO] [stdout]    |
[INFO] [stdout] 28 |     struct Child1(#[kfl(argument)] String);
[INFO] [stdout]    |                     ^^^
[INFO] [stdout] 
[INFO] [stdout] 
[INFO] [stdout] error: cannot determine resolution for the derive macro `Decode`
[INFO] [stdout]   --> tests/flatten.rs:29:14
[INFO] [stdout]    |
[INFO] [stdout] 29 |     #[derive(Decode, Debug, PartialEq)]
[INFO] [stdout]    |              ^^^^^^
[INFO] [stdout]    |
[INFO] [stdout]    = note: import resolution is stuck, try simplifying macro imports
[INFO] [stdout] 
[INFO] [stdout] 
[INFO] [stdout] error: cannot find attribute `kfl` in this scope
[INFO] [stdout]   --> tests/flatten.rs:30:21
[INFO] [stdout]    |
[INFO] [stdout] 30 |     struct Child2(#[kfl(argument)] String);
[INFO] [stdout]    |                     ^^^
[INFO] [stdout] 
[INFO] [stdout] 
[INFO] [stdout] error: cannot determine resolution for the derive macro `DecodePartial`
[INFO] [stdout]   --> tests/flatten.rs:31:14
[INFO] [stdout]    |
[INFO] [stdout] 31 |     #[derive(DecodePartial, Debug, Default, PartialEq)]
[INFO] [stdout]    |              ^^^^^^^^^^^^^
[INFO] [stdout]    |
[INFO] [stdout]    = note: import resolution is stuck, try simplifying macro imports
[INFO] [stdout] 
[INFO] [stdout] 
[INFO] [stdout] error: cannot find attribute `kfl` in this scope
[INFO] [stdout]   --> tests/flatten.rs:33:11
[INFO] [stdout]    |
[INFO] [stdout] 33 |         #[kfl(child, default)]
[INFO] [stdout]    |           ^^^
[INFO] [stdout] 
[INFO] [stdout] 
[INFO] [stdout] error: cannot find attribute `kfl` in this scope
[INFO] [stdout]   --> tests/flatten.rs:35:11
[INFO] [stdout]    |
[INFO] [stdout] 35 |         #[kfl(children, default)]
[INFO] [stdout]    |           ^^^
[INFO] [stdout] 
[INFO] [stdout] 
[INFO] [stdout] error: cannot determine resolution for the derive macro `Decode`
[INFO] [stdout]   --> tests/flatten.rs:38:14
[INFO] [stdout]    |
[INFO] [stdout] 38 |     #[derive(Decode, Debug, PartialEq)]
[INFO] [stdout]    |              ^^^^^^
[INFO] [stdout]    |
[INFO] [stdout]    = note: import resolution is stuck, try simplifying macro imports
[INFO] [stdout] 
[INFO] [stdout] 
[INFO] [stdout] error: cannot find attribute `kfl` in this scope
[INFO] [stdout]   --> tests/flatten.rs:40:11
[INFO] [stdout]    |
[INFO] [stdout] 40 |         #[kfl(flatten)]
[INFO] [stdout]    |           ^^^
[INFO] [stdout] 
[INFO] [stdout] 
[INFO] [stdout] error: cannot determine resolution for the derive macro `Decode`
[INFO] [stdout]   --> tests/flatten.rs:62:14
[INFO] [stdout]    |
[INFO] [stdout] 62 |     #[derive(Decode, Debug, PartialEq)]
[INFO] [stdout]    |              ^^^^^^
[INFO] [stdout]    |
[INFO] [stdout]    = note: import resolution is stuck, try simplifying macro imports
[INFO] [stdout] 
[INFO] [stdout] 
[INFO] [stdout] error: cannot find attribute `kfl` in this scope
[INFO] [stdout]   --> tests/flatten.rs:63:21
[INFO] [stdout]    |
[INFO] [stdout] 63 |     struct Child3(#[kfl(argument)] String);
[INFO] [stdout]    |                     ^^^
[INFO] [stdout] 
[INFO] [stdout] 
[INFO] [stdout] error: cannot determine resolution for the derive macro `Decode`
[INFO] [stdout]   --> tests/flatten.rs:64:14
[INFO] [stdout]    |
[INFO] [stdout] 64 |     #[derive(Decode, Debug, PartialEq)]
[INFO] [stdout]    |              ^^^^^^
[INFO] [stdout]    |
[INFO] [stdout]    = note: import resolution is stuck, try simplifying macro imports
[INFO] [stdout] 
[INFO] [stdout] 
[INFO] [stdout] error: cannot find attribute `kfl` in this scope
[INFO] [stdout]   --> tests/flatten.rs:65:21
[INFO] [stdout]    |
[INFO] [stdout] 65 |     struct Child4(#[kfl(argument)] String);
[INFO] [stdout]    |                     ^^^
[INFO] [stdout] 
[INFO] [stdout] 
[INFO] [stdout] error: cannot determine resolution for the derive macro `DecodePartial`
[INFO] [stdout]   --> tests/flatten.rs:66:14
[INFO] [stdout]    |
[INFO] [stdout] 66 |     #[derive(DecodePartial, Debug, Default, PartialEq)]
[INFO] [stdout]    |              ^^^^^^^^^^^^^
[INFO] [stdout]    |
[INFO] [stdout]    = note: import resolution is stuck, try simplifying macro imports
[INFO] [stdout] 
[INFO] [stdout] 
[INFO] [stdout] error: cannot find attribute `kfl` in this scope
[INFO] [stdout]   --> tests/flatten.rs:68:11
[INFO] [stdout]    |
[INFO] [stdout] 68 |         #[kfl(child, default)]
[INFO] [stdout]    |           ^^^
[INFO] [stdout] 
[INFO] [stdout] 
[INFO] [stdout] error: cannot find attribute `kfl` in this scope
[INFO] [stdout]   --> tests/flatten.rs:70:11
[INFO] [stdout]    |
[INFO] [stdout] 70 |         #[kfl(children, default)]
[INFO] [stdout]    |           ^^^
[INFO] [stdout] 
[INFO] [stdout] 
[INFO] [stdout] error: cannot determine resolution for the derive macro `Decode`
[INFO] [stdout]   --> tests/flatten.rs:73:14
[INFO] [stdout]    |
[INFO] [stdout] 73 |     #[derive(Decode, Debug, PartialEq)]
[INFO] [stdout]    |              ^^^^^^
[INFO] [stdout]    |
[INFO] [stdout]    = note: import resolution is stuck, try simplifying macro imports
[INFO] [stdout] 
[INFO] [stdout] 
[INFO] [stdout] error: cannot find attribute `kfl` in this scope
[INFO] [stdout]   --> tests/flatten.rs:74:21
[INFO] [stdout]    |
[INFO] [stdout] 74 |     struct Child1(#[kfl(argument)] String);
[INFO] [stdout]    |                     ^^^
[INFO] [stdout] 
[INFO] [stdout] 
[INFO] [stdout] error: cannot determine resolution for the derive macro `Decode`
[INFO] [stdout]   --> tests/flatten.rs:75:14
[INFO] [stdout]    |
[INFO] [stdout] 75 |     #[derive(Decode, Debug, PartialEq)]
[INFO] [stdout]    |              ^^^^^^
[INFO] [stdout]    |
[INFO] [stdout]    = note: import resolution is stuck, try simplifying macro imports
[INFO] [stdout] 
[INFO] [stdout] 
[INFO] [stdout] error: cannot find attribute `kfl` in this scope
[INFO] [stdout]   --> tests/flatten.rs:76:21
[INFO] [stdout]    |
[INFO] [stdout] 76 |     struct Child2(#[kfl(argument)] String);
[INFO] [stdout]    |                     ^^^
[INFO] [stdout] 
[INFO] [stdout] 
[INFO] [stdout] error: cannot determine resolution for the derive macro `DecodePartial`
[INFO] [stdout]   --> tests/flatten.rs:77:14
[INFO] [stdout]    |
[INFO] [stdout] 77 |     #[derive(DecodePartial, Debug, Default, PartialEq)]
[INFO] [stdout]    |              ^^^^^^^^^^^^^
[INFO] [stdout]    |
[INFO] [stdout]    = note: import resolution is stuck, try simplifying macro imports
[INFO] [stdout] 
[INFO] [stdout] 
[INFO] [stdout] error: cannot find attribute `kfl` in this scope
[INFO] [stdout]   --> tests/flatten.rs:79:11
[INFO] [stdout]    |
[INFO] [stdout] 79 |         #[kfl(child, default)]
[INFO] [stdout]    |           ^^^
[INFO] [stdout] 
[INFO] [stdout] 
[INFO] [stdout] error: cannot find attribute `kfl` in this scope
[INFO] [stdout]   --> tests/flatten.rs:81:11
[INFO] [stdout]    |
[INFO] [stdout] 81 |         #[kfl(children, default)]
[INFO] [stdout]    |           ^^^
[INFO] [stdout] 
[INFO] [stdout] 
[INFO] [stdout] error: cannot find attribute `kfl` in this scope
[INFO] [stdout]   --> tests/scalar.rs:27:11
[INFO] [stdout]    |
[INFO] [stdout] 27 |         #[kfl(argument)]
[INFO] [stdout]    |           ^^^
[INFO] [stdout] 
[INFO] [stdout] 
[INFO] [stdout] error: cannot determine resolution for the derive macro `DecodeScalar`
[INFO] [stdout]   --> tests/scalar.rs:30:14
[INFO] [stdout]    |
[INFO] [stdout] 30 |     #[derive(DecodeScalar, Debug, PartialEq)]
[INFO] [stdout]    |              ^^^^^^^^^^^^
[INFO] [stdout]    |
[INFO] [stdout]    = note: import resolution is stuck, try simplifying macro imports
[INFO] [stdout] 
[INFO] [stdout] 
[INFO] [stdout] error: cannot determine resolution for the derive macro `Decode`
[INFO] [stdout]   --> tests/scalar.rs:48:14
[INFO] [stdout]    |
[INFO] [stdout] 48 |     #[derive(Decode, Debug, PartialEq)]
[INFO] [stdout]    |              ^^^^^^
[INFO] [stdout]    |
[INFO] [stdout]    = note: import resolution is stuck, try simplifying macro imports
[INFO] [stdout] 
[INFO] [stdout] 
[INFO] [stdout] error: cannot find attribute `kfl` in this scope
[INFO] [stdout]   --> tests/scalar.rs:50:11
[INFO] [stdout]    |
[INFO] [stdout] 50 |         #[kfl(argument)]
[INFO] [stdout]    |           ^^^
[INFO] [stdout] 
[INFO] [stdout] 
[INFO] [stdout] error: cannot find attribute `kfl` in this scope
[INFO] [stdout]   --> tests/flatten.rs:83:11
[INFO] [stdout]    |
[INFO] [stdout] 83 |         #[kfl(flatten)]
[INFO] [stdout]    |           ^^^
[INFO] [stdout] 
[INFO] [stdout] 
[INFO] [stdout] error: cannot determine resolution for the derive macro `Decode`
[INFO] [stdout]   --> tests/flatten.rs:86:14
[INFO] [stdout]    |
[INFO] [stdout] 86 |     #[derive(Decode, Debug, PartialEq)]
[INFO] [stdout]    |              ^^^^^^
[INFO] [stdout]    |
[INFO] [stdout]    = note: import resolution is stuck, try simplifying macro imports
[INFO] [stdout] 
[INFO] [stdout] 
[INFO] [stdout] error: cannot find attribute `kfl` in this scope
[INFO] [stdout]   --> tests/flatten.rs:88:11
[INFO] [stdout]    |
[INFO] [stdout] 88 |         #[kfl(flatten)]
[INFO] [stdout]    |           ^^^
[INFO] [stdout] 
[INFO] [stdout] 
[INFO] [stdout] error[E0433]: failed to resolve: use of undeclared crate or module `kfl`
[INFO] [stdout]   --> tests/common/mod.rs:17:20
[INFO] [stdout]    |
[INFO] [stdout] 17 |           let err = <kfl::Error as miette::Diagnostic>::related(&err).unwrap()
[INFO] [stdout]    |                      ^^^ use of undeclared crate or module `kfl`
[INFO] [stdout]    |
[INFO] [stdout]   ::: tests/scalar.rs:41:5
[INFO] [stdout]    |
[INFO] [stdout] 41 | /     assert_decode_error!(Node,
[INFO] [stdout] 42 | |         r#"node "test""#,
[INFO] [stdout] 43 | |         "expected one of `first`, `another-option`");
[INFO] [stdout]    | |____________________________________________________- in this macro invocation
[INFO] [stdout]    |
[INFO] [stdout]    = note: this error originates in the macro `assert_decode_error` (in Nightly builds, run with -Z macro-backtrace for more info)
[INFO] [stdout] 
[INFO] [stdout] 
[INFO] [stdout] error[E0433]: failed to resolve: use of undeclared crate or module `kfl`
[INFO] [stdout]   --> tests/common/mod.rs:17:20
[INFO] [stdout]    |
[INFO] [stdout] 17 |           let err = <kfl::Error as miette::Diagnostic>::related(&err).unwrap()
[INFO] [stdout]    |                      ^^^ use of undeclared crate or module `kfl`
[INFO] [stdout]    |
[INFO] [stdout]   ::: tests/flatten.rs:55:5
[INFO] [stdout]    |
[INFO] [stdout] 55 | /     assert_decode_error!(Parent,
[INFO] [stdout] 56 | |         r#"something "world""#,
[INFO] [stdout] 57 | |         "unexpected node `something`");
[INFO] [stdout]    | |______________________________________- in this macro invocation
[INFO] [stdout]    |
[INFO] [stdout]    = note: this error originates in the macro `assert_decode_error` (in Nightly builds, run with -Z macro-backtrace for more info)
[INFO] [stdout] 
[INFO] [stdout] 
[INFO] [stdout] error[E0433]: failed to resolve: use of undeclared crate or module `kfl`
[INFO] [stdout]    --> tests/common/mod.rs:17:20
[INFO] [stdout]     |
[INFO] [stdout] 17  |           let err = <kfl::Error as miette::Diagnostic>::related(&err).unwrap()
[INFO] [stdout]     |                      ^^^ use of undeclared crate or module `kfl`
[INFO] [stdout]     |
[INFO] [stdout]    ::: tests/flatten.rs:114:5
[INFO] [stdout]     |
[INFO] [stdout] 114 | /     assert_decode_error!(Parent,
[INFO] [stdout] 115 | |         r#"something "world""#,
[INFO] [stdout] 116 | |         "unexpected node `something`");
[INFO] [stdout]     | |______________________________________- in this macro invocation
[INFO] [stdout]     |
[INFO] [stdout]     = note: this error originates in the macro `assert_decode_error` (in Nightly builds, run with -Z macro-backtrace for more info)
[INFO] [stdout] 
[INFO] [stdout] 
[INFO] [stdout] error[E0432]: unresolved import `kfl`
[INFO] [stdout]  --> tests/tuples.rs:3:5
[INFO] [stdout]   |
[INFO] [stdout] 3 | use kfl::Decode;
[INFO] [stdout]   |     ^^^ use of undeclared crate or module `kfl`
[INFO] [stdout] 
[INFO] [stdout] 
[INFO] [stdout] error: cannot determine resolution for the derive macro `Decode`
[INFO] [stdout]  --> tests/tuples.rs:7:21
[INFO] [stdout]   |
[INFO] [stdout] 7 |     #[derive(Debug, Decode, PartialEq)]
[INFO] [stdout]   |                     ^^^^^^
[INFO] [stdout]   |
[INFO] [stdout]   = note: import resolution is stuck, try simplifying macro imports
[INFO] [stdout] 
[INFO] [stdout] 
[INFO] [stdout] error: cannot determine resolution for the derive macro `Decode`
[INFO] [stdout]   --> tests/tuples.rs:17:21
[INFO] [stdout]    |
[INFO] [stdout] 17 |     #[derive(Debug, Decode, PartialEq)]
[INFO] [stdout]    |                     ^^^^^^
[INFO] [stdout]    |
[INFO] [stdout]    = note: import resolution is stuck, try simplifying macro imports
[INFO] [stdout] 
[INFO] [stdout] 
[INFO] [stdout] error[E0433]: failed to resolve: use of undeclared crate or module `kfl`
[INFO] [stdout]   --> tests/common/mod.rs:6:20
[INFO] [stdout]    |
[INFO] [stdout] 6  |           let node = kfl::decode("<test>", $input).unwrap();
[INFO] [stdout]    |                      ^^^ use of undeclared crate or module `kfl`
[INFO] [stdout]    |
[INFO] [stdout]   ::: tests/scalar.rs:35:5
[INFO] [stdout]    |
[INFO] [stdout] 35 | /     assert_decode!(
[INFO] [stdout] 36 | |         r#"node "first""#,
[INFO] [stdout] 37 | |         Node { value: SomeScalar::First });
[INFO] [stdout]    | |__________________________________________- in this macro invocation
[INFO] [stdout]    |
[INFO] [stdout]    = note: this error originates in the macro `assert_decode` (in Nightly builds, run with -Z macro-backtrace for more info)
[INFO] [stdout] 
[INFO] [stdout] 
[INFO] [stdout] error[E0433]: failed to resolve: use of undeclared crate or module `kfl`
[INFO] [stdout]   --> tests/common/mod.rs:6:20
[INFO] [stdout]    |
[INFO] [stdout] 6  |           let node = kfl::decode("<test>", $input).unwrap();
[INFO] [stdout]    |                      ^^^ use of undeclared crate or module `kfl`
[INFO] [stdout]    |
[INFO] [stdout]   ::: tests/scalar.rs:38:5
[INFO] [stdout]    |
[INFO] [stdout] 38 | /     assert_decode!(
[INFO] [stdout] 39 | |         r#"node "another-option""#,
[INFO] [stdout] 40 | |         Node { value: SomeScalar::AnotherOption });
[INFO] [stdout]    | |__________________________________________________- in this macro invocation
[INFO] [stdout]    |
[INFO] [stdout]    = note: this error originates in the macro `assert_decode` (in Nightly builds, run with -Z macro-backtrace for more info)
[INFO] [stdout] 
[INFO] [stdout] 
[INFO] [stdout] error[E0433]: failed to resolve: use of undeclared crate or module `kfl`
[INFO] [stdout]   --> tests/common/mod.rs:16:19
[INFO] [stdout]    |
[INFO] [stdout] 16 |           let err = kfl::decode::<$ty>("<test>", $input).unwrap_err();
[INFO] [stdout]    |                     ^^^ use of undeclared crate or module `kfl`
[INFO] [stdout]    |
[INFO] [stdout]   ::: tests/scalar.rs:41:5
[INFO] [stdout]    |
[INFO] [stdout] 41 | /     assert_decode_error!(Node,
[INFO] [stdout] 42 | |         r#"node "test""#,
[INFO] [stdout] 43 | |         "expected one of `first`, `another-option`");
[INFO] [stdout]    | |____________________________________________________- in this macro invocation
[INFO] [stdout]    |
[INFO] [stdout]    = note: this error originates in the macro `assert_decode_error` (in Nightly builds, run with -Z macro-backtrace for more info)
[INFO] [stdout] 
[INFO] [stdout] 
[INFO] [stdout] error[E0433]: failed to resolve: use of undeclared crate or module `kfl`
[INFO] [stdout]   --> tests/common/mod.rs:6:20
[INFO] [stdout]    |
[INFO] [stdout] 6  |           let node = kfl::decode("<test>", $input).unwrap();
[INFO] [stdout]    |                      ^^^ use of undeclared crate or module `kfl`
[INFO] [stdout]    |
[INFO] [stdout]   ::: tests/scalar.rs:53:5
[INFO] [stdout]    |
[INFO] [stdout] 53 | /     assert_decode!(
[INFO] [stdout] 54 | |         r#"node "hello""#,
[INFO] [stdout] 55 | |         Node { name: Some("hello".into()) });
[INFO] [stdout]    | |____________________________________________- in this macro invocation
[INFO] [stdout]    |
[INFO] [stdout]    = note: this error originates in the macro `assert_decode` (in Nightly builds, run with -Z macro-backtrace for more info)
[INFO] [stdout] 
[INFO] [stdout] 
[INFO] [stderr] error: could not compile `kfl-derive` due to 13 previous errors
[INFO] [stdout] error[E0433]: failed to resolve: use of undeclared crate or module `kfl`
[INFO] [stdout]   --> tests/common/mod.rs:6:20
[INFO] [stdout]    |
[INFO] [stdout] 6  |           let node = kfl::decode("<test>", $input).unwrap();
[INFO] [stdout]    |                      ^^^ use of undeclared crate or module `kfl`
[INFO] [stdout]    |
[INFO] [stdout]   ::: tests/scalar.rs:60:5
[INFO] [stdout]    |
[INFO] [stdout] 60 | /     assert_decode!(
[INFO] [stdout] 61 | |         r#"node null"#,
[INFO] [stdout] 62 | |         Node { name: None });
[INFO] [stdout]    | |____________________________- in this macro invocation
[INFO] [stdout]    |
[INFO] [stdout]    = note: this error originates in the macro `assert_decode` (in Nightly builds, run with -Z macro-backtrace for more info)
[INFO] [stdout] 
[INFO] [stdout] 
[INFO] [stderr] warning: build failed, waiting for other jobs to finish...
[INFO] [stdout] error: aborting due to 12 previous errors
[INFO] [stdout] 
[INFO] [stdout] 
[INFO] [stdout] Some errors have detailed explanations: E0432, E0433.
[INFO] [stdout] 
[INFO] [stdout] For more information about an error, try `rustc --explain E0432`.
[INFO] [stdout] 
[INFO] [stdout] error[E0432]: unresolved import `kfl`
[INFO] [stdout]  --> tests/types.rs:4:5
[INFO] [stdout]   |
[INFO] [stdout] 4 | use kfl::Decode;
[INFO] [stdout]   |     ^^^ use of undeclared crate or module `kfl`
[INFO] [stdout] 
[INFO] [stdout] 
[INFO] [stdout] error: cannot determine resolution for the derive macro `Decode`
[INFO] [stdout]  --> tests/types.rs:6:10
[INFO] [stdout]   |
[INFO] [stdout] 6 | #[derive(Decode, Debug, PartialEq)]
[INFO] [stdout]   |          ^^^^^^
[INFO] [stdout]   |
[INFO] [stdout]   = note: import resolution is stuck, try simplifying macro imports
[INFO] [stdout] 
[INFO] [stdout] 
[INFO] [stdout] error[E0433]: failed to resolve: use of undeclared crate or module `kfl`
[INFO] [stdout]   --> tests/common/mod.rs:6:20
[INFO] [stdout]    |
[INFO] [stdout] 6  |           let node = kfl::decode("<test>", $input).unwrap();
[INFO] [stdout]    |                      ^^^ use of undeclared crate or module `kfl`
[INFO] [stdout]    |
[INFO] [stdout]   ::: tests/flatten.rs:43:5
[INFO] [stdout]    |
[INFO] [stdout] 43 | /     assert_decode!(
[INFO] [stdout] 44 | |         r#"parent {
[INFO] [stdout] 45 | |             child2 "v2"
[INFO] [stdout] 46 | |             child1 "v1"
[INFO] [stdout] ...  |
[INFO] [stdout] 53 | |             }
[INFO] [stdout] 54 | |         });
[INFO] [stdout]    | |__________- in this macro invocation
[INFO] [stdout]    |
[INFO] [stdout]    = note: this error originates in the macro `assert_decode` (in Nightly builds, run with -Z macro-backtrace for more info)
[INFO] [stdout] 
[INFO] [stdout] 
[INFO] [stdout] error: cannot find attribute `kfl` in this scope
[INFO] [stdout]  --> tests/types.rs:8:7
[INFO] [stdout]   |
[INFO] [stdout] 8 |     #[kfl(argument)]
[INFO] [stdout]   |       ^^^
[INFO] [stdout] 
[INFO] [stdout] 
[INFO] [stdout] error: cannot find attribute `kfl` in this scope
[INFO] [stdout]   --> tests/types.rs:10:7
[INFO] [stdout]    |
[INFO] [stdout] 10 |     #[kfl(argument)]
[INFO] [stdout]    |       ^^^
[INFO] [stdout] 
[INFO] [stdout] 
[INFO] [stdout] error: cannot find attribute `kfl` in this scope
[INFO] [stdout]   --> tests/types.rs:12:7
[INFO] [stdout]    |
[INFO] [stdout] 12 |     #[kfl(argument)]
[INFO] [stdout]    |       ^^^
[INFO] [stdout] 
[INFO] [stdout] 
[INFO] [stdout] error: cannot find attribute `kfl` in this scope
[INFO] [stdout]   --> tests/types.rs:14:7
[INFO] [stdout]    |
[INFO] [stdout] 14 |     #[kfl(argument)]
[INFO] [stdout]    |       ^^^
[INFO] [stdout] 
[INFO] [stdout] 
[INFO] [stdout] error: cannot find attribute `kfl` in this scope
[INFO] [stdout]   --> tests/types.rs:16:7
[INFO] [stdout]    |
[INFO] [stdout] 16 |     #[kfl(argument)]
[INFO] [stdout]    |       ^^^
[INFO] [stdout] 
[INFO] [stdout] 
[INFO] [stdout] error: cannot find attribute `kfl` in this scope
[INFO] [stdout]   --> tests/tuples.rs:18:19
[INFO] [stdout]    |
[INFO] [stdout] 18 |     struct Node(#[kfl(argument)] u32);
[INFO] [stdout]    |                   ^^^
[INFO] [stdout] 
[INFO] [stdout] 
[INFO] [stdout] error: cannot determine resolution for the derive macro `Decode`
[INFO] [stdout]   --> tests/tuples.rs:27:21
[INFO] [stdout]    |
[INFO] [stdout] 27 |     #[derive(Debug, Decode, PartialEq)]
[INFO] [stdout]    |                     ^^^^^^
[INFO] [stdout]    |
[INFO] [stdout]    = note: import resolution is stuck, try simplifying macro imports
[INFO] [stdout] 
[INFO] [stdout] 
[INFO] [stdout] error: cannot find attribute `kfl` in this scope
[INFO] [stdout]   --> tests/tuples.rs:28:19
[INFO] [stdout]    |
[INFO] [stdout] 28 |     struct Node(#[kfl(argument, default)] Option<u32>);
[INFO] [stdout]    |                   ^^^
[INFO] [stdout] 
[INFO] [stdout] 
[INFO] [stdout] error: cannot determine resolution for the derive macro `Decode`
[INFO] [stdout]   --> tests/tuples.rs:38:21
[INFO] [stdout]    |
[INFO] [stdout] 38 |     #[derive(Debug, Decode, PartialEq)]
[INFO] [stdout]    |                     ^^^^^^
[INFO] [stdout]    |
[INFO] [stdout]    = note: import resolution is stuck, try simplifying macro imports
[INFO] [stdout] 
[INFO] [stdout] 
[INFO] [stdout] error: cannot find attribute `kfl` in this scope
[INFO] [stdout]   --> tests/tuples.rs:39:19
[INFO] [stdout]    |
[INFO] [stdout] 39 |     struct Node(#[kfl(argument, default)] Option<String>, u32);
[INFO] [stdout]    |                   ^^^
[INFO] [stdout] 
[INFO] [stdout] 
[INFO] [stdout] error: cannot determine resolution for the derive macro `Decode`
[INFO] [stdout]   --> tests/tuples.rs:51:21
[INFO] [stdout]    |
[INFO] [stdout] 51 |     #[derive(Debug, Decode, PartialEq)]
[INFO] [stdout]    |                     ^^^^^^
[INFO] [stdout]    |
[INFO] [stdout]    = note: import resolution is stuck, try simplifying macro imports
[INFO] [stdout] 
[INFO] [stdout] 
[INFO] [stdout] error: cannot find attribute `kfl` in this scope
[INFO] [stdout]   --> tests/tuples.rs:54:15
[INFO] [stdout]    |
[INFO] [stdout] 54 |         Arg(#[kfl(argument)] u32),
[INFO] [stdout]    |               ^^^
[INFO] [stdout] 
[INFO] [stdout] 
[INFO] [stdout] error: cannot find attribute `kfl` in this scope
[INFO] [stdout]   --> tests/tuples.rs:56:17
[INFO] [stdout]    |
[INFO] [stdout] 56 |         Extra(#[kfl(argument, default)] Option<String>, u32),
[INFO] [stdout]    |                 ^^^
[INFO] [stdout] 
[INFO] [stdout] 
[INFO] [stdout] error[E0433]: failed to resolve: use of undeclared crate or module `kfl`
[INFO] [stdout]   --> tests/common/mod.rs:16:19
[INFO] [stdout]    |
[INFO] [stdout] 16 |           let err = kfl::decode::<$ty>("<test>", $input).unwrap_err();
[INFO] [stdout]    |                     ^^^ use of undeclared crate or module `kfl`
[INFO] [stdout]    |
[INFO] [stdout]   ::: tests/flatten.rs:55:5
[INFO] [stdout]    |
[INFO] [stdout] 55 | /     assert_decode_error!(Parent,
[INFO] [stdout] 56 | |         r#"something "world""#,
[INFO] [stdout] 57 | |         "unexpected node `something`");
[INFO] [stdout]    | |______________________________________- in this macro invocation
[INFO] [stdout]    |
[INFO] [stdout]    = note: this error originates in the macro `assert_decode_error` (in Nightly builds, run with -Z macro-backtrace for more info)
[INFO] [stdout] 
[INFO] [stdout] 
[INFO] [stdout] error[E0433]: failed to resolve: use of undeclared crate or module `kfl`
[INFO] [stdout]   --> tests/common/mod.rs:17:20
[INFO] [stdout]    |
[INFO] [stdout] 17 |           let err = <kfl::Error as miette::Diagnostic>::related(&err).unwrap()
[INFO] [stdout]    |                      ^^^ use of undeclared crate or module `kfl`
[INFO] [stdout]    |
[INFO] [stdout]   ::: tests/tuples.rs:10:5
[INFO] [stdout]    |
[INFO] [stdout] 10 | /     assert_decode_error!(Node,
[INFO] [stdout] 11 | |         r#"node something="world""#,
[INFO] [stdout] 12 | |         "unexpected property `something`");
[INFO] [stdout]    | |__________________________________________- in this macro invocation
[INFO] [stdout]    |
[INFO] [stdout]    = note: this error originates in the macro `assert_decode_error` (in Nightly builds, run with -Z macro-backtrace for more info)
[INFO] [stdout] 
[INFO] [stdout] 
[INFO] [stdout] error[E0433]: failed to resolve: use of undeclared crate or module `kfl`
[INFO] [stdout]    --> tests/common/mod.rs:6:20
[INFO] [stdout]     |
[INFO] [stdout] 6   |           let node = kfl::decode("<test>", $input).unwrap();
[INFO] [stdout]     |                      ^^^ use of undeclared crate or module `kfl`
[INFO] [stdout]     |
[INFO] [stdout]    ::: tests/flatten.rs:91:5
[INFO] [stdout]     |
[INFO] [stdout] 91  | /     assert_decode!(
[INFO] [stdout] 92  | |         r#"parent {
[INFO] [stdout] 93  | |             child2 "v2"
[INFO] [stdout] 94  | |             child1 "v1"
[INFO] [stdout] ...   |
[INFO] [stdout] 112 | |             }
[INFO] [stdout] 113 | |         });
[INFO] [stdout]     | |__________- in this macro invocation
[INFO] [stdout]     |
[INFO] [stdout]     = note: this error originates in the macro `assert_decode` (in Nightly builds, run with -Z macro-backtrace for more info)
[INFO] [stdout] 
[INFO] [stdout] 
[INFO] [stdout] error[E0433]: failed to resolve: use of undeclared crate or module `kfl`
[INFO] [stdout]   --> tests/common/mod.rs:17:20
[INFO] [stdout]    |
[INFO] [stdout] 17 |           let err = <kfl::Error as miette::Diagnostic>::related(&err).unwrap()
[INFO] [stdout]    |                      ^^^ use of undeclared crate or module `kfl`
[INFO] [stdout]    |
[INFO] [stdout]   ::: tests/tuples.rs:20:5
[INFO] [stdout]    |
[INFO] [stdout] 20 | /     assert_decode_error!(Node,
[INFO] [stdout] 21 | |         r#"node something="world""#,
[INFO] [stdout] 22 | |         "additional argument is required");
[INFO] [stdout]    | |__________________________________________- in this macro invocation
[INFO] [stdout]    |
[INFO] [stdout]    = note: this error originates in the macro `assert_decode_error` (in Nightly builds, run with -Z macro-backtrace for more info)
[INFO] [stdout] 
[INFO] [stdout] 
[INFO] [stdout] error[E0433]: failed to resolve: use of undeclared crate or module `kfl`
[INFO] [stdout]    --> tests/common/mod.rs:16:19
[INFO] [stdout]     |
[INFO] [stdout] 16  |           let err = kfl::decode::<$ty>("<test>", $input).unwrap_err();
[INFO] [stdout]     |                     ^^^ use of undeclared crate or module `kfl`
[INFO] [stdout]     |
[INFO] [stdout]    ::: tests/flatten.rs:114:5
[INFO] [stdout]     |
[INFO] [stdout] 114 | /     assert_decode_error!(Parent,
[INFO] [stdout] 115 | |         r#"something "world""#,
[INFO] [stdout] 116 | |         "unexpected node `something`");
[INFO] [stdout]     | |______________________________________- in this macro invocation
[INFO] [stdout]     |
[INFO] [stdout]     = note: this error originates in the macro `assert_decode_error` (in Nightly builds, run with -Z macro-backtrace for more info)
[INFO] [stdout] 
[INFO] [stdout] 
[INFO] [stdout] error: aborting due to 42 previous errors
[INFO] [stdout] 
[INFO] [stdout] 
[INFO] [stdout] Some errors have detailed explanations: E0432, E0433.
[INFO] [stdout] 
[INFO] [stdout] For more information about an error, try `rustc --explain E0432`.
[INFO] [stdout] 
[INFO] [stdout] error[E0433]: failed to resolve: use of undeclared crate or module `kfl`
[INFO] [stdout]   --> tests/common/mod.rs:17:20
[INFO] [stdout]    |
[INFO] [stdout] 17 |           let err = <kfl::Error as miette::Diagnostic>::related(&err).unwrap()
[INFO] [stdout]    |                      ^^^ use of undeclared crate or module `kfl`
[INFO] [stdout]    |
[INFO] [stdout]   ::: tests/tuples.rs:31:5
[INFO] [stdout]    |
[INFO] [stdout] 31 | /     assert_decode_error!(Node,
[INFO] [stdout] 32 | |         r#"node something="world""#,
[INFO] [stdout] 33 | |         "unexpected property `something`");
[INFO] [stdout]    | |__________________________________________- in this macro invocation
[INFO] [stdout]    |
[INFO] [stdout]    = note: this error originates in the macro `assert_decode_error` (in Nightly builds, run with -Z macro-backtrace for more info)
[INFO] [stdout] 
[INFO] [stdout] 
[INFO] [stdout] error[E0433]: failed to resolve: use of undeclared crate or module `kfl`
[INFO] [stdout]   --> tests/common/mod.rs:17:20
[INFO] [stdout]    |
[INFO] [stdout] 17 |           let err = <kfl::Error as miette::Diagnostic>::related(&err).unwrap()
[INFO] [stdout]    |                      ^^^ use of undeclared crate or module `kfl`
[INFO] [stdout]    |
[INFO] [stdout]   ::: tests/tuples.rs:44:5
[INFO] [stdout]    |
[INFO] [stdout] 44 | /     assert_decode_error!(Node,
[INFO] [stdout] 45 | |         r#"node "123" 456"#,
[INFO] [stdout] 46 | |         "unexpected argument");
[INFO] [stdout]    | |______________________________- in this macro invocation
[INFO] [stdout]    |
[INFO] [stdout]    = note: this error originates in the macro `assert_decode_error` (in Nightly builds, run with -Z macro-backtrace for more info)
[INFO] [stdout] 
[INFO] [stdout] 
[INFO] [stderr] error: could not compile `kfl-derive` due to 43 previous errors
[INFO] [stdout] error[E0433]: failed to resolve: use of undeclared crate or module `kfl`
[INFO] [stdout]   --> tests/common/mod.rs:6:20
[INFO] [stdout]    |
[INFO] [stdout] 6  |           let node = kfl::decode("<test>", $input).unwrap();
[INFO] [stdout]    |                      ^^^ use of undeclared crate or module `kfl`
[INFO] [stdout]    |
[INFO] [stdout]   ::: tests/types.rs:22:5
[INFO] [stdout]    |
[INFO] [stdout] 22 | /     assert_decode!(r#"
[INFO] [stdout] 23 | |         scalars \
[INFO] [stdout] 24 | |             "hello" \
[INFO] [stdout] 25 | |             1234 \
[INFO] [stdout] ...  |
[INFO] [stdout] 36 | |         }
[INFO] [stdout] 37 | |     );
[INFO] [stdout]    | |_____- in this macro invocation
[INFO] [stdout]    |
[INFO] [stdout]    = note: this error originates in the macro `assert_decode` (in Nightly builds, run with -Z macro-backtrace for more info)
[INFO] [stdout] 
[INFO] [stdout] 
[INFO] [stdout] error[E0433]: failed to resolve: use of undeclared crate or module `kfl`
[INFO] [stdout]   --> tests/common/mod.rs:17:20
[INFO] [stdout]    |
[INFO] [stdout] 17 |           let err = <kfl::Error as miette::Diagnostic>::related(&err).unwrap()
[INFO] [stdout]    |                      ^^^ use of undeclared crate or module `kfl`
[INFO] [stdout]    |
[INFO] [stdout]   ::: tests/tuples.rs:63:5
[INFO] [stdout]    |
[INFO] [stdout] 63 | /     assert_decode_error!(Enum,
[INFO] [stdout] 64 | |         r#"unit something="world""#,
[INFO] [stdout] 65 | |         "unexpected property `something`");
[INFO] [stdout]    | |__________________________________________- in this macro invocation
[INFO] [stdout]    |
[INFO] [stdout]    = note: this error originates in the macro `assert_decode_error` (in Nightly builds, run with -Z macro-backtrace for more info)
[INFO] [stdout] 
[INFO] [stdout] 
[INFO] [stdout] error[E0433]: failed to resolve: use of undeclared crate or module `kfl`
[INFO] [stdout]   --> tests/common/mod.rs:17:20
[INFO] [stdout]    |
[INFO] [stdout] 17 |           let err = <kfl::Error as miette::Diagnostic>::related(&err).unwrap()
[INFO] [stdout]    |                      ^^^ use of undeclared crate or module `kfl`
[INFO] [stdout]    |
[INFO] [stdout]   ::: tests/tuples.rs:66:5
[INFO] [stdout]    |
[INFO] [stdout] 66 | /     assert_decode_error!(Enum,
[INFO] [stdout] 67 | |         r#"other something="world""#,
[INFO] [stdout] 68 | |         "expected one of `unit`, `arg`, `extra`");
[INFO] [stdout]    | |_________________________________________________- in this macro invocation
[INFO] [stdout]    |
[INFO] [stdout]    = note: this error originates in the macro `assert_decode_error` (in Nightly builds, run with -Z macro-backtrace for more info)
[INFO] [stdout] 
[INFO] [stdout] 
[INFO] [stdout] error[E0433]: failed to resolve: use of undeclared crate or module `kfl`
[INFO] [stdout]   --> tests/common/mod.rs:17:20
[INFO] [stdout]    |
[INFO] [stdout] 17 |           let err = <kfl::Error as miette::Diagnostic>::related(&err).unwrap()
[INFO] [stdout]    |                      ^^^ use of undeclared crate or module `kfl`
[INFO] [stdout]    |
[INFO] [stdout]   ::: tests/tuples.rs:69:5
[INFO] [stdout]    |
[INFO] [stdout] 69 | /     assert_decode_error!(Enum,
[INFO] [stdout] 70 | |         r#"extra "hello" "world""#,
[INFO] [stdout] 71 | |         "unexpected argument");
[INFO] [stdout]    | |______________________________- in this macro invocation
[INFO] [stdout]    |
[INFO] [stdout]    = note: this error originates in the macro `assert_decode_error` (in Nightly builds, run with -Z macro-backtrace for more info)
[INFO] [stdout] 
[INFO] [stdout] 
[INFO] [stdout] error: aborting due to 8 previous errors
[INFO] [stdout] 
[INFO] [stdout] 
[INFO] [stdout] Some errors have detailed explanations: E0432, E0433.
[INFO] [stdout] 
[INFO] [stdout] For more information about an error, try `rustc --explain E0432`.
[INFO] [stdout] 
[INFO] [stderr] error: could not compile `kfl-derive` due to 9 previous errors
[INFO] [stdout] error[E0432]: unresolved import `kfl`
[INFO] [stdout]  --> tests/ast.rs:1:5
[INFO] [stdout]   |
[INFO] [stdout] 1 | use kfl::Decode;
[INFO] [stdout]   |     ^^^ use of undeclared crate or module `kfl`
[INFO] [stdout] 
[INFO] [stdout] 
[INFO] [stdout] error: cannot determine resolution for the derive macro `Decode`
[INFO] [stdout]  --> tests/ast.rs:5:14
[INFO] [stdout]   |
[INFO] [stdout] 5 |     #[derive(Decode, Debug)]
[INFO] [stdout]   |              ^^^^^^
[INFO] [stdout]   |
[INFO] [stdout]   = note: import resolution is stuck, try simplifying macro imports
[INFO] [stdout] 
[INFO] [stdout] 
[INFO] [stdout] error: cannot find attribute `kfl` in this scope
[INFO] [stdout]  --> tests/ast.rs:7:11
[INFO] [stdout]   |
[INFO] [stdout] 7 |         #[kfl(children)]
[INFO] [stdout]   |           ^^^
[INFO] [stdout] 
[INFO] [stdout] 
[INFO] [stdout] error[E0433]: failed to resolve: use of undeclared crate or module `kfl`
[INFO] [stdout]  --> tests/ast.rs:8:23
[INFO] [stdout]   |
[INFO] [stdout] 8 |         children: Vec<kfl::ast::Node>,
[INFO] [stdout]   |                       ^^^ use of undeclared crate or module `kfl`
[INFO] [stdout] 
[INFO] [stdout] 
[INFO] [stdout] error[E0433]: failed to resolve: use of undeclared crate or module `kfl`
[INFO] [stdout]  --> tests/common/mod.rs:6:20
[INFO] [stdout]   |
[INFO] [stdout] 6 |         let node = kfl::decode("<test>", $input).unwrap();
[INFO] [stdout]   |                    ^^^ use of undeclared crate or module `kfl`
[INFO] [stdout]   |
[INFO] [stdout]  ::: tests/tuples.rs:9:5
[INFO] [stdout]   |
[INFO] [stdout] 9 |     assert_decode!(r#"node"#, Node);
[INFO] [stdout]   |     ------------------------------- in this macro invocation
[INFO] [stdout]   |
[INFO] [stdout]   = note: this error originates in the macro `assert_decode` (in Nightly builds, run with -Z macro-backtrace for more info)
[INFO] [stdout] 
[INFO] [stdout] 
[INFO] [stdout] error[E0433]: failed to resolve: use of undeclared crate or module `kfl`
[INFO] [stdout]   --> tests/common/mod.rs:16:19
[INFO] [stdout]    |
[INFO] [stdout] 16 |           let err = kfl::decode::<$ty>("<test>", $input).unwrap_err();
[INFO] [stdout]    |                     ^^^ use of undeclared crate or module `kfl`
[INFO] [stdout]    |
[INFO] [stdout]   ::: tests/tuples.rs:10:5
[INFO] [stdout]    |
[INFO] [stdout] 10 | /     assert_decode_error!(Node,
[INFO] [stdout] 11 | |         r#"node something="world""#,
[INFO] [stdout] 12 | |         "unexpected property `something`");
[INFO] [stdout]    | |__________________________________________- in this macro invocation
[INFO] [stdout]    |
[INFO] [stdout]    = note: this error originates in the macro `assert_decode_error` (in Nightly builds, run with -Z macro-backtrace for more info)
[INFO] [stdout] 
[INFO] [stdout] 
[INFO] [stdout] error[E0433]: failed to resolve: use of undeclared crate or module `kfl`
[INFO] [stdout]   --> tests/ast.rs:10:16
[INFO] [stdout]    |
[INFO] [stdout] 10 |     let node = kfl::decode::<Node>("<test>", r#"node { a; b; }"#).unwrap();
[INFO] [stdout]    |                ^^^ use of undeclared crate or module `kfl`
[INFO] [stdout] 
[INFO] [stdout] 
[INFO] [stdout] error: aborting due to 5 previous errors
[INFO] [stdout] 
[INFO] [stdout] 
[INFO] [stdout] Some errors have detailed explanations: E0432, E0433.
[INFO] [stdout] 
[INFO] [stdout] For more information about an error, try `rustc --explain E0432`.
[INFO] [stdout] 
[INFO] [stdout] error[E0433]: failed to resolve: use of undeclared crate or module `kfl`
[INFO] [stdout]   --> tests/common/mod.rs:6:20
[INFO] [stdout]    |
[INFO] [stdout] 6  |         let node = kfl::decode("<test>", $input).unwrap();
[INFO] [stdout]    |                    ^^^ use of undeclared crate or module `kfl`
[INFO] [stdout]    |
[INFO] [stdout]   ::: tests/tuples.rs:19:5
[INFO] [stdout]    |
[INFO] [stdout] 19 |     assert_decode!(r#"node 123"#, Node(123));
[INFO] [stdout]    |     ---------------------------------------- in this macro invocation
[INFO] [stdout]    |
[INFO] [stdout]    = note: this error originates in the macro `assert_decode` (in Nightly builds, run with -Z macro-backtrace for more info)
[INFO] [stdout] 
[INFO] [stdout] 
[INFO] [stderr] error: could not compile `kfl-derive` due to 6 previous errors
[INFO] [stdout] error[E0433]: failed to resolve: use of undeclared crate or module `kfl`
[INFO] [stdout]   --> tests/common/mod.rs:16:19
[INFO] [stdout]    |
[INFO] [stdout] 16 |           let err = kfl::decode::<$ty>("<test>", $input).unwrap_err();
[INFO] [stdout]    |                     ^^^ use of undeclared crate or module `kfl`
[INFO] [stdout]    |
[INFO] [stdout]   ::: tests/tuples.rs:20:5
[INFO] [stdout]    |
[INFO] [stdout] 20 | /     assert_decode_error!(Node,
[INFO] [stdout] 21 | |         r#"node something="world""#,
[INFO] [stdout] 22 | |         "additional argument is required");
[INFO] [stdout]    | |__________________________________________- in this macro invocation
[INFO] [stdout]    |
[INFO] [stdout]    = note: this error originates in the macro `assert_decode_error` (in Nightly builds, run with -Z macro-backtrace for more info)
[INFO] [stdout] 
[INFO] [stdout] 
[INFO] [stdout] error[E0433]: failed to resolve: use of undeclared crate or module `kfl`
[INFO] [stdout]   --> tests/common/mod.rs:6:20
[INFO] [stdout]    |
[INFO] [stdout] 6  |         let node = kfl::decode("<test>", $input).unwrap();
[INFO] [stdout]    |                    ^^^ use of undeclared crate or module `kfl`
[INFO] [stdout]    |
[INFO] [stdout]   ::: tests/tuples.rs:29:5
[INFO] [stdout]    |
[INFO] [stdout] 29 |     assert_decode!(r#"node 123"#, Node(Some(123)));
[INFO] [stdout]    |     ---------------------------------------------- in this macro invocation
[INFO] [stdout]    |
[INFO] [stdout]    = note: this error originates in the macro `assert_decode` (in Nightly builds, run with -Z macro-backtrace for more info)
[INFO] [stdout] 
[INFO] [stdout] 
[INFO] [stdout] error[E0433]: failed to resolve: use of undeclared crate or module `kfl`
[INFO] [stdout]   --> tests/common/mod.rs:6:20
[INFO] [stdout]    |
[INFO] [stdout] 6  |         let node = kfl::decode("<test>", $input).unwrap();
[INFO] [stdout]    |                    ^^^ use of undeclared crate or module `kfl`
[INFO] [stdout]    |
[INFO] [stdout]   ::: tests/tuples.rs:30:5
[INFO] [stdout]    |
[INFO] [stdout] 30 |     assert_decode!(r#"node"#, Node(None));
[INFO] [stdout]    |     ------------------------------------- in this macro invocation
[INFO] [stdout]    |
[INFO] [stdout]    = note: this error originates in the macro `assert_decode` (in Nightly builds, run with -Z macro-backtrace for more info)
[INFO] [stdout] 
[INFO] [stdout] 
[INFO] [stdout] error[E0433]: failed to resolve: use of undeclared crate or module `kfl`
[INFO] [stdout]   --> tests/common/mod.rs:16:19
[INFO] [stdout]    |
[INFO] [stdout] 16 |           let err = kfl::decode::<$ty>("<test>", $input).unwrap_err();
[INFO] [stdout]    |                     ^^^ use of undeclared crate or module `kfl`
[INFO] [stdout]    |
[INFO] [stdout]   ::: tests/tuples.rs:31:5
[INFO] [stdout]    |
[INFO] [stdout] 31 | /     assert_decode_error!(Node,
[INFO] [stdout] 32 | |         r#"node something="world""#,
[INFO] [stdout] 33 | |         "unexpected property `something`");
[INFO] [stdout]    | |__________________________________________- in this macro invocation
[INFO] [stdout]    |
[INFO] [stdout]    = note: this error originates in the macro `assert_decode_error` (in Nightly builds, run with -Z macro-backtrace for more info)
[INFO] [stdout] 
[INFO] [stdout] 
[INFO] [stdout] error[E0433]: failed to resolve: use of undeclared crate or module `kfl`
[INFO] [stdout]   --> tests/common/mod.rs:6:20
[INFO] [stdout]    |
[INFO] [stdout] 6  |           let node = kfl::decode("<test>", $input).unwrap();
[INFO] [stdout]    |                      ^^^ use of undeclared crate or module `kfl`
[INFO] [stdout]    |
[INFO] [stdout]   ::: tests/tuples.rs:40:5
[INFO] [stdout]    |
[INFO] [stdout] 40 | /     assert_decode!(r#"node "123""#,
[INFO] [stdout] 41 | |                    Node(Some("123".into()), 0));
[INFO] [stdout]    | |_______________________________________________- in this macro invocation
[INFO] [stdout]    |
[INFO] [stdout]    = note: this error originates in the macro `assert_decode` (in Nightly builds, run with -Z macro-backtrace for more info)
[INFO] [stdout] 
[INFO] [stdout] 
[INFO] [stdout] error[E0433]: failed to resolve: use of undeclared crate or module `kfl`
[INFO] [stdout]   --> tests/common/mod.rs:6:20
[INFO] [stdout]    |
[INFO] [stdout] 6  |           let node = kfl::decode("<test>", $input).unwrap();
[INFO] [stdout]    |                      ^^^ use of undeclared crate or module `kfl`
[INFO] [stdout]    |
[INFO] [stdout]   ::: tests/tuples.rs:42:5
[INFO] [stdout]    |
[INFO] [stdout] 42 | /     assert_decode!(r#"node"#,
[INFO] [stdout] 43 | |                    Node(None, 0));
[INFO] [stdout]    | |_________________________________- in this macro invocation
[INFO] [stdout]    |
[INFO] [stdout]    = note: this error originates in the macro `assert_decode` (in Nightly builds, run with -Z macro-backtrace for more info)
[INFO] [stdout] 
[INFO] [stdout] 
[INFO] [stdout] error[E0433]: failed to resolve: use of undeclared crate or module `kfl`
[INFO] [stdout]   --> tests/common/mod.rs:16:19
[INFO] [stdout]    |
[INFO] [stdout] 16 |           let err = kfl::decode::<$ty>("<test>", $input).unwrap_err();
[INFO] [stdout]    |                     ^^^ use of undeclared crate or module `kfl`
[INFO] [stdout]    |
[INFO] [stdout]   ::: tests/tuples.rs:44:5
[INFO] [stdout]    |
[INFO] [stdout] 44 | /     assert_decode_error!(Node,
[INFO] [stdout] 45 | |         r#"node "123" 456"#,
[INFO] [stdout] 46 | |         "unexpected argument");
[INFO] [stdout]    | |______________________________- in this macro invocation
[INFO] [stdout]    |
[INFO] [stdout]    = note: this error originates in the macro `assert_decode_error` (in Nightly builds, run with -Z macro-backtrace for more info)
[INFO] [stdout] 
[INFO] [stdout] 
[INFO] [stdout] error[E0433]: failed to resolve: use of undeclared crate or module `kfl`
[INFO] [stdout]   --> tests/common/mod.rs:6:20
[INFO] [stdout]    |
[INFO] [stdout] 6  |         let node = kfl::decode("<test>", $input).unwrap();
[INFO] [stdout]    |                    ^^^ use of undeclared crate or module `kfl`
[INFO] [stdout]    |
[INFO] [stdout]   ::: tests/tuples.rs:58:5
[INFO] [stdout]    |
[INFO] [stdout] 58 |     assert_decode!(r#"unit"#, Enum::Unit);
[INFO] [stdout]    |     ------------------------------------- in this macro invocation
[INFO] [stdout]    |
[INFO] [stdout]    = note: this error originates in the macro `assert_decode` (in Nightly builds, run with -Z macro-backtrace for more info)
[INFO] [stdout] 
[INFO] [stdout] 
[INFO] [stdout] error[E0433]: failed to resolve: use of undeclared crate or module `kfl`
[INFO] [stdout]   --> tests/common/mod.rs:6:20
[INFO] [stdout]    |
[INFO] [stdout] 6  |         let node = kfl::decode("<test>", $input).unwrap();
[INFO] [stdout]    |                    ^^^ use of undeclared crate or module `kfl`
[INFO] [stdout]    |
[INFO] [stdout]   ::: tests/tuples.rs:59:5
[INFO] [stdout]    |
[INFO] [stdout] 59 |     assert_decode!(r#"arg 123"#, Enum::Arg(123));
[INFO] [stdout]    |     -------------------------------------------- in this macro invocation
[INFO] [stdout]    |
[INFO] [stdout]    = note: this error originates in the macro `assert_decode` (in Nightly builds, run with -Z macro-backtrace for more info)
[INFO] [stdout] 
[INFO] [stdout] 
[INFO] [stdout] error[E0433]: failed to resolve: use of undeclared crate or module `kfl`
[INFO] [stdout]   --> tests/common/mod.rs:6:20
[INFO] [stdout]    |
[INFO] [stdout] 6  |         let node = kfl::decode("<test>", $input).unwrap();
[INFO] [stdout]    |                    ^^^ use of undeclared crate or module `kfl`
[INFO] [stdout]    |
[INFO] [stdout]   ::: tests/tuples.rs:62:5
[INFO] [stdout]    |
[INFO] [stdout] 62 |     assert_decode!(r#"extra"#, Enum::Extra(None, 0));
[INFO] [stdout]    |     ------------------------------------------------ in this macro invocation
[INFO] [stdout]    |
[INFO] [stdout]    = note: this error originates in the macro `assert_decode` (in Nightly builds, run with -Z macro-backtrace for more info)
[INFO] [stdout] 
[INFO] [stdout] 
[INFO] [stdout] error[E0433]: failed to resolve: use of undeclared crate or module `kfl`
[INFO] [stdout]   --> tests/common/mod.rs:16:19
[INFO] [stdout]    |
[INFO] [stdout] 16 |           let err = kfl::decode::<$ty>("<test>", $input).unwrap_err();
[INFO] [stdout]    |                     ^^^ use of undeclared crate or module `kfl`
[INFO] [stdout]    |
[INFO] [stdout]   ::: tests/tuples.rs:63:5
[INFO] [stdout]    |
[INFO] [stdout] 63 | /     assert_decode_error!(Enum,
[INFO] [stdout] 64 | |         r#"unit something="world""#,
[INFO] [stdout] 65 | |         "unexpected property `something`");
[INFO] [stdout]    | |__________________________________________- in this macro invocation
[INFO] [stdout]    |
[INFO] [stdout]    = note: this error originates in the macro `assert_decode_error` (in Nightly builds, run with -Z macro-backtrace for more info)
[INFO] [stdout] 
[INFO] [stdout] 
[INFO] [stdout] error[E0433]: failed to resolve: use of undeclared crate or module `kfl`
[INFO] [stdout]   --> tests/common/mod.rs:16:19
[INFO] [stdout]    |
[INFO] [stdout] 16 |           let err = kfl::decode::<$ty>("<test>", $input).unwrap_err();
[INFO] [stdout]    |                     ^^^ use of undeclared crate or module `kfl`
[INFO] [stdout]    |
[INFO] [stdout]   ::: tests/tuples.rs:66:5
[INFO] [stdout]    |
[INFO] [stdout] 66 | /     assert_decode_error!(Enum,
[INFO] [stdout] 67 | |         r#"other something="world""#,
[INFO] [stdout] 68 | |         "expected one of `unit`, `arg`, `extra`");
[INFO] [stdout]    | |_________________________________________________- in this macro invocation
[INFO] [stdout]    |
[INFO] [stdout]    = note: this error originates in the macro `assert_decode_error` (in Nightly builds, run with -Z macro-backtrace for more info)
[INFO] [stdout] 
[INFO] [stdout] 
[INFO] [stdout] error[E0433]: failed to resolve: use of undeclared crate or module `kfl`
[INFO] [stdout]   --> tests/common/mod.rs:16:19
[INFO] [stdout]    |
[INFO] [stdout] 16 |           let err = kfl::decode::<$ty>("<test>", $input).unwrap_err();
[INFO] [stdout]    |                     ^^^ use of undeclared crate or module `kfl`
[INFO] [stdout]    |
[INFO] [stdout]   ::: tests/tuples.rs:69:5
[INFO] [stdout]    |
[INFO] [stdout] 69 | /     assert_decode_error!(Enum,
[INFO] [stdout] 70 | |         r#"extra "hello" "world""#,
[INFO] [stdout] 71 | |         "unexpected argument");
[INFO] [stdout]    | |______________________________- in this macro invocation
[INFO] [stdout]    |
[INFO] [stdout]    = note: this error originates in the macro `assert_decode_error` (in Nightly builds, run with -Z macro-backtrace for more info)
[INFO] [stdout] 
[INFO] [stdout] 
[INFO] [stdout] error: aborting due to 34 previous errors
[INFO] [stdout] 
[INFO] [stdout] 
[INFO] [stdout] Some errors have detailed explanations: E0432, E0433.
[INFO] [stdout] 
[INFO] [stdout] For more information about an error, try `rustc --explain E0432`.
[INFO] [stdout] 
[INFO] [stderr] error: could not compile `kfl-derive` due to 35 previous errors
[INFO] running `Command { std: "docker" "inspect" "9a5f9d4532cad774f0b269219e3ae20de2c98a32747805512e167cb28d3d8577", kill_on_drop: false }`
[INFO] running `Command { std: "docker" "rm" "-f" "9a5f9d4532cad774f0b269219e3ae20de2c98a32747805512e167cb28d3d8577", kill_on_drop: false }`
[INFO] [stdout] 9a5f9d4532cad774f0b269219e3ae20de2c98a32747805512e167cb28d3d8577
