[INFO] fetching crate kayak_ui 0.3.0...
[INFO] testing kayak_ui-0.3.0 against 1.69.0 for beta-1.70-1
[INFO] extracting crate kayak_ui 0.3.0 into /workspace/builds/worker-2-tc1/source
[INFO] validating manifest of crates.io crate kayak_ui 0.3.0 on toolchain 1.69.0
[INFO] running `Command { std: CARGO_HOME="/workspace/cargo-home" RUSTUP_HOME="/workspace/rustup-home" "/workspace/cargo-home/bin/cargo" "+1.69.0" "metadata" "--manifest-path" "Cargo.toml" "--no-deps", kill_on_drop: false }`
[INFO] started tweaking crates.io crate kayak_ui 0.3.0
[INFO] removed 0 missing examples
[INFO] finished tweaking crates.io crate kayak_ui 0.3.0
[INFO] tweaked toml for crates.io crate kayak_ui 0.3.0 written to /workspace/builds/worker-2-tc1/source/Cargo.toml
[INFO] crate crates.io crate kayak_ui 0.3.0 already has a lockfile, it will not be regenerated
[INFO] running `Command { std: CARGO_HOME="/workspace/cargo-home" RUSTUP_HOME="/workspace/rustup-home" "/workspace/cargo-home/bin/cargo" "+1.69.0" "fetch" "--manifest-path" "Cargo.toml", kill_on_drop: false }`
[INFO] [stderr]  Downloading crates ...
[INFO] [stderr]   Downloaded kayak_ui_macros v0.3.0
[INFO] [stderr]   Downloaded syn v2.0.14
[INFO] [stderr]   Downloaded uuid v1.3.1
[INFO] [stderr]   Downloaded webbrowser v0.8.8
[INFO] [stderr]   Downloaded reorder v2.1.3
[INFO] [stderr]   Downloaded resources v1.1.0
[INFO] [stderr]   Downloaded kayak_font v0.3.0
[INFO] [stderr]   Downloaded bevy_egui v0.20.2
[INFO] [stderr]   Downloaded taffy v0.3.11
[INFO] [stderr]   Downloaded morphorm v0.3.0
[INFO] [stderr]   Downloaded orbclient v0.3.44
[INFO] running `Command { std: "docker" "create" "-v" "/var/lib/crater-agent-workspace/builds/worker-2-tc1/target:/opt/rustwide/target:rw,Z" "-v" "/var/lib/crater-agent-workspace/builds/worker-2-tc1/source:/opt/rustwide/workdir:ro,Z" "-v" "/var/lib/crater-agent-workspace/cargo-home:/opt/rustwide/cargo-home:ro,Z" "-v" "/var/lib/crater-agent-workspace/rustup-home:/opt/rustwide/rustup-home:ro,Z" "-e" "SOURCE_DIR=/opt/rustwide/workdir" "-e" "CARGO_TARGET_DIR=/opt/rustwide/target" "-e" "CARGO_HOME=/opt/rustwide/cargo-home" "-e" "RUSTUP_HOME=/opt/rustwide/rustup-home" "-w" "/opt/rustwide/workdir" "-m" "1610612736" "--user" "0:0" "--network" "none" "ghcr.io/rust-lang/crates-build-env/linux@sha256:5ff2268d62e97bff2cde7d5815dd6ed5b47097566f13b8d0ca110b04b60e07ed" "/opt/rustwide/cargo-home/bin/cargo" "+1.69.0" "metadata" "--no-deps" "--format-version=1", kill_on_drop: false }`
[INFO] [stdout] 1d22376eceb9528c38877b6785bc2f01d3c29c74e11e939e0c25bbee3cdc2606
[INFO] running `Command { std: "docker" "start" "-a" "1d22376eceb9528c38877b6785bc2f01d3c29c74e11e939e0c25bbee3cdc2606", kill_on_drop: false }`
[INFO] running `Command { std: "docker" "inspect" "1d22376eceb9528c38877b6785bc2f01d3c29c74e11e939e0c25bbee3cdc2606", kill_on_drop: false }`
[INFO] running `Command { std: "docker" "rm" "-f" "1d22376eceb9528c38877b6785bc2f01d3c29c74e11e939e0c25bbee3cdc2606", kill_on_drop: false }`
[INFO] [stdout] 1d22376eceb9528c38877b6785bc2f01d3c29c74e11e939e0c25bbee3cdc2606
[INFO] running `Command { std: "docker" "create" "-v" "/var/lib/crater-agent-workspace/builds/worker-2-tc1/target:/opt/rustwide/target:rw,Z" "-v" "/var/lib/crater-agent-workspace/builds/worker-2-tc1/source:/opt/rustwide/workdir:ro,Z" "-v" "/var/lib/crater-agent-workspace/cargo-home:/opt/rustwide/cargo-home:ro,Z" "-v" "/var/lib/crater-agent-workspace/rustup-home:/opt/rustwide/rustup-home:ro,Z" "-e" "SOURCE_DIR=/opt/rustwide/workdir" "-e" "CARGO_TARGET_DIR=/opt/rustwide/target" "-e" "CARGO_INCREMENTAL=0" "-e" "RUST_BACKTRACE=full" "-e" "RUSTFLAGS=--cap-lints=warn" "-e" "RUSTDOCFLAGS=--cap-lints=warn" "-e" "CARGO_HOME=/opt/rustwide/cargo-home" "-e" "RUSTUP_HOME=/opt/rustwide/rustup-home" "-w" "/opt/rustwide/workdir" "-m" "1610612736" "--user" "0:0" "--network" "none" "ghcr.io/rust-lang/crates-build-env/linux@sha256:5ff2268d62e97bff2cde7d5815dd6ed5b47097566f13b8d0ca110b04b60e07ed" "/opt/rustwide/cargo-home/bin/cargo" "+1.69.0" "build" "--frozen" "--message-format=json", kill_on_drop: false }`
[INFO] [stdout] c581bb5ff969110b783b3fd8d1884765d9d165ac9f369fc82059da5d095c002f
[INFO] running `Command { std: "docker" "start" "-a" "c581bb5ff969110b783b3fd8d1884765d9d165ac9f369fc82059da5d095c002f", kill_on_drop: false }`
[INFO] [stderr]     Blocking waiting for file lock on package cache
[INFO] [stderr]    Compiling libc v0.2.141
[INFO] [stderr]    Compiling version_check v0.9.4
[INFO] [stderr]    Compiling once_cell v1.17.1
[INFO] [stderr]    Compiling syn v1.0.109
[INFO] [stderr]    Compiling scopeguard v1.1.0
[INFO] [stderr]    Compiling crossbeam-utils v0.8.15
[INFO] [stderr]    Compiling lock_api v0.4.9
[INFO] [stderr]    Compiling hashbrown v0.12.3
[INFO] [stderr]    Compiling winnow v0.4.1
[INFO] [stderr]    Compiling toml_datetime v0.6.1
[INFO] [stderr]    Compiling futures-core v0.3.28
[INFO] [stderr]    Compiling thiserror v1.0.40
[INFO] [stderr]    Compiling parking_lot_core v0.9.7
[INFO] [stderr]    Compiling instant v0.1.12
[INFO] [stderr]    Compiling syn v2.0.14
[INFO] [stderr]    Compiling fixedbitset v0.4.2
[INFO] [stderr]    Compiling pin-project-lite v0.2.9
[INFO] [stderr]    Compiling num-traits v0.2.15
[INFO] [stderr]    Compiling tracing-core v0.1.30
[INFO] [stderr]    Compiling slab v0.4.8
[INFO] [stderr]    Compiling event-listener v2.5.3
[INFO] [stderr]    Compiling rustc-hash v1.1.0
[INFO] [stderr]    Compiling futures-io v0.3.28
[INFO] [stderr]    Compiling ahash v0.7.6
[INFO] [stderr]    Compiling erased-serde v0.3.25
[INFO] [stderr]    Compiling indexmap v1.9.3
[INFO] [stderr]    Compiling bit-vec v0.6.3
[INFO] [stderr]    Compiling waker-fn v1.1.0
[INFO] [stderr]    Compiling bitflags v1.3.2
[INFO] [stderr]    Compiling parking v2.1.0
[INFO] [stderr]    Compiling fastrand v1.9.0
[INFO] [stderr]    Compiling log v0.4.17
[INFO] [stderr]    Compiling concurrent-queue v2.2.0
[INFO] [stderr]    Compiling bit-set v0.5.3
[INFO] [stderr]    Compiling tracing v0.1.37
[INFO] [stderr]    Compiling futures-lite v1.13.0
[INFO] [stderr]    Compiling async-lock v2.7.0
[INFO] [stderr]    Compiling downcast-rs v1.2.0
[INFO] [stderr]    Compiling async-task v4.4.0
[INFO] [stderr]    Compiling async-channel v1.8.0
[INFO] [stderr]    Compiling thread_local v1.1.7
[INFO] [stderr]    Compiling bevy_ptr v0.10.1
[INFO] [stderr]    Compiling memoffset v0.8.0
[INFO] [stderr]    Compiling regex-syntax v0.6.29
[INFO] [stderr]    Compiling getrandom v0.2.9
[INFO] [stderr]    Compiling crossbeam-channel v0.5.8
[INFO] [stderr]    Compiling crossbeam-epoch v0.9.14
[INFO] [stderr]    Compiling lazy_static v1.4.0
[INFO] [stderr]    Compiling aho-corasick v0.7.20
[INFO] [stderr]    Compiling overload v0.1.1
[INFO] [stderr]    Compiling tracing-log v0.1.3
[INFO] [stderr]    Compiling sharded-slab v0.1.4
[INFO] [stderr]    Compiling num-integer v0.1.45
[INFO] [stderr]    Compiling nu-ansi-term v0.46.0
[INFO] [stderr]    Compiling uuid v1.3.1
[INFO] [stderr]    Compiling adler v1.0.2
[INFO] [stderr]    Compiling rayon-core v1.11.0
[INFO] [stderr]    Compiling raw-window-handle v0.5.2
[INFO] [stderr]    Compiling toml_edit v0.19.8
[INFO] [stderr]    Compiling num_cpus v1.15.0
[INFO] [stderr]    Compiling crc32fast v1.3.2
[INFO] [stderr]    Compiling async-executor v1.5.1
[INFO] [stderr]    Compiling simd-adler32 v0.3.5
[INFO] [stderr]    Compiling byteorder v1.4.3
[INFO] [stderr]    Compiling miniz_oxide v0.6.2
[INFO] [stderr]    Compiling libloading v0.7.4
[INFO] [stderr]    Compiling bevy_tasks v0.10.1
[INFO] [stderr]    Compiling crossbeam-deque v0.8.3
[INFO] [stderr]    Compiling num-bigint v0.4.3
[INFO] [stderr]    Compiling unicode-xid v0.2.4
[INFO] [stderr]    Compiling unicode-width v0.1.10
[INFO] [stderr]    Compiling ash v0.37.2+1.3.238
[INFO] [stderr]    Compiling khronos-egl v4.1.0
[INFO] [stderr]    Compiling termcolor v1.2.0
[INFO] [stderr]    Compiling pp-rs v0.2.1
[INFO] [stderr]    Compiling fxhash v0.2.1
[INFO] [stderr]    Compiling spirv v0.2.0+1.5.4
[INFO] [stderr]    Compiling codespan-reporting v0.11.1
[INFO] [stderr]    Compiling gpu-descriptor-types v0.1.1
[INFO] [stderr]    Compiling gpu-alloc-types v0.2.0
[INFO] [stderr]    Compiling num-rational v0.4.1
[INFO] [stderr]    Compiling serde_derive v1.0.160
[INFO] [stderr]    Compiling bytemuck_derive v1.4.1
[INFO] [stderr]    Compiling thiserror-impl v1.0.40
[INFO] [stderr]    Compiling either v1.8.1
[INFO] [stderr]    Compiling arrayvec v0.7.2
[INFO] [stderr]    Compiling hexf-parse v0.2.1
[INFO] [stderr]    Compiling gpu-alloc v0.5.3
[INFO] [stderr]    Compiling regex-automata v0.1.10
[INFO] [stderr]    Compiling regex v1.7.3
[INFO] [stderr]    Compiling rayon v1.7.0
[INFO] [stderr]    Compiling flate2 v1.0.25
[INFO] [stderr]    Compiling nanorand v0.7.0
[INFO] [stderr]    Compiling matchers v0.1.0
[INFO] [stderr]    Compiling wgpu-types v0.15.2
[INFO] [stderr]    Compiling spin v0.9.8
[INFO] [stderr]    Compiling bytemuck v1.13.1
[INFO] [stderr]    Compiling weezl v0.1.7
[INFO] [stderr]    Compiling futures-sink v0.3.28
[INFO] [stderr]    Compiling bevy_macro_utils v0.10.1
[INFO] [stderr]    Compiling encase_derive_impl v0.5.0
[INFO] [stderr]    Compiling anyhow v1.0.70
[INFO] [stderr]    Compiling renderdoc-sys v0.7.1
[INFO] [stderr]    Compiling glow v0.12.1
[INFO] [stderr]    Compiling profiling v1.0.7
[INFO] [stderr]    Compiling fdeflate v0.3.0
[INFO] [stderr]    Compiling zune-inflate v0.2.53
[INFO] [stderr]    Compiling miniz_oxide v0.7.1
[INFO] [stderr]    Compiling sysinfo v0.28.4
[INFO] [stderr]    Compiling half v2.2.1
[INFO] [stderr]    Compiling xml-rs v0.8.4
[INFO] [stderr]    Compiling lebe v0.5.2
[INFO] [stderr]    Compiling bit_field v0.10.2
[INFO] [stderr]    Compiling color_quant v1.1.0
[INFO] [stderr]    Compiling png v0.17.8
[INFO] [stderr]    Compiling qoi v0.4.1
[INFO] [stderr]    Compiling cfg_aliases v0.1.1
[INFO] [stderr]    Compiling gif v0.12.0
[INFO] [stderr]    Compiling const_panic v0.2.7
[INFO] [stderr]    Compiling wayland-scanner v0.29.5
[INFO] [stderr]    Compiling static_assertions v1.1.0
[INFO] [stderr]    Compiling slotmap v1.0.6
[INFO] [stderr]    Compiling accesskit v0.10.1
[INFO] [stderr]    Compiling euclid v0.22.9
[INFO] [stderr]    Compiling svg_fmt v0.4.1
[INFO] [stderr]    Compiling radsort v0.1.0
[INFO] [stderr]    Compiling serde v1.0.160
[INFO] [stderr]    Compiling rectangle-pack v0.4.2
[INFO] [stderr]    Compiling jpeg-decoder v0.3.0
[INFO] [stderr]    Compiling approx v0.5.1
[INFO] [stderr]    Compiling proc-macro-error-attr v1.0.4
[INFO] [stderr]    Compiling guillotiere v0.6.2
[INFO] [stderr]    Compiling num-iter v0.1.43
[INFO] [stderr]    Compiling parking_lot_core v0.8.6
[INFO] [stderr]    Compiling taffy v0.3.11
[INFO] [stderr]    Compiling proc-macro-error v1.0.4
[INFO] [stderr]    Compiling num-complex v0.4.3
[INFO] [stderr]    Compiling nanoserde-derive v0.1.19
[INFO] [stderr]    Compiling proc-macro-crate v1.3.1
[INFO] [stderr]    Compiling winit v0.28.3
[INFO] [stderr]    Compiling ttf-parser v0.17.1
[INFO] [stderr]    Compiling unicode-segmentation v1.10.1
[INFO] [stderr]    Compiling bevy_utils_proc_macros v0.10.1
[INFO] [stderr]    Compiling bevy_reflect_derive v0.10.1
[INFO] [stderr]    Compiling bevy_ecs_macros v0.10.1
[INFO] [stderr]    Compiling bevy_derive v0.10.1
[INFO] [stderr]    Compiling pin-project-internal v1.0.12
[INFO] [stderr]    Compiling tiff v0.8.1
[INFO] [stderr]    Compiling encase_derive v0.5.0
[INFO] [stderr]    Compiling bevy_encase_derive v0.10.1
[INFO] [stderr]    Compiling bevy_render_macros v0.10.1
[INFO] [stderr]    Compiling nanoserde v0.1.32
[INFO] [stdout] error: The platform you're compiling for is not supported by winit
[INFO] [stdout]   --> /opt/rustwide/cargo-home/registry/src/github.com-1ecc6299db9ec823/winit-0.28.3/src/platform_impl/mod.rs:67:1
[INFO] [stdout]    |
[INFO] [stdout] 67 | compile_error!("The platform you're compiling for is not supported by winit");
[INFO] [stdout]    | ^^^^^^^^^^^^^^^^^^^^^^^^^^^^^^^^^^^^^^^^^^^^^^^^^^^^^^^^^^^^^^^^^^^^^^^^^^^^^
[INFO] [stdout] 
[INFO] [stdout] 
[INFO] [stdout] error[E0432]: unresolved import `self::platform`
[INFO] [stdout]   --> /opt/rustwide/cargo-home/registry/src/github.com-1ecc6299db9ec823/winit-0.28.3/src/platform_impl/mod.rs:26:15
[INFO] [stdout]    |
[INFO] [stdout] 26 | pub use self::platform::*;
[INFO] [stdout]    |               ^^^^^^^^ could not find `platform` in `self`
[INFO] [stdout] 
[INFO] [stdout] 
[INFO] [stdout] error[E0432]: unresolved import `crate::platform_impl::PlatformIcon`
[INFO] [stdout]  --> /opt/rustwide/cargo-home/registry/src/github.com-1ecc6299db9ec823/winit-0.28.3/src/icon.rs:1:5
[INFO] [stdout]   |
[INFO] [stdout] 1 | use crate::platform_impl::PlatformIcon;
[INFO] [stdout]   |     ^^^^^^^^^^^^^^^^^^^^^^^^^^^^^^^^^^ no `PlatformIcon` in `platform_impl`
[INFO] [stdout] 
[INFO] [stdout] 
[INFO] [stdout] error[E0433]: failed to resolve: could not find `DeviceId` in `platform_impl`
[INFO] [stdout]    --> /opt/rustwide/cargo-home/registry/src/github.com-1ecc6299db9ec823/winit-0.28.3/src/event.rs:789:33
[INFO] [stdout]     |
[INFO] [stdout] 789 |         DeviceId(platform_impl::DeviceId::dummy())
[INFO] [stdout]     |                                 ^^^^^^^^ could not find `DeviceId` in `platform_impl`
[INFO] [stdout] 
[INFO] [stdout] 
[INFO] [stdout] error[E0433]: failed to resolve: could not find `WindowId` in `platform_impl`
[INFO] [stdout]   --> /opt/rustwide/cargo-home/registry/src/github.com-1ecc6299db9ec823/winit-0.28.3/src/window.rs:86:33
[INFO] [stdout]    |
[INFO] [stdout] 86 |         WindowId(platform_impl::WindowId::dummy())
[INFO] [stdout]    |                                 ^^^^^^^^ could not find `WindowId` in `platform_impl`
[INFO] [stdout] 
[INFO] [stdout] 
[INFO] [stdout] error[E0433]: failed to resolve: could not find `Window` in `platform_impl`
[INFO] [stdout]    --> /opt/rustwide/cargo-home/registry/src/github.com-1ecc6299db9ec823/winit-0.28.3/src/window.rs:465:24
[INFO] [stdout]     |
[INFO] [stdout] 465 |         platform_impl::Window::new(&window_target.p, self.window, self.platform_specific).map(
[INFO] [stdout]     |                        ^^^^^^ could not find `Window` in `platform_impl`
[INFO] [stdout] 
[INFO] [stdout] 
[INFO] [stdout] error[E0412]: cannot find type `OsError` in module `platform_impl`
[INFO] [stdout]   --> /opt/rustwide/cargo-home/registry/src/github.com-1ecc6299db9ec823/winit-0.28.3/src/error.rs:25:27
[INFO] [stdout]    |
[INFO] [stdout] 25 |     error: platform_impl::OsError,
[INFO] [stdout]    |                           ^^^^^^^ not found in `platform_impl`
[INFO] [stdout]    |
[INFO] [stdout] help: there is an enum variant `crate::window::BadIcon::OsError`; try using the variant's enum
[INFO] [stdout]    |
[INFO] [stdout] 25 |     error: crate::window::BadIcon,
[INFO] [stdout]    |            ~~~~~~~~~~~~~~~~~~~~~~
[INFO] [stdout] 
[INFO] [stdout] 
[INFO] [stdout] error[E0412]: cannot find type `OsError` in module `platform_impl`
[INFO] [stdout]   --> /opt/rustwide/cargo-home/registry/src/github.com-1ecc6299db9ec823/winit-0.28.3/src/error.rs:38:76
[INFO] [stdout]    |
[INFO] [stdout] 38 |     pub(crate) fn new(line: u32, file: &'static str, error: platform_impl::OsError) -> OsError {
[INFO] [stdout]    |                                                                            ^^^^^^^ not found in `platform_impl`
[INFO] [stdout]    |
[INFO] [stdout] help: there is an enum variant `crate::window::BadIcon::OsError`; try using the variant's enum
[INFO] [stdout]    |
[INFO] [stdout] 38 |     pub(crate) fn new(line: u32, file: &'static str, error: crate::window::BadIcon) -> OsError {
[INFO] [stdout]    |                                                             ~~~~~~~~~~~~~~~~~~~~~~
[INFO] [stdout] 
[INFO] [stdout] 
[INFO] [stdout] error[E0412]: cannot find type `DeviceId` in module `platform_impl`
[INFO] [stdout]    --> /opt/rustwide/cargo-home/registry/src/github.com-1ecc6299db9ec823/winit-0.28.3/src/event.rs:776:47
[INFO] [stdout]     |
[INFO] [stdout] 776 | pub struct DeviceId(pub(crate) platform_impl::DeviceId);
[INFO] [stdout]     |                                               ^^^^^^^^ not found in `platform_impl`
[INFO] [stdout] 
[INFO] [stdout] 
[INFO] [stdout] error[E0412]: cannot find type `EventLoop` in module `platform_impl`
[INFO] [stdout]   --> /opt/rustwide/cargo-home/registry/src/github.com-1ecc6299db9ec823/winit-0.28.3/src/event_loop.rs:36:43
[INFO] [stdout]    |
[INFO] [stdout] 36 |     pub(crate) event_loop: platform_impl::EventLoop<T>,
[INFO] [stdout]    |                                           ^^^^^^^^^ not found in `platform_impl`
[INFO] [stdout] 
[INFO] [stdout] 
[INFO] [stdout] error[E0412]: cannot find type `EventLoopWindowTarget` in module `platform_impl`
[INFO] [stdout]   --> /opt/rustwide/cargo-home/registry/src/github.com-1ecc6299db9ec823/winit-0.28.3/src/event_loop.rs:47:34
[INFO] [stdout]    |
[INFO] [stdout] 47 |     pub(crate) p: platform_impl::EventLoopWindowTarget<T>,
[INFO] [stdout]    |                                  ^^^^^^^^^^^^^^^^^^^^^ not found in `platform_impl`
[INFO] [stdout] 
[INFO] [stdout] 
[INFO] [stdout] error[E0412]: cannot find type `PlatformSpecificEventLoopAttributes` in module `platform_impl`
[INFO] [stdout]   --> /opt/rustwide/cargo-home/registry/src/github.com-1ecc6299db9ec823/winit-0.28.3/src/event_loop.rs:57:50
[INFO] [stdout]    |
[INFO] [stdout] 57 |     pub(crate) platform_specific: platform_impl::PlatformSpecificEventLoopAttributes,
[INFO] [stdout]    |                                                  ^^^^^^^^^^^^^^^^^^^^^^^^^^^^^^^^^^^ not found in `platform_impl`
[INFO] [stdout] 
[INFO] [stdout] 
[INFO] [stdout] error[E0433]: failed to resolve: could not find `EventLoop` in `platform_impl`
[INFO] [stdout]    --> /opt/rustwide/cargo-home/registry/src/github.com-1ecc6299db9ec823/winit-0.28.3/src/event_loop.rs:121:40
[INFO] [stdout]     |
[INFO] [stdout] 121 |             event_loop: platform_impl::EventLoop::new(&mut self.platform_specific),
[INFO] [stdout]     |                                        ^^^^^^^^^ could not find `EventLoop` in `platform_impl`
[INFO] [stdout]     |
[INFO] [stdout] help: consider importing this struct
[INFO] [stdout]     |
[INFO] [stdout] 10  | use crate::event_loop::EventLoop;
[INFO] [stdout]     |
[INFO] [stdout] help: if you import `EventLoop`, refer to it directly
[INFO] [stdout]     |
[INFO] [stdout] 121 -             event_loop: platform_impl::EventLoop::new(&mut self.platform_specific),
[INFO] [stdout] 121 +             event_loop: EventLoop::new(&mut self.platform_specific),
[INFO] [stdout]     |
[INFO] [stdout] 
[INFO] [stdout] 
[INFO] [stdout] error[E0412]: cannot find type `EventLoopProxy` in module `platform_impl`
[INFO] [stdout]    --> /opt/rustwide/cargo-home/registry/src/github.com-1ecc6299db9ec823/winit-0.28.3/src/event_loop.rs:380:38
[INFO] [stdout]     |
[INFO] [stdout] 380 |     event_loop_proxy: platform_impl::EventLoopProxy<T>,
[INFO] [stdout]     |                                      ^^^^^^^^^^^^^^ not found in `platform_impl`
[INFO] [stdout] 
[INFO] [stdout] 
[INFO] [stdout] error[E0412]: cannot find type `VideoMode` in module `platform_impl`
[INFO] [stdout]   --> /opt/rustwide/cargo-home/registry/src/github.com-1ecc6299db9ec823/winit-0.28.3/src/monitor.rs:18:43
[INFO] [stdout]    |
[INFO] [stdout] 18 |     pub(crate) video_mode: platform_impl::VideoMode,
[INFO] [stdout]    |                                           ^^^^^^^^^ not found in `platform_impl`
[INFO] [stdout] 
[INFO] [stdout] 
[INFO] [stdout] error[E0412]: cannot find type `MonitorHandle` in module `platform_impl`
[INFO] [stdout]    --> /opt/rustwide/cargo-home/registry/src/github.com-1ecc6299db9ec823/winit-0.28.3/src/monitor.rs:107:38
[INFO] [stdout]     |
[INFO] [stdout] 107 |     pub(crate) inner: platform_impl::MonitorHandle,
[INFO] [stdout]     |                                      ^^^^^^^^^^^^^ not found in `platform_impl`
[INFO] [stdout] 
[INFO] [stdout] 
[INFO] [stdout] error[E0412]: cannot find type `VideoMode` in this scope
[INFO] [stdout]   --> /opt/rustwide/cargo-home/registry/src/github.com-1ecc6299db9ec823/winit-0.28.3/src/platform_impl/mod.rs:31:15
[INFO] [stdout]    |
[INFO] [stdout] 31 |     Exclusive(VideoMode),
[INFO] [stdout]    |               ^^^^^^^^^ not found in this scope
[INFO] [stdout]    |
[INFO] [stdout] help: consider importing this struct
[INFO] [stdout]    |
[INFO] [stdout] 1  | use crate::monitor::VideoMode;
[INFO] [stdout]    |
[INFO] [stdout] 
[INFO] [stdout] 
[INFO] [stdout] error[E0412]: cannot find type `MonitorHandle` in this scope
[INFO] [stdout]    --> /opt/rustwide/cargo-home/registry/src/github.com-1ecc6299db9ec823/winit-0.28.3/src/platform_impl/mod.rs:32:23
[INFO] [stdout]     |
[INFO] [stdout] 32  |     Borderless(Option<MonitorHandle>),
[INFO] [stdout]     |                       ^^^^^^^^^^^^^
[INFO] [stdout]     |
[INFO] [stdout]    ::: /opt/rustwide/cargo-home/registry/src/github.com-1ecc6299db9ec823/winit-0.28.3/src/monitor.rs:106:1
[INFO] [stdout]     |
[INFO] [stdout] 106 | pub struct MonitorHandle {
[INFO] [stdout]     | ------------------------ similarly named struct `RootMonitorHandle` defined here
[INFO] [stdout]     |
[INFO] [stdout] help: a struct with a similar name exists
[INFO] [stdout]     |
[INFO] [stdout] 32  |     Borderless(Option<RootMonitorHandle>),
[INFO] [stdout]     |                       ~~~~~~~~~~~~~~~~~
[INFO] [stdout] help: consider importing this struct
[INFO] [stdout]     |
[INFO] [stdout] 1   | use crate::monitor::MonitorHandle;
[INFO] [stdout]     |
[INFO] [stdout] 
[INFO] [stdout] 
[INFO] [stdout] error[E0412]: cannot find type `Window` in module `platform_impl`
[INFO] [stdout]   --> /opt/rustwide/cargo-home/registry/src/github.com-1ecc6299db9ec823/winit-0.28.3/src/window.rs:45:39
[INFO] [stdout]    |
[INFO] [stdout] 45 |     pub(crate) window: platform_impl::Window,
[INFO] [stdout]    |                                       ^^^^^^ not found in `platform_impl`
[INFO] [stdout] 
[INFO] [stdout] 
[INFO] [stdout] error[E0412]: cannot find type `WindowId` in module `platform_impl`
[INFO] [stdout]   --> /opt/rustwide/cargo-home/registry/src/github.com-1ecc6299db9ec823/winit-0.28.3/src/window.rs:73:47
[INFO] [stdout]    |
[INFO] [stdout] 73 | pub struct WindowId(pub(crate) platform_impl::WindowId);
[INFO] [stdout]    |                                               ^^^^^^^^ not found in `platform_impl`
[INFO] [stdout] 
[INFO] [stdout] 
[INFO] [stdout] error[E0412]: cannot find type `PlatformSpecificWindowBuilderAttributes` in module `platform_impl`
[INFO] [stdout]    --> /opt/rustwide/cargo-home/registry/src/github.com-1ecc6299db9ec823/winit-0.28.3/src/window.rs:110:50
[INFO] [stdout]     |
[INFO] [stdout] 110 |     pub(crate) platform_specific: platform_impl::PlatformSpecificWindowBuilderAttributes,
[INFO] [stdout]     |                                                  ^^^^^^^^^^^^^^^^^^^^^^^^^^^^^^^^^^^^^^^ not found in `platform_impl`
[INFO] [stdout] 
[INFO] [stdout] 
[INFO] [stdout] error[E0282]: type annotations needed
[INFO] [stdout]    --> /opt/rustwide/cargo-home/registry/src/github.com-1ecc6299db9ec823/winit-0.28.3/src/window.rs:492:17
[INFO] [stdout]     |
[INFO] [stdout] 492 |         builder.build(event_loop)
[INFO] [stdout]     |                 ^^^^^ cannot infer type of the type parameter `T` declared on the method `build`
[INFO] [stdout]     |
[INFO] [stdout] help: consider specifying the generic argument
[INFO] [stdout]     |
[INFO] [stdout] 492 |         builder.build::<T>(event_loop)
[INFO] [stdout]     |                      +++++
[INFO] [stdout] 
[INFO] [stdout] 
[INFO] [stdout] error: aborting due to 22 previous errors
[INFO] [stdout] 
[INFO] [stdout] 
[INFO] [stdout] Some errors have detailed explanations: E0282, E0412, E0432, E0433.
[INFO] [stdout] 
[INFO] [stdout] For more information about an error, try `rustc --explain E0282`.
[INFO] [stdout] 
[INFO] [stderr] error: could not compile `winit` due to 23 previous errors
[INFO] [stderr] warning: build failed, waiting for other jobs to finish...
[INFO] running `Command { std: "docker" "inspect" "c581bb5ff969110b783b3fd8d1884765d9d165ac9f369fc82059da5d095c002f", kill_on_drop: false }`
[INFO] running `Command { std: "docker" "rm" "-f" "c581bb5ff969110b783b3fd8d1884765d9d165ac9f369fc82059da5d095c002f", kill_on_drop: false }`
[INFO] [stdout] c581bb5ff969110b783b3fd8d1884765d9d165ac9f369fc82059da5d095c002f
