[INFO] fetching crate kannon 0.0.2...
[INFO] testing kannon-0.0.2 against 1.69.0 for beta-1.70-1
[INFO] extracting crate kannon 0.0.2 into /workspace/builds/worker-6-tc1/source
[INFO] validating manifest of crates.io crate kannon 0.0.2 on toolchain 1.69.0
[INFO] running `Command { std: CARGO_HOME="/workspace/cargo-home" RUSTUP_HOME="/workspace/rustup-home" "/workspace/cargo-home/bin/cargo" "+1.69.0" "metadata" "--manifest-path" "Cargo.toml" "--no-deps", kill_on_drop: false }`
[INFO] started tweaking crates.io crate kannon 0.0.2
[INFO] finished tweaking crates.io crate kannon 0.0.2
[INFO] tweaked toml for crates.io crate kannon 0.0.2 written to /workspace/builds/worker-6-tc1/source/Cargo.toml
[INFO] running `Command { std: CARGO_HOME="/workspace/cargo-home" RUSTUP_HOME="/workspace/rustup-home" __CARGO_TEST_CHANNEL_OVERRIDE_DO_NOT_USE_THIS="nightly" "/workspace/cargo-home/bin/cargo" "+1.69.0" "generate-lockfile" "--manifest-path" "Cargo.toml" "-Zno-index-update", kill_on_drop: false }`
[INFO] running `Command { std: CARGO_HOME="/workspace/cargo-home" RUSTUP_HOME="/workspace/rustup-home" "/workspace/cargo-home/bin/cargo" "+1.69.0" "fetch" "--manifest-path" "Cargo.toml", kill_on_drop: false }`
[INFO] [stderr] warning: `panic` setting is ignored for `test` profile
[INFO] running `Command { std: "docker" "create" "-v" "/var/lib/crater-agent-workspace/builds/worker-6-tc1/target:/opt/rustwide/target:rw,Z" "-v" "/var/lib/crater-agent-workspace/builds/worker-6-tc1/source:/opt/rustwide/workdir:ro,Z" "-v" "/var/lib/crater-agent-workspace/cargo-home:/opt/rustwide/cargo-home:ro,Z" "-v" "/var/lib/crater-agent-workspace/rustup-home:/opt/rustwide/rustup-home:ro,Z" "-e" "SOURCE_DIR=/opt/rustwide/workdir" "-e" "CARGO_TARGET_DIR=/opt/rustwide/target" "-e" "CARGO_HOME=/opt/rustwide/cargo-home" "-e" "RUSTUP_HOME=/opt/rustwide/rustup-home" "-w" "/opt/rustwide/workdir" "-m" "1610612736" "--user" "0:0" "--network" "none" "ghcr.io/rust-lang/crates-build-env/linux@sha256:5ff2268d62e97bff2cde7d5815dd6ed5b47097566f13b8d0ca110b04b60e07ed" "/opt/rustwide/cargo-home/bin/cargo" "+1.69.0" "metadata" "--no-deps" "--format-version=1", kill_on_drop: false }`
[INFO] [stdout] b8dd49a4c94a4fd7973b1fba93312ea73a8af9e2f62f5455a51e43e4bf4889ed
[INFO] running `Command { std: "docker" "start" "-a" "b8dd49a4c94a4fd7973b1fba93312ea73a8af9e2f62f5455a51e43e4bf4889ed", kill_on_drop: false }`
[INFO] running `Command { std: "docker" "inspect" "b8dd49a4c94a4fd7973b1fba93312ea73a8af9e2f62f5455a51e43e4bf4889ed", kill_on_drop: false }`
[INFO] running `Command { std: "docker" "rm" "-f" "b8dd49a4c94a4fd7973b1fba93312ea73a8af9e2f62f5455a51e43e4bf4889ed", kill_on_drop: false }`
[INFO] [stdout] b8dd49a4c94a4fd7973b1fba93312ea73a8af9e2f62f5455a51e43e4bf4889ed
[INFO] running `Command { std: "docker" "create" "-v" "/var/lib/crater-agent-workspace/builds/worker-6-tc1/target:/opt/rustwide/target:rw,Z" "-v" "/var/lib/crater-agent-workspace/builds/worker-6-tc1/source:/opt/rustwide/workdir:ro,Z" "-v" "/var/lib/crater-agent-workspace/cargo-home:/opt/rustwide/cargo-home:ro,Z" "-v" "/var/lib/crater-agent-workspace/rustup-home:/opt/rustwide/rustup-home:ro,Z" "-e" "SOURCE_DIR=/opt/rustwide/workdir" "-e" "CARGO_TARGET_DIR=/opt/rustwide/target" "-e" "CARGO_INCREMENTAL=0" "-e" "RUST_BACKTRACE=full" "-e" "RUSTFLAGS=--cap-lints=warn" "-e" "RUSTDOCFLAGS=--cap-lints=warn" "-e" "CARGO_HOME=/opt/rustwide/cargo-home" "-e" "RUSTUP_HOME=/opt/rustwide/rustup-home" "-w" "/opt/rustwide/workdir" "-m" "1610612736" "--user" "0:0" "--network" "none" "ghcr.io/rust-lang/crates-build-env/linux@sha256:5ff2268d62e97bff2cde7d5815dd6ed5b47097566f13b8d0ca110b04b60e07ed" "/opt/rustwide/cargo-home/bin/cargo" "+1.69.0" "build" "--frozen" "--message-format=json", kill_on_drop: false }`
[INFO] [stdout] 9af456eddce8fc7bb82c5b031f7f916da70731e07845dd2c348b81803b5772f9
[INFO] running `Command { std: "docker" "start" "-a" "9af456eddce8fc7bb82c5b031f7f916da70731e07845dd2c348b81803b5772f9", kill_on_drop: false }`
[INFO] [stderr] warning: `panic` setting is ignored for `test` profile
[INFO] [stderr]    Compiling memoffset v0.8.0
[INFO] [stderr]    Compiling crossbeam-epoch v0.9.14
[INFO] [stderr]    Compiling paste v1.0.12
[INFO] [stderr]    Compiling syn v2.0.15
[INFO] [stderr]    Compiling crossbeam-deque v0.8.3
[INFO] [stderr]    Compiling thiserror-impl v1.0.40
[INFO] [stderr]    Compiling thiserror v1.0.40
[INFO] [stderr]    Compiling kannon v0.0.2 (/opt/rustwide/workdir)
[INFO] [stdout] error[E0425]: cannot find function `available_concurrency` in module `thread`
[INFO] [stdout]    --> src/task/worker.rs:192:45
[INFO] [stdout]     |
[INFO] [stdout] 192 |         let available_concurrency = thread::available_concurrency()
[INFO] [stdout]     |                                             ^^^^^^^^^^^^^^^^^^^^^ not found in `thread`
[INFO] [stdout] 
[INFO] [stdout] 
[INFO] [stdout] error[E0554]: `#![feature]` may not be used on the stable release channel
[INFO] [stdout]  --> src/lib.rs:2:12
[INFO] [stdout]   |
[INFO] [stdout] 2 | #![feature(allocator_api)]
[INFO] [stdout]   |            ^^^^^^^^^^^^^
[INFO] [stdout] 
[INFO] [stdout] 
[INFO] [stdout] error[E0554]: `#![feature]` may not be used on the stable release channel
[INFO] [stdout]  --> src/lib.rs:3:12
[INFO] [stdout]   |
[INFO] [stdout] 3 | #![feature(available_concurrency)]
[INFO] [stdout]   |            ^^^^^^^^^^^^^^^^^^^^^
[INFO] [stdout] 
[INFO] [stdout] 
[INFO] [stdout] error[E0635]: unknown feature `available_concurrency`
[INFO] [stdout]  --> src/lib.rs:3:12
[INFO] [stdout]   |
[INFO] [stdout] 3 | #![feature(available_concurrency)]
[INFO] [stdout]   |            ^^^^^^^^^^^^^^^^^^^^^
[INFO] [stdout] 
[INFO] [stdout] 
[INFO] [stdout] warning: unreachable statement
[INFO] [stdout]    --> src/task/group.rs:404:9
[INFO] [stdout]     |
[INFO] [stdout] 403 |           todo!("Not yet implemented");
[INFO] [stdout]     |           ---------------------------- any code following this expression is unreachable
[INFO] [stdout] 404 | /         let pred: &dyn Fn(&&GroupHandle) -> bool = &|x: &&GroupHandle| match (*x).value_as_ref() {
[INFO] [stdout] 405 | |             None => false,
[INFO] [stdout] 406 | |             Some(accessor) => accessor.has_predecessors(),
[INFO] [stdout] 407 | |         };
[INFO] [stdout]     | |__________^ unreachable statement
[INFO] [stdout]     |
[INFO] [stdout]     = note: `#[warn(unreachable_code)]` on by default
[INFO] [stdout] 
[INFO] [stdout] 
[INFO] [stdout] error: aborting due to 4 previous errors; 1 warning emitted
[INFO] [stdout] 
[INFO] [stdout] 
[INFO] [stdout] Some errors have detailed explanations: E0425, E0554, E0635.
[INFO] [stdout] 
[INFO] [stdout] For more information about an error, try `rustc --explain E0425`.
[INFO] [stdout] 
[INFO] [stderr] error: could not compile `kannon` due to 5 previous errors; 1 warning emitted
[INFO] running `Command { std: "docker" "inspect" "9af456eddce8fc7bb82c5b031f7f916da70731e07845dd2c348b81803b5772f9", kill_on_drop: false }`
[INFO] running `Command { std: "docker" "rm" "-f" "9af456eddce8fc7bb82c5b031f7f916da70731e07845dd2c348b81803b5772f9", kill_on_drop: false }`
[INFO] [stdout] 9af456eddce8fc7bb82c5b031f7f916da70731e07845dd2c348b81803b5772f9
