[INFO] fetching crate json_api_derive 0.1.0...
[INFO] testing json_api_derive-0.1.0 against 1.69.0 for beta-1.70-1
[INFO] extracting crate json_api_derive 0.1.0 into /workspace/builds/worker-6-tc1/source
[INFO] validating manifest of crates.io crate json_api_derive 0.1.0 on toolchain 1.69.0
[INFO] running `Command { std: CARGO_HOME="/workspace/cargo-home" RUSTUP_HOME="/workspace/rustup-home" "/workspace/cargo-home/bin/cargo" "+1.69.0" "metadata" "--manifest-path" "Cargo.toml" "--no-deps", kill_on_drop: false }`
[INFO] started tweaking crates.io crate json_api_derive 0.1.0
[INFO] finished tweaking crates.io crate json_api_derive 0.1.0
[INFO] tweaked toml for crates.io crate json_api_derive 0.1.0 written to /workspace/builds/worker-6-tc1/source/Cargo.toml
[INFO] running `Command { std: CARGO_HOME="/workspace/cargo-home" RUSTUP_HOME="/workspace/rustup-home" __CARGO_TEST_CHANNEL_OVERRIDE_DO_NOT_USE_THIS="nightly" "/workspace/cargo-home/bin/cargo" "+1.69.0" "generate-lockfile" "--manifest-path" "Cargo.toml" "-Zno-index-update", kill_on_drop: false }`
[INFO] running `Command { std: CARGO_HOME="/workspace/cargo-home" RUSTUP_HOME="/workspace/rustup-home" "/workspace/cargo-home/bin/cargo" "+1.69.0" "fetch" "--manifest-path" "Cargo.toml", kill_on_drop: false }`
[INFO] running `Command { std: "docker" "create" "-v" "/var/lib/crater-agent-workspace/builds/worker-6-tc1/target:/opt/rustwide/target:rw,Z" "-v" "/var/lib/crater-agent-workspace/builds/worker-6-tc1/source:/opt/rustwide/workdir:ro,Z" "-v" "/var/lib/crater-agent-workspace/cargo-home:/opt/rustwide/cargo-home:ro,Z" "-v" "/var/lib/crater-agent-workspace/rustup-home:/opt/rustwide/rustup-home:ro,Z" "-e" "SOURCE_DIR=/opt/rustwide/workdir" "-e" "CARGO_TARGET_DIR=/opt/rustwide/target" "-e" "CARGO_HOME=/opt/rustwide/cargo-home" "-e" "RUSTUP_HOME=/opt/rustwide/rustup-home" "-w" "/opt/rustwide/workdir" "-m" "1610612736" "--user" "0:0" "--network" "none" "ghcr.io/rust-lang/crates-build-env/linux@sha256:5ff2268d62e97bff2cde7d5815dd6ed5b47097566f13b8d0ca110b04b60e07ed" "/opt/rustwide/cargo-home/bin/cargo" "+1.69.0" "metadata" "--no-deps" "--format-version=1", kill_on_drop: false }`
[INFO] [stdout] e92e5c1506b381bb09e0ad0b12b4a5433f58c2aa5fece26ce131912ac17ff6c4
[INFO] running `Command { std: "docker" "start" "-a" "e92e5c1506b381bb09e0ad0b12b4a5433f58c2aa5fece26ce131912ac17ff6c4", kill_on_drop: false }`
[INFO] running `Command { std: "docker" "inspect" "e92e5c1506b381bb09e0ad0b12b4a5433f58c2aa5fece26ce131912ac17ff6c4", kill_on_drop: false }`
[INFO] running `Command { std: "docker" "rm" "-f" "e92e5c1506b381bb09e0ad0b12b4a5433f58c2aa5fece26ce131912ac17ff6c4", kill_on_drop: false }`
[INFO] [stdout] e92e5c1506b381bb09e0ad0b12b4a5433f58c2aa5fece26ce131912ac17ff6c4
[INFO] running `Command { std: "docker" "create" "-v" "/var/lib/crater-agent-workspace/builds/worker-6-tc1/target:/opt/rustwide/target:rw,Z" "-v" "/var/lib/crater-agent-workspace/builds/worker-6-tc1/source:/opt/rustwide/workdir:ro,Z" "-v" "/var/lib/crater-agent-workspace/cargo-home:/opt/rustwide/cargo-home:ro,Z" "-v" "/var/lib/crater-agent-workspace/rustup-home:/opt/rustwide/rustup-home:ro,Z" "-e" "SOURCE_DIR=/opt/rustwide/workdir" "-e" "CARGO_TARGET_DIR=/opt/rustwide/target" "-e" "CARGO_INCREMENTAL=0" "-e" "RUST_BACKTRACE=full" "-e" "RUSTFLAGS=--cap-lints=warn" "-e" "RUSTDOCFLAGS=--cap-lints=warn" "-e" "CARGO_HOME=/opt/rustwide/cargo-home" "-e" "RUSTUP_HOME=/opt/rustwide/rustup-home" "-w" "/opt/rustwide/workdir" "-m" "1610612736" "--user" "0:0" "--network" "none" "ghcr.io/rust-lang/crates-build-env/linux@sha256:5ff2268d62e97bff2cde7d5815dd6ed5b47097566f13b8d0ca110b04b60e07ed" "/opt/rustwide/cargo-home/bin/cargo" "+1.69.0" "build" "--frozen" "--message-format=json", kill_on_drop: false }`
[INFO] [stdout] c4bbf58f21f22c426a15906e2d0d57d0d8f06acdce9c09fdb2d253e93e0996f5
[INFO] running `Command { std: "docker" "start" "-a" "c4bbf58f21f22c426a15906e2d0d57d0d8f06acdce9c09fdb2d253e93e0996f5", kill_on_drop: false }`
[INFO] [stderr]    Compiling syn v1.0.109
[INFO] [stderr]    Compiling serde v1.0.160
[INFO] [stderr]    Compiling serde_derive v1.0.160
[INFO] [stderr]    Compiling json_api_derive v0.1.0 (/opt/rustwide/workdir)
[INFO] [stdout] error[E0432]: unresolved import `syn::export`
[INFO] [stdout]  --> src/context/mod.rs:6:10
[INFO] [stdout]   |
[INFO] [stdout] 6 | use syn::export::ToTokens;
[INFO] [stdout]   |          ^^^^^^ could not find `export` in `syn`
[INFO] [stdout] 
[INFO] [stdout] 
[INFO] [stdout] error[E0599]: no method named `to_token_stream` found for reference `&DeriveInput` in the current scope
[INFO] [stdout]    --> src/context/mod.rs:133:25
[INFO] [stdout]     |
[INFO] [stdout] 133 |                     ast.to_token_stream(),
[INFO] [stdout]     |                         ^^^^^^^^^^^^^^^ method not found in `&DeriveInput`
[INFO] [stdout]     |
[INFO] [stdout]     = help: items from traits can only be used if the trait is in scope
[INFO] [stdout] help: the following trait is implemented but not in scope; perhaps add a `use` for it:
[INFO] [stdout]     |
[INFO] [stdout] 1   | use quote::ToTokens;
[INFO] [stdout]     |
[INFO] [stdout] 
[INFO] [stdout] 
[INFO] [stdout] error[E0599]: no method named `to_token_stream` found for reference `&syn::Field` in the current scope
[INFO] [stdout]    --> src/context/mod.rs:158:47
[INFO] [stdout]     |
[INFO] [stdout] 158 | ...                   field.to_token_stream(),
[INFO] [stdout]     |                             ^^^^^^^^^^^^^^^ method not found in `&Field`
[INFO] [stdout]     |
[INFO] [stdout]     = help: items from traits can only be used if the trait is in scope
[INFO] [stdout] help: the following trait is implemented but not in scope; perhaps add a `use` for it:
[INFO] [stdout]     |
[INFO] [stdout] 1   | use quote::ToTokens;
[INFO] [stdout]     |
[INFO] [stdout] 
[INFO] [stdout] 
[INFO] [stdout] error: aborting due to 3 previous errors
[INFO] [stdout] 
[INFO] [stdout] 
[INFO] [stdout] Some errors have detailed explanations: E0432, E0599.
[INFO] [stdout] 
[INFO] [stdout] For more information about an error, try `rustc --explain E0432`.
[INFO] [stdout] 
[INFO] [stderr] error: could not compile `json_api_derive` due to 4 previous errors
[INFO] running `Command { std: "docker" "inspect" "c4bbf58f21f22c426a15906e2d0d57d0d8f06acdce9c09fdb2d253e93e0996f5", kill_on_drop: false }`
[INFO] running `Command { std: "docker" "rm" "-f" "c4bbf58f21f22c426a15906e2d0d57d0d8f06acdce9c09fdb2d253e93e0996f5", kill_on_drop: false }`
[INFO] [stdout] c4bbf58f21f22c426a15906e2d0d57d0d8f06acdce9c09fdb2d253e93e0996f5
