[INFO] fetching crate jail_exporter 0.16.1...
[INFO] testing jail_exporter-0.16.1 against beta-2023-04-20 for beta-1.70-1
[INFO] extracting crate jail_exporter 0.16.1 into /workspace/builds/worker-1-tc2/source
[INFO] validating manifest of crates.io crate jail_exporter 0.16.1 on toolchain beta-2023-04-20
[INFO] running `Command { std: CARGO_HOME="/workspace/cargo-home" RUSTUP_HOME="/workspace/rustup-home" "/workspace/cargo-home/bin/cargo" "+beta-2023-04-20" "metadata" "--manifest-path" "Cargo.toml" "--no-deps", kill_on_drop: false }`
[INFO] started tweaking crates.io crate jail_exporter 0.16.1
[INFO] finished tweaking crates.io crate jail_exporter 0.16.1
[INFO] tweaked toml for crates.io crate jail_exporter 0.16.1 written to /workspace/builds/worker-1-tc2/source/Cargo.toml
[INFO] crate crates.io crate jail_exporter 0.16.1 already has a lockfile, it will not be regenerated
[INFO] running `Command { std: CARGO_HOME="/workspace/cargo-home" RUSTUP_HOME="/workspace/rustup-home" "/workspace/cargo-home/bin/cargo" "+beta-2023-04-20" "fetch" "--manifest-path" "Cargo.toml", kill_on_drop: false }`
[INFO] [stderr]     Updating crates.io index
[INFO] [stderr]  Downloading crates ...
[INFO] [stderr]   Downloaded dtoa v1.0.6
[INFO] [stderr]   Downloaded sysctl v0.5.4
[INFO] [stderr]   Downloaded rctl v0.2.0
[INFO] [stderr]   Downloaded prometheus-client-derive-encode v0.4.1
[INFO] [stderr]   Downloaded enum-as-inner v0.5.1
[INFO] [stderr]   Downloaded jail v0.2.0
[INFO] [stderr]   Downloaded strum v0.21.0
[INFO] [stderr]   Downloaded prometheus-client v0.20.0
[INFO] [stderr]   Downloaded bcrypt v0.14.0
[INFO] [stderr]   Downloaded axum v0.6.15
[INFO] [stderr]   Downloaded askama_derive v0.12.1
[INFO] [stderr]   Downloaded dialoguer v0.10.4
[INFO] [stderr]   Downloaded sysctl v0.4.6
[INFO] [stderr]   Downloaded askama v0.12.0
[INFO] running `Command { std: "docker" "create" "-v" "/var/lib/crater-agent-workspace/builds/worker-1-tc2/target:/opt/rustwide/target:rw,Z" "-v" "/var/lib/crater-agent-workspace/builds/worker-1-tc2/source:/opt/rustwide/workdir:ro,Z" "-v" "/var/lib/crater-agent-workspace/cargo-home:/opt/rustwide/cargo-home:ro,Z" "-v" "/var/lib/crater-agent-workspace/rustup-home:/opt/rustwide/rustup-home:ro,Z" "-e" "SOURCE_DIR=/opt/rustwide/workdir" "-e" "CARGO_TARGET_DIR=/opt/rustwide/target" "-e" "CARGO_HOME=/opt/rustwide/cargo-home" "-e" "RUSTUP_HOME=/opt/rustwide/rustup-home" "-w" "/opt/rustwide/workdir" "-m" "1610612736" "--user" "0:0" "--network" "none" "ghcr.io/rust-lang/crates-build-env/linux@sha256:5ff2268d62e97bff2cde7d5815dd6ed5b47097566f13b8d0ca110b04b60e07ed" "/opt/rustwide/cargo-home/bin/cargo" "+beta-2023-04-20" "metadata" "--no-deps" "--format-version=1", kill_on_drop: false }`
[INFO] [stdout] ffbc3b8d0d50e87aec5d03dee60a51207acab2331c68b7d6fdcb95c6f3f6a1ac
[INFO] running `Command { std: "docker" "start" "-a" "ffbc3b8d0d50e87aec5d03dee60a51207acab2331c68b7d6fdcb95c6f3f6a1ac", kill_on_drop: false }`
[INFO] running `Command { std: "docker" "inspect" "ffbc3b8d0d50e87aec5d03dee60a51207acab2331c68b7d6fdcb95c6f3f6a1ac", kill_on_drop: false }`
[INFO] running `Command { std: "docker" "rm" "-f" "ffbc3b8d0d50e87aec5d03dee60a51207acab2331c68b7d6fdcb95c6f3f6a1ac", kill_on_drop: false }`
[INFO] [stdout] ffbc3b8d0d50e87aec5d03dee60a51207acab2331c68b7d6fdcb95c6f3f6a1ac
[INFO] running `Command { std: "docker" "create" "-v" "/var/lib/crater-agent-workspace/builds/worker-1-tc2/target:/opt/rustwide/target:rw,Z" "-v" "/var/lib/crater-agent-workspace/builds/worker-1-tc2/source:/opt/rustwide/workdir:ro,Z" "-v" "/var/lib/crater-agent-workspace/cargo-home:/opt/rustwide/cargo-home:ro,Z" "-v" "/var/lib/crater-agent-workspace/rustup-home:/opt/rustwide/rustup-home:ro,Z" "-e" "SOURCE_DIR=/opt/rustwide/workdir" "-e" "CARGO_TARGET_DIR=/opt/rustwide/target" "-e" "CARGO_INCREMENTAL=0" "-e" "RUST_BACKTRACE=full" "-e" "RUSTFLAGS=--cap-lints=warn" "-e" "RUSTDOCFLAGS=--cap-lints=warn" "-e" "CARGO_HOME=/opt/rustwide/cargo-home" "-e" "RUSTUP_HOME=/opt/rustwide/rustup-home" "-w" "/opt/rustwide/workdir" "-m" "1610612736" "--user" "0:0" "--network" "none" "ghcr.io/rust-lang/crates-build-env/linux@sha256:5ff2268d62e97bff2cde7d5815dd6ed5b47097566f13b8d0ca110b04b60e07ed" "/opt/rustwide/cargo-home/bin/cargo" "+beta-2023-04-20" "build" "--frozen" "--message-format=json", kill_on_drop: false }`
[INFO] [stdout] 2e98b57bfe7f223e674dc1774cd7d3d10f9181cd2c51a5eee2c2f886776e262a
[INFO] running `Command { std: "docker" "start" "-a" "2e98b57bfe7f223e674dc1774cd7d3d10f9181cd2c51a5eee2c2f886776e262a", kill_on_drop: false }`
[INFO] [stderr]     Blocking waiting for file lock on package cache
[INFO] [stderr]    Compiling proc-macro2 v1.0.56
[INFO] [stderr]    Compiling quote v1.0.26
[INFO] [stderr]    Compiling unicode-ident v1.0.8
[INFO] [stderr]    Compiling libc v0.2.141
[INFO] [stderr]    Compiling syn v1.0.109
[INFO] [stderr]    Compiling log v0.4.17
[INFO] [stderr]    Compiling once_cell v1.17.1
[INFO] [stderr]    Compiling futures-core v0.3.28
[INFO] [stderr]    Compiling typenum v1.16.0
[INFO] [stderr]    Compiling rustversion v1.0.12
[INFO] [stderr]    Compiling futures-task v0.3.28
[INFO] [stderr]    Compiling generic-array v0.14.7
[INFO] [stderr]    Compiling futures-util v0.3.28
[INFO] [stderr]    Compiling io-lifetimes v1.0.10
[INFO] [stderr]    Compiling unicase v2.6.0
[INFO] [stderr]    Compiling thiserror v1.0.40
[INFO] [stderr]    Compiling rustix v0.37.11
[INFO] [stderr]    Compiling tracing-core v0.1.30
[INFO] [stderr]    Compiling bytes v1.4.0
[INFO] [stderr]    Compiling tokio v1.27.0
[INFO] [stderr]    Compiling semver v1.0.17
[INFO] [stderr]    Compiling tower-service v0.3.2
[INFO] [stderr]    Compiling linux-raw-sys v0.3.2
[INFO] [stderr]    Compiling serde_derive v1.0.160
[INFO] [stderr]    Compiling mime_guess v2.0.4
[INFO] [stderr]    Compiling memchr v2.5.0
[INFO] [stderr]    Compiling walkdir v2.3.3
[INFO] [stderr]    Compiling lock_api v0.4.9
[INFO] [stderr]    Compiling httparse v1.8.0
[INFO] [stderr]    Compiling http v0.2.9
[INFO] [stderr]    Compiling futures-channel v0.3.28
[INFO] [stderr]    Compiling serde v1.0.160
[INFO] [stderr]    Compiling parking_lot_core v0.9.7
[INFO] [stderr]    Compiling async-trait v0.1.68
[INFO] [stderr]    Compiling tower-layer v0.3.2
[INFO] [stderr]    Compiling indexmap v1.9.3
[INFO] [stderr]    Compiling unicode-segmentation v1.10.1
[INFO] [stderr]    Compiling syn v2.0.15
[INFO] [stderr]    Compiling axum-core v0.3.4
[INFO] [stderr]    Compiling try-lock v0.2.4
[INFO] [stderr]    Compiling minimal-lexical v0.2.1
[INFO] [stderr]    Compiling axum v0.6.15
[INFO] [stderr]    Compiling want v0.3.0
[INFO] [stderr]    Compiling rustc_version v0.4.0
[INFO] [stderr]    Compiling http-body v0.4.5
[INFO] [stderr]    Compiling heck v0.3.3
[INFO] [stderr]    Compiling mio v0.8.6
[INFO] [stderr]    Compiling num_cpus v1.15.0
[INFO] [stderr]    Compiling getrandom v0.2.9
[INFO] [stderr]    Compiling socket2 v0.4.9
[INFO] [stderr]    Compiling nom v7.1.3
[INFO] [stderr]    Compiling nix v0.22.3
[INFO] [stderr]    Compiling rand_core v0.6.4
[INFO] [stderr]    Compiling users v0.11.0
[INFO] [stderr]    Compiling zeroize v1.6.0
[INFO] [stderr]    Compiling number_prefix v0.4.0
[INFO] [stderr]    Compiling hashbrown v0.12.3
[INFO] [stderr]    Compiling prometheus-client v0.20.0
[INFO] [stderr]    Compiling clap_lex v0.4.1
[INFO] [stderr]    Compiling inout v0.1.3
[INFO] [stderr]    Compiling crypto-common v0.1.6
[INFO] [stderr]    Compiling unicode-width v0.1.10
[INFO] [stderr]    Compiling ppv-lite86 v0.2.17
[INFO] [stderr]    Compiling heck v0.4.1
[INFO] [stderr]    Compiling overload v0.1.1
[INFO] [stderr]    Compiling parking_lot v0.12.1
[INFO] [stderr]    Compiling console v0.15.5
[INFO] [stderr]    Compiling cipher v0.4.4
[INFO] [stderr]    Compiling nu-ansi-term v0.46.0
[INFO] [stderr]    Compiling jail_exporter v0.16.1 (/opt/rustwide/workdir)
[INFO] [stderr]    Compiling tracing-log v0.1.3
[INFO] [stderr]    Compiling sharded-slab v0.1.4
[INFO] [stderr]    Compiling thread_local v1.1.7
[INFO] [stderr]    Compiling rand_chacha v0.3.1
[INFO] [stderr]    Compiling ryu v1.0.13
[INFO] [stderr]    Compiling blowfish v0.9.1
[INFO] [stderr]    Compiling shell-words v1.1.0
[INFO] [stderr]    Compiling strum v0.21.0
[INFO] [stderr]    Compiling base64 v0.21.0
[INFO] [stderr]    Compiling askama_escape v0.10.3
[INFO] [stderr]    Compiling percent-encoding v2.2.0
[INFO] [stderr]    Compiling fastrand v1.9.0
[INFO] [stderr]    Compiling subtle v2.5.0
[INFO] [stderr]    Compiling matchit v0.7.0
[INFO] [stderr]    Compiling sync_wrapper v0.1.2
[INFO] [stderr]    Compiling unsafe-libyaml v0.2.8
[INFO] [stderr]    Compiling dtoa v1.0.6
[INFO] [stderr]    Compiling http-range-header v0.3.0
[INFO] [stderr]    Compiling dialoguer v0.10.4
[INFO] [stderr]    Compiling rand v0.8.5
[INFO] [stderr]    Compiling bcrypt v0.14.0
[INFO] [stderr]    Compiling tracing-subscriber v0.3.16
[INFO] [stderr]    Compiling terminal_size v0.2.6
[INFO] [stderr]    Compiling tempfile v3.5.0
[INFO] [stderr]    Compiling clap_builder v4.2.2
[INFO] [stderr]    Compiling thiserror-impl v1.0.40
[INFO] [stderr]    Compiling tokio-macros v2.0.0
[INFO] [stderr]    Compiling askama_derive v0.12.1
[INFO] [stderr]    Compiling tracing-attributes v0.1.23
[INFO] [stderr]    Compiling pin-project-internal v1.0.12
[INFO] [stderr]    Compiling strum_macros v0.21.1
[INFO] [stderr]    Compiling enum-as-inner v0.5.1
[INFO] [stderr]    Compiling prometheus-client-derive-encode v0.4.1
[INFO] [stderr]    Compiling sysctl v0.4.6
[INFO] [stderr]    Compiling clap v4.2.2
[INFO] [stderr]    Compiling rctl v0.2.0
[INFO] [stderr]    Compiling sysctl v0.5.4
[INFO] [stdout] error[E0599]: no variant or associated item named `SIGEMT` found for enum `Signal` in the current scope
[INFO] [stdout]    --> /opt/rustwide/cargo-home/registry/src/index.crates.io-6f17d22bba15001f/rctl-0.2.0/src/lib.rs:791:25
[INFO] [stdout]     |
[INFO] [stdout] 791 |                 Signal::SIGEMT => "sigemt",
[INFO] [stdout]     |                         ^^^^^^
[INFO] [stdout]     |                         |
[INFO] [stdout]     |                         variant or associated item not found in `Signal`
[INFO] [stdout]     |                         help: there is a variant with a similar name: `SIGINT`
[INFO] [stdout] 
[INFO] [stdout] 
[INFO] [stdout] error[E0599]: no variant or associated item named `SIGINFO` found for enum `Signal` in the current scope
[INFO] [stdout]    --> /opt/rustwide/cargo-home/registry/src/index.crates.io-6f17d22bba15001f/rctl-0.2.0/src/lib.rs:792:25
[INFO] [stdout]     |
[INFO] [stdout] 792 |                 Signal::SIGINFO => "siginfo",
[INFO] [stdout]     |                         ^^^^^^^
[INFO] [stdout]     |                         |
[INFO] [stdout]     |                         variant or associated item not found in `Signal`
[INFO] [stdout]     |                         help: there is a variant with a similar name: `SIGINT`
[INFO] [stdout] 
[INFO] [stdout] 
[INFO] [stdout] error[E0599]: no variant or associated item named `SIGEMT` found for enum `Signal` in the current scope
[INFO] [stdout]    --> /opt/rustwide/cargo-home/registry/src/index.crates.io-6f17d22bba15001f/rctl-0.2.0/src/lib.rs:836:51
[INFO] [stdout]     |
[INFO] [stdout] 836 |             "sigemt" => Ok(Action::Signal(Signal::SIGEMT)),
[INFO] [stdout]     |                                                   ^^^^^^
[INFO] [stdout]     |                                                   |
[INFO] [stdout]     |                                                   variant or associated item not found in `Signal`
[INFO] [stdout]     |                                                   help: there is a variant with a similar name: `SIGINT`
[INFO] [stdout] 
[INFO] [stdout] 
[INFO] [stdout] error[E0599]: no variant or associated item named `SIGINFO` found for enum `Signal` in the current scope
[INFO] [stdout]    --> /opt/rustwide/cargo-home/registry/src/index.crates.io-6f17d22bba15001f/rctl-0.2.0/src/lib.rs:837:52
[INFO] [stdout]     |
[INFO] [stdout] 837 |             "siginfo" => Ok(Action::Signal(Signal::SIGINFO)),
[INFO] [stdout]     |                                                    ^^^^^^^
[INFO] [stdout]     |                                                    |
[INFO] [stdout]     |                                                    variant or associated item not found in `Signal`
[INFO] [stdout]     |                                                    help: there is a variant with a similar name: `SIGINT`
[INFO] [stdout] 
[INFO] [stdout] 
[INFO] [stdout] error: aborting due to 4 previous errors
[INFO] [stdout] 
[INFO] [stdout] 
[INFO] [stdout] For more information about this error, try `rustc --explain E0599`.
[INFO] [stdout] 
[INFO] [stderr] error: could not compile `rctl` (lib) due to 5 previous errors
[INFO] [stderr] warning: build failed, waiting for other jobs to finish...
[INFO] running `Command { std: "docker" "inspect" "2e98b57bfe7f223e674dc1774cd7d3d10f9181cd2c51a5eee2c2f886776e262a", kill_on_drop: false }`
[INFO] running `Command { std: "docker" "rm" "-f" "2e98b57bfe7f223e674dc1774cd7d3d10f9181cd2c51a5eee2c2f886776e262a", kill_on_drop: false }`
[INFO] [stdout] 2e98b57bfe7f223e674dc1774cd7d3d10f9181cd2c51a5eee2c2f886776e262a
