[INFO] fetching crate jaded-derive 0.2.0...
[INFO] testing jaded-derive-0.2.0 against 1.69.0 for beta-1.70-1
[INFO] extracting crate jaded-derive 0.2.0 into /workspace/builds/worker-3-tc1/source
[INFO] validating manifest of crates.io crate jaded-derive 0.2.0 on toolchain 1.69.0
[INFO] running `Command { std: CARGO_HOME="/workspace/cargo-home" RUSTUP_HOME="/workspace/rustup-home" "/workspace/cargo-home/bin/cargo" "+1.69.0" "metadata" "--manifest-path" "Cargo.toml" "--no-deps", kill_on_drop: false }`
[INFO] started tweaking crates.io crate jaded-derive 0.2.0
[INFO] finished tweaking crates.io crate jaded-derive 0.2.0
[INFO] tweaked toml for crates.io crate jaded-derive 0.2.0 written to /workspace/builds/worker-3-tc1/source/Cargo.toml
[INFO] running `Command { std: CARGO_HOME="/workspace/cargo-home" RUSTUP_HOME="/workspace/rustup-home" __CARGO_TEST_CHANNEL_OVERRIDE_DO_NOT_USE_THIS="nightly" "/workspace/cargo-home/bin/cargo" "+1.69.0" "generate-lockfile" "--manifest-path" "Cargo.toml" "-Zno-index-update", kill_on_drop: false }`
[INFO] running `Command { std: CARGO_HOME="/workspace/cargo-home" RUSTUP_HOME="/workspace/rustup-home" "/workspace/cargo-home/bin/cargo" "+1.69.0" "fetch" "--manifest-path" "Cargo.toml", kill_on_drop: false }`
[INFO] running `Command { std: "docker" "create" "-v" "/var/lib/crater-agent-workspace/builds/worker-3-tc1/target:/opt/rustwide/target:rw,Z" "-v" "/var/lib/crater-agent-workspace/builds/worker-3-tc1/source:/opt/rustwide/workdir:ro,Z" "-v" "/var/lib/crater-agent-workspace/cargo-home:/opt/rustwide/cargo-home:ro,Z" "-v" "/var/lib/crater-agent-workspace/rustup-home:/opt/rustwide/rustup-home:ro,Z" "-e" "SOURCE_DIR=/opt/rustwide/workdir" "-e" "CARGO_TARGET_DIR=/opt/rustwide/target" "-e" "CARGO_HOME=/opt/rustwide/cargo-home" "-e" "RUSTUP_HOME=/opt/rustwide/rustup-home" "-w" "/opt/rustwide/workdir" "-m" "1610612736" "--user" "0:0" "--network" "none" "ghcr.io/rust-lang/crates-build-env/linux@sha256:5ff2268d62e97bff2cde7d5815dd6ed5b47097566f13b8d0ca110b04b60e07ed" "/opt/rustwide/cargo-home/bin/cargo" "+1.69.0" "metadata" "--no-deps" "--format-version=1", kill_on_drop: false }`
[INFO] [stdout] 14c822d3800d6c2088f29f6e0ece35e93c4855738965ddf832f554a5983cf5a1
[INFO] running `Command { std: "docker" "start" "-a" "14c822d3800d6c2088f29f6e0ece35e93c4855738965ddf832f554a5983cf5a1", kill_on_drop: false }`
[INFO] running `Command { std: "docker" "inspect" "14c822d3800d6c2088f29f6e0ece35e93c4855738965ddf832f554a5983cf5a1", kill_on_drop: false }`
[INFO] running `Command { std: "docker" "rm" "-f" "14c822d3800d6c2088f29f6e0ece35e93c4855738965ddf832f554a5983cf5a1", kill_on_drop: false }`
[INFO] [stdout] 14c822d3800d6c2088f29f6e0ece35e93c4855738965ddf832f554a5983cf5a1
[INFO] running `Command { std: "docker" "create" "-v" "/var/lib/crater-agent-workspace/builds/worker-3-tc1/target:/opt/rustwide/target:rw,Z" "-v" "/var/lib/crater-agent-workspace/builds/worker-3-tc1/source:/opt/rustwide/workdir:ro,Z" "-v" "/var/lib/crater-agent-workspace/cargo-home:/opt/rustwide/cargo-home:ro,Z" "-v" "/var/lib/crater-agent-workspace/rustup-home:/opt/rustwide/rustup-home:ro,Z" "-e" "SOURCE_DIR=/opt/rustwide/workdir" "-e" "CARGO_TARGET_DIR=/opt/rustwide/target" "-e" "CARGO_INCREMENTAL=0" "-e" "RUST_BACKTRACE=full" "-e" "RUSTFLAGS=--cap-lints=warn" "-e" "RUSTDOCFLAGS=--cap-lints=warn" "-e" "CARGO_HOME=/opt/rustwide/cargo-home" "-e" "RUSTUP_HOME=/opt/rustwide/rustup-home" "-w" "/opt/rustwide/workdir" "-m" "1610612736" "--user" "0:0" "--network" "none" "ghcr.io/rust-lang/crates-build-env/linux@sha256:5ff2268d62e97bff2cde7d5815dd6ed5b47097566f13b8d0ca110b04b60e07ed" "/opt/rustwide/cargo-home/bin/cargo" "+1.69.0" "build" "--frozen" "--message-format=json", kill_on_drop: false }`
[INFO] [stdout] 71e56bb1f2bf12ac25466b45560de44f8ab43c60d85787b7ec98aeba03720d09
[INFO] running `Command { std: "docker" "start" "-a" "71e56bb1f2bf12ac25466b45560de44f8ab43c60d85787b7ec98aeba03720d09", kill_on_drop: false }`
[INFO] [stderr]    Compiling proc-macro2 v1.0.56
[INFO] [stderr]    Compiling version_check v0.9.4
[INFO] [stderr]    Compiling quote v1.0.26
[INFO] [stderr]    Compiling unicode-ident v1.0.8
[INFO] [stderr]    Compiling syn v1.0.109
[INFO] [stderr]    Compiling proc-macro-error-attr v1.0.4
[INFO] [stderr]    Compiling proc-macro-error v1.0.4
[INFO] [stderr]    Compiling jaded-derive v0.2.0 (/opt/rustwide/workdir)
[INFO] [stderr]     Finished dev [unoptimized + debuginfo] target(s) in 4.27s
[INFO] running `Command { std: "docker" "inspect" "71e56bb1f2bf12ac25466b45560de44f8ab43c60d85787b7ec98aeba03720d09", kill_on_drop: false }`
[INFO] running `Command { std: "docker" "rm" "-f" "71e56bb1f2bf12ac25466b45560de44f8ab43c60d85787b7ec98aeba03720d09", kill_on_drop: false }`
[INFO] [stdout] 71e56bb1f2bf12ac25466b45560de44f8ab43c60d85787b7ec98aeba03720d09
[INFO] running `Command { std: "docker" "create" "-v" "/var/lib/crater-agent-workspace/builds/worker-3-tc1/target:/opt/rustwide/target:rw,Z" "-v" "/var/lib/crater-agent-workspace/builds/worker-3-tc1/source:/opt/rustwide/workdir:ro,Z" "-v" "/var/lib/crater-agent-workspace/cargo-home:/opt/rustwide/cargo-home:ro,Z" "-v" "/var/lib/crater-agent-workspace/rustup-home:/opt/rustwide/rustup-home:ro,Z" "-e" "SOURCE_DIR=/opt/rustwide/workdir" "-e" "CARGO_TARGET_DIR=/opt/rustwide/target" "-e" "CARGO_INCREMENTAL=0" "-e" "RUST_BACKTRACE=full" "-e" "RUSTFLAGS=--cap-lints=warn" "-e" "RUSTDOCFLAGS=--cap-lints=warn" "-e" "CARGO_HOME=/opt/rustwide/cargo-home" "-e" "RUSTUP_HOME=/opt/rustwide/rustup-home" "-w" "/opt/rustwide/workdir" "-m" "1610612736" "--user" "0:0" "--network" "none" "ghcr.io/rust-lang/crates-build-env/linux@sha256:5ff2268d62e97bff2cde7d5815dd6ed5b47097566f13b8d0ca110b04b60e07ed" "/opt/rustwide/cargo-home/bin/cargo" "+1.69.0" "test" "--frozen" "--no-run" "--message-format=json", kill_on_drop: false }`
[INFO] [stdout] 57aff2b60236c9c3dbbb4117f2b2697395ab9d3dcdd84cc8dcc611f788e14bf5
[INFO] running `Command { std: "docker" "start" "-a" "57aff2b60236c9c3dbbb4117f2b2697395ab9d3dcdd84cc8dcc611f788e14bf5", kill_on_drop: false }`
[INFO] [stderr]    Compiling proc-macro2 v1.0.56
[INFO] [stderr]    Compiling unicode-ident v1.0.8
[INFO] [stderr]    Compiling serde v1.0.160
[INFO] [stderr]    Compiling serde_json v1.0.96
[INFO] [stderr]    Compiling serde_derive v1.0.160
[INFO] [stderr]    Compiling itoa v1.0.6
[INFO] [stderr]    Compiling ryu v1.0.13
[INFO] [stderr]    Compiling trybuild v1.0.80
[INFO] [stderr]    Compiling once_cell v1.17.1
[INFO] [stderr]    Compiling glob v0.3.1
[INFO] [stderr]    Compiling termcolor v1.2.0
[INFO] [stderr]    Compiling quote v1.0.26
[INFO] [stderr]    Compiling syn v1.0.109
[INFO] [stderr]    Compiling proc-macro-error v1.0.4
[INFO] [stderr]    Compiling syn v2.0.15
[INFO] [stderr]    Compiling proc-macro-error-attr v1.0.4
[INFO] [stderr]    Compiling basic-toml v0.1.2
[INFO] [stderr]    Compiling jaded-derive v0.2.0 (/opt/rustwide/workdir)
[INFO] [stdout] error[E0432]: unresolved import `jaded`
[INFO] [stdout]  --> tests/derivation.rs:1:5
[INFO] [stdout]   |
[INFO] [stdout] 1 | use jaded::{ConversionError, JavaError, Parser};
[INFO] [stdout]   |     ^^^^^ use of undeclared crate or module `jaded`
[INFO] [stdout] 
[INFO] [stdout] 
[INFO] [stdout] error[E0432]: unresolved import `jaded`
[INFO] [stdout]   --> tests/derivation.rs:92:9
[INFO] [stdout]    |
[INFO] [stdout] 92 |     use jaded::{AnnotationIter, ConversionResult, FromJava};
[INFO] [stdout]    |         ^^^^^ use of undeclared crate or module `jaded`
[INFO] [stdout] 
[INFO] [stdout] 
[INFO] [stdout] error[E0433]: failed to resolve: could not find `jaded` in the list of imported crates
[INFO] [stdout]  --> tests/derivation.rs:6:8
[INFO] [stdout]   |
[INFO] [stdout] 6 | struct Marker;
[INFO] [stdout]   |        ^^^^^^ could not find `jaded` in the list of imported crates
[INFO] [stdout] 
[INFO] [stdout] 
[INFO] [stdout] error[E0433]: failed to resolve: could not find `jaded` in the list of imported crates
[INFO] [stdout]  --> tests/derivation.rs:5:17
[INFO] [stdout]   |
[INFO] [stdout] 5 | #[derive(Debug, FromJava, PartialEq)]
[INFO] [stdout]   |                 ^^^^^^^^ could not find `jaded` in the list of imported crates
[INFO] [stdout]   |
[INFO] [stdout]   = note: this error originates in the derive macro `FromJava` (in Nightly builds, run with -Z macro-backtrace for more info)
[INFO] [stdout] 
[INFO] [stdout] 
[INFO] [stdout] error[E0433]: failed to resolve: could not find `jaded` in the list of imported crates
[INFO] [stdout]  --> tests/derivation.rs:9:8
[INFO] [stdout]   |
[INFO] [stdout] 9 | struct Parent {
[INFO] [stdout]   |        ^^^^^^ could not find `jaded` in the list of imported crates
[INFO] [stdout] 
[INFO] [stdout] 
[INFO] [stdout] error[E0433]: failed to resolve: could not find `jaded` in the list of imported crates
[INFO] [stdout]  --> tests/derivation.rs:8:17
[INFO] [stdout]   |
[INFO] [stdout] 8 | #[derive(Debug, FromJava, PartialEq)]
[INFO] [stdout]   |                 ^^^^^^^^ could not find `jaded` in the list of imported crates
[INFO] [stdout]   |
[INFO] [stdout]   = note: this error originates in the derive macro `FromJava` (in Nightly builds, run with -Z macro-backtrace for more info)
[INFO] [stdout] 
[INFO] [stdout] 
[INFO] [stdout] error[E0433]: failed to resolve: could not find `jaded` in the list of imported crates
[INFO] [stdout]   --> tests/derivation.rs:15:8
[INFO] [stdout]    |
[INFO] [stdout] 15 | struct Child {
[INFO] [stdout]    |        ^^^^^ could not find `jaded` in the list of imported crates
[INFO] [stdout] 
[INFO] [stdout] 
[INFO] [stdout] error[E0433]: failed to resolve: could not find `jaded` in the list of imported crates
[INFO] [stdout]   --> tests/derivation.rs:14:17
[INFO] [stdout]    |
[INFO] [stdout] 14 | #[derive(Debug, FromJava, PartialEq)]
[INFO] [stdout]    |                 ^^^^^^^^ could not find `jaded` in the list of imported crates
[INFO] [stdout]    |
[INFO] [stdout]    = note: this error originates in the derive macro `FromJava` (in Nightly builds, run with -Z macro-backtrace for more info)
[INFO] [stdout] 
[INFO] [stdout] 
[INFO] [stdout] error[E0433]: failed to resolve: could not find `jaded` in the list of imported crates
[INFO] [stdout]   --> tests/derivation.rs:23:8
[INFO] [stdout]    |
[INFO] [stdout] 23 | struct NewChild(Child);
[INFO] [stdout]    |        ^^^^^^^^ could not find `jaded` in the list of imported crates
[INFO] [stdout] 
[INFO] [stdout] 
[INFO] [stdout] error[E0433]: failed to resolve: could not find `jaded` in the list of imported crates
[INFO] [stdout]   --> tests/derivation.rs:22:17
[INFO] [stdout]    |
[INFO] [stdout] 22 | #[derive(Debug, FromJava)]
[INFO] [stdout]    |                 ^^^^^^^^ could not find `jaded` in the list of imported crates
[INFO] [stdout]    |
[INFO] [stdout]    = note: this error originates in the derive macro `FromJava` (in Nightly builds, run with -Z macro-backtrace for more info)
[INFO] [stdout] 
[INFO] [stdout] 
[INFO] [stdout] error[E0433]: failed to resolve: could not find `jaded` in the list of imported crates
[INFO] [stdout]   --> tests/derivation.rs:26:8
[INFO] [stdout]    |
[INFO] [stdout] 26 | struct Custom {
[INFO] [stdout]    |        ^^^^^^ could not find `jaded` in the list of imported crates
[INFO] [stdout] 
[INFO] [stdout] 
[INFO] [stdout] error[E0433]: failed to resolve: could not find `jaded` in the list of imported crates
[INFO] [stdout]   --> tests/derivation.rs:25:17
[INFO] [stdout]    |
[INFO] [stdout] 25 | #[derive(Debug, FromJava, PartialEq)]
[INFO] [stdout]    |                 ^^^^^^^^ could not find `jaded` in the list of imported crates
[INFO] [stdout]    |
[INFO] [stdout]    = note: this error originates in the derive macro `FromJava` (in Nightly builds, run with -Z macro-backtrace for more info)
[INFO] [stdout] 
[INFO] [stdout] 
[INFO] [stdout] error[E0433]: failed to resolve: could not find `jaded` in the list of imported crates
[INFO] [stdout]   --> tests/derivation.rs:35:8
[INFO] [stdout]    |
[INFO] [stdout] 35 | struct CustomChild {
[INFO] [stdout]    |        ^^^^^^^^^^^ could not find `jaded` in the list of imported crates
[INFO] [stdout] 
[INFO] [stdout] 
[INFO] [stdout] error[E0433]: failed to resolve: could not find `jaded` in the list of imported crates
[INFO] [stdout]   --> tests/derivation.rs:34:17
[INFO] [stdout]    |
[INFO] [stdout] 34 | #[derive(Debug, FromJava, PartialEq)]
[INFO] [stdout]    |                 ^^^^^^^^ could not find `jaded` in the list of imported crates
[INFO] [stdout]    |
[INFO] [stdout]    = note: this error originates in the derive macro `FromJava` (in Nightly builds, run with -Z macro-backtrace for more info)
[INFO] [stdout] 
[INFO] [stdout] 
[INFO] [stdout] error[E0433]: failed to resolve: could not find `jaded` in the list of imported crates
[INFO] [stdout]   --> tests/derivation.rs:46:8
[INFO] [stdout]    |
[INFO] [stdout] 46 | struct Poly<T> {
[INFO] [stdout]    |        ^^^^ could not find `jaded` in the list of imported crates
[INFO] [stdout] 
[INFO] [stdout] 
[INFO] [stdout] error[E0433]: failed to resolve: could not find `jaded` in the list of imported crates
[INFO] [stdout]   --> tests/derivation.rs:45:17
[INFO] [stdout]    |
[INFO] [stdout] 45 | #[derive(Debug, FromJava)]
[INFO] [stdout]    |                 ^^^^^^^^ could not find `jaded` in the list of imported crates
[INFO] [stdout]    |
[INFO] [stdout]    = note: this error originates in the derive macro `FromJava` (in Nightly builds, run with -Z macro-backtrace for more info)
[INFO] [stdout] 
[INFO] [stdout] 
[INFO] [stdout] error[E0433]: failed to resolve: could not find `jaded` in the list of imported crates
[INFO] [stdout]   --> tests/derivation.rs:52:6
[INFO] [stdout]    |
[INFO] [stdout] 52 | enum Collection<T> {
[INFO] [stdout]    |      ^^^^^^^^^^ could not find `jaded` in the list of imported crates
[INFO] [stdout] 
[INFO] [stdout] 
[INFO] [stdout] error[E0433]: failed to resolve: could not find `jaded` in the list of imported crates
[INFO] [stdout]   --> tests/derivation.rs:51:17
[INFO] [stdout]    |
[INFO] [stdout] 51 | #[derive(Debug, FromJava)]
[INFO] [stdout]    |                 ^^^^^^^^ could not find `jaded` in the list of imported crates
[INFO] [stdout]    |
[INFO] [stdout]    = note: this error originates in the derive macro `FromJava` (in Nightly builds, run with -Z macro-backtrace for more info)
[INFO] [stdout] 
[INFO] [stdout] 
[INFO] [stdout] error[E0433]: failed to resolve: could not find `jaded` in the list of imported crates
[INFO] [stdout]   --> tests/derivation.rs:74:8
[INFO] [stdout]    |
[INFO] [stdout] 74 | struct SampleRecord {
[INFO] [stdout]    |        ^^^^^^^^^^^^ could not find `jaded` in the list of imported crates
[INFO] [stdout] 
[INFO] [stdout] 
[INFO] [stdout] error[E0433]: failed to resolve: could not find `jaded` in the list of imported crates
[INFO] [stdout]   --> tests/derivation.rs:73:17
[INFO] [stdout]    |
[INFO] [stdout] 73 | #[derive(Debug, FromJava)]
[INFO] [stdout]    |                 ^^^^^^^^ could not find `jaded` in the list of imported crates
[INFO] [stdout]    |
[INFO] [stdout]    = note: this error originates in the derive macro `FromJava` (in Nightly builds, run with -Z macro-backtrace for more info)
[INFO] [stdout] 
[INFO] [stdout] 
[INFO] [stdout] error: aborting due to 20 previous errors
[INFO] [stdout] 
[INFO] [stdout] 
[INFO] [stdout] Some errors have detailed explanations: E0432, E0433.
[INFO] [stdout] 
[INFO] [stdout] For more information about an error, try `rustc --explain E0432`.
[INFO] [stdout] 
[INFO] [stderr] error: could not compile `jaded-derive` due to 21 previous errors
[INFO] [stderr] warning: build failed, waiting for other jobs to finish...
[INFO] running `Command { std: "docker" "inspect" "57aff2b60236c9c3dbbb4117f2b2697395ab9d3dcdd84cc8dcc611f788e14bf5", kill_on_drop: false }`
[INFO] running `Command { std: "docker" "rm" "-f" "57aff2b60236c9c3dbbb4117f2b2697395ab9d3dcdd84cc8dcc611f788e14bf5", kill_on_drop: false }`
[INFO] [stdout] 57aff2b60236c9c3dbbb4117f2b2697395ab9d3dcdd84cc8dcc611f788e14bf5
