[INFO] fetching crate iza 0.1.0...
[INFO] testing iza-0.1.0 against 1.69.0 for beta-1.70-1
[INFO] extracting crate iza 0.1.0 into /workspace/builds/worker-0-tc1/source
[INFO] validating manifest of crates.io crate iza 0.1.0 on toolchain 1.69.0
[INFO] running `Command { std: CARGO_HOME="/workspace/cargo-home" RUSTUP_HOME="/workspace/rustup-home" "/workspace/cargo-home/bin/cargo" "+1.69.0" "metadata" "--manifest-path" "Cargo.toml" "--no-deps", kill_on_drop: false }`
[INFO] started tweaking crates.io crate iza 0.1.0
[INFO] finished tweaking crates.io crate iza 0.1.0
[INFO] tweaked toml for crates.io crate iza 0.1.0 written to /workspace/builds/worker-0-tc1/source/Cargo.toml
[INFO] running `Command { std: CARGO_HOME="/workspace/cargo-home" RUSTUP_HOME="/workspace/rustup-home" __CARGO_TEST_CHANNEL_OVERRIDE_DO_NOT_USE_THIS="nightly" "/workspace/cargo-home/bin/cargo" "+1.69.0" "generate-lockfile" "--manifest-path" "Cargo.toml" "-Zno-index-update", kill_on_drop: false }`
[INFO] running `Command { std: CARGO_HOME="/workspace/cargo-home" RUSTUP_HOME="/workspace/rustup-home" "/workspace/cargo-home/bin/cargo" "+1.69.0" "fetch" "--manifest-path" "Cargo.toml", kill_on_drop: false }`
[INFO] [stderr]  Downloading crates ...
[INFO] [stderr]   Downloaded futures v0.1.28
[INFO] [stderr]   Downloaded blake2 v0.8.1
[INFO] [stderr]   Downloaded serde v1.0.99
[INFO] running `Command { std: "docker" "create" "-v" "/var/lib/crater-agent-workspace/builds/worker-0-tc1/target:/opt/rustwide/target:rw,Z" "-v" "/var/lib/crater-agent-workspace/builds/worker-0-tc1/source:/opt/rustwide/workdir:ro,Z" "-v" "/var/lib/crater-agent-workspace/cargo-home:/opt/rustwide/cargo-home:ro,Z" "-v" "/var/lib/crater-agent-workspace/rustup-home:/opt/rustwide/rustup-home:ro,Z" "-e" "SOURCE_DIR=/opt/rustwide/workdir" "-e" "CARGO_TARGET_DIR=/opt/rustwide/target" "-e" "CARGO_HOME=/opt/rustwide/cargo-home" "-e" "RUSTUP_HOME=/opt/rustwide/rustup-home" "-w" "/opt/rustwide/workdir" "-m" "1610612736" "--user" "0:0" "--network" "none" "ghcr.io/rust-lang/crates-build-env/linux@sha256:97d61d7686bf65f8ecb15491ab51835e82dc9176a96a831f143a431b191fc501" "/opt/rustwide/cargo-home/bin/cargo" "+1.69.0" "metadata" "--no-deps" "--format-version=1", kill_on_drop: false }`
[INFO] [stdout] 6cbf9d7fabf06da7e2b2fcd12acb56c1783fe11c24d2d340bdd958bb9e6ed22b
[INFO] running `Command { std: "docker" "start" "-a" "6cbf9d7fabf06da7e2b2fcd12acb56c1783fe11c24d2d340bdd958bb9e6ed22b", kill_on_drop: false }`
[INFO] running `Command { std: "docker" "inspect" "6cbf9d7fabf06da7e2b2fcd12acb56c1783fe11c24d2d340bdd958bb9e6ed22b", kill_on_drop: false }`
[INFO] running `Command { std: "docker" "rm" "-f" "6cbf9d7fabf06da7e2b2fcd12acb56c1783fe11c24d2d340bdd958bb9e6ed22b", kill_on_drop: false }`
[INFO] [stdout] 6cbf9d7fabf06da7e2b2fcd12acb56c1783fe11c24d2d340bdd958bb9e6ed22b
[INFO] running `Command { std: "docker" "create" "-v" "/var/lib/crater-agent-workspace/builds/worker-0-tc1/target:/opt/rustwide/target:rw,Z" "-v" "/var/lib/crater-agent-workspace/builds/worker-0-tc1/source:/opt/rustwide/workdir:ro,Z" "-v" "/var/lib/crater-agent-workspace/cargo-home:/opt/rustwide/cargo-home:ro,Z" "-v" "/var/lib/crater-agent-workspace/rustup-home:/opt/rustwide/rustup-home:ro,Z" "-e" "SOURCE_DIR=/opt/rustwide/workdir" "-e" "CARGO_TARGET_DIR=/opt/rustwide/target" "-e" "CARGO_INCREMENTAL=0" "-e" "RUST_BACKTRACE=full" "-e" "RUSTFLAGS=--cap-lints=warn" "-e" "RUSTDOCFLAGS=--cap-lints=warn" "-e" "CARGO_HOME=/opt/rustwide/cargo-home" "-e" "RUSTUP_HOME=/opt/rustwide/rustup-home" "-w" "/opt/rustwide/workdir" "-m" "1610612736" "--user" "0:0" "--network" "none" "ghcr.io/rust-lang/crates-build-env/linux@sha256:97d61d7686bf65f8ecb15491ab51835e82dc9176a96a831f143a431b191fc501" "/opt/rustwide/cargo-home/bin/cargo" "+1.69.0" "build" "--frozen" "--message-format=json", kill_on_drop: false }`
[INFO] [stdout] 29a8c7bf3b590c9b67761395ba720210c329094303bf7627ae26885d6a8dcc31
[INFO] running `Command { std: "docker" "start" "-a" "29a8c7bf3b590c9b67761395ba720210c329094303bf7627ae26885d6a8dcc31", kill_on_drop: false }`
[INFO] [stderr]     Blocking waiting for file lock on package cache
[INFO] [stderr]    Compiling autocfg v0.1.8
[INFO] [stderr]    Compiling rand_core v0.4.2
[INFO] [stderr]    Compiling typenum v1.16.0
[INFO] [stderr]    Compiling libc v0.2.142
[INFO] [stderr]    Compiling serde_derive v1.0.160
[INFO] [stderr]    Compiling serde v1.0.99
[INFO] [stderr]    Compiling ryu v1.0.13
[INFO] [stderr]    Compiling hex v0.3.2
[INFO] [stderr]    Compiling futures v0.1.28
[INFO] [stderr]    Compiling syn v2.0.15
[INFO] [stderr]    Compiling rand_chacha v0.1.1
[INFO] [stderr]    Compiling rand_pcg v0.1.2
[INFO] [stderr]    Compiling rand v0.6.5
[INFO] [stderr]    Compiling rand_core v0.3.1
[INFO] [stderr]    Compiling rand_jitter v0.1.4
[INFO] [stderr]    Compiling rand_xorshift v0.1.1
[INFO] [stderr]    Compiling rand_hc v0.1.0
[INFO] [stderr]    Compiling rand_isaac v0.1.1
[INFO] [stderr]    Compiling rand_os v0.1.3
[INFO] [stderr]    Compiling generic-array v0.12.4
[INFO] [stderr]    Compiling digest v0.8.1
[INFO] [stderr]    Compiling crypto-mac v0.7.0
[INFO] [stderr]    Compiling blake2 v0.8.1
[INFO] [stderr]    Compiling uuid v0.7.4
[INFO] [stderr]    Compiling serde_json v1.0.40
[INFO] [stderr]    Compiling iza v0.1.0 (/opt/rustwide/workdir)
[INFO] [stdout] error[E0433]: failed to resolve: could not find `__private` in `_serde`
[INFO] [stdout]   --> src/resource/command_id.rs:15:18
[INFO] [stdout]    |
[INFO] [stdout] 15 |         #[derive(Serialize)]
[INFO] [stdout]    |                  ^^^^^^^^^ could not find `__private` in `_serde`
[INFO] [stdout]    |
[INFO] [stdout]    = note: this error originates in the derive macro `Serialize` (in Nightly builds, run with -Z macro-backtrace for more info)
[INFO] [stdout] 
[INFO] [stdout] 
[INFO] [stdout] error[E0433]: failed to resolve: could not find `__private` in `_serde`
[INFO] [stdout]   --> src/resource/command_id.rs:15:18
[INFO] [stdout]    |
[INFO] [stdout] 15 |         #[derive(Serialize)]
[INFO] [stdout]    |                  ^^^^^^^^^ could not find `__private` in `_serde`
[INFO] [stdout]    |
[INFO] [stdout]    = note: this error originates in the macro `try` (in Nightly builds, run with -Z macro-backtrace for more info)
[INFO] [stdout] 
[INFO] [stdout] 
[INFO] [stdout] error[E0433]: failed to resolve: could not find `__private` in `_serde`
[INFO] [stdout]   --> src/resource/command_id.rs:15:18
[INFO] [stdout]    |
[INFO] [stdout] 15 |         #[derive(Serialize)]
[INFO] [stdout]    |                  ^^^^^^^^^ could not find `__private` in `_serde`
[INFO] [stdout]    |
[INFO] [stdout]    = note: this error originates in the macro `try` (in Nightly builds, run with -Z macro-backtrace for more info)
[INFO] [stdout] 
[INFO] [stdout] 
[INFO] [stdout] error[E0433]: failed to resolve: could not find `__private` in `_serde`
[INFO] [stdout]   --> src/resource/command_id.rs:15:18
[INFO] [stdout]    |
[INFO] [stdout] 15 |         #[derive(Serialize)]
[INFO] [stdout]    |                  ^^^^^^^^^ could not find `__private` in `_serde`
[INFO] [stdout]    |
[INFO] [stdout]    = note: this error originates in the macro `try` (in Nightly builds, run with -Z macro-backtrace for more info)
[INFO] [stdout] 
[INFO] [stdout] 
[INFO] [stdout] error[E0433]: failed to resolve: could not find `__private` in `_serde`
[INFO] [stdout]  --> src/resource/command_strings.rs:1:17
[INFO] [stdout]   |
[INFO] [stdout] 1 | #[derive(Clone, Serialize)]
[INFO] [stdout]   |                 ^^^^^^^^^ could not find `__private` in `_serde`
[INFO] [stdout]   |
[INFO] [stdout]   = note: this error originates in the derive macro `Serialize` (in Nightly builds, run with -Z macro-backtrace for more info)
[INFO] [stdout] 
[INFO] [stdout] 
[INFO] [stdout] error[E0433]: failed to resolve: could not find `__private` in `_serde`
[INFO] [stdout]  --> src/resource/command_strings.rs:1:17
[INFO] [stdout]   |
[INFO] [stdout] 1 | #[derive(Clone, Serialize)]
[INFO] [stdout]   |                 ^^^^^^^^^ could not find `__private` in `_serde`
[INFO] [stdout]   |
[INFO] [stdout]   = note: this error originates in the macro `try` (in Nightly builds, run with -Z macro-backtrace for more info)
[INFO] [stdout] 
[INFO] [stdout] 
[INFO] [stdout] error[E0433]: failed to resolve: could not find `__private` in `_serde`
[INFO] [stdout]  --> src/resource/command_strings.rs:1:17
[INFO] [stdout]   |
[INFO] [stdout] 1 | #[derive(Clone, Serialize)]
[INFO] [stdout]   |                 ^^^^^^^^^ could not find `__private` in `_serde`
[INFO] [stdout]   |
[INFO] [stdout]   = note: this error originates in the macro `try` (in Nightly builds, run with -Z macro-backtrace for more info)
[INFO] [stdout] 
[INFO] [stdout] 
[INFO] [stdout] error[E0433]: failed to resolve: could not find `__private` in `_serde`
[INFO] [stdout]  --> src/resource/executor_details.rs:3:10
[INFO] [stdout]   |
[INFO] [stdout] 3 | #[derive(Serialize)]
[INFO] [stdout]   |          ^^^^^^^^^ could not find `__private` in `_serde`
[INFO] [stdout]   |
[INFO] [stdout]   = note: this error originates in the derive macro `Serialize` (in Nightly builds, run with -Z macro-backtrace for more info)
[INFO] [stdout] 
[INFO] [stdout] 
[INFO] [stdout] error[E0433]: failed to resolve: could not find `__private` in `_serde`
[INFO] [stdout]  --> src/resource/executor_details.rs:3:10
[INFO] [stdout]   |
[INFO] [stdout] 3 | #[derive(Serialize)]
[INFO] [stdout]   |          ^^^^^^^^^ could not find `__private` in `_serde`
[INFO] [stdout]   |
[INFO] [stdout]   = note: this error originates in the macro `try` (in Nightly builds, run with -Z macro-backtrace for more info)
[INFO] [stdout] 
[INFO] [stdout] 
[INFO] [stdout] error[E0433]: failed to resolve: could not find `__private` in `_serde`
[INFO] [stdout]  --> src/resource/executor_details.rs:3:10
[INFO] [stdout]   |
[INFO] [stdout] 3 | #[derive(Serialize)]
[INFO] [stdout]   |          ^^^^^^^^^ could not find `__private` in `_serde`
[INFO] [stdout]   |
[INFO] [stdout]   = note: this error originates in the macro `try` (in Nightly builds, run with -Z macro-backtrace for more info)
[INFO] [stdout] 
[INFO] [stdout] 
[INFO] [stdout] error[E0433]: failed to resolve: could not find `__private` in `_serde`
[INFO] [stdout]  --> src/resource/executor_id.rs:1:17
[INFO] [stdout]   |
[INFO] [stdout] 1 | #[derive(Clone, Serialize)]
[INFO] [stdout]   |                 ^^^^^^^^^ could not find `__private` in `_serde`
[INFO] [stdout]   |
[INFO] [stdout]   = note: this error originates in the derive macro `Serialize` (in Nightly builds, run with -Z macro-backtrace for more info)
[INFO] [stdout] 
[INFO] [stdout] 
[INFO] [stdout] error[E0433]: failed to resolve: could not find `__private` in `_serde`
[INFO] [stdout]  --> src/resource/executor_id.rs:1:17
[INFO] [stdout]   |
[INFO] [stdout] 1 | #[derive(Clone, Serialize)]
[INFO] [stdout]   |                 ^^^^^^^^^ could not find `__private` in `_serde`
[INFO] [stdout]   |
[INFO] [stdout]   = note: this error originates in the macro `try` (in Nightly builds, run with -Z macro-backtrace for more info)
[INFO] [stdout] 
[INFO] [stdout] 
[INFO] [stdout] error[E0433]: failed to resolve: could not find `__private` in `_serde`
[INFO] [stdout]  --> src/resource/executor_id.rs:1:17
[INFO] [stdout]   |
[INFO] [stdout] 1 | #[derive(Clone, Serialize)]
[INFO] [stdout]   |                 ^^^^^^^^^ could not find `__private` in `_serde`
[INFO] [stdout]   |
[INFO] [stdout]   = note: this error originates in the macro `try` (in Nightly builds, run with -Z macro-backtrace for more info)
[INFO] [stdout] 
[INFO] [stdout] 
[INFO] [stdout] warning: trailing semicolon in macro used in expression position
[INFO] [stdout]    --> src/resource.rs:134:12
[INFO] [stdout]     |
[INFO] [stdout] 134 |         )));
[INFO] [stdout]     |            ^
[INFO] [stdout]     |
[INFO] [stdout]    ::: src/resource/ssh_executor.rs:14:9
[INFO] [stdout]     |
[INFO] [stdout] 14  |         matches_executor_details!(ed, user, host);
[INFO] [stdout]     |         ----------------------------------------- in this macro invocation
[INFO] [stdout]     |
[INFO] [stdout]     = warning: this was previously accepted by the compiler but is being phased out; it will become a hard error in a future release!
[INFO] [stdout]     = note: for more information, see issue #79813 <https://github.com/rust-lang/rust/issues/79813>
[INFO] [stdout]     = note: macro invocations at the end of a block are treated as expressions
[INFO] [stdout]     = note: to ignore the value produced by the macro, add a semicolon after the invocation of `matches_executor_details`
[INFO] [stdout]     = note: `#[warn(semicolon_in_expressions_from_macros)]` on by default
[INFO] [stdout]     = note: this warning originates in the macro `matches_executor_details` (in Nightly builds, run with -Z macro-backtrace for more info)
[INFO] [stdout] 
[INFO] [stdout] 
[INFO] [stdout] warning: trailing semicolon in macro used in expression position
[INFO] [stdout]    --> src/resource.rs:134:12
[INFO] [stdout]     |
[INFO] [stdout] 134 |         )));
[INFO] [stdout]     |            ^
[INFO] [stdout]     |
[INFO] [stdout]    ::: src/resource/ssh_executor.rs:14:9
[INFO] [stdout]     |
[INFO] [stdout] 14  |         matches_executor_details!(ed, user, host);
[INFO] [stdout]     |         ----------------------------------------- in this macro invocation
[INFO] [stdout]     |
[INFO] [stdout]     = warning: this was previously accepted by the compiler but is being phased out; it will become a hard error in a future release!
[INFO] [stdout]     = note: for more information, see issue #79813 <https://github.com/rust-lang/rust/issues/79813>
[INFO] [stdout]     = note: macro invocations at the end of a block are treated as expressions
[INFO] [stdout]     = note: to ignore the value produced by the macro, add a semicolon after the invocation of `matches_executor_details`
[INFO] [stdout]     = note: this warning originates in the macro `matches_executor_details` (in Nightly builds, run with -Z macro-backtrace for more info)
[INFO] [stdout] 
[INFO] [stdout] 
[INFO] [stdout] warning: trailing semicolon in macro used in expression position
[INFO] [stdout]    --> src/resource.rs:134:12
[INFO] [stdout]     |
[INFO] [stdout] 134 |         )));
[INFO] [stdout]     |            ^
[INFO] [stdout]     |
[INFO] [stdout]    ::: src/resource/ssh_executor.rs:14:9
[INFO] [stdout]     |
[INFO] [stdout] 14  |         matches_executor_details!(ed, user, host);
[INFO] [stdout]     |         ----------------------------------------- in this macro invocation
[INFO] [stdout]     |
[INFO] [stdout]     = warning: this was previously accepted by the compiler but is being phased out; it will become a hard error in a future release!
[INFO] [stdout]     = note: for more information, see issue #79813 <https://github.com/rust-lang/rust/issues/79813>
[INFO] [stdout]     = note: macro invocations at the end of a block are treated as expressions
[INFO] [stdout]     = note: to ignore the value produced by the macro, add a semicolon after the invocation of `matches_executor_details`
[INFO] [stdout]     = note: this warning originates in the macro `matches_executor_details` (in Nightly builds, run with -Z macro-backtrace for more info)
[INFO] [stdout] 
[INFO] [stdout] 
[INFO] [stdout] warning: trailing semicolon in macro used in expression position
[INFO] [stdout]    --> src/resource.rs:125:13
[INFO] [stdout]     |
[INFO] [stdout] 125 |     ) => ((););
[INFO] [stdout]     |             ^
[INFO] [stdout]     |
[INFO] [stdout]    ::: src/resource/ssh_executor.rs:14:9
[INFO] [stdout]     |
[INFO] [stdout] 14  |         matches_executor_details!(ed, user, host);
[INFO] [stdout]     |         ----------------------------------------- in this macro invocation
[INFO] [stdout]     |
[INFO] [stdout]     = warning: this was previously accepted by the compiler but is being phased out; it will become a hard error in a future release!
[INFO] [stdout]     = note: for more information, see issue #79813 <https://github.com/rust-lang/rust/issues/79813>
[INFO] [stdout]     = note: macro invocations at the end of a block are treated as expressions
[INFO] [stdout]     = note: to ignore the value produced by the macro, add a semicolon after the invocation of `matches_executor_details`
[INFO] [stdout]     = note: this warning originates in the macro `matches_executor_details` (in Nightly builds, run with -Z macro-backtrace for more info)
[INFO] [stdout] 
[INFO] [stdout] 
[INFO] [stdout] error: aborting due to 13 previous errors; 4 warnings emitted
[INFO] [stdout] 
[INFO] [stdout] 
[INFO] [stdout] For more information about this error, try `rustc --explain E0433`.
[INFO] [stdout] 
[INFO] [stderr] error: could not compile `iza` due to 14 previous errors; 8 warnings emitted
[INFO] [stderr] warning: build failed, waiting for other jobs to finish...
[INFO] running `Command { std: "docker" "inspect" "29a8c7bf3b590c9b67761395ba720210c329094303bf7627ae26885d6a8dcc31", kill_on_drop: false }`
[INFO] running `Command { std: "docker" "rm" "-f" "29a8c7bf3b590c9b67761395ba720210c329094303bf7627ae26885d6a8dcc31", kill_on_drop: false }`
[INFO] [stdout] 29a8c7bf3b590c9b67761395ba720210c329094303bf7627ae26885d6a8dcc31
