[INFO] fetching crate ittech 0.3.0...
[INFO] testing ittech-0.3.0 against 1.69.0 for beta-1.70-1
[INFO] extracting crate ittech 0.3.0 into /workspace/builds/worker-7-tc1/source
[INFO] validating manifest of crates.io crate ittech 0.3.0 on toolchain 1.69.0
[INFO] running `Command { std: CARGO_HOME="/workspace/cargo-home" RUSTUP_HOME="/workspace/rustup-home" "/workspace/cargo-home/bin/cargo" "+1.69.0" "metadata" "--manifest-path" "Cargo.toml" "--no-deps", kill_on_drop: false }`
[INFO] started tweaking crates.io crate ittech 0.3.0
[INFO] finished tweaking crates.io crate ittech 0.3.0
[INFO] tweaked toml for crates.io crate ittech 0.3.0 written to /workspace/builds/worker-7-tc1/source/Cargo.toml
[INFO] crate crates.io crate ittech 0.3.0 already has a lockfile, it will not be regenerated
[INFO] running `Command { std: CARGO_HOME="/workspace/cargo-home" RUSTUP_HOME="/workspace/rustup-home" "/workspace/cargo-home/bin/cargo" "+1.69.0" "fetch" "--manifest-path" "Cargo.toml", kill_on_drop: false }`
[INFO] [stderr]  Downloading crates ...
[INFO] [stderr]   Downloaded output_vt100 v0.1.2
[INFO] [stderr]   Downloaded tracing-core v0.1.19
[INFO] [stderr]   Downloaded ctor v0.1.20
[INFO] [stderr]   Downloaded anyhow v1.0.43
[INFO] [stderr]   Downloaded minimal-lexical v0.1.2
[INFO] [stderr]   Downloaded syn v1.0.75
[INFO] running `Command { std: "docker" "create" "-v" "/var/lib/crater-agent-workspace/builds/worker-7-tc1/target:/opt/rustwide/target:rw,Z" "-v" "/var/lib/crater-agent-workspace/builds/worker-7-tc1/source:/opt/rustwide/workdir:ro,Z" "-v" "/var/lib/crater-agent-workspace/cargo-home:/opt/rustwide/cargo-home:ro,Z" "-v" "/var/lib/crater-agent-workspace/rustup-home:/opt/rustwide/rustup-home:ro,Z" "-e" "SOURCE_DIR=/opt/rustwide/workdir" "-e" "CARGO_TARGET_DIR=/opt/rustwide/target" "-e" "CARGO_HOME=/opt/rustwide/cargo-home" "-e" "RUSTUP_HOME=/opt/rustwide/rustup-home" "-w" "/opt/rustwide/workdir" "-m" "1610612736" "--user" "0:0" "--network" "none" "ghcr.io/rust-lang/crates-build-env/linux@sha256:5ff2268d62e97bff2cde7d5815dd6ed5b47097566f13b8d0ca110b04b60e07ed" "/opt/rustwide/cargo-home/bin/cargo" "+1.69.0" "metadata" "--no-deps" "--format-version=1", kill_on_drop: false }`
[INFO] [stdout] 94ba7aca2591dc0fef4910c0217a78769d5216073bf6b1ef1746ed0370a238cc
[INFO] running `Command { std: "docker" "start" "-a" "94ba7aca2591dc0fef4910c0217a78769d5216073bf6b1ef1746ed0370a238cc", kill_on_drop: false }`
[INFO] running `Command { std: "docker" "inspect" "94ba7aca2591dc0fef4910c0217a78769d5216073bf6b1ef1746ed0370a238cc", kill_on_drop: false }`
[INFO] running `Command { std: "docker" "rm" "-f" "94ba7aca2591dc0fef4910c0217a78769d5216073bf6b1ef1746ed0370a238cc", kill_on_drop: false }`
[INFO] [stdout] 94ba7aca2591dc0fef4910c0217a78769d5216073bf6b1ef1746ed0370a238cc
[INFO] running `Command { std: "docker" "create" "-v" "/var/lib/crater-agent-workspace/builds/worker-7-tc1/target:/opt/rustwide/target:rw,Z" "-v" "/var/lib/crater-agent-workspace/builds/worker-7-tc1/source:/opt/rustwide/workdir:ro,Z" "-v" "/var/lib/crater-agent-workspace/cargo-home:/opt/rustwide/cargo-home:ro,Z" "-v" "/var/lib/crater-agent-workspace/rustup-home:/opt/rustwide/rustup-home:ro,Z" "-e" "SOURCE_DIR=/opt/rustwide/workdir" "-e" "CARGO_TARGET_DIR=/opt/rustwide/target" "-e" "CARGO_INCREMENTAL=0" "-e" "RUST_BACKTRACE=full" "-e" "RUSTFLAGS=--cap-lints=warn" "-e" "RUSTDOCFLAGS=--cap-lints=warn" "-e" "CARGO_HOME=/opt/rustwide/cargo-home" "-e" "RUSTUP_HOME=/opt/rustwide/rustup-home" "-w" "/opt/rustwide/workdir" "-m" "1610612736" "--user" "0:0" "--network" "none" "ghcr.io/rust-lang/crates-build-env/linux@sha256:5ff2268d62e97bff2cde7d5815dd6ed5b47097566f13b8d0ca110b04b60e07ed" "/opt/rustwide/cargo-home/bin/cargo" "+1.69.0" "build" "--frozen" "--message-format=json", kill_on_drop: false }`
[INFO] [stdout] 2cb7cb266fb916d9045ffed00aa0e42852b8ecc67a4346a39f4f05bb908a504a
[INFO] running `Command { std: "docker" "start" "-a" "2cb7cb266fb916d9045ffed00aa0e42852b8ecc67a4346a39f4f05bb908a504a", kill_on_drop: false }`
[INFO] [stderr]    Compiling memchr v2.4.1
[INFO] [stderr]    Compiling minimal-lexical v0.1.2
[INFO] [stderr]    Compiling nom v7.0.0
[INFO] [stderr]    Compiling ittech v0.3.0 (/opt/rustwide/workdir)
[INFO] [stderr]     Finished dev [unoptimized + debuginfo] target(s) in 3.94s
[INFO] running `Command { std: "docker" "inspect" "2cb7cb266fb916d9045ffed00aa0e42852b8ecc67a4346a39f4f05bb908a504a", kill_on_drop: false }`
[INFO] running `Command { std: "docker" "rm" "-f" "2cb7cb266fb916d9045ffed00aa0e42852b8ecc67a4346a39f4f05bb908a504a", kill_on_drop: false }`
[INFO] [stdout] 2cb7cb266fb916d9045ffed00aa0e42852b8ecc67a4346a39f4f05bb908a504a
[INFO] running `Command { std: "docker" "create" "-v" "/var/lib/crater-agent-workspace/builds/worker-7-tc1/target:/opt/rustwide/target:rw,Z" "-v" "/var/lib/crater-agent-workspace/builds/worker-7-tc1/source:/opt/rustwide/workdir:ro,Z" "-v" "/var/lib/crater-agent-workspace/cargo-home:/opt/rustwide/cargo-home:ro,Z" "-v" "/var/lib/crater-agent-workspace/rustup-home:/opt/rustwide/rustup-home:ro,Z" "-e" "SOURCE_DIR=/opt/rustwide/workdir" "-e" "CARGO_TARGET_DIR=/opt/rustwide/target" "-e" "CARGO_INCREMENTAL=0" "-e" "RUST_BACKTRACE=full" "-e" "RUSTFLAGS=--cap-lints=warn" "-e" "RUSTDOCFLAGS=--cap-lints=warn" "-e" "CARGO_HOME=/opt/rustwide/cargo-home" "-e" "RUSTUP_HOME=/opt/rustwide/rustup-home" "-w" "/opt/rustwide/workdir" "-m" "1610612736" "--user" "0:0" "--network" "none" "ghcr.io/rust-lang/crates-build-env/linux@sha256:5ff2268d62e97bff2cde7d5815dd6ed5b47097566f13b8d0ca110b04b60e07ed" "/opt/rustwide/cargo-home/bin/cargo" "+1.69.0" "test" "--frozen" "--no-run" "--message-format=json", kill_on_drop: false }`
[INFO] [stdout] 21d718f25bea3b767ac46c11891b992adeea23c470a9aa3d016da7322b7f145a
[INFO] running `Command { std: "docker" "start" "-a" "21d718f25bea3b767ac46c11891b992adeea23c470a9aa3d016da7322b7f145a", kill_on_drop: false }`
[INFO] [stderr]    Compiling anyhow v1.0.43
[INFO] [stderr]    Compiling pretty_assertions v0.6.1
[INFO] [stderr]    Compiling ittech v0.3.0 (/opt/rustwide/workdir)
[INFO] [stdout] error[E0433]: failed to resolve: use of undeclared crate or module `wav`
[INFO] [stdout]   --> examples/render.rs:31:15
[INFO] [stdout]    |
[INFO] [stdout] 31 |     let fmt = wav::Format::new(
[INFO] [stdout]    |               ^^^ use of undeclared crate or module `wav`
[INFO] [stdout] 
[INFO] [stdout] 
[INFO] [stdout] error[E0433]: failed to resolve: use of undeclared crate or module `wav`
[INFO] [stdout]   --> examples/render.rs:32:9
[INFO] [stdout]    |
[INFO] [stdout] 32 |         wav::Channels::Mono,
[INFO] [stdout]    |         ^^^ use of undeclared crate or module `wav`
[INFO] [stdout] 
[INFO] [stdout] 
[INFO] [stdout] error[E0433]: failed to resolve: use of undeclared crate or module `wav`
[INFO] [stdout]   --> examples/render.rs:34:9
[INFO] [stdout]    |
[INFO] [stdout] 34 |         wav::BitDepth::B16,
[INFO] [stdout]    |         ^^^ use of undeclared crate or module `wav`
[INFO] [stdout] 
[INFO] [stdout] 
[INFO] [stdout] error[E0433]: failed to resolve: use of undeclared crate or module `wav`
[INFO] [stdout]   --> examples/render.rs:40:21
[INFO] [stdout]    |
[INFO] [stdout] 40 |     wav::write(fmt, wav::PCMData::B16(buffer), &mut outfile)
[INFO] [stdout]    |                     ^^^ use of undeclared crate or module `wav`
[INFO] [stdout] 
[INFO] [stdout] 
[INFO] [stdout] error[E0433]: failed to resolve: use of undeclared crate or module `wav`
[INFO] [stdout]   --> examples/render.rs:40:5
[INFO] [stdout]    |
[INFO] [stdout] 40 |     wav::write(fmt, wav::PCMData::B16(buffer), &mut outfile)
[INFO] [stdout]    |     ^^^ use of undeclared crate or module `wav`
[INFO] [stdout] 
[INFO] [stdout] 
[INFO] [stdout] error: aborting due to 5 previous errors
[INFO] [stdout] 
[INFO] [stdout] 
[INFO] [stdout] For more information about this error, try `rustc --explain E0433`.
[INFO] [stdout] 
[INFO] [stderr] error: could not compile `ittech` due to 6 previous errors
[INFO] [stderr] warning: build failed, waiting for other jobs to finish...
[INFO] running `Command { std: "docker" "inspect" "21d718f25bea3b767ac46c11891b992adeea23c470a9aa3d016da7322b7f145a", kill_on_drop: false }`
[INFO] running `Command { std: "docker" "rm" "-f" "21d718f25bea3b767ac46c11891b992adeea23c470a9aa3d016da7322b7f145a", kill_on_drop: false }`
[INFO] [stdout] 21d718f25bea3b767ac46c11891b992adeea23c470a9aa3d016da7322b7f145a
