[INFO] fetching crate iter-skak 0.2.0...
[INFO] testing iter-skak-0.2.0 against beta-2023-04-20 for beta-1.70-1
[INFO] extracting crate iter-skak 0.2.0 into /workspace/builds/worker-5-tc2/source
[INFO] validating manifest of crates.io crate iter-skak 0.2.0 on toolchain beta-2023-04-20
[INFO] running `Command { std: CARGO_HOME="/workspace/cargo-home" RUSTUP_HOME="/workspace/rustup-home" "/workspace/cargo-home/bin/cargo" "+beta-2023-04-20" "metadata" "--manifest-path" "Cargo.toml" "--no-deps", kill_on_drop: false }`
[INFO] started tweaking crates.io crate iter-skak 0.2.0
[INFO] finished tweaking crates.io crate iter-skak 0.2.0
[INFO] tweaked toml for crates.io crate iter-skak 0.2.0 written to /workspace/builds/worker-5-tc2/source/Cargo.toml
[INFO] running `Command { std: CARGO_HOME="/workspace/cargo-home" RUSTUP_HOME="/workspace/rustup-home" __CARGO_TEST_CHANNEL_OVERRIDE_DO_NOT_USE_THIS="nightly" "/workspace/cargo-home/bin/cargo" "+beta-2023-04-20" "generate-lockfile" "--manifest-path" "Cargo.toml" "-Zno-index-update", kill_on_drop: false }`
[INFO] running `Command { std: CARGO_HOME="/workspace/cargo-home" RUSTUP_HOME="/workspace/rustup-home" "/workspace/cargo-home/bin/cargo" "+beta-2023-04-20" "fetch" "--manifest-path" "Cargo.toml", kill_on_drop: false }`
[INFO] running `Command { std: "docker" "create" "-v" "/var/lib/crater-agent-workspace/builds/worker-5-tc2/target:/opt/rustwide/target:rw,Z" "-v" "/var/lib/crater-agent-workspace/builds/worker-5-tc2/source:/opt/rustwide/workdir:ro,Z" "-v" "/var/lib/crater-agent-workspace/cargo-home:/opt/rustwide/cargo-home:ro,Z" "-v" "/var/lib/crater-agent-workspace/rustup-home:/opt/rustwide/rustup-home:ro,Z" "-e" "SOURCE_DIR=/opt/rustwide/workdir" "-e" "CARGO_TARGET_DIR=/opt/rustwide/target" "-e" "CARGO_HOME=/opt/rustwide/cargo-home" "-e" "RUSTUP_HOME=/opt/rustwide/rustup-home" "-w" "/opt/rustwide/workdir" "-m" "1610612736" "--user" "0:0" "--network" "none" "ghcr.io/rust-lang/crates-build-env/linux@sha256:5ff2268d62e97bff2cde7d5815dd6ed5b47097566f13b8d0ca110b04b60e07ed" "/opt/rustwide/cargo-home/bin/cargo" "+beta-2023-04-20" "metadata" "--no-deps" "--format-version=1", kill_on_drop: false }`
[INFO] [stdout] 8b019d014988c233e044737ebf43297c13219b6512570ed42d36705cde9dcff2
[INFO] running `Command { std: "docker" "start" "-a" "8b019d014988c233e044737ebf43297c13219b6512570ed42d36705cde9dcff2", kill_on_drop: false }`
[INFO] running `Command { std: "docker" "inspect" "8b019d014988c233e044737ebf43297c13219b6512570ed42d36705cde9dcff2", kill_on_drop: false }`
[INFO] running `Command { std: "docker" "rm" "-f" "8b019d014988c233e044737ebf43297c13219b6512570ed42d36705cde9dcff2", kill_on_drop: false }`
[INFO] [stdout] 8b019d014988c233e044737ebf43297c13219b6512570ed42d36705cde9dcff2
[INFO] running `Command { std: "docker" "create" "-v" "/var/lib/crater-agent-workspace/builds/worker-5-tc2/target:/opt/rustwide/target:rw,Z" "-v" "/var/lib/crater-agent-workspace/builds/worker-5-tc2/source:/opt/rustwide/workdir:ro,Z" "-v" "/var/lib/crater-agent-workspace/cargo-home:/opt/rustwide/cargo-home:ro,Z" "-v" "/var/lib/crater-agent-workspace/rustup-home:/opt/rustwide/rustup-home:ro,Z" "-e" "SOURCE_DIR=/opt/rustwide/workdir" "-e" "CARGO_TARGET_DIR=/opt/rustwide/target" "-e" "CARGO_INCREMENTAL=0" "-e" "RUST_BACKTRACE=full" "-e" "RUSTFLAGS=--cap-lints=warn" "-e" "RUSTDOCFLAGS=--cap-lints=warn" "-e" "CARGO_HOME=/opt/rustwide/cargo-home" "-e" "RUSTUP_HOME=/opt/rustwide/rustup-home" "-w" "/opt/rustwide/workdir" "-m" "1610612736" "--user" "0:0" "--network" "none" "ghcr.io/rust-lang/crates-build-env/linux@sha256:5ff2268d62e97bff2cde7d5815dd6ed5b47097566f13b8d0ca110b04b60e07ed" "/opt/rustwide/cargo-home/bin/cargo" "+beta-2023-04-20" "build" "--frozen" "--message-format=json", kill_on_drop: false }`
[INFO] [stdout] 3b5bf54f8f2dd874734204e5fa449823eec93284890d727db90ab7438184fb6e
[INFO] running `Command { std: "docker" "start" "-a" "3b5bf54f8f2dd874734204e5fa449823eec93284890d727db90ab7438184fb6e", kill_on_drop: false }`
[INFO] [stderr]    Compiling iter-skak v0.2.0 (/opt/rustwide/workdir)
[INFO] [stdout] error[E0554]: `#![feature]` may not be used on the beta release channel
[INFO] [stdout]  --> src/lib.rs:1:1
[INFO] [stdout]   |
[INFO] [stdout] 1 | #![feature(core_intrinsics, rustc_attrs, iter_advance_by, try_trait_v2, try_blocks)]
[INFO] [stdout]   | ^^^^^^^^^^^^^^^^^^^^^^^^^^^^^^^^^^^^^^^^^^^^^^^^^^^^^^^^^^^^^^^^^^^^^^^^^^^^^^^^^^^^
[INFO] [stdout] 
[INFO] [stdout] 
[INFO] [stdout] error[E0554]: `#![feature]` may not be used on the beta release channel
[INFO] [stdout]  --> src/lib.rs:1:12
[INFO] [stdout]   |
[INFO] [stdout] 1 | #![feature(core_intrinsics, rustc_attrs, iter_advance_by, try_trait_v2, try_blocks)]
[INFO] [stdout]   |            ^^^^^^^^^^^^^^^
[INFO] [stdout] 
[INFO] [stdout] 
[INFO] [stdout] error[E0554]: `#![feature]` may not be used on the beta release channel
[INFO] [stdout]  --> src/lib.rs:1:42
[INFO] [stdout]   |
[INFO] [stdout] 1 | #![feature(core_intrinsics, rustc_attrs, iter_advance_by, try_trait_v2, try_blocks)]
[INFO] [stdout]   |                                          ^^^^^^^^^^^^^^^
[INFO] [stdout] 
[INFO] [stdout] 
[INFO] [stdout] error[E0554]: `#![feature]` may not be used on the beta release channel
[INFO] [stdout]  --> src/lib.rs:1:59
[INFO] [stdout]   |
[INFO] [stdout] 1 | #![feature(core_intrinsics, rustc_attrs, iter_advance_by, try_trait_v2, try_blocks)]
[INFO] [stdout]   |                                                           ^^^^^^^^^^^^
[INFO] [stdout] 
[INFO] [stdout] 
[INFO] [stdout] error[E0053]: method `advance_by` has an incompatible type for trait
[INFO] [stdout]    --> src/lib.rs:110:43
[INFO] [stdout]     |
[INFO] [stdout] 110 |     fn advance_by(&mut self, n: usize) -> Result<(), usize> {
[INFO] [stdout]     |                                           ^^^^^^^^^^^^^^^^^
[INFO] [stdout]     |                                           |
[INFO] [stdout]     |                                           expected `NonZeroUsize`, found `usize`
[INFO] [stdout]     |                                           help: change the output type to match the trait: `Result<(), NonZeroUsize>`
[INFO] [stdout]     |
[INFO] [stdout]     = note: expected signature `fn(&mut Skip<I>, _) -> Result<_, NonZeroUsize>`
[INFO] [stdout]                found signature `fn(&mut Skip<I>, _) -> Result<_, usize>`
[INFO] [stdout] 
[INFO] [stdout] 
[INFO] [stdout] error[E0599]: no method named `saturating_sub` found for struct `NonZeroUsize` in the current scope
[INFO] [stdout]    --> src/lib.rs:120:54
[INFO] [stdout]     |
[INFO] [stdout] 120 |                 let advanced_without_skip = advanced.saturating_sub(self.n);
[INFO] [stdout]     |                                                      ^^^^^^^^^^^^^^ help: there is a method with a similar name: `saturating_mul`
[INFO] [stdout] 
[INFO] [stdout] 
[INFO] [stdout] error[E0308]: mismatched types
[INFO] [stdout]    --> src/lib.rs:121:48
[INFO] [stdout]     |
[INFO] [stdout] 121 |                 self.n = self.n.saturating_sub(advanced);
[INFO] [stdout]     |                                 -------------- ^^^^^^^^ expected `usize`, found `NonZeroUsize`
[INFO] [stdout]     |                                 |
[INFO] [stdout]     |                                 arguments to this method are incorrect
[INFO] [stdout]     |
[INFO] [stdout] note: method defined here
[INFO] [stdout]    --> /rustc/1b7dd2252b99671ce5d1cb9664c5f8636329436d/library/core/src/num/mod.rs:1190:5
[INFO] [stdout]     = note: this error originates in the macro `uint_impl` (in Nightly builds, run with -Z macro-backtrace for more info)
[INFO] [stdout] help: call `Into::into` on this expression to convert `NonZeroUsize` into `usize`
[INFO] [stdout]     |
[INFO] [stdout] 121 |                 self.n = self.n.saturating_sub(advanced.into());
[INFO] [stdout]     |                                                        +++++++
[INFO] [stdout] 
[INFO] [stdout] 
[INFO] [stdout] error[E0308]: mismatched types
[INFO] [stdout]    --> src/lib.rs:129:32
[INFO] [stdout]     |
[INFO] [stdout] 129 |                 ret @ Ok(_) => ret,
[INFO] [stdout]     |                                ^^^ expected `Result<(), usize>`, found `Result<(), NonZeroUsize>`
[INFO] [stdout]     |
[INFO] [stdout]     = note: expected enum `Result<_, usize>`
[INFO] [stdout]                found enum `Result<_, NonZeroUsize>`
[INFO] [stdout] 
[INFO] [stdout] 
[INFO] [stdout] error[E0277]: cannot subtract-assign `NonZeroUsize` from `usize`
[INFO] [stdout]    --> src/lib.rs:131:25
[INFO] [stdout]     |
[INFO] [stdout] 131 |                     rem -= advanced;
[INFO] [stdout]     |                         ^^ no implementation for `usize -= NonZeroUsize`
[INFO] [stdout]     |
[INFO] [stdout]     = help: the trait `SubAssign<NonZeroUsize>` is not implemented for `usize`
[INFO] [stdout]     = help: the following other types implement trait `SubAssign<Rhs>`:
[INFO] [stdout]               <usize as SubAssign<&usize>>
[INFO] [stdout]               <usize as SubAssign>
[INFO] [stdout] 
[INFO] [stdout] 
[INFO] [stdout] error: aborting due to 9 previous errors
[INFO] [stdout] 
[INFO] [stdout] 
[INFO] [stdout] Some errors have detailed explanations: E0053, E0277, E0308, E0554, E0599.
[INFO] [stdout] 
[INFO] [stdout] For more information about an error, try `rustc --explain E0053`.
[INFO] [stdout] 
[INFO] [stderr] error: could not compile `iter-skak` (lib) due to 10 previous errors
[INFO] running `Command { std: "docker" "inspect" "3b5bf54f8f2dd874734204e5fa449823eec93284890d727db90ab7438184fb6e", kill_on_drop: false }`
[INFO] running `Command { std: "docker" "rm" "-f" "3b5bf54f8f2dd874734204e5fa449823eec93284890d727db90ab7438184fb6e", kill_on_drop: false }`
[INFO] [stdout] 3b5bf54f8f2dd874734204e5fa449823eec93284890d727db90ab7438184fb6e
