[INFO] fetching crate iota-sdk 0.2.0...
[INFO] testing iota-sdk-0.2.0 against beta-2023-04-20 for beta-1.70-1
[INFO] extracting crate iota-sdk 0.2.0 into /workspace/builds/worker-2-tc2/source
[INFO] validating manifest of crates.io crate iota-sdk 0.2.0 on toolchain beta-2023-04-20
[INFO] running `Command { std: CARGO_HOME="/workspace/cargo-home" RUSTUP_HOME="/workspace/rustup-home" "/workspace/cargo-home/bin/cargo" "+beta-2023-04-20" "metadata" "--manifest-path" "Cargo.toml" "--no-deps", kill_on_drop: false }`
[INFO] started tweaking crates.io crate iota-sdk 0.2.0
[INFO] removed 0 missing examples
[INFO] finished tweaking crates.io crate iota-sdk 0.2.0
[INFO] tweaked toml for crates.io crate iota-sdk 0.2.0 written to /workspace/builds/worker-2-tc2/source/Cargo.toml
[INFO] crate crates.io crate iota-sdk 0.2.0 already has a lockfile, it will not be regenerated
[INFO] running `Command { std: CARGO_HOME="/workspace/cargo-home" RUSTUP_HOME="/workspace/rustup-home" "/workspace/cargo-home/bin/cargo" "+beta-2023-04-20" "fetch" "--manifest-path" "Cargo.toml", kill_on_drop: false }`
[INFO] [stderr]     Updating crates.io index
[INFO] [stderr]  Downloading crates ...
[INFO] [stderr]   Downloaded stronghold_engine v1.0.2
[INFO] [stderr]   Downloaded zeroize_derive v1.4.2
[INFO] [stderr]   Downloaded universal-hash v0.4.1
[INFO] [stderr]   Downloaded time-helper v0.1.0
[INFO] [stderr]   Downloaded bech32 v0.9.1
[INFO] [stderr]   Downloaded rust-argon2 v1.0.0
[INFO] [stderr]   Downloaded bitflags v2.1.0
[INFO] [stderr]   Downloaded derive_builder_core v0.12.0
[INFO] [stderr]   Downloaded enum-iterator-derive v0.6.0
[INFO] [stderr]   Downloaded hidapi v1.5.0
[INFO] [stderr]   Downloaded polyval v0.5.3
[INFO] [stderr]   Downloaded fern v0.6.2
[INFO] [stderr]   Downloaded lz4-sys v1.9.4
[INFO] [stderr]   Downloaded aead v0.4.3
[INFO] [stderr]   Downloaded ws_stream_tungstenite v0.7.0
[INFO] [stderr]   Downloaded enum-iterator v0.6.0
[INFO] [stderr]   Downloaded ghash v0.4.4
[INFO] [stderr]   Downloaded chacha20 v0.8.2
[INFO] [stderr]   Downloaded iterator-sorted v0.1.0
[INFO] [stderr]   Downloaded h2 v0.3.17
[INFO] [stderr]   Downloaded libsodium-sys v0.2.7
[INFO] [stderr]   Downloaded spin v0.9.8
[INFO] [stderr]   Downloaded serde_repr v0.1.12
[INFO] [stderr]   Downloaded constant_time_eq v0.2.5
[INFO] [stderr]   Downloaded stronghold-utils v1.0.0
[INFO] [stderr]   Downloaded async-tungstenite v0.16.1
[INFO] [stderr]   Downloaded rumqttc v0.20.0
[INFO] [stderr]   Downloaded aes-gcm v0.9.4
[INFO] [stderr]   Downloaded derive_builder_macro v0.12.0
[INFO] [stderr]   Downloaded derive_builder v0.12.0
[INFO] [stderr]   Downloaded gloo-utils v0.1.6
[INFO] [stderr]   Downloaded gloo-storage v0.2.2
[INFO] [stderr]   Downloaded no-std-compat v0.4.1
[INFO] [stderr]   Downloaded arrayref v0.3.7
[INFO] [stderr]   Downloaded blake2b_simd v1.0.1
[INFO] [stderr]   Downloaded poly1305 v0.7.2
[INFO] [stderr]   Downloaded librocksdb-sys v0.10.0+7.9.2
[INFO] [stderr]   Downloaded iota_stronghold v1.0.5
[INFO] [stderr]   Downloaded packable-derive v0.7.0
[INFO] [stderr]   Downloaded packable v0.8.0
[INFO] [stderr]   Downloaded windows v0.36.1
[INFO] [stderr]   Downloaded prefix-hex v0.7.0
[INFO] [stderr]   Downloaded rocksdb v0.20.1
[INFO] [stderr]   Downloaded serde-big-array v0.5.1
[INFO] [stderr]   Downloaded fern-logger v0.5.0
[INFO] [stderr]   Downloaded ledger-apdu v0.10.0
[INFO] [stderr]   Downloaded ledger-transport v0.10.0
[INFO] [stderr]   Downloaded ledger-transport-hid v0.10.0
[INFO] [stderr]   Downloaded trait-async v0.1.24
[INFO] [stderr]   Downloaded iota-ledger-nano v1.0.0-alpha.4
[INFO] [stderr]   Downloaded stronghold-derive v1.0.0
[INFO] [stderr]   Downloaded x25519-dalek v1.1.1
[INFO] [stderr]   Downloaded chacha20poly1305 v0.9.1
[INFO] [stderr]   Downloaded iota-crypto v0.15.3
[INFO] [stderr]   Downloaded stronghold-runtime v1.0.2
[INFO] running `Command { std: "docker" "create" "-v" "/var/lib/crater-agent-workspace/builds/worker-2-tc2/target:/opt/rustwide/target:rw,Z" "-v" "/var/lib/crater-agent-workspace/builds/worker-2-tc2/source:/opt/rustwide/workdir:ro,Z" "-v" "/var/lib/crater-agent-workspace/cargo-home:/opt/rustwide/cargo-home:ro,Z" "-v" "/var/lib/crater-agent-workspace/rustup-home:/opt/rustwide/rustup-home:ro,Z" "-e" "SOURCE_DIR=/opt/rustwide/workdir" "-e" "CARGO_TARGET_DIR=/opt/rustwide/target" "-e" "CARGO_HOME=/opt/rustwide/cargo-home" "-e" "RUSTUP_HOME=/opt/rustwide/rustup-home" "-w" "/opt/rustwide/workdir" "-m" "1610612736" "--user" "0:0" "--network" "none" "ghcr.io/rust-lang/crates-build-env/linux@sha256:5ff2268d62e97bff2cde7d5815dd6ed5b47097566f13b8d0ca110b04b60e07ed" "/opt/rustwide/cargo-home/bin/cargo" "+beta-2023-04-20" "metadata" "--no-deps" "--format-version=1", kill_on_drop: false }`
[INFO] [stdout] 9f8b4ffcef4439c648462fef2b9680d9985899d747a8da143753409816b0e1a2
[INFO] running `Command { std: "docker" "start" "-a" "9f8b4ffcef4439c648462fef2b9680d9985899d747a8da143753409816b0e1a2", kill_on_drop: false }`
[INFO] running `Command { std: "docker" "inspect" "9f8b4ffcef4439c648462fef2b9680d9985899d747a8da143753409816b0e1a2", kill_on_drop: false }`
[INFO] running `Command { std: "docker" "rm" "-f" "9f8b4ffcef4439c648462fef2b9680d9985899d747a8da143753409816b0e1a2", kill_on_drop: false }`
[INFO] [stdout] 9f8b4ffcef4439c648462fef2b9680d9985899d747a8da143753409816b0e1a2
[INFO] running `Command { std: "docker" "create" "-v" "/var/lib/crater-agent-workspace/builds/worker-2-tc2/target:/opt/rustwide/target:rw,Z" "-v" "/var/lib/crater-agent-workspace/builds/worker-2-tc2/source:/opt/rustwide/workdir:ro,Z" "-v" "/var/lib/crater-agent-workspace/cargo-home:/opt/rustwide/cargo-home:ro,Z" "-v" "/var/lib/crater-agent-workspace/rustup-home:/opt/rustwide/rustup-home:ro,Z" "-e" "SOURCE_DIR=/opt/rustwide/workdir" "-e" "CARGO_TARGET_DIR=/opt/rustwide/target" "-e" "CARGO_INCREMENTAL=0" "-e" "RUST_BACKTRACE=full" "-e" "RUSTFLAGS=--cap-lints=warn" "-e" "RUSTDOCFLAGS=--cap-lints=warn" "-e" "CARGO_HOME=/opt/rustwide/cargo-home" "-e" "RUSTUP_HOME=/opt/rustwide/rustup-home" "-w" "/opt/rustwide/workdir" "-m" "1610612736" "--user" "0:0" "--network" "none" "ghcr.io/rust-lang/crates-build-env/linux@sha256:5ff2268d62e97bff2cde7d5815dd6ed5b47097566f13b8d0ca110b04b60e07ed" "/opt/rustwide/cargo-home/bin/cargo" "+beta-2023-04-20" "build" "--frozen" "--message-format=json", kill_on_drop: false }`
[INFO] [stdout] 92c96511cd7a50163597334d3d8ef84cb679a5f0e5c77f67365deee401cd5ea2
[INFO] running `Command { std: "docker" "start" "-a" "92c96511cd7a50163597334d3d8ef84cb679a5f0e5c77f67365deee401cd5ea2", kill_on_drop: false }`
[INFO] [stderr]    Compiling version_check v0.9.4
[INFO] [stderr]    Compiling cfg-if v1.0.0
[INFO] [stderr]    Compiling autocfg v1.1.0
[INFO] [stderr]    Compiling libc v0.2.141
[INFO] [stderr]    Compiling typenum v1.16.0
[INFO] [stderr]    Compiling syn v2.0.15
[INFO] [stderr]    Compiling serde_derive v1.0.160
[INFO] [stderr]    Compiling serde v1.0.160
[INFO] [stderr]    Compiling byteorder v1.4.3
[INFO] [stderr]    Compiling syn v1.0.109
[INFO] [stderr]    Compiling generic-array v0.14.7
[INFO] [stderr]    Compiling indexmap v1.9.3
[INFO] [stderr]    Compiling proc-macro-error-attr v1.0.4
[INFO] [stderr]    Compiling ppv-lite86 v0.2.17
[INFO] [stderr]    Compiling once_cell v1.17.1
[INFO] [stderr]    Compiling crunchy v0.2.2
[INFO] [stderr]    Compiling hex v0.4.3
[INFO] [stderr]    Compiling proc-macro-error v1.0.4
[INFO] [stderr]    Compiling ahash v0.7.6
[INFO] [stderr]    Compiling hashbrown v0.12.3
[INFO] [stderr]    Compiling static_assertions v1.1.0
[INFO] [stderr]    Compiling subtle v2.4.1
[INFO] [stderr]    Compiling getrandom v0.2.9
[INFO] [stderr]    Compiling winnow v0.4.1
[INFO] [stderr]    Compiling rand_core v0.6.4
[INFO] [stderr]    Compiling toml_datetime v0.6.1
[INFO] [stderr]    Compiling rand_chacha v0.3.1
[INFO] [stderr]    Compiling rustc-hex v2.1.0
[INFO] [stderr]    Compiling uint v0.9.5
[INFO] [stderr]    Compiling digest v0.9.0
[INFO] [stderr]    Compiling rand v0.8.5
[INFO] [stderr]    Compiling block-buffer v0.10.4
[INFO] [stderr]    Compiling crypto-common v0.1.6
[INFO] [stderr]    Compiling block-buffer v0.9.0
[INFO] [stderr]    Compiling num-traits v0.2.15
[INFO] [stderr]    Compiling ahash v0.8.3
[INFO] [stderr]    Compiling zeroize v1.6.0
[INFO] [stderr]    Compiling cpufeatures v0.2.6
[INFO] [stderr]    Compiling rand_core v0.5.1
[INFO] [stderr]    Compiling opaque-debug v0.3.0
[INFO] [stderr]    Compiling sha2 v0.9.9
[INFO] [stderr]    Compiling curve25519-dalek v3.2.0
[INFO] [stderr]    Compiling fixed-hash v0.8.0
[INFO] [stderr]    Compiling digest v0.10.6
[INFO] [stderr]    Compiling iota-crypto v0.15.3
[INFO] [stderr]    Compiling toml_edit v0.19.8
[INFO] [stderr]    Compiling packable v0.8.0
[INFO] [stderr]    Compiling serde_json v1.0.96
[INFO] [stderr]    Compiling ed25519-zebra v3.1.0
[INFO] [stderr]    Compiling blake2 v0.10.6
[INFO] [stderr]    Compiling ryu v1.0.13
[INFO] [stderr]    Compiling itoa v1.0.6
[INFO] [stderr]    Compiling serde_repr v0.1.12
[INFO] [stderr]    Compiling instant v0.1.12
[INFO] [stderr]    Compiling bech32 v0.9.1
[INFO] [stderr]    Compiling iterator-sorted v0.1.0
[INFO] [stderr]    Compiling bytemuck v1.13.1
[INFO] [stderr]    Compiling bitflags v2.1.0
[INFO] [stderr]    Compiling proc-macro-crate v1.3.1
[INFO] [stderr]    Compiling getset v0.1.2
[INFO] [stderr]    Compiling derive_more v0.99.17
[INFO] [stderr]    Compiling packable-derive v0.7.0
[INFO] [stderr]    Compiling impl-serde v0.4.0
[INFO] [stderr]    Compiling serde-big-array v0.5.1
[INFO] [stderr]    Compiling hashbrown v0.13.2
[INFO] [stderr]    Compiling primitive-types v0.12.1
[INFO] [stderr]    Compiling prefix-hex v0.7.0
[INFO] [stderr]    Compiling iota-sdk v0.2.0 (/opt/rustwide/workdir)
[INFO] [stderr]     Finished dev [unoptimized + debuginfo] target(s) in 37.14s
[INFO] running `Command { std: "docker" "inspect" "92c96511cd7a50163597334d3d8ef84cb679a5f0e5c77f67365deee401cd5ea2", kill_on_drop: false }`
[INFO] running `Command { std: "docker" "rm" "-f" "92c96511cd7a50163597334d3d8ef84cb679a5f0e5c77f67365deee401cd5ea2", kill_on_drop: false }`
[INFO] [stdout] 92c96511cd7a50163597334d3d8ef84cb679a5f0e5c77f67365deee401cd5ea2
[INFO] running `Command { std: "docker" "create" "-v" "/var/lib/crater-agent-workspace/builds/worker-2-tc2/target:/opt/rustwide/target:rw,Z" "-v" "/var/lib/crater-agent-workspace/builds/worker-2-tc2/source:/opt/rustwide/workdir:ro,Z" "-v" "/var/lib/crater-agent-workspace/cargo-home:/opt/rustwide/cargo-home:ro,Z" "-v" "/var/lib/crater-agent-workspace/rustup-home:/opt/rustwide/rustup-home:ro,Z" "-e" "SOURCE_DIR=/opt/rustwide/workdir" "-e" "CARGO_TARGET_DIR=/opt/rustwide/target" "-e" "CARGO_INCREMENTAL=0" "-e" "RUST_BACKTRACE=full" "-e" "RUSTFLAGS=--cap-lints=warn" "-e" "RUSTDOCFLAGS=--cap-lints=warn" "-e" "CARGO_HOME=/opt/rustwide/cargo-home" "-e" "RUSTUP_HOME=/opt/rustwide/rustup-home" "-w" "/opt/rustwide/workdir" "-m" "1610612736" "--user" "0:0" "--network" "none" "ghcr.io/rust-lang/crates-build-env/linux@sha256:5ff2268d62e97bff2cde7d5815dd6ed5b47097566f13b8d0ca110b04b60e07ed" "/opt/rustwide/cargo-home/bin/cargo" "+beta-2023-04-20" "test" "--frozen" "--no-run" "--message-format=json", kill_on_drop: false }`
[INFO] [stdout] 6672e26bfb3b95e032fa007fdbe4554f28f3a3733a85b280f39df89646fbfaef
[INFO] running `Command { std: "docker" "start" "-a" "6672e26bfb3b95e032fa007fdbe4554f28f3a3733a85b280f39df89646fbfaef", kill_on_drop: false }`
[INFO] [stderr]    Compiling libc v0.2.141
[INFO] [stderr]    Compiling log v0.4.17
[INFO] [stderr]    Compiling lazy_static v1.4.0
[INFO] [stderr]    Compiling num_threads v0.1.6
[INFO] [stderr]    Compiling thiserror v1.0.40
[INFO] [stderr]    Compiling time-core v0.1.0
[INFO] [stderr]    Compiling thiserror-impl v1.0.40
[INFO] [stderr]    Compiling dotenvy v0.15.7
[INFO] [stderr]    Compiling getrandom v0.2.9
[INFO] [stderr]    Compiling atty v0.2.14
[INFO] [stderr]    Compiling time v0.3.20
[INFO] [stderr]    Compiling colored v1.9.3
[INFO] [stderr]    Compiling rand_core v0.6.4
[INFO] [stderr]    Compiling ahash v0.7.6
[INFO] [stderr]    Compiling fern v0.6.2
[INFO] [stderr]    Compiling rand_chacha v0.3.1
[INFO] [stderr]    Compiling hashbrown v0.12.3
[INFO] [stderr]    Compiling rand v0.8.5
[INFO] [stderr]    Compiling ed25519-zebra v3.1.0
[INFO] [stderr]    Compiling iota-crypto v0.15.3
[INFO] [stderr]    Compiling time-helper v0.1.0
[INFO] [stderr]    Compiling fern-logger v0.5.0
[INFO] [stderr]    Compiling fixed-hash v0.8.0
[INFO] [stderr]    Compiling primitive-types v0.12.1
[INFO] [stderr]    Compiling prefix-hex v0.7.0
[INFO] [stderr]    Compiling packable v0.8.0
[INFO] [stderr]    Compiling iota-sdk v0.2.0 (/opt/rustwide/workdir)
[INFO] [stdout] error[E0433]: failed to resolve: could not find `rand` in `block`
[INFO] [stdout]   --> tests/types/migrated_funds_entry.rs:10:5
[INFO] [stdout]    |
[INFO] [stdout] 10 |     rand::receipt::rand_tail_transaction_hash,
[INFO] [stdout]    |     ^^^^ could not find `rand` in `block`
[INFO] [stdout] 
[INFO] [stdout] 
[INFO] [stdout] error[E0433]: failed to resolve: could not find `rand` in `block`
[INFO] [stdout]  --> tests/types/milestone_payload.rs:8:5
[INFO] [stdout]   |
[INFO] [stdout] 8 |     rand::{
[INFO] [stdout]   |     ^^^^ could not find `rand` in `block`
[INFO] [stdout] 
[INFO] [stdout] 
[INFO] [stdout] error[E0433]: failed to resolve: could not find `rand` in `block`
[INFO] [stdout]   --> tests/types/milestone_payload_essence.rs:15:5
[INFO] [stdout]    |
[INFO] [stdout] 15 |     rand::{
[INFO] [stdout]    |     ^^^^ could not find `rand` in `block`
[INFO] [stdout] 
[INFO] [stdout] 
[INFO] [stdout] error[E0433]: failed to resolve: could not find `rand` in `block`
[INFO] [stdout]  --> tests/types/parents.rs:8:5
[INFO] [stdout]   |
[INFO] [stdout] 8 |     rand::block::{rand_block_id, rand_block_ids},
[INFO] [stdout]   |     ^^^^ could not find `rand` in `block`
[INFO] [stdout] 
[INFO] [stdout] 
[INFO] [stdout] error[E0433]: failed to resolve: could not find `rand` in `block`
[INFO] [stdout]   --> tests/types/payload.rs:16:5
[INFO] [stdout]    |
[INFO] [stdout] 16 |     rand::{
[INFO] [stdout]    |     ^^^^ could not find `rand` in `block`
[INFO] [stdout] 
[INFO] [stdout] 
[INFO] [stdout] error[E0433]: failed to resolve: could not find `rand` in `block`
[INFO] [stdout]   --> tests/types/receipt_milestone_option.rs:18:5
[INFO] [stdout]    |
[INFO] [stdout] 18 |     rand::number::rand_number,
[INFO] [stdout]    |     ^^^^ could not find `rand` in `block`
[INFO] [stdout] 
[INFO] [stdout] 
[INFO] [stdout] error[E0433]: failed to resolve: could not find `rand` in `block`
[INFO] [stdout]  --> tests/types/rent.rs:7:5
[INFO] [stdout]   |
[INFO] [stdout] 7 |     rand::output::{rand_alias_output, rand_basic_output, rand_foundry_output, rand_nft_output},
[INFO] [stdout]   |     ^^^^ could not find `rand` in `block`
[INFO] [stdout] 
[INFO] [stdout] 
[INFO] [stdout] error[E0433]: failed to resolve: could not find `rand` in `block`
[INFO] [stdout]  --> tests/types/signature_unlock.rs:5:5
[INFO] [stdout]   |
[INFO] [stdout] 5 |     rand::bytes::{rand_bytes, rand_bytes_array},
[INFO] [stdout]   |     ^^^^ could not find `rand` in `block`
[INFO] [stdout] 
[INFO] [stdout] 
[INFO] [stdout] error[E0433]: failed to resolve: could not find `rand` in `block`
[INFO] [stdout]  --> tests/types/tagged_data_payload.rs:4:71
[INFO] [stdout]   |
[INFO] [stdout] 4 | use iota_sdk::types::block::{payload::tagged_data::TaggedDataPayload, rand::bytes::rand_bytes, Block, Error};
[INFO] [stdout]   |                                                                       ^^^^ could not find `rand` in `block`
[INFO] [stdout] 
[INFO] [stdout] 
[INFO] [stdout] error[E0433]: failed to resolve: could not find `rand` in `block`
[INFO] [stdout]   --> tests/types/transaction_essence.rs:10:5
[INFO] [stdout]    |
[INFO] [stdout] 10 |     rand::output::rand_inputs_commitment,
[INFO] [stdout]    |     ^^^^ could not find `rand` in `block`
[INFO] [stdout] 
[INFO] [stdout] 
[INFO] [stdout] error[E0433]: failed to resolve: could not find `rand` in `block`
[INFO] [stdout]   --> tests/types/transaction_payload.rs:10:5
[INFO] [stdout]    |
[INFO] [stdout] 10 |     rand::output::rand_inputs_commitment,
[INFO] [stdout]    |     ^^^^ could not find `rand` in `block`
[INFO] [stdout] 
[INFO] [stdout] 
[INFO] [stdout] error[E0433]: failed to resolve: could not find `rand` in `block`
[INFO] [stdout]   --> tests/types/transaction_regular_essence.rs:21:5
[INFO] [stdout]    |
[INFO] [stdout] 21 |     rand::{
[INFO] [stdout]    |     ^^^^ could not find `rand` in `block`
[INFO] [stdout] 
[INFO] [stdout] 
[INFO] [stdout] error[E0433]: failed to resolve: could not find `rand` in `block`
[INFO] [stdout]  --> tests/types/unlocks.rs:5:5
[INFO] [stdout]   |
[INFO] [stdout] 5 |     rand::bytes::{rand_bytes, rand_bytes_array},
[INFO] [stdout]   |     ^^^^ could not find `rand` in `block`
[INFO] [stdout] 
[INFO] [stdout] 
[INFO] [stdout] error[E0432]: unresolved import `iota_sdk::types::block::rand`
[INFO] [stdout]   --> tests/types/milestone_payload_essence.rs:16:9
[INFO] [stdout]    |
[INFO] [stdout] 16 |         self,
[INFO] [stdout]    |         ^^^^ no `rand` in `types::block`
[INFO] [stdout] 
[INFO] [stdout] 
[INFO] [stdout] error: aborting due to 14 previous errors
[INFO] [stdout] 
[INFO] [stdout] 
[INFO] [stdout] Some errors have detailed explanations: E0432, E0433.
[INFO] [stdout] 
[INFO] [stdout] For more information about an error, try `rustc --explain E0432`.
[INFO] [stdout] 
[INFO] [stderr] error: could not compile `iota-sdk` (test "mod") due to 15 previous errors
[INFO] running `Command { std: "docker" "inspect" "6672e26bfb3b95e032fa007fdbe4554f28f3a3733a85b280f39df89646fbfaef", kill_on_drop: false }`
[INFO] running `Command { std: "docker" "rm" "-f" "6672e26bfb3b95e032fa007fdbe4554f28f3a3733a85b280f39df89646fbfaef", kill_on_drop: false }`
[INFO] [stdout] 6672e26bfb3b95e032fa007fdbe4554f28f3a3733a85b280f39df89646fbfaef
