[INFO] fetching crate inochi2d 0.1.1...
[INFO] testing inochi2d-0.1.1 against beta-2023-04-20 for beta-1.70-1
[INFO] extracting crate inochi2d 0.1.1 into /workspace/builds/worker-3-tc2/source
[INFO] validating manifest of crates.io crate inochi2d 0.1.1 on toolchain beta-2023-04-20
[INFO] running `Command { std: CARGO_HOME="/workspace/cargo-home" RUSTUP_HOME="/workspace/rustup-home" "/workspace/cargo-home/bin/cargo" "+beta-2023-04-20" "metadata" "--manifest-path" "Cargo.toml" "--no-deps", kill_on_drop: false }`
[INFO] started tweaking crates.io crate inochi2d 0.1.1
[INFO] finished tweaking crates.io crate inochi2d 0.1.1
[INFO] tweaked toml for crates.io crate inochi2d 0.1.1 written to /workspace/builds/worker-3-tc2/source/Cargo.toml
[INFO] crate crates.io crate inochi2d 0.1.1 already has a lockfile, it will not be regenerated
[INFO] running `Command { std: CARGO_HOME="/workspace/cargo-home" RUSTUP_HOME="/workspace/rustup-home" "/workspace/cargo-home/bin/cargo" "+beta-2023-04-20" "fetch" "--manifest-path" "Cargo.toml", kill_on_drop: false }`
[INFO] [stderr]     Updating crates.io index
[INFO] [stderr]  Downloading crates ...
[INFO] [stderr]   Downloaded glfw v0.47.0
[INFO] [stderr]   Downloaded bytemuck v1.12.3
[INFO] running `Command { std: "docker" "create" "-v" "/var/lib/crater-agent-workspace/builds/worker-3-tc2/target:/opt/rustwide/target:rw,Z" "-v" "/var/lib/crater-agent-workspace/builds/worker-3-tc2/source:/opt/rustwide/workdir:ro,Z" "-v" "/var/lib/crater-agent-workspace/cargo-home:/opt/rustwide/cargo-home:ro,Z" "-v" "/var/lib/crater-agent-workspace/rustup-home:/opt/rustwide/rustup-home:ro,Z" "-e" "SOURCE_DIR=/opt/rustwide/workdir" "-e" "CARGO_TARGET_DIR=/opt/rustwide/target" "-e" "CARGO_HOME=/opt/rustwide/cargo-home" "-e" "RUSTUP_HOME=/opt/rustwide/rustup-home" "-w" "/opt/rustwide/workdir" "-m" "1610612736" "--user" "0:0" "--network" "none" "ghcr.io/rust-lang/crates-build-env/linux@sha256:5ff2268d62e97bff2cde7d5815dd6ed5b47097566f13b8d0ca110b04b60e07ed" "/opt/rustwide/cargo-home/bin/cargo" "+beta-2023-04-20" "metadata" "--no-deps" "--format-version=1", kill_on_drop: false }`
[INFO] [stdout] 29a40c13118d35e12240a2aee49f015330556aa651f6bcda8b15d1348db2be5b
[INFO] running `Command { std: "docker" "start" "-a" "29a40c13118d35e12240a2aee49f015330556aa651f6bcda8b15d1348db2be5b", kill_on_drop: false }`
[INFO] running `Command { std: "docker" "inspect" "29a40c13118d35e12240a2aee49f015330556aa651f6bcda8b15d1348db2be5b", kill_on_drop: false }`
[INFO] running `Command { std: "docker" "rm" "-f" "29a40c13118d35e12240a2aee49f015330556aa651f6bcda8b15d1348db2be5b", kill_on_drop: false }`
[INFO] [stdout] 29a40c13118d35e12240a2aee49f015330556aa651f6bcda8b15d1348db2be5b
[INFO] running `Command { std: "docker" "create" "-v" "/var/lib/crater-agent-workspace/builds/worker-3-tc2/target:/opt/rustwide/target:rw,Z" "-v" "/var/lib/crater-agent-workspace/builds/worker-3-tc2/source:/opt/rustwide/workdir:ro,Z" "-v" "/var/lib/crater-agent-workspace/cargo-home:/opt/rustwide/cargo-home:ro,Z" "-v" "/var/lib/crater-agent-workspace/rustup-home:/opt/rustwide/rustup-home:ro,Z" "-e" "SOURCE_DIR=/opt/rustwide/workdir" "-e" "CARGO_TARGET_DIR=/opt/rustwide/target" "-e" "CARGO_INCREMENTAL=0" "-e" "RUST_BACKTRACE=full" "-e" "RUSTFLAGS=--cap-lints=warn" "-e" "RUSTDOCFLAGS=--cap-lints=warn" "-e" "CARGO_HOME=/opt/rustwide/cargo-home" "-e" "RUSTUP_HOME=/opt/rustwide/rustup-home" "-w" "/opt/rustwide/workdir" "-m" "1610612736" "--user" "0:0" "--network" "none" "ghcr.io/rust-lang/crates-build-env/linux@sha256:5ff2268d62e97bff2cde7d5815dd6ed5b47097566f13b8d0ca110b04b60e07ed" "/opt/rustwide/cargo-home/bin/cargo" "+beta-2023-04-20" "build" "--frozen" "--message-format=json", kill_on_drop: false }`
[INFO] [stdout] 4702bd641e2ba675d38aec0d83130930170ca4625207a6a347f807bda4448d50
[INFO] running `Command { std: "docker" "start" "-a" "4702bd641e2ba675d38aec0d83130930170ca4625207a6a347f807bda4448d50", kill_on_drop: false }`
[INFO] [stderr]     Blocking waiting for file lock on package cache
[INFO] [stderr]    Compiling autocfg v1.1.0
[INFO] [stderr]    Compiling proc-macro2 v1.0.49
[INFO] [stderr]    Compiling quote v1.0.23
[INFO] [stderr]    Compiling unicode-ident v1.0.6
[INFO] [stderr]    Compiling crc32fast v1.3.2
[INFO] [stderr]    Compiling syn v1.0.107
[INFO] [stderr]    Compiling cfg-if v1.0.0
[INFO] [stderr]    Compiling adler v1.0.2
[INFO] [stderr]    Compiling serde_derive v1.0.151
[INFO] [stderr]    Compiling serde v1.0.151
[INFO] [stderr]    Compiling bitflags v1.3.2
[INFO] [stderr]    Compiling cty v0.2.2
[INFO] [stderr]    Compiling serde_json v1.0.91
[INFO] [stderr]    Compiling color_quant v1.1.0
[INFO] [stderr]    Compiling ryu v1.0.12
[INFO] [stderr]    Compiling byteorder v1.4.3
[INFO] [stderr]    Compiling raw-window-handle v0.4.3
[INFO] [stderr]    Compiling itoa v1.0.5
[INFO] [stderr]    Compiling bytemuck v1.12.3
[INFO] [stderr]    Compiling miniz_oxide v0.6.2
[INFO] [stderr]    Compiling glow v0.11.2
[INFO] [stderr]    Compiling glfw v0.47.0
[INFO] [stderr]    Compiling num-traits v0.2.15
[INFO] [stderr]    Compiling num-integer v0.1.45
[INFO] [stderr]    Compiling num-rational v0.4.1
[INFO] [stderr]    Compiling flate2 v1.0.25
[INFO] [stderr]    Compiling png v0.17.7
[INFO] [stderr]    Compiling image v0.24.5
[INFO] [stderr]    Compiling inochi2d v0.1.1 (/opt/rustwide/workdir)
[INFO] [stdout] warning: unused variable: `zsort`
[INFO] [stdout]    --> src/gl/mod.rs:559:35
[INFO] [stdout]     |
[INFO] [stdout] 559 |     uuids.into_iter().map(|(uuid, zsort)| uuid).collect()
[INFO] [stdout]     |                                   ^^^^^ help: if this is intentional, prefix it with an underscore: `_zsort`
[INFO] [stdout]     |
[INFO] [stdout]     = note: `#[warn(unused_variables)]` on by default
[INFO] [stdout] 
[INFO] [stdout] 
[INFO] [stdout] warning: unused variable: `data`
[INFO] [stdout]    --> src/parser.rs:316:36
[INFO] [stdout]     |
[INFO] [stdout] 316 |             CompressedTexture::Bc7(data) => todo!("BC7 is still unimplemented"),
[INFO] [stdout]     |                                    ^^^^ help: if this is intentional, prefix it with an underscore: `_data`
[INFO] [stdout] 
[INFO] [stdout] 
[INFO] [stdout] warning: field `start_deform` is never read
[INFO] [stdout]    --> src/gl/mod.rs:503:5
[INFO] [stdout]     |
[INFO] [stdout] 500 | struct Part {
[INFO] [stdout]     |        ---- field in this struct
[INFO] [stdout] ...
[INFO] [stdout] 503 |     start_deform: u16,
[INFO] [stdout]     |     ^^^^^^^^^^^^
[INFO] [stdout]     |
[INFO] [stdout]     = note: `Part` has a derived impl for the trait `Debug`, but this is intentionally ignored during dead code analysis
[INFO] [stdout]     = note: `#[warn(dead_code)]` on by default
[INFO] [stdout] 
[INFO] [stdout] 
[INFO] [stdout] warning: 3 warnings emitted
[INFO] [stdout] 
[INFO] [stdout] 
[INFO] [stderr]     Finished dev [unoptimized + debuginfo] target(s) in 12.14s
[INFO] running `Command { std: "docker" "inspect" "4702bd641e2ba675d38aec0d83130930170ca4625207a6a347f807bda4448d50", kill_on_drop: false }`
[INFO] running `Command { std: "docker" "rm" "-f" "4702bd641e2ba675d38aec0d83130930170ca4625207a6a347f807bda4448d50", kill_on_drop: false }`
[INFO] [stdout] 4702bd641e2ba675d38aec0d83130930170ca4625207a6a347f807bda4448d50
[INFO] running `Command { std: "docker" "create" "-v" "/var/lib/crater-agent-workspace/builds/worker-3-tc2/target:/opt/rustwide/target:rw,Z" "-v" "/var/lib/crater-agent-workspace/builds/worker-3-tc2/source:/opt/rustwide/workdir:ro,Z" "-v" "/var/lib/crater-agent-workspace/cargo-home:/opt/rustwide/cargo-home:ro,Z" "-v" "/var/lib/crater-agent-workspace/rustup-home:/opt/rustwide/rustup-home:ro,Z" "-e" "SOURCE_DIR=/opt/rustwide/workdir" "-e" "CARGO_TARGET_DIR=/opt/rustwide/target" "-e" "CARGO_INCREMENTAL=0" "-e" "RUST_BACKTRACE=full" "-e" "RUSTFLAGS=--cap-lints=warn" "-e" "RUSTDOCFLAGS=--cap-lints=warn" "-e" "CARGO_HOME=/opt/rustwide/cargo-home" "-e" "RUSTUP_HOME=/opt/rustwide/rustup-home" "-w" "/opt/rustwide/workdir" "-m" "1610612736" "--user" "0:0" "--network" "none" "ghcr.io/rust-lang/crates-build-env/linux@sha256:5ff2268d62e97bff2cde7d5815dd6ed5b47097566f13b8d0ca110b04b60e07ed" "/opt/rustwide/cargo-home/bin/cargo" "+beta-2023-04-20" "test" "--frozen" "--no-run" "--message-format=json", kill_on_drop: false }`
[INFO] [stdout] 9d32a7163922b3fd8590af2bdb6b521adb9af9d50d97b9a52bca4cb062a36827
[INFO] running `Command { std: "docker" "start" "-a" "9d32a7163922b3fd8590af2bdb6b521adb9af9d50d97b9a52bca4cb062a36827", kill_on_drop: false }`
[INFO] [stdout] warning: unused variable: `zsort`
[INFO] [stdout]    --> src/gl/mod.rs:559:35
[INFO] [stdout]     |
[INFO] [stdout] 559 |     uuids.into_iter().map(|(uuid, zsort)| uuid).collect()
[INFO] [stdout]     |                                   ^^^^^ help: if this is intentional, prefix it with an underscore: `_zsort`
[INFO] [stdout]     |
[INFO] [stdout]     = note: `#[warn(unused_variables)]` on by default
[INFO] [stdout] 
[INFO] [stdout] 
[INFO] [stdout] warning: unused variable: `data`
[INFO] [stdout]    --> src/parser.rs:316:36
[INFO] [stdout]     |
[INFO] [stdout] 316 |             CompressedTexture::Bc7(data) => todo!("BC7 is still unimplemented"),
[INFO] [stdout]     |                                    ^^^^ help: if this is intentional, prefix it with an underscore: `_data`
[INFO] [stdout] 
[INFO] [stdout] 
[INFO] [stderr]    Compiling inochi2d v0.1.1 (/opt/rustwide/workdir)
[INFO] [stdout] warning: field `start_deform` is never read
[INFO] [stdout]    --> src/gl/mod.rs:503:5
[INFO] [stdout]     |
[INFO] [stdout] 500 | struct Part {
[INFO] [stdout]     |        ---- field in this struct
[INFO] [stdout] ...
[INFO] [stdout] 503 |     start_deform: u16,
[INFO] [stdout]     |     ^^^^^^^^^^^^
[INFO] [stdout]     |
[INFO] [stdout]     = note: `Part` has a derived impl for the trait `Debug`, but this is intentionally ignored during dead code analysis
[INFO] [stdout]     = note: `#[warn(dead_code)]` on by default
[INFO] [stdout] 
[INFO] [stdout] 
[INFO] [stdout] warning: 3 warnings emitted
[INFO] [stdout] 
[INFO] [stdout] 
[INFO] [stdout] error[E0599]: no method named `encode` found for mutable reference `&mut CompressedTexture` in the current scope
[INFO] [stdout]   --> examples/transcode-textures.rs:22:13
[INFO] [stdout]    |
[INFO] [stdout] 22 |         tex.encode(format);
[INFO] [stdout]    |             ^^^^^^ help: there is a method with a similar name: `decode`
[INFO] [stdout] 
[INFO] [stdout] 
[INFO] [stdout] error: aborting due to previous error
[INFO] [stdout] 
[INFO] [stdout] 
[INFO] [stdout] For more information about this error, try `rustc --explain E0599`.
[INFO] [stdout] 
[INFO] [stderr] error: could not compile `inochi2d` (example "transcode-textures") due to 2 previous errors
[INFO] [stderr] warning: build failed, waiting for other jobs to finish...
[INFO] [stdout] warning: unused variable: `zsort`
[INFO] [stdout]    --> src/gl/mod.rs:559:35
[INFO] [stdout]     |
[INFO] [stdout] 559 |     uuids.into_iter().map(|(uuid, zsort)| uuid).collect()
[INFO] [stdout]     |                                   ^^^^^ help: if this is intentional, prefix it with an underscore: `_zsort`
[INFO] [stdout]     |
[INFO] [stdout]     = note: `#[warn(unused_variables)]` on by default
[INFO] [stdout] 
[INFO] [stdout] 
[INFO] [stdout] warning: unused variable: `data`
[INFO] [stdout]    --> src/parser.rs:316:36
[INFO] [stdout]     |
[INFO] [stdout] 316 |             CompressedTexture::Bc7(data) => todo!("BC7 is still unimplemented"),
[INFO] [stdout]     |                                    ^^^^ help: if this is intentional, prefix it with an underscore: `_data`
[INFO] [stdout] 
[INFO] [stdout] 
[INFO] [stdout] warning: field `start_deform` is never read
[INFO] [stdout]    --> src/gl/mod.rs:503:5
[INFO] [stdout]     |
[INFO] [stdout] 500 | struct Part {
[INFO] [stdout]     |        ---- field in this struct
[INFO] [stdout] ...
[INFO] [stdout] 503 |     start_deform: u16,
[INFO] [stdout]     |     ^^^^^^^^^^^^
[INFO] [stdout]     |
[INFO] [stdout]     = note: `Part` has a derived impl for the trait `Debug`, but this is intentionally ignored during dead code analysis
[INFO] [stdout]     = note: `#[warn(dead_code)]` on by default
[INFO] [stdout] 
[INFO] [stdout] 
[INFO] [stdout] error: linking with `cc` failed: exit status: 1
[INFO] [stdout]   |
[INFO] [stdout]   = note: LC_ALL="C" PATH="/opt/rustwide/rustup-home/toolchains/beta-2023-04-20-x86_64-unknown-linux-gnu/lib/rustlib/x86_64-unknown-linux-gnu/bin:/opt/rustwide/cargo-home/bin:/usr/local/sbin:/usr/local/bin:/usr/sbin:/usr/bin:/sbin:/bin" VSLANG="1033" "cc" "-m64" "/tmp/rustcHjlvxb/symbols.o" "/opt/rustwide/target/debug/deps/inochi2d-80022e1c7da3f5ba.inochi2d.0a7e2069-cgu.0.rcgu.o" "/opt/rustwide/target/debug/deps/inochi2d-80022e1c7da3f5ba.inochi2d.0a7e2069-cgu.1.rcgu.o" "/opt/rustwide/target/debug/deps/inochi2d-80022e1c7da3f5ba.inochi2d.0a7e2069-cgu.2.rcgu.o" "/opt/rustwide/target/debug/deps/inochi2d-80022e1c7da3f5ba.inochi2d.0a7e2069-cgu.3.rcgu.o" "/opt/rustwide/target/debug/deps/inochi2d-80022e1c7da3f5ba.inochi2d.0a7e2069-cgu.4.rcgu.o" "/opt/rustwide/target/debug/deps/inochi2d-80022e1c7da3f5ba.10e1g5ivlcxkdwp4.rcgu.o" "-Wl,--as-needed" "-L" "/opt/rustwide/target/debug/deps" "-L" "/opt/rustwide/rustup-home/toolchains/beta-2023-04-20-x86_64-unknown-linux-gnu/lib/rustlib/x86_64-unknown-linux-gnu/lib" "-Wl,-Bstatic" "/opt/rustwide/target/debug/deps/libserde_json-25cd6ba7d4965e65.rlib" "/opt/rustwide/target/debug/deps/libryu-c78937d74caa9f3f.rlib" "/opt/rustwide/target/debug/deps/libitoa-eb68ddfe016730e8.rlib" "/opt/rustwide/rustup-home/toolchains/beta-2023-04-20-x86_64-unknown-linux-gnu/lib/rustlib/x86_64-unknown-linux-gnu/lib/libtest-2bcc87e061734fce.rlib" "/opt/rustwide/rustup-home/toolchains/beta-2023-04-20-x86_64-unknown-linux-gnu/lib/rustlib/x86_64-unknown-linux-gnu/lib/libgetopts-4c2368e8367904c3.rlib" "/opt/rustwide/rustup-home/toolchains/beta-2023-04-20-x86_64-unknown-linux-gnu/lib/rustlib/x86_64-unknown-linux-gnu/lib/libunicode_width-06b9dcb8e6d4191c.rlib" "/opt/rustwide/rustup-home/toolchains/beta-2023-04-20-x86_64-unknown-linux-gnu/lib/rustlib/x86_64-unknown-linux-gnu/lib/librustc_std_workspace_std-23a78788aee51060.rlib" "/opt/rustwide/target/debug/deps/libimage-db9ed13a2af1576d.rlib" "/opt/rustwide/target/debug/deps/libbytemuck-4c867499ad453223.rlib" "/opt/rustwide/target/debug/deps/libcolor_quant-76ea6da9e2ca7302.rlib" "/opt/rustwide/target/debug/deps/libbyteorder-614d7e4e7f7903e2.rlib" "/opt/rustwide/target/debug/deps/libpng-1a756eed8e5b66d7.rlib" "/opt/rustwide/target/debug/deps/libflate2-f5232b7be75204a2.rlib" "/opt/rustwide/target/debug/deps/libminiz_oxide-a98a29256d197c42.rlib" "/opt/rustwide/target/debug/deps/libadler-92f8db84032ff960.rlib" "/opt/rustwide/target/debug/deps/libcrc32fast-fc15e7c737c5fb18.rlib" "/opt/rustwide/target/debug/deps/libcfg_if-97437e183f3ae6e4.rlib" "/opt/rustwide/target/debug/deps/libnum_rational-708e5a5207deb3b1.rlib" "/opt/rustwide/target/debug/deps/libnum_integer-367d151531b10829.rlib" "/opt/rustwide/target/debug/deps/libnum_traits-ab4e79417a15ff02.rlib" "/opt/rustwide/target/debug/deps/libserde-8e53e93b1ba7da63.rlib" "/opt/rustwide/target/debug/deps/libglow-6269497ff3e41c00.rlib" "/opt/rustwide/target/debug/deps/libglfw-1f08b68e6ccb1921.rlib" "/opt/rustwide/target/debug/deps/libraw_window_handle-5a165ac3e9a6a87a.rlib" "/opt/rustwide/target/debug/deps/libcty-befaa38a89230b85.rlib" "/opt/rustwide/target/debug/deps/libbitflags-610a73087f46ba3b.rlib" "/opt/rustwide/rustup-home/toolchains/beta-2023-04-20-x86_64-unknown-linux-gnu/lib/rustlib/x86_64-unknown-linux-gnu/lib/libstd-0e29cc23c5e02021.rlib" "/opt/rustwide/rustup-home/toolchains/beta-2023-04-20-x86_64-unknown-linux-gnu/lib/rustlib/x86_64-unknown-linux-gnu/lib/libpanic_unwind-d903621768a861d9.rlib" "/opt/rustwide/rustup-home/toolchains/beta-2023-04-20-x86_64-unknown-linux-gnu/lib/rustlib/x86_64-unknown-linux-gnu/lib/libobject-6d0225e655f31c13.rlib" "/opt/rustwide/rustup-home/toolchains/beta-2023-04-20-x86_64-unknown-linux-gnu/lib/rustlib/x86_64-unknown-linux-gnu/lib/libmemchr-9dbaf4eac7eaa079.rlib" "/opt/rustwide/rustup-home/toolchains/beta-2023-04-20-x86_64-unknown-linux-gnu/lib/rustlib/x86_64-unknown-linux-gnu/lib/libaddr2line-27f05b3d42a66dd0.rlib" "/opt/rustwide/rustup-home/toolchains/beta-2023-04-20-x86_64-unknown-linux-gnu/lib/rustlib/x86_64-unknown-linux-gnu/lib/libgimli-4d73f1030321c9a2.rlib" "/opt/rustwide/rustup-home/toolchains/beta-2023-04-20-x86_64-unknown-linux-gnu/lib/rustlib/x86_64-unknown-linux-gnu/lib/librustc_demangle-2846c9e58abd0acb.rlib" "/opt/rustwide/rustup-home/toolchains/beta-2023-04-20-x86_64-unknown-linux-gnu/lib/rustlib/x86_64-unknown-linux-gnu/lib/libstd_detect-a53d0f50415947be.rlib" "/opt/rustwide/rustup-home/toolchains/beta-2023-04-20-x86_64-unknown-linux-gnu/lib/rustlib/x86_64-unknown-linux-gnu/lib/libhashbrown-d48e4b6abc25b9dc.rlib" "/opt/rustwide/rustup-home/toolchains/beta-2023-04-20-x86_64-unknown-linux-gnu/lib/rustlib/x86_64-unknown-linux-gnu/lib/libminiz_oxide-2991859439ef1207.rlib" "/opt/rustwide/rustup-home/toolchains/beta-2023-04-20-x86_64-unknown-linux-gnu/lib/rustlib/x86_64-unknown-linux-gnu/lib/libadler-8a687517e4221bae.rlib" "/opt/rustwide/rustup-home/toolchains/beta-2023-04-20-x86_64-unknown-linux-gnu/lib/rustlib/x86_64-unknown-linux-gnu/lib/librustc_std_workspace_alloc-e07b554f6a67f5b3.rlib" "/opt/rustwide/rustup-home/toolchains/beta-2023-04-20-x86_64-unknown-linux-gnu/lib/rustlib/x86_64-unknown-linux-gnu/lib/libunwind-b68238b7c3c619dd.rlib" "/opt/rustwide/rustup-home/toolchains/beta-2023-04-20-x86_64-unknown-linux-gnu/lib/rustlib/x86_64-unknown-linux-gnu/lib/libcfg_if-d5e213e896c017e4.rlib" "/opt/rustwide/rustup-home/toolchains/beta-2023-04-20-x86_64-unknown-linux-gnu/lib/rustlib/x86_64-unknown-linux-gnu/lib/liblibc-0211a3b2e61d8689.rlib" "/opt/rustwide/rustup-home/toolchains/beta-2023-04-20-x86_64-unknown-linux-gnu/lib/rustlib/x86_64-unknown-linux-gnu/lib/liballoc-b371f055239ba51f.rlib" "/opt/rustwide/rustup-home/toolchains/beta-2023-04-20-x86_64-unknown-linux-gnu/lib/rustlib/x86_64-unknown-linux-gnu/lib/librustc_std_workspace_core-e60518d2760eb01e.rlib" "/opt/rustwide/rustup-home/toolchains/beta-2023-04-20-x86_64-unknown-linux-gnu/lib/rustlib/x86_64-unknown-linux-gnu/lib/libcore-1ad943f92a4b1081.rlib" "/opt/rustwide/rustup-home/toolchains/beta-2023-04-20-x86_64-unknown-linux-gnu/lib/rustlib/x86_64-unknown-linux-gnu/lib/libcompiler_builtins-f0d6e4d0fc1e80b4.rlib" "-Wl,-Bdynamic" "-lglfw" "-lX11" "-lgcc_s" "-lutil" "-lrt" "-lpthread" "-lm" "-ldl" "-lc" "-Wl,--eh-frame-hdr" "-Wl,-z,noexecstack" "-L" "/opt/rustwide/rustup-home/toolchains/beta-2023-04-20-x86_64-unknown-linux-gnu/lib/rustlib/x86_64-unknown-linux-gnu/lib" "-o" "/opt/rustwide/target/debug/deps/inochi2d-80022e1c7da3f5ba" "-Wl,--gc-sections" "-pie" "-Wl,-z,relro,-z,now" "-nodefaultlibs"
[INFO] [stdout]   = note: /usr/bin/ld: cannot find -lglfw: No such file or directory
[INFO] [stdout]           collect2: error: ld returned 1 exit status
[INFO] [stdout]           
[INFO] [stdout] 
[INFO] [stdout] 
[INFO] [stdout] error: aborting due to previous error; 3 warnings emitted
[INFO] [stdout] 
[INFO] [stdout] 
[INFO] [stderr] error: could not compile `inochi2d` (lib test) due to 2 previous errors; 3 warnings emitted
[INFO] [stdout] error: linking with `cc` failed: exit status: 1
[INFO] [stdout]   |
[INFO] [stdout]   = note: LC_ALL="C" PATH="/opt/rustwide/rustup-home/toolchains/beta-2023-04-20-x86_64-unknown-linux-gnu/lib/rustlib/x86_64-unknown-linux-gnu/bin:/opt/rustwide/cargo-home/bin:/usr/local/sbin:/usr/local/bin:/usr/sbin:/usr/bin:/sbin:/bin" VSLANG="1033" "cc" "-m64" "/tmp/rustce4frdX/symbols.o" "/opt/rustwide/target/debug/examples/render-530560f55ff90e82.render.05a478e8-cgu.0.rcgu.o" "/opt/rustwide/target/debug/examples/render-530560f55ff90e82.render.05a478e8-cgu.1.rcgu.o" "/opt/rustwide/target/debug/examples/render-530560f55ff90e82.render.05a478e8-cgu.10.rcgu.o" "/opt/rustwide/target/debug/examples/render-530560f55ff90e82.render.05a478e8-cgu.11.rcgu.o" "/opt/rustwide/target/debug/examples/render-530560f55ff90e82.render.05a478e8-cgu.12.rcgu.o" "/opt/rustwide/target/debug/examples/render-530560f55ff90e82.render.05a478e8-cgu.13.rcgu.o" "/opt/rustwide/target/debug/examples/render-530560f55ff90e82.render.05a478e8-cgu.14.rcgu.o" "/opt/rustwide/target/debug/examples/render-530560f55ff90e82.render.05a478e8-cgu.15.rcgu.o" "/opt/rustwide/target/debug/examples/render-530560f55ff90e82.render.05a478e8-cgu.2.rcgu.o" "/opt/rustwide/target/debug/examples/render-530560f55ff90e82.render.05a478e8-cgu.3.rcgu.o" "/opt/rustwide/target/debug/examples/render-530560f55ff90e82.render.05a478e8-cgu.4.rcgu.o" "/opt/rustwide/target/debug/examples/render-530560f55ff90e82.render.05a478e8-cgu.5.rcgu.o" "/opt/rustwide/target/debug/examples/render-530560f55ff90e82.render.05a478e8-cgu.6.rcgu.o" "/opt/rustwide/target/debug/examples/render-530560f55ff90e82.render.05a478e8-cgu.7.rcgu.o" "/opt/rustwide/target/debug/examples/render-530560f55ff90e82.render.05a478e8-cgu.8.rcgu.o" "/opt/rustwide/target/debug/examples/render-530560f55ff90e82.render.05a478e8-cgu.9.rcgu.o" "/opt/rustwide/target/debug/examples/render-530560f55ff90e82.4pvlpoakvb8smza5.rcgu.o" "-Wl,--as-needed" "-L" "/opt/rustwide/target/debug/deps" "-L" "/opt/rustwide/rustup-home/toolchains/beta-2023-04-20-x86_64-unknown-linux-gnu/lib/rustlib/x86_64-unknown-linux-gnu/lib" "-Wl,-Bstatic" "/opt/rustwide/target/debug/deps/libinochi2d-f4970c83ffe5f70c.rlib" "/opt/rustwide/target/debug/deps/libserde_json-25cd6ba7d4965e65.rlib" "/opt/rustwide/target/debug/deps/libryu-c78937d74caa9f3f.rlib" "/opt/rustwide/target/debug/deps/libitoa-eb68ddfe016730e8.rlib" "/opt/rustwide/target/debug/deps/libimage-db9ed13a2af1576d.rlib" "/opt/rustwide/target/debug/deps/libbytemuck-4c867499ad453223.rlib" "/opt/rustwide/target/debug/deps/libcolor_quant-76ea6da9e2ca7302.rlib" "/opt/rustwide/target/debug/deps/libbyteorder-614d7e4e7f7903e2.rlib" "/opt/rustwide/target/debug/deps/libpng-1a756eed8e5b66d7.rlib" "/opt/rustwide/target/debug/deps/libflate2-f5232b7be75204a2.rlib" "/opt/rustwide/target/debug/deps/libminiz_oxide-a98a29256d197c42.rlib" "/opt/rustwide/target/debug/deps/libadler-92f8db84032ff960.rlib" "/opt/rustwide/target/debug/deps/libcrc32fast-fc15e7c737c5fb18.rlib" "/opt/rustwide/target/debug/deps/libcfg_if-97437e183f3ae6e4.rlib" "/opt/rustwide/target/debug/deps/libnum_rational-708e5a5207deb3b1.rlib" "/opt/rustwide/target/debug/deps/libnum_integer-367d151531b10829.rlib" "/opt/rustwide/target/debug/deps/libnum_traits-ab4e79417a15ff02.rlib" "/opt/rustwide/target/debug/deps/libserde-8e53e93b1ba7da63.rlib" "/opt/rustwide/target/debug/deps/libglow-6269497ff3e41c00.rlib" "/opt/rustwide/target/debug/deps/libglfw-1f08b68e6ccb1921.rlib" "/opt/rustwide/target/debug/deps/libraw_window_handle-5a165ac3e9a6a87a.rlib" "/opt/rustwide/target/debug/deps/libcty-befaa38a89230b85.rlib" "/opt/rustwide/target/debug/deps/libbitflags-610a73087f46ba3b.rlib" "/opt/rustwide/rustup-home/toolchains/beta-2023-04-20-x86_64-unknown-linux-gnu/lib/rustlib/x86_64-unknown-linux-gnu/lib/libstd-0e29cc23c5e02021.rlib" "/opt/rustwide/rustup-home/toolchains/beta-2023-04-20-x86_64-unknown-linux-gnu/lib/rustlib/x86_64-unknown-linux-gnu/lib/libpanic_unwind-d903621768a861d9.rlib" "/opt/rustwide/rustup-home/toolchains/beta-2023-04-20-x86_64-unknown-linux-gnu/lib/rustlib/x86_64-unknown-linux-gnu/lib/libobject-6d0225e655f31c13.rlib" "/opt/rustwide/rustup-home/toolchains/beta-2023-04-20-x86_64-unknown-linux-gnu/lib/rustlib/x86_64-unknown-linux-gnu/lib/libmemchr-9dbaf4eac7eaa079.rlib" "/opt/rustwide/rustup-home/toolchains/beta-2023-04-20-x86_64-unknown-linux-gnu/lib/rustlib/x86_64-unknown-linux-gnu/lib/libaddr2line-27f05b3d42a66dd0.rlib" "/opt/rustwide/rustup-home/toolchains/beta-2023-04-20-x86_64-unknown-linux-gnu/lib/rustlib/x86_64-unknown-linux-gnu/lib/libgimli-4d73f1030321c9a2.rlib" "/opt/rustwide/rustup-home/toolchains/beta-2023-04-20-x86_64-unknown-linux-gnu/lib/rustlib/x86_64-unknown-linux-gnu/lib/librustc_demangle-2846c9e58abd0acb.rlib" "/opt/rustwide/rustup-home/toolchains/beta-2023-04-20-x86_64-unknown-linux-gnu/lib/rustlib/x86_64-unknown-linux-gnu/lib/libstd_detect-a53d0f50415947be.rlib" "/opt/rustwide/rustup-home/toolchains/beta-2023-04-20-x86_64-unknown-linux-gnu/lib/rustlib/x86_64-unknown-linux-gnu/lib/libhashbrown-d48e4b6abc25b9dc.rlib" "/opt/rustwide/rustup-home/toolchains/beta-2023-04-20-x86_64-unknown-linux-gnu/lib/rustlib/x86_64-unknown-linux-gnu/lib/libminiz_oxide-2991859439ef1207.rlib" "/opt/rustwide/rustup-home/toolchains/beta-2023-04-20-x86_64-unknown-linux-gnu/lib/rustlib/x86_64-unknown-linux-gnu/lib/libadler-8a687517e4221bae.rlib" "/opt/rustwide/rustup-home/toolchains/beta-2023-04-20-x86_64-unknown-linux-gnu/lib/rustlib/x86_64-unknown-linux-gnu/lib/librustc_std_workspace_alloc-e07b554f6a67f5b3.rlib" "/opt/rustwide/rustup-home/toolchains/beta-2023-04-20-x86_64-unknown-linux-gnu/lib/rustlib/x86_64-unknown-linux-gnu/lib/libunwind-b68238b7c3c619dd.rlib" "/opt/rustwide/rustup-home/toolchains/beta-2023-04-20-x86_64-unknown-linux-gnu/lib/rustlib/x86_64-unknown-linux-gnu/lib/libcfg_if-d5e213e896c017e4.rlib" "/opt/rustwide/rustup-home/toolchains/beta-2023-04-20-x86_64-unknown-linux-gnu/lib/rustlib/x86_64-unknown-linux-gnu/lib/liblibc-0211a3b2e61d8689.rlib" "/opt/rustwide/rustup-home/toolchains/beta-2023-04-20-x86_64-unknown-linux-gnu/lib/rustlib/x86_64-unknown-linux-gnu/lib/liballoc-b371f055239ba51f.rlib" "/opt/rustwide/rustup-home/toolchains/beta-2023-04-20-x86_64-unknown-linux-gnu/lib/rustlib/x86_64-unknown-linux-gnu/lib/librustc_std_workspace_core-e60518d2760eb01e.rlib" "/opt/rustwide/rustup-home/toolchains/beta-2023-04-20-x86_64-unknown-linux-gnu/lib/rustlib/x86_64-unknown-linux-gnu/lib/libcore-1ad943f92a4b1081.rlib" "/opt/rustwide/rustup-home/toolchains/beta-2023-04-20-x86_64-unknown-linux-gnu/lib/rustlib/x86_64-unknown-linux-gnu/lib/libcompiler_builtins-f0d6e4d0fc1e80b4.rlib" "-Wl,-Bdynamic" "-lglfw" "-lX11" "-lgcc_s" "-lutil" "-lrt" "-lpthread" "-lm" "-ldl" "-lc" "-Wl,--eh-frame-hdr" "-Wl,-z,noexecstack" "-L" "/opt/rustwide/rustup-home/toolchains/beta-2023-04-20-x86_64-unknown-linux-gnu/lib/rustlib/x86_64-unknown-linux-gnu/lib" "-o" "/opt/rustwide/target/debug/examples/render-530560f55ff90e82" "-Wl,--gc-sections" "-pie" "-Wl,-z,relro,-z,now" "-nodefaultlibs"
[INFO] [stdout]   = note: /usr/bin/ld: cannot find -lglfw: No such file or directory
[INFO] [stdout]           collect2: error: ld returned 1 exit status
[INFO] [stdout]           
[INFO] [stdout] 
[INFO] [stdout] 
[INFO] [stdout] error: aborting due to previous error
[INFO] [stdout] 
[INFO] [stdout] 
[INFO] [stdout] error: linking with `cc` failed: exit status: 1
[INFO] [stdout]   |
[INFO] [stdout]   = note: LC_ALL="C" PATH="/opt/rustwide/rustup-home/toolchains/beta-2023-04-20-x86_64-unknown-linux-gnu/lib/rustlib/x86_64-unknown-linux-gnu/bin:/opt/rustwide/cargo-home/bin:/usr/local/sbin:/usr/local/bin:/usr/sbin:/usr/bin:/sbin:/bin" VSLANG="1033" "cc" "-m64" "/tmp/rustch4Ho0a/symbols.o" "/opt/rustwide/target/debug/examples/parse-c4019a4583b7794e.parse.a297524a-cgu.0.rcgu.o" "/opt/rustwide/target/debug/examples/parse-c4019a4583b7794e.parse.a297524a-cgu.1.rcgu.o" "/opt/rustwide/target/debug/examples/parse-c4019a4583b7794e.parse.a297524a-cgu.10.rcgu.o" "/opt/rustwide/target/debug/examples/parse-c4019a4583b7794e.parse.a297524a-cgu.11.rcgu.o" "/opt/rustwide/target/debug/examples/parse-c4019a4583b7794e.parse.a297524a-cgu.12.rcgu.o" "/opt/rustwide/target/debug/examples/parse-c4019a4583b7794e.parse.a297524a-cgu.13.rcgu.o" "/opt/rustwide/target/debug/examples/parse-c4019a4583b7794e.parse.a297524a-cgu.14.rcgu.o" "/opt/rustwide/target/debug/examples/parse-c4019a4583b7794e.parse.a297524a-cgu.15.rcgu.o" "/opt/rustwide/target/debug/examples/parse-c4019a4583b7794e.parse.a297524a-cgu.2.rcgu.o" "/opt/rustwide/target/debug/examples/parse-c4019a4583b7794e.parse.a297524a-cgu.3.rcgu.o" "/opt/rustwide/target/debug/examples/parse-c4019a4583b7794e.parse.a297524a-cgu.4.rcgu.o" "/opt/rustwide/target/debug/examples/parse-c4019a4583b7794e.parse.a297524a-cgu.5.rcgu.o" "/opt/rustwide/target/debug/examples/parse-c4019a4583b7794e.parse.a297524a-cgu.6.rcgu.o" "/opt/rustwide/target/debug/examples/parse-c4019a4583b7794e.parse.a297524a-cgu.7.rcgu.o" "/opt/rustwide/target/debug/examples/parse-c4019a4583b7794e.parse.a297524a-cgu.8.rcgu.o" "/opt/rustwide/target/debug/examples/parse-c4019a4583b7794e.parse.a297524a-cgu.9.rcgu.o" "/opt/rustwide/target/debug/examples/parse-c4019a4583b7794e.21ubwh9r6qt00ug2.rcgu.o" "-Wl,--as-needed" "-L" "/opt/rustwide/target/debug/deps" "-L" "/opt/rustwide/rustup-home/toolchains/beta-2023-04-20-x86_64-unknown-linux-gnu/lib/rustlib/x86_64-unknown-linux-gnu/lib" "-Wl,-Bstatic" "/opt/rustwide/target/debug/deps/libinochi2d-f4970c83ffe5f70c.rlib" "/opt/rustwide/target/debug/deps/libserde_json-25cd6ba7d4965e65.rlib" "/opt/rustwide/target/debug/deps/libryu-c78937d74caa9f3f.rlib" "/opt/rustwide/target/debug/deps/libitoa-eb68ddfe016730e8.rlib" "/opt/rustwide/target/debug/deps/libimage-db9ed13a2af1576d.rlib" "/opt/rustwide/target/debug/deps/libbytemuck-4c867499ad453223.rlib" "/opt/rustwide/target/debug/deps/libcolor_quant-76ea6da9e2ca7302.rlib" "/opt/rustwide/target/debug/deps/libbyteorder-614d7e4e7f7903e2.rlib" "/opt/rustwide/target/debug/deps/libpng-1a756eed8e5b66d7.rlib" "/opt/rustwide/target/debug/deps/libflate2-f5232b7be75204a2.rlib" "/opt/rustwide/target/debug/deps/libminiz_oxide-a98a29256d197c42.rlib" "/opt/rustwide/target/debug/deps/libadler-92f8db84032ff960.rlib" "/opt/rustwide/target/debug/deps/libcrc32fast-fc15e7c737c5fb18.rlib" "/opt/rustwide/target/debug/deps/libcfg_if-97437e183f3ae6e4.rlib" "/opt/rustwide/target/debug/deps/libnum_rational-708e5a5207deb3b1.rlib" "/opt/rustwide/target/debug/deps/libnum_integer-367d151531b10829.rlib" "/opt/rustwide/target/debug/deps/libnum_traits-ab4e79417a15ff02.rlib" "/opt/rustwide/target/debug/deps/libserde-8e53e93b1ba7da63.rlib" "/opt/rustwide/target/debug/deps/libglow-6269497ff3e41c00.rlib" "/opt/rustwide/target/debug/deps/libglfw-1f08b68e6ccb1921.rlib" "/opt/rustwide/target/debug/deps/libraw_window_handle-5a165ac3e9a6a87a.rlib" "/opt/rustwide/target/debug/deps/libcty-befaa38a89230b85.rlib" "/opt/rustwide/target/debug/deps/libbitflags-610a73087f46ba3b.rlib" "/opt/rustwide/rustup-home/toolchains/beta-2023-04-20-x86_64-unknown-linux-gnu/lib/rustlib/x86_64-unknown-linux-gnu/lib/libstd-0e29cc23c5e02021.rlib" "/opt/rustwide/rustup-home/toolchains/beta-2023-04-20-x86_64-unknown-linux-gnu/lib/rustlib/x86_64-unknown-linux-gnu/lib/libpanic_unwind-d903621768a861d9.rlib" "/opt/rustwide/rustup-home/toolchains/beta-2023-04-20-x86_64-unknown-linux-gnu/lib/rustlib/x86_64-unknown-linux-gnu/lib/libobject-6d0225e655f31c13.rlib" "/opt/rustwide/rustup-home/toolchains/beta-2023-04-20-x86_64-unknown-linux-gnu/lib/rustlib/x86_64-unknown-linux-gnu/lib/libmemchr-9dbaf4eac7eaa079.rlib" "/opt/rustwide/rustup-home/toolchains/beta-2023-04-20-x86_64-unknown-linux-gnu/lib/rustlib/x86_64-unknown-linux-gnu/lib/libaddr2line-27f05b3d42a66dd0.rlib" "/opt/rustwide/rustup-home/toolchains/beta-2023-04-20-x86_64-unknown-linux-gnu/lib/rustlib/x86_64-unknown-linux-gnu/lib/libgimli-4d73f1030321c9a2.rlib" "/opt/rustwide/rustup-home/toolchains/beta-2023-04-20-x86_64-unknown-linux-gnu/lib/rustlib/x86_64-unknown-linux-gnu/lib/librustc_demangle-2846c9e58abd0acb.rlib" "/opt/rustwide/rustup-home/toolchains/beta-2023-04-20-x86_64-unknown-linux-gnu/lib/rustlib/x86_64-unknown-linux-gnu/lib/libstd_detect-a53d0f50415947be.rlib" "/opt/rustwide/rustup-home/toolchains/beta-2023-04-20-x86_64-unknown-linux-gnu/lib/rustlib/x86_64-unknown-linux-gnu/lib/libhashbrown-d48e4b6abc25b9dc.rlib" "/opt/rustwide/rustup-home/toolchains/beta-2023-04-20-x86_64-unknown-linux-gnu/lib/rustlib/x86_64-unknown-linux-gnu/lib/libminiz_oxide-2991859439ef1207.rlib" "/opt/rustwide/rustup-home/toolchains/beta-2023-04-20-x86_64-unknown-linux-gnu/lib/rustlib/x86_64-unknown-linux-gnu/lib/libadler-8a687517e4221bae.rlib" "/opt/rustwide/rustup-home/toolchains/beta-2023-04-20-x86_64-unknown-linux-gnu/lib/rustlib/x86_64-unknown-linux-gnu/lib/librustc_std_workspace_alloc-e07b554f6a67f5b3.rlib" "/opt/rustwide/rustup-home/toolchains/beta-2023-04-20-x86_64-unknown-linux-gnu/lib/rustlib/x86_64-unknown-linux-gnu/lib/libunwind-b68238b7c3c619dd.rlib" "/opt/rustwide/rustup-home/toolchains/beta-2023-04-20-x86_64-unknown-linux-gnu/lib/rustlib/x86_64-unknown-linux-gnu/lib/libcfg_if-d5e213e896c017e4.rlib" "/opt/rustwide/rustup-home/toolchains/beta-2023-04-20-x86_64-unknown-linux-gnu/lib/rustlib/x86_64-unknown-linux-gnu/lib/liblibc-0211a3b2e61d8689.rlib" "/opt/rustwide/rustup-home/toolchains/beta-2023-04-20-x86_64-unknown-linux-gnu/lib/rustlib/x86_64-unknown-linux-gnu/lib/liballoc-b371f055239ba51f.rlib" "/opt/rustwide/rustup-home/toolchains/beta-2023-04-20-x86_64-unknown-linux-gnu/lib/rustlib/x86_64-unknown-linux-gnu/lib/librustc_std_workspace_core-e60518d2760eb01e.rlib" "/opt/rustwide/rustup-home/toolchains/beta-2023-04-20-x86_64-unknown-linux-gnu/lib/rustlib/x86_64-unknown-linux-gnu/lib/libcore-1ad943f92a4b1081.rlib" "/opt/rustwide/rustup-home/toolchains/beta-2023-04-20-x86_64-unknown-linux-gnu/lib/rustlib/x86_64-unknown-linux-gnu/lib/libcompiler_builtins-f0d6e4d0fc1e80b4.rlib" "-Wl,-Bdynamic" "-lglfw" "-lX11" "-lgcc_s" "-lutil" "-lrt" "-lpthread" "-lm" "-ldl" "-lc" "-Wl,--eh-frame-hdr" "-Wl,-z,noexecstack" "-L" "/opt/rustwide/rustup-home/toolchains/beta-2023-04-20-x86_64-unknown-linux-gnu/lib/rustlib/x86_64-unknown-linux-gnu/lib" "-o" "/opt/rustwide/target/debug/examples/parse-c4019a4583b7794e" "-Wl,--gc-sections" "-pie" "-Wl,-z,relro,-z,now" "-nodefaultlibs"
[INFO] [stdout]   = note: /usr/bin/ld: cannot find -lglfw: No such file or directory
[INFO] [stdout]           collect2: error: ld returned 1 exit status
[INFO] [stdout]           
[INFO] [stdout] 
[INFO] [stdout] 
[INFO] [stdout] error: aborting due to previous error
[INFO] [stdout] 
[INFO] [stdout] 
[INFO] [stderr] error: could not compile `inochi2d` (example "render") due to 2 previous errors
[INFO] [stderr] error: could not compile `inochi2d` (example "parse") due to 2 previous errors
[INFO] running `Command { std: "docker" "inspect" "9d32a7163922b3fd8590af2bdb6b521adb9af9d50d97b9a52bca4cb062a36827", kill_on_drop: false }`
[INFO] running `Command { std: "docker" "rm" "-f" "9d32a7163922b3fd8590af2bdb6b521adb9af9d50d97b9a52bca4cb062a36827", kill_on_drop: false }`
[INFO] [stdout] 9d32a7163922b3fd8590af2bdb6b521adb9af9d50d97b9a52bca4cb062a36827
